[INFO] fetching crate retty-io 0.3.0...
[INFO] testing retty-io-0.3.0 against beta-2023-04-20 for beta-1.70-1
[INFO] extracting crate retty-io 0.3.0 into /workspace/builds/worker-2-tc2/source
[INFO] validating manifest of crates.io crate retty-io 0.3.0 on toolchain beta-2023-04-20
[INFO] running `Command { std: CARGO_HOME="/workspace/cargo-home" RUSTUP_HOME="/workspace/rustup-home" "/workspace/cargo-home/bin/cargo" "+beta-2023-04-20" "metadata" "--manifest-path" "Cargo.toml" "--no-deps", kill_on_drop: false }`
[INFO] started tweaking crates.io crate retty-io 0.3.0
[INFO] removed 0 missing tests
[INFO] finished tweaking crates.io crate retty-io 0.3.0
[INFO] tweaked toml for crates.io crate retty-io 0.3.0 written to /workspace/builds/worker-2-tc2/source/Cargo.toml
[INFO] running `Command { std: CARGO_HOME="/workspace/cargo-home" RUSTUP_HOME="/workspace/rustup-home" __CARGO_TEST_CHANNEL_OVERRIDE_DO_NOT_USE_THIS="nightly" "/workspace/cargo-home/bin/cargo" "+beta-2023-04-20" "generate-lockfile" "--manifest-path" "Cargo.toml" "-Zno-index-update", kill_on_drop: false }`
[INFO] running `Command { std: CARGO_HOME="/workspace/cargo-home" RUSTUP_HOME="/workspace/rustup-home" "/workspace/cargo-home/bin/cargo" "+beta-2023-04-20" "fetch" "--manifest-path" "Cargo.toml", kill_on_drop: false }`
[INFO] [stderr]  Downloading crates ...
[INFO] [stderr]   Downloaded bytes v0.3.0
[INFO] [stderr]   Downloaded env_logger v0.4.3
[INFO] running `Command { std: "docker" "create" "-v" "/var/lib/crater-agent-workspace/builds/worker-2-tc2/target:/opt/rustwide/target:rw,Z" "-v" "/var/lib/crater-agent-workspace/builds/worker-2-tc2/source:/opt/rustwide/workdir:ro,Z" "-v" "/var/lib/crater-agent-workspace/cargo-home:/opt/rustwide/cargo-home:ro,Z" "-v" "/var/lib/crater-agent-workspace/rustup-home:/opt/rustwide/rustup-home:ro,Z" "-e" "SOURCE_DIR=/opt/rustwide/workdir" "-e" "CARGO_TARGET_DIR=/opt/rustwide/target" "-e" "CARGO_HOME=/opt/rustwide/cargo-home" "-e" "RUSTUP_HOME=/opt/rustwide/rustup-home" "-w" "/opt/rustwide/workdir" "-m" "1610612736" "--user" "0:0" "--network" "none" "ghcr.io/rust-lang/crates-build-env/linux@sha256:5ff2268d62e97bff2cde7d5815dd6ed5b47097566f13b8d0ca110b04b60e07ed" "/opt/rustwide/cargo-home/bin/cargo" "+beta-2023-04-20" "metadata" "--no-deps" "--format-version=1", kill_on_drop: false }`
[INFO] [stdout] 202bd5162d16365f454f4f0dde35c85d89494c4100ea2dee5fb03e561784ad13
[INFO] running `Command { std: "docker" "start" "-a" "202bd5162d16365f454f4f0dde35c85d89494c4100ea2dee5fb03e561784ad13", kill_on_drop: false }`
[INFO] running `Command { std: "docker" "inspect" "202bd5162d16365f454f4f0dde35c85d89494c4100ea2dee5fb03e561784ad13", kill_on_drop: false }`
[INFO] running `Command { std: "docker" "rm" "-f" "202bd5162d16365f454f4f0dde35c85d89494c4100ea2dee5fb03e561784ad13", kill_on_drop: false }`
[INFO] [stdout] 202bd5162d16365f454f4f0dde35c85d89494c4100ea2dee5fb03e561784ad13
[INFO] running `Command { std: "docker" "create" "-v" "/var/lib/crater-agent-workspace/builds/worker-2-tc2/target:/opt/rustwide/target:rw,Z" "-v" "/var/lib/crater-agent-workspace/builds/worker-2-tc2/source:/opt/rustwide/workdir:ro,Z" "-v" "/var/lib/crater-agent-workspace/cargo-home:/opt/rustwide/cargo-home:ro,Z" "-v" "/var/lib/crater-agent-workspace/rustup-home:/opt/rustwide/rustup-home:ro,Z" "-e" "SOURCE_DIR=/opt/rustwide/workdir" "-e" "CARGO_TARGET_DIR=/opt/rustwide/target" "-e" "CARGO_INCREMENTAL=0" "-e" "RUST_BACKTRACE=full" "-e" "RUSTFLAGS=--cap-lints=warn" "-e" "RUSTDOCFLAGS=--cap-lints=warn" "-e" "CARGO_HOME=/opt/rustwide/cargo-home" "-e" "RUSTUP_HOME=/opt/rustwide/rustup-home" "-w" "/opt/rustwide/workdir" "-m" "1610612736" "--user" "0:0" "--network" "none" "ghcr.io/rust-lang/crates-build-env/linux@sha256:5ff2268d62e97bff2cde7d5815dd6ed5b47097566f13b8d0ca110b04b60e07ed" "/opt/rustwide/cargo-home/bin/cargo" "+beta-2023-04-20" "build" "--frozen" "--message-format=json", kill_on_drop: false }`
[INFO] [stdout] 3ae5f0b82dddad5b679496c25e1758804f72164da70a84ab651579e61dd77b02
[INFO] running `Command { std: "docker" "start" "-a" "3ae5f0b82dddad5b679496c25e1758804f72164da70a84ab651579e61dd77b02", kill_on_drop: false }`
[INFO] [stderr]    Compiling crossbeam-utils v0.8.15
[INFO] [stderr]    Compiling crossbeam-queue v0.3.8
[INFO] [stderr]    Compiling slab v0.4.8
[INFO] [stderr]    Compiling log v0.4.17
[INFO] [stderr]    Compiling cfg-if v0.1.10
[INFO] [stderr]    Compiling iovec v0.1.4
[INFO] [stderr]    Compiling net2 v0.2.38
[INFO] [stderr]    Compiling crossbeam-epoch v0.9.14
[INFO] [stderr]    Compiling crossbeam-channel v0.5.8
[INFO] [stderr]    Compiling crossbeam-deque v0.8.3
[INFO] [stderr]    Compiling crossbeam v0.8.2
[INFO] [stderr]    Compiling retty-io v0.3.0 (/opt/rustwide/workdir)
[INFO] [stderr]     Finished dev [unoptimized + debuginfo] target(s) in 2.77s
[INFO] running `Command { std: "docker" "inspect" "3ae5f0b82dddad5b679496c25e1758804f72164da70a84ab651579e61dd77b02", kill_on_drop: false }`
[INFO] running `Command { std: "docker" "rm" "-f" "3ae5f0b82dddad5b679496c25e1758804f72164da70a84ab651579e61dd77b02", kill_on_drop: false }`
[INFO] [stdout] 3ae5f0b82dddad5b679496c25e1758804f72164da70a84ab651579e61dd77b02
[INFO] running `Command { std: "docker" "create" "-v" "/var/lib/crater-agent-workspace/builds/worker-2-tc2/target:/opt/rustwide/target:rw,Z" "-v" "/var/lib/crater-agent-workspace/builds/worker-2-tc2/source:/opt/rustwide/workdir:ro,Z" "-v" "/var/lib/crater-agent-workspace/cargo-home:/opt/rustwide/cargo-home:ro,Z" "-v" "/var/lib/crater-agent-workspace/rustup-home:/opt/rustwide/rustup-home:ro,Z" "-e" "SOURCE_DIR=/opt/rustwide/workdir" "-e" "CARGO_TARGET_DIR=/opt/rustwide/target" "-e" "CARGO_INCREMENTAL=0" "-e" "RUST_BACKTRACE=full" "-e" "RUSTFLAGS=--cap-lints=warn" "-e" "RUSTDOCFLAGS=--cap-lints=warn" "-e" "CARGO_HOME=/opt/rustwide/cargo-home" "-e" "RUSTUP_HOME=/opt/rustwide/rustup-home" "-w" "/opt/rustwide/workdir" "-m" "1610612736" "--user" "0:0" "--network" "none" "ghcr.io/rust-lang/crates-build-env/linux@sha256:5ff2268d62e97bff2cde7d5815dd6ed5b47097566f13b8d0ca110b04b60e07ed" "/opt/rustwide/cargo-home/bin/cargo" "+beta-2023-04-20" "test" "--frozen" "--no-run" "--message-format=json", kill_on_drop: false }`
[INFO] [stdout] 02137f52b47869457e70c10567fa1cd36c2c5646a1dded66d3eb411d112b1734
[INFO] running `Command { std: "docker" "start" "-a" "02137f52b47869457e70c10567fa1cd36c2c5646a1dded66d3eb411d112b1734", kill_on_drop: false }`
[INFO] [stderr]    Compiling remove_dir_all v0.5.3
[INFO] [stderr]    Compiling bytes v0.3.0
[INFO] [stderr]    Compiling rand v0.4.6
[INFO] [stderr]    Compiling log v0.3.9
[INFO] [stderr]    Compiling env_logger v0.4.3
[INFO] [stderr]    Compiling tempdir v0.3.7
[INFO] [stderr]    Compiling retty-io v0.3.0 (/opt/rustwide/workdir)
[INFO] [stderr]     Finished test [unoptimized + debuginfo] target(s) in 3.99s
[INFO] running `Command { std: "docker" "inspect" "02137f52b47869457e70c10567fa1cd36c2c5646a1dded66d3eb411d112b1734", kill_on_drop: false }`
[INFO] running `Command { std: "docker" "rm" "-f" "02137f52b47869457e70c10567fa1cd36c2c5646a1dded66d3eb411d112b1734", kill_on_drop: false }`
[INFO] [stdout] 02137f52b47869457e70c10567fa1cd36c2c5646a1dded66d3eb411d112b1734
[INFO] running `Command { std: "docker" "create" "-v" "/var/lib/crater-agent-workspace/builds/worker-2-tc2/target:/opt/rustwide/target:rw,Z" "-v" "/var/lib/crater-agent-workspace/builds/worker-2-tc2/source:/opt/rustwide/workdir:ro,Z" "-v" "/var/lib/crater-agent-workspace/cargo-home:/opt/rustwide/cargo-home:ro,Z" "-v" "/var/lib/crater-agent-workspace/rustup-home:/opt/rustwide/rustup-home:ro,Z" "-e" "SOURCE_DIR=/opt/rustwide/workdir" "-e" "CARGO_TARGET_DIR=/opt/rustwide/target" "-e" "CARGO_INCREMENTAL=0" "-e" "RUST_BACKTRACE=full" "-e" "RUSTFLAGS=--cap-lints=warn" "-e" "RUSTDOCFLAGS=--cap-lints=warn" "-e" "CARGO_HOME=/opt/rustwide/cargo-home" "-e" "RUSTUP_HOME=/opt/rustwide/rustup-home" "-w" "/opt/rustwide/workdir" "-m" "1610612736" "--user" "0:0" "--network" "none" "ghcr.io/rust-lang/crates-build-env/linux@sha256:5ff2268d62e97bff2cde7d5815dd6ed5b47097566f13b8d0ca110b04b60e07ed" "/opt/rustwide/cargo-home/bin/cargo" "+beta-2023-04-20" "test" "--frozen", kill_on_drop: false }`
[INFO] [stdout] ee781173012eb4e0eb166fb601b7dfd09bb867dffbbbfd10185722d1b923c67f
[INFO] running `Command { std: "docker" "start" "-a" "ee781173012eb4e0eb166fb601b7dfd09bb867dffbbbfd10185722d1b923c67f", kill_on_drop: false }`
[INFO] [stderr]     Finished test [unoptimized + debuginfo] target(s) in 0.03s
[INFO] [stderr]      Running unittests src/lib.rs (/opt/rustwide/target/debug/deps/retty_io-1589e6de2fa9f420)
[INFO] [stdout] 
[INFO] [stdout] running 40 tests
[INFO] [stdout] test event_imp::test_debug_pollopt ... ok
[INFO] [stdout] test lazycell::tests::normal_replace ... ok
[INFO] [stdout] test event_imp::test_debug_ready ... ok
[INFO] [stdout] test lazycell::tests::default ... ok
[INFO] [stdout] test lazycell::tests::clone_atomic ... ok
[INFO] [stdout] test lazycell::tests::test_atomic_fill_and_borrow ... ok
[INFO] [stdout] test lazycell::tests::test_borrow_from_empty ... ok
[INFO] [stdout] test lazycell::tests::test_borrow_mut ... ok
[INFO] [stdout] test lazycell::tests::test_atomic_already_filled_panic ... ok
[INFO] [stdout] test lazycell::tests::test_atomic_borrow_from_empty ... ok
[INFO] [stdout] test lazycell::tests::test_borrow_mut_with_already_filled ... ok
[INFO] [stdout] test lazycell::tests::test_borrow_mut_with ... ok
[INFO] [stdout] test lazycell::tests::test_borrow_mut_with_not_called_when_filled ... ok
[INFO] [stdout] test lazycell::tests::test_atomic_into_inner ... ok
[INFO] [stdout] test lazycell::tests::clone ... ok
[INFO] [stdout] test lazycell::tests::test_already_filled_error ... ok
[INFO] [stdout] test lazycell::tests::atomic_replace ... ok
[INFO] [stdout] test lazycell::tests::test_borrow_with ... ok
[INFO] [stdout] test lazycell::tests::test_borrow_with_already_filled ... ok
[INFO] [stdout] test lazycell::tests::test_borrow_with_not_called_when_filled ... ok
[INFO] [stdout] test lazycell::tests::test_try_borrow_mut_with_err ... ok
[INFO] [stdout] test lazycell::tests::test_try_borrow_with_err ... ok
[INFO] [stdout] test lazycell::tests::test_try_borrow_with_already_filled ... ok
[INFO] [stdout] test lazycell::tests::test_try_borrow_mut_with_already_filled ... ok
[INFO] [stdout] test lazycell::tests::test_try_borrow_mut_with_ok ... ok
[INFO] [stdout] test lazycell::tests::test_into_inner ... ok
[INFO] [stdout] test lazycell::tests::test_fill_and_borrow ... ok
[INFO] [stdout] test lazycell::tests::test_try_borrow_with_ok ... ok
[INFO] [stdout] test timer::test::test_clearing_timeout ... ok
[INFO] [stdout] test poll::as_raw_fd ... ok
[INFO] [stdout] test timer::test::test_catching_up ... ok
[INFO] [stdout] test timer::test::test_clearing_timeout_between_triggers ... ok
[INFO] [stdout] test timer::test::test_multiple_timeouts_same_tick ... ok
[INFO] [stdout] test timer::test::test_timeout_hash_collision ... ok
[INFO] [stdout] test timer::test::test_multiple_timeouts_diff_tick ... ok
[INFO] [stdout] test sys::unix::ready::test_ready_all ... ok
[INFO] [stdout] test timer::test::test_timeout_next_tick ... ok
[INFO] [stdout] test lazycell::tests::test_try_borrow_with_sound_with_reentrancy - should panic ... ok
[INFO] [stdout] test lazycell::tests::test_borrow_with_sound_with_reentrancy - should panic ... ok
[INFO] [stderr]      Running test/mod.rs (/opt/rustwide/target/debug/deps/test-8a53875b86d8544b)
[INFO] [stdout] test broadcast::tests::test_channel ... ok
[INFO] [stdout] 
[INFO] [stdout] test result: ok. 40 passed; 0 failed; 0 ignored; 0 measured; 0 filtered out; finished in 1.00s
[INFO] [stdout] 
[INFO] [stdout] 
[INFO] [stdout] running 64 tests
[INFO] [stdout] test test_custom_evented::smoke ... ok
[INFO] [stdout] test test_close_on_drop::test_close_on_drop ... ok
[INFO] [stdout] test test_double_register::test_double_register ... ok
[INFO] [stdout] test test_echo_server::test_echo_server ... ok
[INFO] [stdout] test test_local_addr_ready::local_addr_ready ... ok
[INFO] [stdout] test test_custom_evented::stress::with_small_events_collection ... ok
[INFO] [stdout] test test_multicast::test_multicast ... FAILED
[INFO] [stdout] test test_notify::test_notify_capacity ... ok
[INFO] [stdout] test test_oneshot::test_tcp_edge_oneshot ... ok
[INFO] [stdout] test test_poll::test_poll_closes_fd ... ok
[INFO] [stdout] test test_poll_channel::test_dropping_receive_before_poll ... ok
[INFO] [stdout] test test_custom_evented::stress::multi_threaded_poll ... ok
[INFO] [stdout] test test_poll_channel::test_mixing_channel_with_socket ... ok
[INFO] [stdout] test test_poll_channel::test_poll_channel_level ... ok
[INFO] [stdout] test test_broken_pipe::broken_pipe ... ok
[INFO] [stdout] test test_custom_evented::drop_registration_from_non_main_thread ... ok
[INFO] [stdout] test test_poll_channel::test_poll_channel_edge ... ok
[INFO] [stdout] test test_notify::test_notify ... ok
[INFO] [stdout] test test_register_deregister::test_register_deregister ... ok
[INFO] [stdout] test test_register_multiple_event_loops::test_tcp_register_multiple_event_loops ... ok
[INFO] [stdout] test test_register_multiple_event_loops::test_udp_register_multiple_event_loops ... ok
[INFO] [stdout] test test_register_deregister::test_register_empty_interest ... ok
[INFO] [stdout] test test_smoke::add_then_drop ... ok
[INFO] [stdout] test test_smoke::run_once_with_nothing ... ok
[INFO] [stdout] test test_poll_channel::test_poll_channel_writable ... ok
[INFO] [stdout] test test_tcp::accept ... ok
[INFO] [stdout] test test_tcp::bind_twice_bad ... ok
[INFO] [stdout] test test_tcp::connect ... ok
[INFO] [stdout] test test_tcp::connect_error ... ok
[INFO] [stdout] test test_tcp::connect_then_close ... ok
[INFO] [stdout] test test_tcp::connection_reset_by_peer ... ok
[INFO] [stdout] test test_subprocess_pipe::test_subprocess_pipe ... ok
[INFO] [stdout] test test_tcp::multiple_writes_immediate_success ... ok
[INFO] [stdout] test test_tcp::peek ... ok
[INFO] [stdout] test test_tcp::listen_then_close ... ok
[INFO] [stdout] test test_tcp::read ... ok
[INFO] [stdout] test test_tcp::test_tcp_sockets_are_send ... ok
[INFO] [stdout] test test_tcp::write ... ok
[INFO] [stdout] test test_poll_channel::test_sending_from_other_thread_while_polling ... ok
[INFO] [stdout] test test_tcp::write_error ... ok
[INFO] [stdout] test test_tcp_level::test_tcp_listener_level_triggered ... ok
[INFO] [stdout] test test_poll_channel::test_poll_channel_oneshot ... ok
[INFO] [stdout] test test_tcp_shutdown::test_abrupt_shutdown ... ok
[INFO] [stdout] test test_tcp_shutdown::test_graceful_shutdown ... ok
[INFO] [stdout] test test_tcp::read_bufs ... ok
[INFO] [stdout] test test_tcp_level::test_tcp_stream_level_triggered ... ok
[INFO] [stdout] test test_tcp::write_bufs ... ok
[INFO] [stdout] test test_reregister_without_poll::test_reregister_different_without_poll ... ok
[INFO] [stdout] test test_tick::test_tick ... ok
[INFO] [stdout] test test_udp_socket::test_udp_socket ... ok
[INFO] [stdout] test test_udp_socket::test_udp_socket_discard ... ok
[INFO] [stdout] test test_udp_socket::test_udp_socket_send_recv ... ok
[INFO] [stdout] test test_udp_socket::test_udp_socket_send_recv_bufs ... ok
[INFO] [stdout] test test_uds_shutdown::test_echo_server ... ok
[INFO] [stdout] test test_unix_echo_server::test_unix_echo_server ... ok
[INFO] [stdout] test test_write_then_drop::write_then_deregister ... ok
[INFO] [stdout] test test_write_then_drop::write_then_drop ... ok
[INFO] [stdout] test test_unix_pass_fd::test_unix_pass_fd ... ok
[INFO] [stdout] test test_udp_level::test_ecn ... ok
[INFO] [stdout] test test_udp_level::test_udp_level_triggered ... ok
[INFO] [stdout] test test_tcp_shutdown::test_write_shutdown ... ok
[INFO] [stdout] test test_battery::test_echo_server ... ok
[INFO] [stdout] test test_custom_evented::stress::single_threaded_poll ... ok
[INFO] [stderr] error: test failed, to rerun pass `--test test`
[INFO] [stdout] test test_custom_evented::set_readiness_before_register ... ok
[INFO] [stdout] 
[INFO] [stdout] failures:
[INFO] [stdout] 
[INFO] [stdout] ---- test_multicast::test_multicast stdout ----
[INFO] [stdout] thread 'test_multicast::test_multicast' panicked at 'called `Result::unwrap()` on an `Err` value: Os { code: 19, kind: Uncategorized, message: "No such device" }', test/test_multicast.rs:80:10
[INFO] [stdout] stack backtrace:
[INFO] [stdout]    0:     0x55c8a13e4eba - std::backtrace_rs::backtrace::libunwind::trace::h2f05d0192276a8f6
[INFO] [stdout]                                at /rustc/1b7dd2252b99671ce5d1cb9664c5f8636329436d/library/std/src/../../backtrace/src/backtrace/libunwind.rs:93:5
[INFO] [stdout]    1:     0x55c8a13e4eba - std::backtrace_rs::backtrace::trace_unsynchronized::hedc23dff7a1af150
[INFO] [stdout]                                at /rustc/1b7dd2252b99671ce5d1cb9664c5f8636329436d/library/std/src/../../backtrace/src/backtrace/mod.rs:66:5
[INFO] [stdout]    2:     0x55c8a13e4eba - std::sys_common::backtrace::_print_fmt::h17541ef7592f3ce2
[INFO] [stdout]                                at /rustc/1b7dd2252b99671ce5d1cb9664c5f8636329436d/library/std/src/sys_common/backtrace.rs:65:5
[INFO] [stdout]    3:     0x55c8a13e4eba - <std::sys_common::backtrace::_print::DisplayBacktrace as core::fmt::Display>::fmt::h20f75df5ab0c0792
[INFO] [stdout]                                at /rustc/1b7dd2252b99671ce5d1cb9664c5f8636329436d/library/std/src/sys_common/backtrace.rs:44:22
[INFO] [stdout]    4:     0x55c8a140d86f - core::fmt::write::h78109e6f466b3af6
[INFO] [stdout]                                at /rustc/1b7dd2252b99671ce5d1cb9664c5f8636329436d/library/core/src/fmt/mod.rs:1254:17
[INFO] [stdout]    5:     0x55c8a13e1275 - std::io::Write::write_fmt::hd24bfb68a1b35a25
[INFO] [stdout]                                at /rustc/1b7dd2252b99671ce5d1cb9664c5f8636329436d/library/std/src/io/mod.rs:1698:15
[INFO] [stdout]    6:     0x55c8a13e4c85 - std::sys_common::backtrace::_print::h8dac57a9f8fbf9a5
[INFO] [stdout]                                at /rustc/1b7dd2252b99671ce5d1cb9664c5f8636329436d/library/std/src/sys_common/backtrace.rs:47:5
[INFO] [stdout]    7:     0x55c8a13e4c85 - std::sys_common::backtrace::print::hf9ecbf41d1aa712f
[INFO] [stdout]                                at /rustc/1b7dd2252b99671ce5d1cb9664c5f8636329436d/library/std/src/sys_common/backtrace.rs:34:9
[INFO] [stdout]    8:     0x55c8a13e693e - std::panicking::default_hook::{{closure}}::h04c07acfc84ca028
[INFO] [stdout]                                at /rustc/1b7dd2252b99671ce5d1cb9664c5f8636329436d/library/std/src/panicking.rs:269:22
[INFO] [stdout]    9:     0x55c8a13e6671 - std::panicking::default_hook::h01f6bb23e1eceb2c
[INFO] [stdout]                                at /rustc/1b7dd2252b99671ce5d1cb9664c5f8636329436d/library/std/src/panicking.rs:285:9
[INFO] [stdout]   10:     0x55c8a13621bb - <alloc::boxed::Box<F,A> as core::ops::function::Fn<Args>>::call::h87fe9f7b2fd49e4c
[INFO] [stdout]                                at /rustc/1b7dd2252b99671ce5d1cb9664c5f8636329436d/library/alloc/src/boxed.rs:1987:9
[INFO] [stdout]   11:     0x55c8a13621bb - test::test_main::{{closure}}::he94d679243a7531b
[INFO] [stdout]                                at /rustc/1b7dd2252b99671ce5d1cb9664c5f8636329436d/library/test/src/lib.rs:134:21
[INFO] [stdout]   12:     0x55c8a13e7024 - <alloc::boxed::Box<F,A> as core::ops::function::Fn<Args>>::call::h3f2d6d8b14c4769f
[INFO] [stdout]                                at /rustc/1b7dd2252b99671ce5d1cb9664c5f8636329436d/library/alloc/src/boxed.rs:1987:9
[INFO] [stdout]   13:     0x55c8a13e7024 - std::panicking::rust_panic_with_hook::h2bb3722bbaf2f6df
[INFO] [stdout]                                at /rustc/1b7dd2252b99671ce5d1cb9664c5f8636329436d/library/std/src/panicking.rs:695:13
[INFO] [stdout]   14:     0x55c8a13e6d99 - std::panicking::begin_panic_handler::{{closure}}::h91bc7f36a4be011b
[INFO] [stdout]                                at /rustc/1b7dd2252b99671ce5d1cb9664c5f8636329436d/library/std/src/panicking.rs:582:13
[INFO] [stdout]   15:     0x55c8a13e5326 - std::sys_common::backtrace::__rust_end_short_backtrace::h8b3d3717114f9e59
[INFO] [stdout]                                at /rustc/1b7dd2252b99671ce5d1cb9664c5f8636329436d/library/std/src/sys_common/backtrace.rs:150:18
[INFO] [stdout]   16:     0x55c8a13e6af2 - rust_begin_unwind
[INFO] [stdout]                                at /rustc/1b7dd2252b99671ce5d1cb9664c5f8636329436d/library/std/src/panicking.rs:578:5
[INFO] [stdout]   17:     0x55c8a124a0d3 - core::panicking::panic_fmt::hfd368e3fbdabea26
[INFO] [stdout]                                at /rustc/1b7dd2252b99671ce5d1cb9664c5f8636329436d/library/core/src/panicking.rs:67:14
[INFO] [stdout]   18:     0x55c8a124a613 - core::result::unwrap_failed::he54eb4b2f125b26f
[INFO] [stdout]                                at /rustc/1b7dd2252b99671ce5d1cb9664c5f8636329436d/library/core/src/result.rs:1687:5
[INFO] [stdout]   19:     0x55c8a1379f1d - core::result::Result<T,E>::unwrap::h52767cf1497200d6
[INFO] [stdout]                                at /rustc/1b7dd2252b99671ce5d1cb9664c5f8636329436d/library/core/src/result.rs:1089:23
[INFO] [stdout]   20:     0x55c8a128728f - test::test_multicast::test_multicast::h1337027b6c49535e
[INFO] [stdout]                                at /opt/rustwide/workdir/test/test_multicast.rs:79:5
[INFO] [stdout]   21:     0x55c8a1286d77 - test::test_multicast::test_multicast::{{closure}}::h4d7c9c8e4f0f2642
[INFO] [stdout]                                at /opt/rustwide/workdir/test/test_multicast.rs:66:25
[INFO] [stdout]   22:     0x55c8a12b7775 - core::ops::function::FnOnce::call_once::he0c0fc909aa268cf
[INFO] [stdout]                                at /rustc/1b7dd2252b99671ce5d1cb9664c5f8636329436d/library/core/src/ops/function.rs:250:5
[INFO] [stdout]   23:     0x55c8a136708f - core::ops::function::FnOnce::call_once::ha6a70e79f7481a7e
[INFO] [stdout]                                at /rustc/1b7dd2252b99671ce5d1cb9664c5f8636329436d/library/core/src/ops/function.rs:250:5
[INFO] [stdout]   24:     0x55c8a136708f - test::__rust_begin_short_backtrace::hce33033019b61e69
[INFO] [stdout]                                at /rustc/1b7dd2252b99671ce5d1cb9664c5f8636329436d/library/test/src/lib.rs:655:18
[INFO] [stdout]   25:     0x55c8a133487c - test::run_test::{{closure}}::h858d3528838ae3e5
[INFO] [stdout]                                at /rustc/1b7dd2252b99671ce5d1cb9664c5f8636329436d/library/test/src/lib.rs:646:30
[INFO] [stdout]   26:     0x55c8a133487c - core::ops::function::FnOnce::call_once{{vtable.shim}}::he8ac2b00f01ae79e
[INFO] [stdout]                                at /rustc/1b7dd2252b99671ce5d1cb9664c5f8636329436d/library/core/src/ops/function.rs:250:5
[INFO] [stdout]   27:     0x55c8a1366166 - <alloc::boxed::Box<F,A> as core::ops::function::FnOnce<Args>>::call_once::h8093d25b522725ef
[INFO] [stdout]                                at /rustc/1b7dd2252b99671ce5d1cb9664c5f8636329436d/library/alloc/src/boxed.rs:1973:9
[INFO] [stdout]   28:     0x55c8a1366166 - <core::panic::unwind_safe::AssertUnwindSafe<F> as core::ops::function::FnOnce<()>>::call_once::h5c334c204e4a3913
[INFO] [stdout]                                at /rustc/1b7dd2252b99671ce5d1cb9664c5f8636329436d/library/core/src/panic/unwind_safe.rs:271:9
[INFO] [stdout]   29:     0x55c8a1366166 - std::panicking::try::do_call::ha8b740c7b9478074
[INFO] [stdout]                                at /rustc/1b7dd2252b99671ce5d1cb9664c5f8636329436d/library/std/src/panicking.rs:485:40
[INFO] [stdout]   30:     0x55c8a1366166 - std::panicking::try::h5d34f63d0e41b64e
[INFO] [stdout]                                at /rustc/1b7dd2252b99671ce5d1cb9664c5f8636329436d/library/std/src/panicking.rs:449:19
[INFO] [stdout]   31:     0x55c8a1366166 - std::panic::catch_unwind::hcfbb511e1aa7fc67
[INFO] [stdout]                                at /rustc/1b7dd2252b99671ce5d1cb9664c5f8636329436d/library/std/src/panic.rs:140:14
[INFO] [stdout]   32:     0x55c8a1366166 - test::run_test_in_process::h9abda90f802eaf21
[INFO] [stdout]                                at /rustc/1b7dd2252b99671ce5d1cb9664c5f8636329436d/library/test/src/lib.rs:678:27
[INFO] [stdout]   33:     0x55c8a1366166 - test::run_test::run_test_inner::{{closure}}::h0f058de91f6c6edf
[INFO] [stdout]                                at /rustc/1b7dd2252b99671ce5d1cb9664c5f8636329436d/library/test/src/lib.rs:572:39
[INFO] [stdout]   34:     0x55c8a132f085 - test::run_test::run_test_inner::{{closure}}::h5ca48a4c59c6c1fb
[INFO] [stdout]                                at /rustc/1b7dd2252b99671ce5d1cb9664c5f8636329436d/library/test/src/lib.rs:599:37
[INFO] [stdout]   35:     0x55c8a132f085 - std::sys_common::backtrace::__rust_begin_short_backtrace::h32bd51e1495d4a33
[INFO] [stdout]                                at /rustc/1b7dd2252b99671ce5d1cb9664c5f8636329436d/library/std/src/sys_common/backtrace.rs:134:18
[INFO] [stdout]   36:     0x55c8a13345c1 - std::thread::Builder::spawn_unchecked_::{{closure}}::{{closure}}::hc086fae9b128b2db
[INFO] [stdout]                                at /rustc/1b7dd2252b99671ce5d1cb9664c5f8636329436d/library/std/src/thread/mod.rs:526:17
[INFO] [stdout]   37:     0x55c8a13345c1 - <core::panic::unwind_safe::AssertUnwindSafe<F> as core::ops::function::FnOnce<()>>::call_once::hb66571888d270d43
[INFO] [stdout]                                at /rustc/1b7dd2252b99671ce5d1cb9664c5f8636329436d/library/core/src/panic/unwind_safe.rs:271:9
[INFO] [stdout]   38:     0x55c8a13345c1 - std::panicking::try::do_call::h4fa2ef4f6e51fecf
[INFO] [stdout]                                at /rustc/1b7dd2252b99671ce5d1cb9664c5f8636329436d/library/std/src/panicking.rs:485:40
[INFO] [stdout]   39:     0x55c8a13345c1 - std::panicking::try::h1e9e22b8584489b5
[INFO] [stdout]                                at /rustc/1b7dd2252b99671ce5d1cb9664c5f8636329436d/library/std/src/panicking.rs:449:19
[INFO] [stdout]   40:     0x55c8a13345c1 - std::panic::catch_unwind::h44698a3de0e0769e
[INFO] [stdout]                                at /rustc/1b7dd2252b99671ce5d1cb9664c5f8636329436d/library/std/src/panic.rs:140:14
[INFO] [stdout]   41:     0x55c8a13345c1 - std::thread::Builder::spawn_unchecked_::{{closure}}::h50153abde3fe239e
[INFO] [stdout]                                at /rustc/1b7dd2252b99671ce5d1cb9664c5f8636329436d/library/std/src/thread/mod.rs:525:30
[INFO] [stdout]   42:     0x55c8a13345c1 - core::ops::function::FnOnce::call_once{{vtable.shim}}::hbe5bbf6f38394364
[INFO] [stdout]                                at /rustc/1b7dd2252b99671ce5d1cb9664c5f8636329436d/library/core/src/ops/function.rs:250:5
[INFO] [stdout]   43:     0x55c8a13ebf95 - <alloc::boxed::Box<F,A> as core::ops::function::FnOnce<Args>>::call_once::h0d83cb2920a49046
[INFO] [stdout]                                at /rustc/1b7dd2252b99671ce5d1cb9664c5f8636329436d/library/alloc/src/boxed.rs:1973:9
[INFO] [stdout]   44:     0x55c8a13ebf95 - <alloc::boxed::Box<F,A> as core::ops::function::FnOnce<Args>>::call_once::hbe0a008aa7d9ef59
[INFO] [stdout]                                at /rustc/1b7dd2252b99671ce5d1cb9664c5f8636329436d/library/alloc/src/boxed.rs:1973:9
[INFO] [stdout]   45:     0x55c8a13ebf95 - std::sys::unix::thread::Thread::new::thread_start::h3a466996bdf6b1f9
[INFO] [stdout]                                at /rustc/1b7dd2252b99671ce5d1cb9664c5f8636329436d/library/std/src/sys/unix/thread.rs:108:17
[INFO] [stdout]   46:     0x7fab69ed4b43 - <unknown>
[INFO] [stdout]   47:     0x7fab69f65bb4 - __clone
[INFO] [stdout]   48:                0x0 - <unknown>
[INFO] [stdout] 
[INFO] [stdout] 
[INFO] [stdout] failures:
[INFO] [stdout]     test_multicast::test_multicast
[INFO] [stdout] 
[INFO] [stdout] test result: FAILED. 63 passed; 1 failed; 0 ignored; 0 measured; 0 filtered out; finished in 4.65s
[INFO] [stdout] 
[INFO] running `Command { std: "docker" "inspect" "ee781173012eb4e0eb166fb601b7dfd09bb867dffbbbfd10185722d1b923c67f", kill_on_drop: false }`
[INFO] running `Command { std: "docker" "rm" "-f" "ee781173012eb4e0eb166fb601b7dfd09bb867dffbbbfd10185722d1b923c67f", kill_on_drop: false }`
[INFO] [stdout] ee781173012eb4e0eb166fb601b7dfd09bb867dffbbbfd10185722d1b923c67f
