[INFO] fetching crate response_channel 0.1.0...
[INFO] testing response_channel-0.1.0 against 1.69.0 for beta-1.70-1
[INFO] extracting crate response_channel 0.1.0 into /workspace/builds/worker-7-tc1/source
[INFO] validating manifest of crates.io crate response_channel 0.1.0 on toolchain 1.69.0
[INFO] running `Command { std: CARGO_HOME="/workspace/cargo-home" RUSTUP_HOME="/workspace/rustup-home" "/workspace/cargo-home/bin/cargo" "+1.69.0" "metadata" "--manifest-path" "Cargo.toml" "--no-deps", kill_on_drop: false }`
[INFO] started tweaking crates.io crate response_channel 0.1.0
[INFO] finished tweaking crates.io crate response_channel 0.1.0
[INFO] tweaked toml for crates.io crate response_channel 0.1.0 written to /workspace/builds/worker-7-tc1/source/Cargo.toml
[INFO] crate crates.io crate response_channel 0.1.0 already has a lockfile, it will not be regenerated
[INFO] running `Command { std: CARGO_HOME="/workspace/cargo-home" RUSTUP_HOME="/workspace/rustup-home" "/workspace/cargo-home/bin/cargo" "+1.69.0" "fetch" "--manifest-path" "Cargo.toml", kill_on_drop: false }`
[INFO] running `Command { std: "docker" "create" "-v" "/var/lib/crater-agent-workspace/builds/worker-7-tc1/target:/opt/rustwide/target:rw,Z" "-v" "/var/lib/crater-agent-workspace/builds/worker-7-tc1/source:/opt/rustwide/workdir:ro,Z" "-v" "/var/lib/crater-agent-workspace/cargo-home:/opt/rustwide/cargo-home:ro,Z" "-v" "/var/lib/crater-agent-workspace/rustup-home:/opt/rustwide/rustup-home:ro,Z" "-e" "SOURCE_DIR=/opt/rustwide/workdir" "-e" "CARGO_TARGET_DIR=/opt/rustwide/target" "-e" "CARGO_HOME=/opt/rustwide/cargo-home" "-e" "RUSTUP_HOME=/opt/rustwide/rustup-home" "-w" "/opt/rustwide/workdir" "-m" "1610612736" "--user" "0:0" "--network" "none" "ghcr.io/rust-lang/crates-build-env/linux@sha256:5ff2268d62e97bff2cde7d5815dd6ed5b47097566f13b8d0ca110b04b60e07ed" "/opt/rustwide/cargo-home/bin/cargo" "+1.69.0" "metadata" "--no-deps" "--format-version=1", kill_on_drop: false }`
[INFO] [stdout] 8d257181b3eb8a1ee635e1f0c59add7c57f1ea4d2d413a91447e02fb79208c71
[INFO] running `Command { std: "docker" "start" "-a" "8d257181b3eb8a1ee635e1f0c59add7c57f1ea4d2d413a91447e02fb79208c71", kill_on_drop: false }`
[INFO] running `Command { std: "docker" "inspect" "8d257181b3eb8a1ee635e1f0c59add7c57f1ea4d2d413a91447e02fb79208c71", kill_on_drop: false }`
[INFO] running `Command { std: "docker" "rm" "-f" "8d257181b3eb8a1ee635e1f0c59add7c57f1ea4d2d413a91447e02fb79208c71", kill_on_drop: false }`
[INFO] [stdout] 8d257181b3eb8a1ee635e1f0c59add7c57f1ea4d2d413a91447e02fb79208c71
[INFO] running `Command { std: "docker" "create" "-v" "/var/lib/crater-agent-workspace/builds/worker-7-tc1/target:/opt/rustwide/target:rw,Z" "-v" "/var/lib/crater-agent-workspace/builds/worker-7-tc1/source:/opt/rustwide/workdir:ro,Z" "-v" "/var/lib/crater-agent-workspace/cargo-home:/opt/rustwide/cargo-home:ro,Z" "-v" "/var/lib/crater-agent-workspace/rustup-home:/opt/rustwide/rustup-home:ro,Z" "-e" "SOURCE_DIR=/opt/rustwide/workdir" "-e" "CARGO_TARGET_DIR=/opt/rustwide/target" "-e" "CARGO_INCREMENTAL=0" "-e" "RUST_BACKTRACE=full" "-e" "RUSTFLAGS=--cap-lints=warn" "-e" "RUSTDOCFLAGS=--cap-lints=warn" "-e" "CARGO_HOME=/opt/rustwide/cargo-home" "-e" "RUSTUP_HOME=/opt/rustwide/rustup-home" "-w" "/opt/rustwide/workdir" "-m" "1610612736" "--user" "0:0" "--network" "none" "ghcr.io/rust-lang/crates-build-env/linux@sha256:5ff2268d62e97bff2cde7d5815dd6ed5b47097566f13b8d0ca110b04b60e07ed" "/opt/rustwide/cargo-home/bin/cargo" "+1.69.0" "build" "--frozen" "--message-format=json", kill_on_drop: false }`
[INFO] [stdout] 8ec95e185a55939a3d43b83d5b1d9d3571ff909e19527ba84577c4eb274febfa
[INFO] running `Command { std: "docker" "start" "-a" "8ec95e185a55939a3d43b83d5b1d9d3571ff909e19527ba84577c4eb274febfa", kill_on_drop: false }`
[INFO] [stderr]    Compiling proc-macro2 v1.0.46
[INFO] [stderr]    Compiling unicode-ident v1.0.5
[INFO] [stderr]    Compiling quote v1.0.21
[INFO] [stderr]    Compiling syn v1.0.102
[INFO] [stderr]    Compiling convert_case v0.4.0
[INFO] [stderr]    Compiling tokio v1.21.2
[INFO] [stderr]    Compiling derive_more v0.99.17
[INFO] [stderr]    Compiling response_channel v0.1.0 (/opt/rustwide/workdir)
[INFO] [stderr]     Finished dev [unoptimized + debuginfo] target(s) in 5.58s
[INFO] running `Command { std: "docker" "inspect" "8ec95e185a55939a3d43b83d5b1d9d3571ff909e19527ba84577c4eb274febfa", kill_on_drop: false }`
[INFO] running `Command { std: "docker" "rm" "-f" "8ec95e185a55939a3d43b83d5b1d9d3571ff909e19527ba84577c4eb274febfa", kill_on_drop: false }`
[INFO] [stdout] 8ec95e185a55939a3d43b83d5b1d9d3571ff909e19527ba84577c4eb274febfa
[INFO] running `Command { std: "docker" "create" "-v" "/var/lib/crater-agent-workspace/builds/worker-7-tc1/target:/opt/rustwide/target:rw,Z" "-v" "/var/lib/crater-agent-workspace/builds/worker-7-tc1/source:/opt/rustwide/workdir:ro,Z" "-v" "/var/lib/crater-agent-workspace/cargo-home:/opt/rustwide/cargo-home:ro,Z" "-v" "/var/lib/crater-agent-workspace/rustup-home:/opt/rustwide/rustup-home:ro,Z" "-e" "SOURCE_DIR=/opt/rustwide/workdir" "-e" "CARGO_TARGET_DIR=/opt/rustwide/target" "-e" "CARGO_INCREMENTAL=0" "-e" "RUST_BACKTRACE=full" "-e" "RUSTFLAGS=--cap-lints=warn" "-e" "RUSTDOCFLAGS=--cap-lints=warn" "-e" "CARGO_HOME=/opt/rustwide/cargo-home" "-e" "RUSTUP_HOME=/opt/rustwide/rustup-home" "-w" "/opt/rustwide/workdir" "-m" "1610612736" "--user" "0:0" "--network" "none" "ghcr.io/rust-lang/crates-build-env/linux@sha256:5ff2268d62e97bff2cde7d5815dd6ed5b47097566f13b8d0ca110b04b60e07ed" "/opt/rustwide/cargo-home/bin/cargo" "+1.69.0" "test" "--frozen" "--no-run" "--message-format=json", kill_on_drop: false }`
[INFO] [stdout] db0b404a8b9be9e721036eb989eb7207b186499dcfe275109df035624589a1e9
[INFO] running `Command { std: "docker" "start" "-a" "db0b404a8b9be9e721036eb989eb7207b186499dcfe275109df035624589a1e9", kill_on_drop: false }`
[INFO] [stderr]     Blocking waiting for file lock on package cache
[INFO] [stderr]    Compiling syn v1.0.102
[INFO] [stderr]    Compiling libc v0.2.135
[INFO] [stderr]    Compiling futures-core v0.3.24
[INFO] [stderr]    Compiling bytes v1.2.1
[INFO] [stderr]    Compiling tokio v1.21.2
[INFO] [stderr]    Compiling num_cpus v1.13.1
[INFO] [stderr]    Compiling tokio-macros v1.8.0
[INFO] [stderr]    Compiling async-stream-impl v0.3.3
[INFO] [stderr]    Compiling derive_more v0.99.17
[INFO] [stderr]    Compiling async-stream v0.3.3
[INFO] [stderr]    Compiling tokio-stream v0.1.11
[INFO] [stderr]    Compiling response_channel v0.1.0 (/opt/rustwide/workdir)
[INFO] [stderr]    Compiling tokio-test v0.4.2
[INFO] [stderr]     Finished test [unoptimized + debuginfo] target(s) in 11.62s
[INFO] running `Command { std: "docker" "inspect" "db0b404a8b9be9e721036eb989eb7207b186499dcfe275109df035624589a1e9", kill_on_drop: false }`
[INFO] running `Command { std: "docker" "rm" "-f" "db0b404a8b9be9e721036eb989eb7207b186499dcfe275109df035624589a1e9", kill_on_drop: false }`
[INFO] [stdout] db0b404a8b9be9e721036eb989eb7207b186499dcfe275109df035624589a1e9
[INFO] running `Command { std: "docker" "create" "-v" "/var/lib/crater-agent-workspace/builds/worker-7-tc1/target:/opt/rustwide/target:rw,Z" "-v" "/var/lib/crater-agent-workspace/builds/worker-7-tc1/source:/opt/rustwide/workdir:ro,Z" "-v" "/var/lib/crater-agent-workspace/cargo-home:/opt/rustwide/cargo-home:ro,Z" "-v" "/var/lib/crater-agent-workspace/rustup-home:/opt/rustwide/rustup-home:ro,Z" "-e" "SOURCE_DIR=/opt/rustwide/workdir" "-e" "CARGO_TARGET_DIR=/opt/rustwide/target" "-e" "CARGO_INCREMENTAL=0" "-e" "RUST_BACKTRACE=full" "-e" "RUSTFLAGS=--cap-lints=warn" "-e" "RUSTDOCFLAGS=--cap-lints=warn" "-e" "CARGO_HOME=/opt/rustwide/cargo-home" "-e" "RUSTUP_HOME=/opt/rustwide/rustup-home" "-w" "/opt/rustwide/workdir" "-m" "1610612736" "--user" "0:0" "--network" "none" "ghcr.io/rust-lang/crates-build-env/linux@sha256:5ff2268d62e97bff2cde7d5815dd6ed5b47097566f13b8d0ca110b04b60e07ed" "/opt/rustwide/cargo-home/bin/cargo" "+1.69.0" "test" "--frozen", kill_on_drop: false }`
[INFO] [stdout] ed202cd041bb0c4d47c7970a6f448bd50a4a9b51532f0cfd2c53eec12b7ca7dc
[INFO] running `Command { std: "docker" "start" "-a" "ed202cd041bb0c4d47c7970a6f448bd50a4a9b51532f0cfd2c53eec12b7ca7dc", kill_on_drop: false }`
[INFO] [stderr]     Finished test [unoptimized + debuginfo] target(s) in 0.04s
[INFO] [stdout] 
[INFO] [stderr]      Running unittests src/lib.rs (/opt/rustwide/target/debug/deps/response_channel-7922b5164e2a7077)
[INFO] [stdout] running 1 test
[INFO] [stdout] test error::tests::send_error_eq ... ok
[INFO] [stderr]      Running tests/drop_rx.rs (/opt/rustwide/target/debug/deps/drop_rx-0338cd31c003eb88)
[INFO] [stdout] 
[INFO] [stdout] test result: ok. 1 passed; 0 failed; 0 ignored; 0 measured; 0 filtered out; finished in 0.00s
[INFO] [stdout] 
[INFO] [stdout] 
[INFO] [stdout] running 1 test
[INFO] [stdout] test main ... ok
[INFO] [stdout] 
[INFO] [stdout] test result: ok. 1 passed; 0 failed; 0 ignored; 0 measured; 0 filtered out; finished in 0.01s
[INFO] [stdout] 
[INFO] [stderr]      Running tests/drop_tx.rs (/opt/rustwide/target/debug/deps/drop_tx-9b5ddbf637bd6958)
[INFO] [stdout] 
[INFO] [stdout] running 1 test
[INFO] [stderr]      Running tests/ordered_read.rs (/opt/rustwide/target/debug/deps/ordered_read-a9acd7948bd30474)
[INFO] [stdout] test main ... ok
[INFO] [stdout] 
[INFO] [stdout] test result: ok. 1 passed; 0 failed; 0 ignored; 0 measured; 0 filtered out; finished in 0.01s
[INFO] [stdout] 
[INFO] [stdout] 
[INFO] [stdout] running 1 test
[INFO] [stdout] test main ... ok
[INFO] [stdout] 
[INFO] [stdout] test result: ok. 1 passed; 0 failed; 0 ignored; 0 measured; 0 filtered out; finished in 0.00s
[INFO] [stdout] 
[INFO] [stderr]      Running tests/unordered_read.rs (/opt/rustwide/target/debug/deps/unordered_read-00ae8ce4a3b133cc)
[INFO] [stdout] 
[INFO] [stdout] running 1 test
[INFO] [stderr]    Doc-tests response_channel
[INFO] [stdout] test main ... ok
[INFO] [stdout] 
[INFO] [stdout] test result: ok. 1 passed; 0 failed; 0 ignored; 0 measured; 0 filtered out; finished in 0.00s
[INFO] [stdout] 
[INFO] [stdout] 
[INFO] [stdout] running 5 tests
[INFO] [stdout] test src/lib.rs - (line 15) ... FAILED
[INFO] [stdout] test src/lib.rs - Sender<M,R>::send_await (line 120) ... ok
[INFO] [stdout] test src/lib.rs - channel (line 63) ... ok
[INFO] [stdout] test src/lib.rs - Sender<M,R>::recv (line 197) ... ok
[INFO] [stdout] test src/lib.rs - Sender<M,R>::send_await_automatic (line 157) ... ok
[INFO] [stdout] 
[INFO] [stdout] failures:
[INFO] [stdout] 
[INFO] [stdout] ---- src/lib.rs - (line 15) stdout ----
[INFO] [stdout] error[E0061]: this function takes 2 arguments but 1 argument was supplied
[INFO] [stdout]   --> src/lib.rs:22:24
[INFO] [stdout]    |
[INFO] [stdout] 10 | let (mut tx, mut rx) = response_channel::channel::<Message, Response>(BUFFER_SIZE);
[INFO] [stdout]    |                        ^^^^^^^^^^^^^^^^^^^^^^^^^^^^^^^^^^^^^^^^^^^^^^------------- an argument of type `Option<usize>` is missing
[INFO] [stdout]    |
[INFO] [stdout] note: function defined here
[INFO] [stdout]   --> /opt/rustwide/workdir/src/lib.rs:82:8
[INFO] [stdout]    |
[INFO] [stdout] 82 | pub fn channel<M, R>(
[INFO] [stdout]    |        ^^^^^^^
[INFO] [stdout] help: provide the argument
[INFO] [stdout]    |
[INFO] [stdout] 10 | let (mut tx, mut rx) = response_channel::channel::<Message, Response>(BUFFER_SIZE, /* Option<usize> */);
[INFO] [stdout]    |                                                                      ~~~~~~~~~~~~~~~~~~~~~~~~~~~~~~~~~~
[INFO] [stdout] 
[INFO] [stdout] error[E0599]: no method named `unwrap` found for tuple `(u8, tokio::sync::mpsc::Sender<bool>)` in the current scope
[INFO] [stdout]   --> src/lib.rs:32:58
[INFO] [stdout]    |
[INFO] [stdout] 20 | let (message, mut reverse_tx) = rx.recv().await.unwrap().unwrap();
[INFO] [stdout]    |                                                          ^^^^^^ method not found in `(u8, Sender<bool>)`
[INFO] [stdout] 
[INFO] [stdout] error: aborting due to 2 previous errors
[INFO] [stdout] 
[INFO] [stdout] Some errors have detailed explanations: E0061, E0599.
[INFO] [stdout] For more information about an error, try `rustc --explain E0061`.
[INFO] [stdout] Couldn't compile the test.
[INFO] [stdout] 
[INFO] [stdout] failures:
[INFO] [stdout]     src/lib.rs - (line 15)
[INFO] [stdout] 
[INFO] [stdout] test result: FAILED. 4 passed; 1 failed; 0 ignored; 0 measured; 0 filtered out; finished in 1.21s
[INFO] [stdout] 
[INFO] [stderr] error: doctest failed, to rerun pass `--doc`
[INFO] running `Command { std: "docker" "inspect" "ed202cd041bb0c4d47c7970a6f448bd50a4a9b51532f0cfd2c53eec12b7ca7dc", kill_on_drop: false }`
[INFO] running `Command { std: "docker" "rm" "-f" "ed202cd041bb0c4d47c7970a6f448bd50a4a9b51532f0cfd2c53eec12b7ca7dc", kill_on_drop: false }`
[INFO] [stdout] ed202cd041bb0c4d47c7970a6f448bd50a4a9b51532f0cfd2c53eec12b7ca7dc
