[INFO] fetching crate resman 0.16.1...
[INFO] testing resman-0.16.1 against 1.69.0 for beta-1.70-1
[INFO] extracting crate resman 0.16.1 into /workspace/builds/worker-0-tc1/source
[INFO] validating manifest of crates.io crate resman 0.16.1 on toolchain 1.69.0
[INFO] running `Command { std: CARGO_HOME="/workspace/cargo-home" RUSTUP_HOME="/workspace/rustup-home" "/workspace/cargo-home/bin/cargo" "+1.69.0" "metadata" "--manifest-path" "Cargo.toml" "--no-deps", kill_on_drop: false }`
[INFO] removed /workspace/builds/worker-0-tc1/source/.cargo/config.toml
[INFO] started tweaking crates.io crate resman 0.16.1
[INFO] finished tweaking crates.io crate resman 0.16.1
[INFO] tweaked toml for crates.io crate resman 0.16.1 written to /workspace/builds/worker-0-tc1/source/Cargo.toml
[INFO] crate crates.io crate resman 0.16.1 already has a lockfile, it will not be regenerated
[INFO] running `Command { std: CARGO_HOME="/workspace/cargo-home" RUSTUP_HOME="/workspace/rustup-home" "/workspace/cargo-home/bin/cargo" "+1.69.0" "fetch" "--manifest-path" "Cargo.toml", kill_on_drop: false }`
[INFO] [stderr]  Downloading crates ...
[INFO] [stderr]   Downloaded fn_meta v0.7.3
[INFO] running `Command { std: "docker" "create" "-v" "/var/lib/crater-agent-workspace/builds/worker-0-tc1/target:/opt/rustwide/target:rw,Z" "-v" "/var/lib/crater-agent-workspace/builds/worker-0-tc1/source:/opt/rustwide/workdir:ro,Z" "-v" "/var/lib/crater-agent-workspace/cargo-home:/opt/rustwide/cargo-home:ro,Z" "-v" "/var/lib/crater-agent-workspace/rustup-home:/opt/rustwide/rustup-home:ro,Z" "-e" "SOURCE_DIR=/opt/rustwide/workdir" "-e" "CARGO_TARGET_DIR=/opt/rustwide/target" "-e" "CARGO_HOME=/opt/rustwide/cargo-home" "-e" "RUSTUP_HOME=/opt/rustwide/rustup-home" "-w" "/opt/rustwide/workdir" "-m" "1610612736" "--user" "0:0" "--network" "none" "ghcr.io/rust-lang/crates-build-env/linux@sha256:5ff2268d62e97bff2cde7d5815dd6ed5b47097566f13b8d0ca110b04b60e07ed" "/opt/rustwide/cargo-home/bin/cargo" "+1.69.0" "metadata" "--no-deps" "--format-version=1", kill_on_drop: false }`
[INFO] [stdout] 04e3a602503cb13c6e9ffb0252c85e5c64f8e8b6b1eafdc6878016b59fb6456b
[INFO] running `Command { std: "docker" "start" "-a" "04e3a602503cb13c6e9ffb0252c85e5c64f8e8b6b1eafdc6878016b59fb6456b", kill_on_drop: false }`
[INFO] running `Command { std: "docker" "inspect" "04e3a602503cb13c6e9ffb0252c85e5c64f8e8b6b1eafdc6878016b59fb6456b", kill_on_drop: false }`
[INFO] running `Command { std: "docker" "rm" "-f" "04e3a602503cb13c6e9ffb0252c85e5c64f8e8b6b1eafdc6878016b59fb6456b", kill_on_drop: false }`
[INFO] [stdout] 04e3a602503cb13c6e9ffb0252c85e5c64f8e8b6b1eafdc6878016b59fb6456b
[INFO] running `Command { std: "docker" "create" "-v" "/var/lib/crater-agent-workspace/builds/worker-0-tc1/target:/opt/rustwide/target:rw,Z" "-v" "/var/lib/crater-agent-workspace/builds/worker-0-tc1/source:/opt/rustwide/workdir:ro,Z" "-v" "/var/lib/crater-agent-workspace/cargo-home:/opt/rustwide/cargo-home:ro,Z" "-v" "/var/lib/crater-agent-workspace/rustup-home:/opt/rustwide/rustup-home:ro,Z" "-e" "SOURCE_DIR=/opt/rustwide/workdir" "-e" "CARGO_TARGET_DIR=/opt/rustwide/target" "-e" "CARGO_INCREMENTAL=0" "-e" "RUST_BACKTRACE=full" "-e" "RUSTFLAGS=--cap-lints=warn" "-e" "RUSTDOCFLAGS=--cap-lints=warn" "-e" "CARGO_HOME=/opt/rustwide/cargo-home" "-e" "RUSTUP_HOME=/opt/rustwide/rustup-home" "-w" "/opt/rustwide/workdir" "-m" "1610612736" "--user" "0:0" "--network" "none" "ghcr.io/rust-lang/crates-build-env/linux@sha256:5ff2268d62e97bff2cde7d5815dd6ed5b47097566f13b8d0ca110b04b60e07ed" "/opt/rustwide/cargo-home/bin/cargo" "+1.69.0" "build" "--frozen" "--message-format=json", kill_on_drop: false }`
[INFO] [stdout] 4ef2b0c7bb5b9a6cc7745cdd43eb0a6c58c91dd3e19cee4d36800aaafb9408da
[INFO] running `Command { std: "docker" "start" "-a" "4ef2b0c7bb5b9a6cc7745cdd43eb0a6c58c91dd3e19cee4d36800aaafb9408da", kill_on_drop: false }`
[INFO] [stderr]    Compiling rt_ref v0.2.0
[INFO] [stderr]    Compiling resman v0.16.1 (/opt/rustwide/workdir)
[INFO] [stderr]    Compiling downcast-rs v1.2.0
[INFO] [stderr]    Compiling rt_map v0.5.2
[INFO] [stderr]     Finished dev [unoptimized + debuginfo] target(s) in 0.46s
[INFO] running `Command { std: "docker" "inspect" "4ef2b0c7bb5b9a6cc7745cdd43eb0a6c58c91dd3e19cee4d36800aaafb9408da", kill_on_drop: false }`
[INFO] running `Command { std: "docker" "rm" "-f" "4ef2b0c7bb5b9a6cc7745cdd43eb0a6c58c91dd3e19cee4d36800aaafb9408da", kill_on_drop: false }`
[INFO] [stdout] 4ef2b0c7bb5b9a6cc7745cdd43eb0a6c58c91dd3e19cee4d36800aaafb9408da
[INFO] running `Command { std: "docker" "create" "-v" "/var/lib/crater-agent-workspace/builds/worker-0-tc1/target:/opt/rustwide/target:rw,Z" "-v" "/var/lib/crater-agent-workspace/builds/worker-0-tc1/source:/opt/rustwide/workdir:ro,Z" "-v" "/var/lib/crater-agent-workspace/cargo-home:/opt/rustwide/cargo-home:ro,Z" "-v" "/var/lib/crater-agent-workspace/rustup-home:/opt/rustwide/rustup-home:ro,Z" "-e" "SOURCE_DIR=/opt/rustwide/workdir" "-e" "CARGO_TARGET_DIR=/opt/rustwide/target" "-e" "CARGO_INCREMENTAL=0" "-e" "RUST_BACKTRACE=full" "-e" "RUSTFLAGS=--cap-lints=warn" "-e" "RUSTDOCFLAGS=--cap-lints=warn" "-e" "CARGO_HOME=/opt/rustwide/cargo-home" "-e" "RUSTUP_HOME=/opt/rustwide/rustup-home" "-w" "/opt/rustwide/workdir" "-m" "1610612736" "--user" "0:0" "--network" "none" "ghcr.io/rust-lang/crates-build-env/linux@sha256:5ff2268d62e97bff2cde7d5815dd6ed5b47097566f13b8d0ca110b04b60e07ed" "/opt/rustwide/cargo-home/bin/cargo" "+1.69.0" "test" "--frozen" "--no-run" "--message-format=json", kill_on_drop: false }`
[INFO] [stdout] 1d62fbd4e7b44466c2d79c2755b8b01fb521391c78c13fef0c66a61a9fd3dbef
[INFO] running `Command { std: "docker" "start" "-a" "1d62fbd4e7b44466c2d79c2755b8b01fb521391c78c13fef0c66a61a9fd3dbef", kill_on_drop: false }`
[INFO] [stderr]    Compiling resman v0.16.1 (/opt/rustwide/workdir)
[INFO] [stderr]     Finished test [unoptimized + debuginfo] target(s) in 0.54s
[INFO] running `Command { std: "docker" "inspect" "1d62fbd4e7b44466c2d79c2755b8b01fb521391c78c13fef0c66a61a9fd3dbef", kill_on_drop: false }`
[INFO] running `Command { std: "docker" "rm" "-f" "1d62fbd4e7b44466c2d79c2755b8b01fb521391c78c13fef0c66a61a9fd3dbef", kill_on_drop: false }`
[INFO] [stdout] 1d62fbd4e7b44466c2d79c2755b8b01fb521391c78c13fef0c66a61a9fd3dbef
[INFO] running `Command { std: "docker" "create" "-v" "/var/lib/crater-agent-workspace/builds/worker-0-tc1/target:/opt/rustwide/target:rw,Z" "-v" "/var/lib/crater-agent-workspace/builds/worker-0-tc1/source:/opt/rustwide/workdir:ro,Z" "-v" "/var/lib/crater-agent-workspace/cargo-home:/opt/rustwide/cargo-home:ro,Z" "-v" "/var/lib/crater-agent-workspace/rustup-home:/opt/rustwide/rustup-home:ro,Z" "-e" "SOURCE_DIR=/opt/rustwide/workdir" "-e" "CARGO_TARGET_DIR=/opt/rustwide/target" "-e" "CARGO_INCREMENTAL=0" "-e" "RUST_BACKTRACE=full" "-e" "RUSTFLAGS=--cap-lints=warn" "-e" "RUSTDOCFLAGS=--cap-lints=warn" "-e" "CARGO_HOME=/opt/rustwide/cargo-home" "-e" "RUSTUP_HOME=/opt/rustwide/rustup-home" "-w" "/opt/rustwide/workdir" "-m" "1610612736" "--user" "0:0" "--network" "none" "ghcr.io/rust-lang/crates-build-env/linux@sha256:5ff2268d62e97bff2cde7d5815dd6ed5b47097566f13b8d0ca110b04b60e07ed" "/opt/rustwide/cargo-home/bin/cargo" "+1.69.0" "test" "--frozen", kill_on_drop: false }`
[INFO] [stdout] 0ddbc26b861e75a16b7bce1b86d893dd351deb9c0cd148220e524b91c3d6bdbb
[INFO] running `Command { std: "docker" "start" "-a" "0ddbc26b861e75a16b7bce1b86d893dd351deb9c0cd148220e524b91c3d6bdbb", kill_on_drop: false }`
[INFO] [stderr]     Finished test [unoptimized + debuginfo] target(s) in 0.00s
[INFO] [stderr]      Running unittests src/lib.rs (/opt/rustwide/target/debug/deps/resman-8b8ac2107adad816)
[INFO] [stdout] 
[INFO] [stdout] running 22 tests
[INFO] [stdout] test ref_mut::tests::debug_includes_inner_field ... ok
[INFO] [stdout] test r#ref::tests::debug_includes_inner_field ... ok
[INFO] [stdout] test r#ref::tests::partial_eq_compares_value ... ok
[INFO] [stdout] test ref_mut::tests::deref_mut_returns_value ... ok
[INFO] [stdout] test ref_mut::tests::partial_eq_compares_value ... ok
[INFO] [stdout] test resources::tests::borrow_mut_borrow_mut_returns_err ... ok
[INFO] [stdout] test resources::tests::borrow_mut_try_borrow_returns_err ... ok
[INFO] [stdout] test resources::tests::borrow_try_borrow_mut_returns_err ... ok
[INFO] [stdout] test resources::tests::debug_uses_placeholder_for_values ... ok
[INFO] [stdout] test resources::tests::get_mut_returns_ok ... ok
[INFO] [stdout] test resources::tests::entry_or_insert_inserts_value ... ok
[INFO] [stdout] test resources::tests::get_raw_returns_some ... ok
[INFO] [stdout] test resources::tests::get_resource_mut_returns_some ... ok
[INFO] [stdout] test resources::tests::insert ... ok
[INFO] [stdout] test resources::tests::insert_raw ... ok
[INFO] [stdout] test resources::tests::remove_insert ... ok
[INFO] [stdout] test resources::tests::with_capacity_reserves_enough_capacity ... ok
[INFO] [stdout] test resources::tests::borrow_before_insert_panics - should panic ... ok
[INFO] [stdout] test resources::tests::borrow_mut_before_insert_panics - should panic ... ok
[INFO] [stdout] test resources::tests::insert_raw_panics_when_boxed_resource_does_not_match_key - should panic ... ok
[INFO] [stdout] test resources::tests::read_write_fails - should panic ... ok
[INFO] [stdout] test resources::tests::write_read_fails - should panic ... ok
[INFO] [stdout] 
[INFO] [stdout] test result: ok. 22 passed; 0 failed; 0 ignored; 0 measured; 0 filtered out; finished in 0.01s
[INFO] [stdout] 
[INFO] [stderr]    Doc-tests resman
[INFO] [stdout] 
[INFO] [stdout] running 9 tests
[INFO] [stdout] test src/resources.rs - resources::Resources::insert (line 89) ... ok
[INFO] [stdout] test src/resources.rs - resources::Resources::new (line 34) ... ok
[INFO] [stdout] test src/resources.rs - resources::Resources::capacity (line 64) ... ok
[INFO] [stdout] test src/lib.rs - (line 93) ... ok
[INFO] [stdout] test src/resources.rs - resources::Resources::insert (line 96) ... ok
[INFO] [stdout] test src/resources.rs - resources::Resources::with_capacity (line 49) ... ok
[INFO] [stdout] test src/lib.rs - (line 127) ... FAILED
[INFO] [stdout] test src/lib.rs - (line 39) ... ok
[INFO] [stdout] test src/entry.rs - entry::Entry<'a,R> (line 16) ... ok
[INFO] [stdout] 
[INFO] [stdout] failures:
[INFO] [stdout] 
[INFO] [stdout] ---- src/lib.rs - (line 127) stdout ----
[INFO] [stdout] error[E0432]: unresolved imports `resman::FnRes`, `resman::IntoFnRes`
[INFO] [stdout]  --> src/lib.rs:128:14
[INFO] [stdout]   |
[INFO] [stdout] 4 | use resman::{FnRes, IntoFnRes, Resources};
[INFO] [stdout]   |              ^^^^^  ^^^^^^^^^ no `IntoFnRes` in the root
[INFO] [stdout]   |              |
[INFO] [stdout]   |              no `FnRes` in the root
[INFO] [stdout] 
[INFO] [stdout] error[E0599]: no method named `into_fn_res` found for fn item `for<'a, 'b> fn(&'a mut u32, &'b u64) -> u64 {f1}` in the current scope
[INFO] [stdout]   --> src/lib.rs:143:8
[INFO] [stdout]    |
[INFO] [stdout] 19 |     f1.into_fn_res(),
[INFO] [stdout]    |        ^^^^^^^^^^^ method not found in `fn(&mut u32, &u64) -> u64 {f1}`
[INFO] [stdout] 
[INFO] [stdout] error[E0599]: no method named `into_fn_res` found for fn item `for<'a, 'b> fn(&'a u32, &'b mut u64) -> u64 {f2}` in the current scope
[INFO] [stdout]   --> src/lib.rs:144:8
[INFO] [stdout]    |
[INFO] [stdout] 20 |     f2.into_fn_res(),
[INFO] [stdout]    |        ^^^^^^^^^^^ method not found in `fn(&u32, &mut u64) -> u64 {f2}`
[INFO] [stdout] 
[INFO] [stdout] error[E0599]: no method named `into_fn_res` found for closure `[closure@src/lib.rs:21:6: 21:24]` in the current scope
[INFO] [stdout]   --> src/lib.rs:145:41
[INFO] [stdout]    |
[INFO] [stdout] 21 |     (|a: &u32, b: &u64| *a as u64 + *b).into_fn_res(),
[INFO] [stdout]    |                                         ^^^^^^^^^^^ method not found in `[closure@src/lib.rs:21:6]`
[INFO] [stdout] 
[INFO] [stdout] error: aborting due to 4 previous errors
[INFO] [stdout] 
[INFO] [stdout] Some errors have detailed explanations: E0432, E0599.
[INFO] [stdout] For more information about an error, try `rustc --explain E0432`.
[INFO] [stdout] Couldn't compile the test.
[INFO] [stdout] 
[INFO] [stdout] failures:
[INFO] [stdout]     src/lib.rs - (line 127)
[INFO] [stdout] 
[INFO] [stdout] test result: FAILED. 8 passed; 1 failed; 0 ignored; 0 measured; 0 filtered out; finished in 0.24s
[INFO] [stdout] 
[INFO] [stderr] error: doctest failed, to rerun pass `--doc`
[INFO] running `Command { std: "docker" "inspect" "0ddbc26b861e75a16b7bce1b86d893dd351deb9c0cd148220e524b91c3d6bdbb", kill_on_drop: false }`
[INFO] running `Command { std: "docker" "rm" "-f" "0ddbc26b861e75a16b7bce1b86d893dd351deb9c0cd148220e524b91c3d6bdbb", kill_on_drop: false }`
[INFO] [stdout] 0ddbc26b861e75a16b7bce1b86d893dd351deb9c0cd148220e524b91c3d6bdbb
