[INFO] fetching crate reset-router 0.8.3...
[INFO] testing reset-router-0.8.3 against beta-2023-04-20 for beta-1.70-1
[INFO] extracting crate reset-router 0.8.3 into /workspace/builds/worker-7-tc2/source
[INFO] validating manifest of crates.io crate reset-router 0.8.3 on toolchain beta-2023-04-20
[INFO] running `Command { std: CARGO_HOME="/workspace/cargo-home" RUSTUP_HOME="/workspace/rustup-home" "/workspace/cargo-home/bin/cargo" "+beta-2023-04-20" "metadata" "--manifest-path" "Cargo.toml" "--no-deps", kill_on_drop: false }`
[INFO] started tweaking crates.io crate reset-router 0.8.3
[INFO] finished tweaking crates.io crate reset-router 0.8.3
[INFO] tweaked toml for crates.io crate reset-router 0.8.3 written to /workspace/builds/worker-7-tc2/source/Cargo.toml
[INFO] crate crates.io crate reset-router 0.8.3 already has a lockfile, it will not be regenerated
[INFO] running `Command { std: CARGO_HOME="/workspace/cargo-home" RUSTUP_HOME="/workspace/rustup-home" "/workspace/cargo-home/bin/cargo" "+beta-2023-04-20" "fetch" "--manifest-path" "Cargo.toml", kill_on_drop: false }`
[INFO] [stderr]     Updating crates.io index
[INFO] [stderr]  Downloading crates ...
[INFO] [stderr]   Downloaded tokio-macros v0.2.3
[INFO] [stderr]   Downloaded bytes v0.5.3
[INFO] [stderr]   Downloaded tower-limit v0.3.0
[INFO] [stderr]   Downloaded tower-timeout v0.3.0
[INFO] [stderr]   Downloaded futures-task v0.3.1
[INFO] [stderr]   Downloaded tower v0.3.1
[INFO] [stderr]   Downloaded tracing v0.1.12
[INFO] [stderr]   Downloaded h2 v0.2.1
[INFO] [stderr]   Downloaded futures-executor v0.3.1
[INFO] [stderr]   Downloaded tracing-attributes v0.1.6
[INFO] [stderr]   Downloaded tokio-util v0.2.0
[INFO] [stderr]   Downloaded reset-recognizer v0.8.0
[INFO] [stderr]   Downloaded type-map v0.2.0
[INFO] [stderr]   Downloaded tokio v0.2.9
[INFO] [stderr]   Downloaded tower-layer v0.3.0
[INFO] [stderr]   Downloaded futures-channel v0.3.1
[INFO] [stderr]   Downloaded futures-core v0.3.1
[INFO] [stderr]   Downloaded futures-io v0.3.1
[INFO] [stderr]   Downloaded futures-macro v0.3.1
[INFO] [stderr]   Downloaded tower-buffer v0.3.0
[INFO] [stderr]   Downloaded tower-load-shed v0.3.0
[INFO] [stderr]   Downloaded tower-retry v0.3.0
[INFO] [stderr]   Downloaded futures-sink v0.3.1
[INFO] [stderr]   Downloaded pin-project-internal v0.4.7
[INFO] [stderr]   Downloaded pin-project v0.4.7
[INFO] [stderr]   Downloaded tower-util v0.3.0
[INFO] [stderr]   Downloaded futures v0.3.1
[INFO] [stderr]   Downloaded indexmap v1.3.1
[INFO] [stderr]   Downloaded hyper v0.13.1
[INFO] [stderr]   Downloaded tracing-core v0.1.9
[INFO] [stderr]   Downloaded tower-discover v0.3.0
[INFO] [stderr]   Downloaded futures-util v0.3.1
[INFO] running `Command { std: "docker" "create" "-v" "/var/lib/crater-agent-workspace/builds/worker-7-tc2/target:/opt/rustwide/target:rw,Z" "-v" "/var/lib/crater-agent-workspace/builds/worker-7-tc2/source:/opt/rustwide/workdir:ro,Z" "-v" "/var/lib/crater-agent-workspace/cargo-home:/opt/rustwide/cargo-home:ro,Z" "-v" "/var/lib/crater-agent-workspace/rustup-home:/opt/rustwide/rustup-home:ro,Z" "-e" "SOURCE_DIR=/opt/rustwide/workdir" "-e" "CARGO_TARGET_DIR=/opt/rustwide/target" "-e" "CARGO_HOME=/opt/rustwide/cargo-home" "-e" "RUSTUP_HOME=/opt/rustwide/rustup-home" "-w" "/opt/rustwide/workdir" "-m" "1610612736" "--user" "0:0" "--network" "none" "ghcr.io/rust-lang/crates-build-env/linux@sha256:5ff2268d62e97bff2cde7d5815dd6ed5b47097566f13b8d0ca110b04b60e07ed" "/opt/rustwide/cargo-home/bin/cargo" "+beta-2023-04-20" "metadata" "--no-deps" "--format-version=1", kill_on_drop: false }`
[INFO] [stdout] d333b1988dcac9c2c017eae93e4883e86d84f575a3c2ef5e92dd290092a8d509
[INFO] running `Command { std: "docker" "start" "-a" "d333b1988dcac9c2c017eae93e4883e86d84f575a3c2ef5e92dd290092a8d509", kill_on_drop: false }`
[INFO] running `Command { std: "docker" "inspect" "d333b1988dcac9c2c017eae93e4883e86d84f575a3c2ef5e92dd290092a8d509", kill_on_drop: false }`
[INFO] running `Command { std: "docker" "rm" "-f" "d333b1988dcac9c2c017eae93e4883e86d84f575a3c2ef5e92dd290092a8d509", kill_on_drop: false }`
[INFO] [stdout] d333b1988dcac9c2c017eae93e4883e86d84f575a3c2ef5e92dd290092a8d509
[INFO] running `Command { std: "docker" "create" "-v" "/var/lib/crater-agent-workspace/builds/worker-7-tc2/target:/opt/rustwide/target:rw,Z" "-v" "/var/lib/crater-agent-workspace/builds/worker-7-tc2/source:/opt/rustwide/workdir:ro,Z" "-v" "/var/lib/crater-agent-workspace/cargo-home:/opt/rustwide/cargo-home:ro,Z" "-v" "/var/lib/crater-agent-workspace/rustup-home:/opt/rustwide/rustup-home:ro,Z" "-e" "SOURCE_DIR=/opt/rustwide/workdir" "-e" "CARGO_TARGET_DIR=/opt/rustwide/target" "-e" "CARGO_INCREMENTAL=0" "-e" "RUST_BACKTRACE=full" "-e" "RUSTFLAGS=--cap-lints=warn" "-e" "RUSTDOCFLAGS=--cap-lints=warn" "-e" "CARGO_HOME=/opt/rustwide/cargo-home" "-e" "RUSTUP_HOME=/opt/rustwide/rustup-home" "-w" "/opt/rustwide/workdir" "-m" "1610612736" "--user" "0:0" "--network" "none" "ghcr.io/rust-lang/crates-build-env/linux@sha256:5ff2268d62e97bff2cde7d5815dd6ed5b47097566f13b8d0ca110b04b60e07ed" "/opt/rustwide/cargo-home/bin/cargo" "+beta-2023-04-20" "build" "--frozen" "--message-format=json", kill_on_drop: false }`
[INFO] [stdout] cc231c455d9e28889180b93fc822d77dc06e5c1888a40122d283341056da8ec9
[INFO] running `Command { std: "docker" "start" "-a" "cc231c455d9e28889180b93fc822d77dc06e5c1888a40122d283341056da8ec9", kill_on_drop: false }`
[INFO] [stderr]    Compiling proc-macro2 v1.0.8
[INFO] [stderr]    Compiling unicode-xid v0.2.0
[INFO] [stderr]    Compiling syn v1.0.14
[INFO] [stderr]    Compiling memchr v2.3.0
[INFO] [stderr]    Compiling libc v0.2.66
[INFO] [stderr]    Compiling futures-core v0.3.1
[INFO] [stderr]    Compiling log v0.4.8
[INFO] [stderr]    Compiling cfg-if v0.1.10
[INFO] [stderr]    Compiling slab v0.4.2
[INFO] [stderr]    Compiling fnv v1.0.6
[INFO] [stderr]    Compiling bytes v0.5.3
[INFO] [stderr]    Compiling arc-swap v0.4.4
[INFO] [stderr]    Compiling proc-macro-nested v0.1.3
[INFO] [stderr]    Compiling pin-project-lite v0.1.4
[INFO] [stderr]    Compiling futures-sink v0.3.1
[INFO] [stderr]    Compiling tower-service v0.3.0
[INFO] [stderr]    Compiling futures-channel v0.3.1
[INFO] [stderr]    Compiling pin-utils v0.1.0-alpha.4
[INFO] [stderr]    Compiling futures-io v0.3.1
[INFO] [stderr]    Compiling futures-task v0.3.1
[INFO] [stderr]    Compiling tower-layer v0.3.0
[INFO] [stderr]    Compiling autocfg v1.0.0
[INFO] [stderr]    Compiling itoa v0.4.4
[INFO] [stderr]    Compiling iovec v0.1.4
[INFO] [stderr]    Compiling net2 v0.2.33
[INFO] [stderr]    Compiling signal-hook-registry v1.2.0
[INFO] [stderr]    Compiling num_cpus v1.12.0
[INFO] [stderr]    Compiling byteorder v1.3.2
[INFO] [stderr]    Compiling http v0.2.0
[INFO] [stderr]    Compiling tracing-core v0.1.9
[INFO] [stderr]    Compiling quote v1.0.2
[INFO] [stderr]    Compiling mio v0.6.21
[INFO] [stderr]    Compiling indexmap v1.3.1
[INFO] [stderr]    Compiling httparse v1.3.4
[INFO] [stderr]    Compiling aho-corasick v0.7.6
[INFO] [stderr]    Compiling thread_local v1.0.1
[INFO] [stderr]    Compiling regex-syntax v0.6.13
[INFO] [stderr]    Compiling try-lock v0.2.2
[INFO] [stderr]    Compiling want v0.3.0
[INFO] [stderr]    Compiling mio-uds v0.6.7
[INFO] [stderr]    Compiling fxhash v0.2.1
[INFO] [stderr]    Compiling time v0.1.42
[INFO] [stderr]    Compiling type-map v0.2.0
[INFO] [stderr]    Compiling http-body v0.3.1
[INFO] [stderr]    Compiling regex v1.3.3
[INFO] [stderr]    Compiling reset-recognizer v0.8.0
[INFO] [stderr]    Compiling pin-project-internal v0.4.7
[INFO] [stderr]    Compiling tokio-macros v0.2.3
[INFO] [stderr]    Compiling proc-macro-hack v0.5.11
[INFO] [stderr]    Compiling tracing-attributes v0.1.6
[INFO] [stderr]    Compiling tokio v0.2.9
[INFO] [stderr]    Compiling futures-macro v0.3.1
[INFO] [stderr]    Compiling tracing v0.1.12
[INFO] [stderr]    Compiling pin-project v0.4.7
[INFO] [stderr]    Compiling tower-discover v0.3.0
[INFO] [stderr]    Compiling tower-load-shed v0.3.0
[INFO] [stderr]    Compiling futures-util v0.3.1
[INFO] [stderr]    Compiling tokio-util v0.2.0
[INFO] [stderr]    Compiling tower-limit v0.3.0
[INFO] [stderr]    Compiling tower-retry v0.3.0
[INFO] [stderr]    Compiling tower-buffer v0.3.0
[INFO] [stderr]    Compiling tower-timeout v0.3.0
[INFO] [stderr]    Compiling tower-util v0.3.0
[INFO] [stderr]    Compiling h2 v0.2.1
[INFO] [stderr]    Compiling futures-executor v0.3.1
[INFO] [stderr]    Compiling tower v0.3.1
[INFO] [stderr]    Compiling futures v0.3.1
[INFO] [stderr]    Compiling hyper v0.13.1
[INFO] [stderr]    Compiling reset-router v0.8.3 (/opt/rustwide/workdir)
[INFO] [stdout] warning: unused borrow that must be used
[INFO] [stdout]    --> src/lib.rs:278:1
[INFO] [stdout]     |
[INFO] [stdout] 278 | #[pin_project::pin_project]
[INFO] [stdout]     | ^^^^^^^^^^^^^^^^^^^^^^^^^^^ the borrow produces a value
[INFO] [stdout]     |
[INFO] [stdout]     = note: `#[warn(unused_must_use)]` on by default
[INFO] [stdout]     = note: this warning originates in the derive macro `::pin_project::__private::__PinProjectInternalDerive` (in Nightly builds, run with -Z macro-backtrace for more info)
[INFO] [stdout] 
[INFO] [stdout] 
[INFO] [stdout] warning: 1 warning emitted
[INFO] [stdout] 
[INFO] [stdout] 
[INFO] [stderr]     Finished dev [unoptimized + debuginfo] target(s) in 53.07s
[INFO] running `Command { std: "docker" "inspect" "cc231c455d9e28889180b93fc822d77dc06e5c1888a40122d283341056da8ec9", kill_on_drop: false }`
[INFO] running `Command { std: "docker" "rm" "-f" "cc231c455d9e28889180b93fc822d77dc06e5c1888a40122d283341056da8ec9", kill_on_drop: false }`
[INFO] [stdout] cc231c455d9e28889180b93fc822d77dc06e5c1888a40122d283341056da8ec9
[INFO] running `Command { std: "docker" "create" "-v" "/var/lib/crater-agent-workspace/builds/worker-7-tc2/target:/opt/rustwide/target:rw,Z" "-v" "/var/lib/crater-agent-workspace/builds/worker-7-tc2/source:/opt/rustwide/workdir:ro,Z" "-v" "/var/lib/crater-agent-workspace/cargo-home:/opt/rustwide/cargo-home:ro,Z" "-v" "/var/lib/crater-agent-workspace/rustup-home:/opt/rustwide/rustup-home:ro,Z" "-e" "SOURCE_DIR=/opt/rustwide/workdir" "-e" "CARGO_TARGET_DIR=/opt/rustwide/target" "-e" "CARGO_INCREMENTAL=0" "-e" "RUST_BACKTRACE=full" "-e" "RUSTFLAGS=--cap-lints=warn" "-e" "RUSTDOCFLAGS=--cap-lints=warn" "-e" "CARGO_HOME=/opt/rustwide/cargo-home" "-e" "RUSTUP_HOME=/opt/rustwide/rustup-home" "-w" "/opt/rustwide/workdir" "-m" "1610612736" "--user" "0:0" "--network" "none" "ghcr.io/rust-lang/crates-build-env/linux@sha256:5ff2268d62e97bff2cde7d5815dd6ed5b47097566f13b8d0ca110b04b60e07ed" "/opt/rustwide/cargo-home/bin/cargo" "+beta-2023-04-20" "test" "--frozen" "--no-run" "--message-format=json", kill_on_drop: false }`
[INFO] [stdout] 91f623d03cb84cb02c50b0f574abe7cc7641d2fd21d2743710a1eef1b1af6320
[INFO] running `Command { std: "docker" "start" "-a" "91f623d03cb84cb02c50b0f574abe7cc7641d2fd21d2743710a1eef1b1af6320", kill_on_drop: false }`
[INFO] [stderr]    Compiling reset-router v0.8.3 (/opt/rustwide/workdir)
[INFO] [stdout] warning: unused borrow that must be used
[INFO] [stdout]    --> src/lib.rs:278:1
[INFO] [stdout]     |
[INFO] [stdout] 278 | #[pin_project::pin_project]
[INFO] [stdout]     | ^^^^^^^^^^^^^^^^^^^^^^^^^^^ the borrow produces a value
[INFO] [stdout]     |
[INFO] [stdout]     = note: `#[warn(unused_must_use)]` on by default
[INFO] [stdout]     = note: this warning originates in the derive macro `::pin_project::__private::__PinProjectInternalDerive` (in Nightly builds, run with -Z macro-backtrace for more info)
[INFO] [stdout] 
[INFO] [stdout] 
[INFO] [stdout] warning: 1 warning emitted
[INFO] [stdout] 
[INFO] [stdout] 
[INFO] [stdout] warning: unused borrow that must be used
[INFO] [stdout]    --> src/lib.rs:278:1
[INFO] [stdout]     |
[INFO] [stdout] 278 | #[pin_project::pin_project]
[INFO] [stdout]     | ^^^^^^^^^^^^^^^^^^^^^^^^^^^ the borrow produces a value
[INFO] [stdout]     |
[INFO] [stdout]     = note: `#[warn(unused_must_use)]` on by default
[INFO] [stdout]     = note: this warning originates in the derive macro `::pin_project::__private::__PinProjectInternalDerive` (in Nightly builds, run with -Z macro-backtrace for more info)
[INFO] [stdout] 
[INFO] [stdout] 
[INFO] [stdout] warning: 1 warning emitted
[INFO] [stdout] 
[INFO] [stdout] 
[INFO] [stderr]     Finished test [unoptimized + debuginfo] target(s) in 6.41s
[INFO] running `Command { std: "docker" "inspect" "91f623d03cb84cb02c50b0f574abe7cc7641d2fd21d2743710a1eef1b1af6320", kill_on_drop: false }`
[INFO] running `Command { std: "docker" "rm" "-f" "91f623d03cb84cb02c50b0f574abe7cc7641d2fd21d2743710a1eef1b1af6320", kill_on_drop: false }`
[INFO] [stdout] 91f623d03cb84cb02c50b0f574abe7cc7641d2fd21d2743710a1eef1b1af6320
[INFO] running `Command { std: "docker" "create" "-v" "/var/lib/crater-agent-workspace/builds/worker-7-tc2/target:/opt/rustwide/target:rw,Z" "-v" "/var/lib/crater-agent-workspace/builds/worker-7-tc2/source:/opt/rustwide/workdir:ro,Z" "-v" "/var/lib/crater-agent-workspace/cargo-home:/opt/rustwide/cargo-home:ro,Z" "-v" "/var/lib/crater-agent-workspace/rustup-home:/opt/rustwide/rustup-home:ro,Z" "-e" "SOURCE_DIR=/opt/rustwide/workdir" "-e" "CARGO_TARGET_DIR=/opt/rustwide/target" "-e" "CARGO_INCREMENTAL=0" "-e" "RUST_BACKTRACE=full" "-e" "RUSTFLAGS=--cap-lints=warn" "-e" "RUSTDOCFLAGS=--cap-lints=warn" "-e" "CARGO_HOME=/opt/rustwide/cargo-home" "-e" "RUSTUP_HOME=/opt/rustwide/rustup-home" "-w" "/opt/rustwide/workdir" "-m" "1610612736" "--user" "0:0" "--network" "none" "ghcr.io/rust-lang/crates-build-env/linux@sha256:5ff2268d62e97bff2cde7d5815dd6ed5b47097566f13b8d0ca110b04b60e07ed" "/opt/rustwide/cargo-home/bin/cargo" "+beta-2023-04-20" "test" "--frozen", kill_on_drop: false }`
[INFO] [stdout] afdaafdb514d05db2bf831daf3bfb18e5bedb26f8bcad70d8ca98b4ea604d4dc
[INFO] running `Command { std: "docker" "start" "-a" "afdaafdb514d05db2bf831daf3bfb18e5bedb26f8bcad70d8ca98b4ea604d4dc", kill_on_drop: false }`
[INFO] [stderr] warning: unused borrow that must be used
[INFO] [stderr]    --> src/lib.rs:278:1
[INFO] [stderr]     |
[INFO] [stderr] 278 | #[pin_project::pin_project]
[INFO] [stderr]     | ^^^^^^^^^^^^^^^^^^^^^^^^^^^ the borrow produces a value
[INFO] [stderr]     |
[INFO] [stderr]     = note: `#[warn(unused_must_use)]` on by default
[INFO] [stderr]     = note: this warning originates in the derive macro `::pin_project::__private::__PinProjectInternalDerive` (in Nightly builds, run with -Z macro-backtrace for more info)
[INFO] [stderr] 
[INFO] [stderr] warning: `reset-router` (lib) generated 1 warning
[INFO] [stderr] warning: `reset-router` (lib test) generated 1 warning (1 duplicate)
[INFO] [stderr]     Finished test [unoptimized + debuginfo] target(s) in 0.10s
[INFO] [stderr]      Running unittests src/lib.rs (/opt/rustwide/target/debug/deps/reset_router-2080f96c83865fe7)
[INFO] [stdout] 
[INFO] [stdout] running 0 tests
[INFO] [stdout] 
[INFO] [stdout] test result: ok. 0 passed; 0 failed; 0 ignored; 0 measured; 0 filtered out; finished in 0.00s
[INFO] [stdout] 
[INFO] [stderr]    Doc-tests reset-router
[INFO] [stdout] 
[INFO] [stdout] running 3 tests
[INFO] [stdout] test src/lib.rs - (line 4) ... FAILED
[INFO] [stdout] test src/lib.rs - SharedService (line 263) ... FAILED
[INFO] [stdout] test src/lib.rs - (line 16) has been running for over 60 seconds
[ERROR] error running command: no output for 300 seconds
[INFO] running `Command { std: "docker" "inspect" "afdaafdb514d05db2bf831daf3bfb18e5bedb26f8bcad70d8ca98b4ea604d4dc", kill_on_drop: false }`
[INFO] running `Command { std: "docker" "rm" "-f" "afdaafdb514d05db2bf831daf3bfb18e5bedb26f8bcad70d8ca98b4ea604d4dc", kill_on_drop: false }`
[INFO] [stdout] afdaafdb514d05db2bf831daf3bfb18e5bedb26f8bcad70d8ca98b4ea604d4dc
