[INFO] fetching crate reqwest-cross 0.2.1...
[INFO] testing reqwest-cross-0.2.1 against beta-2023-04-20 for beta-1.70-1
[INFO] extracting crate reqwest-cross 0.2.1 into /workspace/builds/worker-5-tc2/source
[INFO] validating manifest of crates.io crate reqwest-cross 0.2.1 on toolchain beta-2023-04-20
[INFO] running `Command { std: CARGO_HOME="/workspace/cargo-home" RUSTUP_HOME="/workspace/rustup-home" "/workspace/cargo-home/bin/cargo" "+beta-2023-04-20" "metadata" "--manifest-path" "Cargo.toml" "--no-deps", kill_on_drop: false }`
[INFO] started tweaking crates.io crate reqwest-cross 0.2.1
[INFO] finished tweaking crates.io crate reqwest-cross 0.2.1
[INFO] tweaked toml for crates.io crate reqwest-cross 0.2.1 written to /workspace/builds/worker-5-tc2/source/Cargo.toml
[INFO] running `Command { std: CARGO_HOME="/workspace/cargo-home" RUSTUP_HOME="/workspace/rustup-home" __CARGO_TEST_CHANNEL_OVERRIDE_DO_NOT_USE_THIS="nightly" "/workspace/cargo-home/bin/cargo" "+beta-2023-04-20" "generate-lockfile" "--manifest-path" "Cargo.toml" "-Zno-index-update", kill_on_drop: false }`
[INFO] running `Command { std: CARGO_HOME="/workspace/cargo-home" RUSTUP_HOME="/workspace/rustup-home" "/workspace/cargo-home/bin/cargo" "+beta-2023-04-20" "fetch" "--manifest-path" "Cargo.toml", kill_on_drop: false }`
[INFO] running `Command { std: "docker" "create" "-v" "/var/lib/crater-agent-workspace/builds/worker-5-tc2/target:/opt/rustwide/target:rw,Z" "-v" "/var/lib/crater-agent-workspace/builds/worker-5-tc2/source:/opt/rustwide/workdir:ro,Z" "-v" "/var/lib/crater-agent-workspace/cargo-home:/opt/rustwide/cargo-home:ro,Z" "-v" "/var/lib/crater-agent-workspace/rustup-home:/opt/rustwide/rustup-home:ro,Z" "-e" "SOURCE_DIR=/opt/rustwide/workdir" "-e" "CARGO_TARGET_DIR=/opt/rustwide/target" "-e" "CARGO_HOME=/opt/rustwide/cargo-home" "-e" "RUSTUP_HOME=/opt/rustwide/rustup-home" "-w" "/opt/rustwide/workdir" "-m" "1610612736" "--user" "0:0" "--network" "none" "ghcr.io/rust-lang/crates-build-env/linux@sha256:5ff2268d62e97bff2cde7d5815dd6ed5b47097566f13b8d0ca110b04b60e07ed" "/opt/rustwide/cargo-home/bin/cargo" "+beta-2023-04-20" "metadata" "--no-deps" "--format-version=1", kill_on_drop: false }`
[INFO] [stdout] 878c8dabc0da3f044b775bef1a5135894d3634c144821b29b34df0d6233093b6
[INFO] running `Command { std: "docker" "start" "-a" "878c8dabc0da3f044b775bef1a5135894d3634c144821b29b34df0d6233093b6", kill_on_drop: false }`
[INFO] running `Command { std: "docker" "inspect" "878c8dabc0da3f044b775bef1a5135894d3634c144821b29b34df0d6233093b6", kill_on_drop: false }`
[INFO] running `Command { std: "docker" "rm" "-f" "878c8dabc0da3f044b775bef1a5135894d3634c144821b29b34df0d6233093b6", kill_on_drop: false }`
[INFO] [stdout] 878c8dabc0da3f044b775bef1a5135894d3634c144821b29b34df0d6233093b6
[INFO] running `Command { std: "docker" "create" "-v" "/var/lib/crater-agent-workspace/builds/worker-5-tc2/target:/opt/rustwide/target:rw,Z" "-v" "/var/lib/crater-agent-workspace/builds/worker-5-tc2/source:/opt/rustwide/workdir:ro,Z" "-v" "/var/lib/crater-agent-workspace/cargo-home:/opt/rustwide/cargo-home:ro,Z" "-v" "/var/lib/crater-agent-workspace/rustup-home:/opt/rustwide/rustup-home:ro,Z" "-e" "SOURCE_DIR=/opt/rustwide/workdir" "-e" "CARGO_TARGET_DIR=/opt/rustwide/target" "-e" "CARGO_INCREMENTAL=0" "-e" "RUST_BACKTRACE=full" "-e" "RUSTFLAGS=--cap-lints=warn" "-e" "RUSTDOCFLAGS=--cap-lints=warn" "-e" "CARGO_HOME=/opt/rustwide/cargo-home" "-e" "RUSTUP_HOME=/opt/rustwide/rustup-home" "-w" "/opt/rustwide/workdir" "-m" "1610612736" "--user" "0:0" "--network" "none" "ghcr.io/rust-lang/crates-build-env/linux@sha256:5ff2268d62e97bff2cde7d5815dd6ed5b47097566f13b8d0ca110b04b60e07ed" "/opt/rustwide/cargo-home/bin/cargo" "+beta-2023-04-20" "build" "--frozen" "--message-format=json", kill_on_drop: false }`
[INFO] [stdout] d61ec741fe7c67ba1474de30f1050ce4e07ea4ac7b7fb26a0ec3e8db60264849
[INFO] running `Command { std: "docker" "start" "-a" "d61ec741fe7c67ba1474de30f1050ce4e07ea4ac7b7fb26a0ec3e8db60264849", kill_on_drop: false }`
[INFO] [stderr]    Compiling futures-core v0.3.28
[INFO] [stderr]    Compiling pin-project-lite v0.2.9
[INFO] [stderr]    Compiling bytes v1.4.0
[INFO] [stderr]    Compiling tokio v1.28.0
[INFO] [stderr]    Compiling futures-task v0.3.28
[INFO] [stderr]    Compiling itoa v1.0.6
[INFO] [stderr]    Compiling once_cell v1.17.1
[INFO] [stderr]    Compiling socket2 v0.4.9
[INFO] [stderr]    Compiling mio v0.8.6
[INFO] [stderr]    Compiling slab v0.4.8
[INFO] [stderr]    Compiling tracing-core v0.1.30
[INFO] [stderr]    Compiling indexmap v1.9.3
[INFO] [stderr]    Compiling futures-util v0.3.28
[INFO] [stderr]    Compiling fnv v1.0.7
[INFO] [stderr]    Compiling tinyvec_macros v0.1.1
[INFO] [stderr]    Compiling tracing v0.1.37
[INFO] [stderr]    Compiling http v0.2.9
[INFO] [stderr]    Compiling tinyvec v1.6.0
[INFO] [stderr]    Compiling httparse v1.8.0
[INFO] [stderr]    Compiling futures-channel v0.3.28
[INFO] [stderr]    Compiling pin-utils v0.1.0
[INFO] [stderr]    Compiling futures-sink v0.3.28
[INFO] [stderr]    Compiling percent-encoding v2.2.0
[INFO] [stderr]    Compiling hashbrown v0.12.3
[INFO] [stderr]    Compiling serde v1.0.160
[INFO] [stderr]    Compiling form_urlencoded v1.1.0
[INFO] [stderr]    Compiling try-lock v0.2.4
[INFO] [stderr]    Compiling unicode-bidi v0.3.13
[INFO] [stderr]    Compiling want v0.3.0
[INFO] [stderr]    Compiling unicode-normalization v0.1.22
[INFO] [stderr]    Compiling http-body v0.4.5
[INFO] [stderr]    Compiling idna v0.3.0
[INFO] [stderr]    Compiling tower-service v0.3.2
[INFO] [stderr]    Compiling ryu v1.0.13
[INFO] [stderr]    Compiling httpdate v1.0.2
[INFO] [stderr]    Compiling encoding_rs v0.8.32
[INFO] [stderr]    Compiling mime v0.3.17
[INFO] [stderr]    Compiling base64 v0.21.0
[INFO] [stderr]    Compiling ipnet v2.7.2
[INFO] [stderr]    Compiling url v2.3.1
[INFO] [stderr]    Compiling tokio-util v0.7.8
[INFO] [stderr]    Compiling serde_urlencoded v0.7.1
[INFO] [stderr]    Compiling h2 v0.3.18
[INFO] [stderr]    Compiling hyper v0.14.26
[INFO] [stderr]    Compiling reqwest v0.11.17
[INFO] [stderr]    Compiling reqwest-cross v0.2.1 (/opt/rustwide/workdir)
[INFO] [stderr]     Finished dev [unoptimized + debuginfo] target(s) in 18.71s
[INFO] running `Command { std: "docker" "inspect" "d61ec741fe7c67ba1474de30f1050ce4e07ea4ac7b7fb26a0ec3e8db60264849", kill_on_drop: false }`
[INFO] running `Command { std: "docker" "rm" "-f" "d61ec741fe7c67ba1474de30f1050ce4e07ea4ac7b7fb26a0ec3e8db60264849", kill_on_drop: false }`
[INFO] [stdout] d61ec741fe7c67ba1474de30f1050ce4e07ea4ac7b7fb26a0ec3e8db60264849
[INFO] running `Command { std: "docker" "create" "-v" "/var/lib/crater-agent-workspace/builds/worker-5-tc2/target:/opt/rustwide/target:rw,Z" "-v" "/var/lib/crater-agent-workspace/builds/worker-5-tc2/source:/opt/rustwide/workdir:ro,Z" "-v" "/var/lib/crater-agent-workspace/cargo-home:/opt/rustwide/cargo-home:ro,Z" "-v" "/var/lib/crater-agent-workspace/rustup-home:/opt/rustwide/rustup-home:ro,Z" "-e" "SOURCE_DIR=/opt/rustwide/workdir" "-e" "CARGO_TARGET_DIR=/opt/rustwide/target" "-e" "CARGO_INCREMENTAL=0" "-e" "RUST_BACKTRACE=full" "-e" "RUSTFLAGS=--cap-lints=warn" "-e" "RUSTDOCFLAGS=--cap-lints=warn" "-e" "CARGO_HOME=/opt/rustwide/cargo-home" "-e" "RUSTUP_HOME=/opt/rustwide/rustup-home" "-w" "/opt/rustwide/workdir" "-m" "1610612736" "--user" "0:0" "--network" "none" "ghcr.io/rust-lang/crates-build-env/linux@sha256:5ff2268d62e97bff2cde7d5815dd6ed5b47097566f13b8d0ca110b04b60e07ed" "/opt/rustwide/cargo-home/bin/cargo" "+beta-2023-04-20" "test" "--frozen" "--no-run" "--message-format=json", kill_on_drop: false }`
[INFO] [stdout] dc6ef0f1c072c11d8e986d65cb7784ecb667a1571711cb238cb941072dcfa9f3
[INFO] running `Command { std: "docker" "start" "-a" "dc6ef0f1c072c11d8e986d65cb7784ecb667a1571711cb238cb941072dcfa9f3", kill_on_drop: false }`
[INFO] [stderr]    Compiling proc-macro2 v1.0.56
[INFO] [stderr]    Compiling unicode-ident v1.0.8
[INFO] [stderr]    Compiling quote v1.0.26
[INFO] [stderr]    Compiling wasm-bindgen-shared v0.2.84
[INFO] [stderr]    Compiling syn v1.0.109
[INFO] [stderr]    Compiling memchr v2.5.0
[INFO] [stderr]    Compiling futures-task v0.3.28
[INFO] [stderr]    Compiling futures-channel v0.3.28
[INFO] [stderr]    Compiling bumpalo v3.12.1
[INFO] [stderr]    Compiling futures-util v0.3.28
[INFO] [stderr]    Compiling tokio v1.28.0
[INFO] [stderr]    Compiling futures-io v0.3.28
[INFO] [stderr]    Compiling wasm-bindgen v0.2.84
[INFO] [stderr]    Compiling scoped-tls v1.0.1
[INFO] [stderr]    Compiling syn v2.0.15
[INFO] [stderr]    Compiling wasm-bindgen-test-macro v0.3.34
[INFO] [stderr]    Compiling wasm-bindgen-backend v0.2.84
[INFO] [stderr]    Compiling futures-macro v0.3.28
[INFO] [stderr]    Compiling tokio-macros v2.1.0
[INFO] [stderr]    Compiling wasm-bindgen-macro-support v0.2.84
[INFO] [stderr]    Compiling wasm-bindgen-macro v0.2.84
[INFO] [stderr]    Compiling js-sys v0.3.61
[INFO] [stderr]    Compiling console_error_panic_hook v0.1.7
[INFO] [stderr]    Compiling futures-executor v0.3.28
[INFO] [stderr]    Compiling futures v0.3.28
[INFO] [stderr]    Compiling tokio-util v0.7.8
[INFO] [stderr]    Compiling h2 v0.3.18
[INFO] [stderr]    Compiling wasm-bindgen-futures v0.4.34
[INFO] [stderr]    Compiling wasm-bindgen-test v0.3.34
[INFO] [stderr]    Compiling hyper v0.14.26
[INFO] [stderr]    Compiling reqwest v0.11.17
[INFO] [stderr]    Compiling reqwest-cross v0.2.1 (/opt/rustwide/workdir)
[INFO] [stderr]     Finished test [unoptimized + debuginfo] target(s) in 21.09s
[INFO] running `Command { std: "docker" "inspect" "dc6ef0f1c072c11d8e986d65cb7784ecb667a1571711cb238cb941072dcfa9f3", kill_on_drop: false }`
[INFO] running `Command { std: "docker" "rm" "-f" "dc6ef0f1c072c11d8e986d65cb7784ecb667a1571711cb238cb941072dcfa9f3", kill_on_drop: false }`
[INFO] [stdout] dc6ef0f1c072c11d8e986d65cb7784ecb667a1571711cb238cb941072dcfa9f3
[INFO] running `Command { std: "docker" "create" "-v" "/var/lib/crater-agent-workspace/builds/worker-5-tc2/target:/opt/rustwide/target:rw,Z" "-v" "/var/lib/crater-agent-workspace/builds/worker-5-tc2/source:/opt/rustwide/workdir:ro,Z" "-v" "/var/lib/crater-agent-workspace/cargo-home:/opt/rustwide/cargo-home:ro,Z" "-v" "/var/lib/crater-agent-workspace/rustup-home:/opt/rustwide/rustup-home:ro,Z" "-e" "SOURCE_DIR=/opt/rustwide/workdir" "-e" "CARGO_TARGET_DIR=/opt/rustwide/target" "-e" "CARGO_INCREMENTAL=0" "-e" "RUST_BACKTRACE=full" "-e" "RUSTFLAGS=--cap-lints=warn" "-e" "RUSTDOCFLAGS=--cap-lints=warn" "-e" "CARGO_HOME=/opt/rustwide/cargo-home" "-e" "RUSTUP_HOME=/opt/rustwide/rustup-home" "-w" "/opt/rustwide/workdir" "-m" "1610612736" "--user" "0:0" "--network" "none" "ghcr.io/rust-lang/crates-build-env/linux@sha256:5ff2268d62e97bff2cde7d5815dd6ed5b47097566f13b8d0ca110b04b60e07ed" "/opt/rustwide/cargo-home/bin/cargo" "+beta-2023-04-20" "test" "--frozen", kill_on_drop: false }`
[INFO] [stdout] 8c56d33ca61b9bfa701a1149dfbafafee658d2e216a155ba4b2ec9c46f6cd2ef
[INFO] running `Command { std: "docker" "start" "-a" "8c56d33ca61b9bfa701a1149dfbafafee658d2e216a155ba4b2ec9c46f6cd2ef", kill_on_drop: false }`
[INFO] [stderr]     Finished test [unoptimized + debuginfo] target(s) in 0.08s
[INFO] [stderr]      Running unittests src/lib.rs (/opt/rustwide/target/debug/deps/reqwest_cross-dbc3b79a28212e63)
[INFO] [stdout] 
[INFO] [stdout] running 0 tests
[INFO] [stdout] 
[INFO] [stdout] test result: ok. 0 passed; 0 failed; 0 ignored; 0 measured; 0 filtered out; finished in 0.00s
[INFO] [stdout] 
[INFO] [stderr]      Running tests/web.rs (/opt/rustwide/target/debug/deps/web-e4ccd31bcc2f4037)
[INFO] [stdout] 
[INFO] [stdout] running 0 tests
[INFO] [stdout] 
[INFO] [stderr]    Doc-tests reqwest-cross
[INFO] [stdout] test result: ok. 0 passed; 0 failed; 0 ignored; 0 measured; 0 filtered out; finished in 0.00s
[INFO] [stdout] 
[INFO] [stdout] 
[INFO] [stdout] running 1 test
[INFO] [stdout] test src/wrappers.rs - wrappers::fetch (line 9) ... FAILED
[INFO] [stdout] 
[INFO] [stdout] failures:
[INFO] [stdout] 
[INFO] [stdout] ---- src/wrappers.rs - wrappers::fetch (line 9) stdout ----
[INFO] [stdout] Test executable failed (exit status: 1).
[INFO] [stdout] 
[INFO] [stdout] stderr:
[INFO] [stdout] thread 'main' panicked at 'Expecting Response not Error: reqwest::Error { kind: Request, url: Url { scheme: "http", cannot_be_a_base: false, username: "", password: None, host: Some(Domain("httpbin.org")), port: None, path: "/get", query: None, fragment: None }, source: hyper::Error(Connect, ConnectError("dns error", Custom { kind: Uncategorized, error: "failed to lookup address information: Temporary failure in name resolution" })) }', src/wrappers.rs:14:21
[INFO] [stdout] stack backtrace:
[INFO] [stdout]    0:     0x55ee2ae857ba - std::backtrace_rs::backtrace::libunwind::trace::h2f05d0192276a8f6
[INFO] [stdout]                                at /rustc/1b7dd2252b99671ce5d1cb9664c5f8636329436d/library/std/src/../../backtrace/src/backtrace/libunwind.rs:93:5
[INFO] [stdout]    1:     0x55ee2ae857ba - std::backtrace_rs::backtrace::trace_unsynchronized::hedc23dff7a1af150
[INFO] [stdout]                                at /rustc/1b7dd2252b99671ce5d1cb9664c5f8636329436d/library/std/src/../../backtrace/src/backtrace/mod.rs:66:5
[INFO] [stdout]    2:     0x55ee2ae857ba - std::sys_common::backtrace::_print_fmt::h17541ef7592f3ce2
[INFO] [stdout]                                at /rustc/1b7dd2252b99671ce5d1cb9664c5f8636329436d/library/std/src/sys_common/backtrace.rs:65:5
[INFO] [stdout]    3:     0x55ee2ae857ba - <std::sys_common::backtrace::_print::DisplayBacktrace as core::fmt::Display>::fmt::h20f75df5ab0c0792
[INFO] [stdout]                                at /rustc/1b7dd2252b99671ce5d1cb9664c5f8636329436d/library/std/src/sys_common/backtrace.rs:44:22
[INFO] [stdout]    4:     0x55ee2aea774f - core::fmt::write::h78109e6f466b3af6
[INFO] [stdout]                                at /rustc/1b7dd2252b99671ce5d1cb9664c5f8636329436d/library/core/src/fmt/mod.rs:1254:17
[INFO] [stdout]    5:     0x55ee2ae82a95 - std::io::Write::write_fmt::hc59e1b02dd273c8a
[INFO] [stdout]                                at /rustc/1b7dd2252b99671ce5d1cb9664c5f8636329436d/library/std/src/io/mod.rs:1698:15
[INFO] [stdout]    6:     0x55ee2ae85585 - std::sys_common::backtrace::_print::h8dac57a9f8fbf9a5
[INFO] [stdout]                                at /rustc/1b7dd2252b99671ce5d1cb9664c5f8636329436d/library/std/src/sys_common/backtrace.rs:47:5
[INFO] [stdout]    7:     0x55ee2ae85585 - std::sys_common::backtrace::print::hf9ecbf41d1aa712f
[INFO] [stdout]                                at /rustc/1b7dd2252b99671ce5d1cb9664c5f8636329436d/library/std/src/sys_common/backtrace.rs:34:9
[INFO] [stdout]    8:     0x55ee2ae86c2e - std::panicking::default_hook::{{closure}}::h04c07acfc84ca028
[INFO] [stdout]                                at /rustc/1b7dd2252b99671ce5d1cb9664c5f8636329436d/library/std/src/panicking.rs:269:22
[INFO] [stdout]    9:     0x55ee2ae869d5 - std::panicking::default_hook::h01f6bb23e1eceb2c
[INFO] [stdout]                                at /rustc/1b7dd2252b99671ce5d1cb9664c5f8636329436d/library/std/src/panicking.rs:288:9
[INFO] [stdout]   10:     0x55ee2ae8718e - std::panicking::rust_panic_with_hook::h2bb3722bbaf2f6df
[INFO] [stdout]                                at /rustc/1b7dd2252b99671ce5d1cb9664c5f8636329436d/library/std/src/panicking.rs:691:13
[INFO] [stdout]   11:     0x55ee2ae87089 - std::panicking::begin_panic_handler::{{closure}}::h91bc7f36a4be011b
[INFO] [stdout]                                at /rustc/1b7dd2252b99671ce5d1cb9664c5f8636329436d/library/std/src/panicking.rs:582:13
[INFO] [stdout]   12:     0x55ee2ae85c26 - std::sys_common::backtrace::__rust_end_short_backtrace::h8b3d3717114f9e59
[INFO] [stdout]                                at /rustc/1b7dd2252b99671ce5d1cb9664c5f8636329436d/library/std/src/sys_common/backtrace.rs:150:18
[INFO] [stdout]   13:     0x55ee2ae86de2 - rust_begin_unwind
[INFO] [stdout]                                at /rustc/1b7dd2252b99671ce5d1cb9664c5f8636329436d/library/std/src/panicking.rs:578:5
[INFO] [stdout]   14:     0x55ee2ab16813 - core::panicking::panic_fmt::hfd368e3fbdabea26
[INFO] [stdout]                                at /rustc/1b7dd2252b99671ce5d1cb9664c5f8636329436d/library/core/src/panicking.rs:67:14
[INFO] [stdout]   15:     0x55ee2ab16db3 - core::result::unwrap_failed::he54eb4b2f125b26f
[INFO] [stdout]                                at /rustc/1b7dd2252b99671ce5d1cb9664c5f8636329436d/library/core/src/result.rs:1687:5
[INFO] [stdout]   16:     0x55ee2ab1b4b5 - core::result::Result<T,E>::expect::h9e595f59aa102239
[INFO] [stdout]   17:     0x55ee2ab25239 - rust_out::main::{{closure}}::{{closure}}::hc59477c019bd483a
[INFO] [stdout]   18:     0x55ee2ab24a04 - <alloc::boxed::Box<F,A> as core::ops::function::FnOnce<Args>>::call_once::h582cd7c898dd37be
[INFO] [stdout]   19:     0x55ee2ab17496 - reqwest_cross::native::fetch::{{closure}}::he9babdfcec045806
[INFO] [stdout]   20:     0x55ee2ab1f054 - tokio::runtime::task::core::Core<T,S>::poll::{{closure}}::hd51cd2e3bd57768e
[INFO] [stdout]   21:     0x55ee2ab1c23b - tokio::loom::std::unsafe_cell::UnsafeCell<T>::with_mut::had246d68e16b9b22
[INFO] [stdout]   22:     0x55ee2ab1ed96 - tokio::runtime::task::core::Core<T,S>::poll::hf3561f7eb65f8c3d
[INFO] [stdout]   23:     0x55ee2ab205d1 - tokio::runtime::task::harness::poll_future::{{closure}}::he56dbf9cea992eb3
[INFO] [stdout]   24:     0x55ee2ab17156 - <core::panic::unwind_safe::AssertUnwindSafe<F> as core::ops::function::FnOnce<()>>::call_once::h8822999f96333705
[INFO] [stdout]   25:     0x55ee2ab19618 - std::panicking::try::do_call::h2102156445f5da61
[INFO] [stdout]   26:     0x55ee2ab2535b - __rust_try
[INFO] [stdout]   27:     0x55ee2ab19263 - std::panicking::try::h375d9e8f4662a0e6
[INFO] [stdout]   28:     0x55ee2ab18add - std::panic::catch_unwind::h8ab46d572c6dede1
[INFO] [stdout]   29:     0x55ee2ab1ff56 - tokio::runtime::task::harness::poll_future::h35a9a54ff32cd5f6
[INFO] [stdout]   30:     0x55ee2ab20851 - tokio::runtime::task::harness::Harness<T,S>::poll_inner::h71aecf920db4a8ee
[INFO] [stdout]   31:     0x55ee2ab20d73 - tokio::runtime::task::harness::Harness<T,S>::poll::h8d349762575bcd9f
[INFO] [stdout]   32:     0x55ee2ab1d41e - tokio::runtime::task::raw::poll::h60744428f8dde324
[INFO] [stdout]   33:     0x55ee2ad94ae8 - tokio::runtime::task::raw::RawTask::poll::h4b148fd2b6e024bb
[INFO] [stdout]                                at /opt/rustwide/cargo-home/registry/src/index.crates.io-6f17d22bba15001f/tokio-1.28.0/src/runtime/task/raw.rs:200:18
[INFO] [stdout]   34:     0x55ee2ab1d2d4 - tokio::runtime::task::LocalNotified<S>::run::h6b2a0950d428278e
[INFO] [stdout]   35:     0x55ee2ab23f46 - tokio::runtime::scheduler::current_thread::CoreGuard::block_on::{{closure}}::{{closure}}::h6b82c7e101384095
[INFO] [stdout]   36:     0x55ee2ab22bbe - tokio::runtime::scheduler::current_thread::Context::run_task::{{closure}}::hfd6f8f584660bb1d
[INFO] [stdout]   37:     0x55ee2ab22890 - tokio::runtime::scheduler::current_thread::Context::enter::hf8b04d96cce7dcda
[INFO] [stdout]   38:     0x55ee2ab22a9c - tokio::runtime::scheduler::current_thread::Context::run_task::h1f6feb36b498084c
[INFO] [stdout]   39:     0x55ee2ab23a1f - tokio::runtime::scheduler::current_thread::CoreGuard::block_on::{{closure}}::h7a7f1c382a01a24e
[INFO] [stdout]   40:     0x55ee2ab23082 - tokio::runtime::scheduler::current_thread::CoreGuard::enter::{{closure}}::ha0f195d53d701620
[INFO] [stdout]   41:     0x55ee2ab1cbaa - tokio::macros::scoped_tls::ScopedKey<T>::set::h9414434bc54ff142
[INFO] [stdout]   42:     0x55ee2ab22e15 - tokio::runtime::scheduler::current_thread::CoreGuard::enter::h8ed50bd504c2183b
[INFO] [stdout]   43:     0x55ee2ab230b3 - tokio::runtime::scheduler::current_thread::CoreGuard::block_on::h46900c056b7562e8
[INFO] [stdout]   44:     0x55ee2ab21a8c - tokio::runtime::scheduler::current_thread::CurrentThread::block_on::h92a596bd0ee4fd00
[INFO] [stdout]   45:     0x55ee2ab218a4 - tokio::runtime::runtime::Runtime::block_on::h2ddae192480c08de
[INFO] [stdout]   46:     0x55ee2ab24ba2 - rust_out::main::h4579277826d63b22
[INFO] [stdout]   47:     0x55ee2ab19fd3 - core::ops::function::FnOnce::call_once::hc8c11e8d11d52846
[INFO] [stdout]   48:     0x55ee2ab189d6 - std::sys_common::backtrace::__rust_begin_short_backtrace::h8f0ae20af1de1937
[INFO] [stdout]   49:     0x55ee2ab18a29 - std::rt::lang_start::{{closure}}::h57feb0a49d8b79f5
[INFO] [stdout]   50:     0x55ee2ae7ffde - core::ops::function::impls::<impl core::ops::function::FnOnce<A> for &F>::call_once::h2eb19b8ce4148df4
[INFO] [stdout]                                at /rustc/1b7dd2252b99671ce5d1cb9664c5f8636329436d/library/core/src/ops/function.rs:287:13
[INFO] [stdout]   51:     0x55ee2ae7ffde - std::panicking::try::do_call::h2e900feff5d504c5
[INFO] [stdout]                                at /rustc/1b7dd2252b99671ce5d1cb9664c5f8636329436d/library/std/src/panicking.rs:485:40
[INFO] [stdout]   52:     0x55ee2ae7ffde - std::panicking::try::h8854836cb85aa9f2
[INFO] [stdout]                                at /rustc/1b7dd2252b99671ce5d1cb9664c5f8636329436d/library/std/src/panicking.rs:449:19
[INFO] [stdout]   53:     0x55ee2ae7ffde - std::panic::catch_unwind::h706025dd4c48f64b
[INFO] [stdout]                                at /rustc/1b7dd2252b99671ce5d1cb9664c5f8636329436d/library/std/src/panic.rs:140:14
[INFO] [stdout]   54:     0x55ee2ae7ffde - std::rt::lang_start_internal::{{closure}}::h7be5b97f4a07a91a
[INFO] [stdout]                                at /rustc/1b7dd2252b99671ce5d1cb9664c5f8636329436d/library/std/src/rt.rs:148:48
[INFO] [stdout]   55:     0x55ee2ae7ffde - std::panicking::try::do_call::h59847e9d0a176965
[INFO] [stdout]                                at /rustc/1b7dd2252b99671ce5d1cb9664c5f8636329436d/library/std/src/panicking.rs:485:40
[INFO] [stdout]   56:     0x55ee2ae7ffde - std::panicking::try::h399a918ba8522823
[INFO] [stdout]                                at /rustc/1b7dd2252b99671ce5d1cb9664c5f8636329436d/library/std/src/panicking.rs:449:19
[INFO] [stdout]   57:     0x55ee2ae7ffde - std::panic::catch_unwind::hca7ca6c55b2a2e26
[INFO] [stdout]                                at /rustc/1b7dd2252b99671ce5d1cb9664c5f8636329436d/library/std/src/panic.rs:140:14
[INFO] [stdout]   58:     0x55ee2ae7ffde - std::rt::lang_start_internal::h2c807a81560459eb
[INFO] [stdout]                                at /rustc/1b7dd2252b99671ce5d1cb9664c5f8636329436d/library/std/src/rt.rs:148:20
[INFO] [stdout]   59:     0x55ee2ab18a07 - std::rt::lang_start::h9f7e19247aec288b
[INFO] [stdout]   60:     0x55ee2ab25395 - main
[INFO] [stdout]   61:     0x7f55c9389d90 - <unknown>
[INFO] [stdout]   62:     0x7f55c9389e40 - __libc_start_main
[INFO] [stdout]   63:     0x55ee2ab16f95 - _start
[INFO] [stdout]   64:                0x0 - <unknown>
[INFO] [stdout] Error: Canceled
[INFO] [stdout] 
[INFO] [stdout] 
[INFO] [stdout] 
[INFO] [stdout] failures:
[INFO] [stdout]     src/wrappers.rs - wrappers::fetch (line 9)
[INFO] [stdout] 
[INFO] [stdout] test result: FAILED. 0 passed; 1 failed; 0 ignored; 0 measured; 0 filtered out; finished in 1.83s
[INFO] [stdout] 
[INFO] [stderr] error: doctest failed, to rerun pass `--doc`
[INFO] running `Command { std: "docker" "inspect" "8c56d33ca61b9bfa701a1149dfbafafee658d2e216a155ba4b2ec9c46f6cd2ef", kill_on_drop: false }`
[INFO] running `Command { std: "docker" "rm" "-f" "8c56d33ca61b9bfa701a1149dfbafafee658d2e216a155ba4b2ec9c46f6cd2ef", kill_on_drop: false }`
[INFO] [stdout] 8c56d33ca61b9bfa701a1149dfbafafee658d2e216a155ba4b2ec9c46f6cd2ef
