[INFO] fetching crate reqores 0.1.7...
[INFO] testing reqores-0.1.7 against beta-2023-04-20 for beta-1.70-1
[INFO] extracting crate reqores 0.1.7 into /workspace/builds/worker-7-tc2/source
[INFO] validating manifest of crates.io crate reqores 0.1.7 on toolchain beta-2023-04-20
[INFO] running `Command { std: CARGO_HOME="/workspace/cargo-home" RUSTUP_HOME="/workspace/rustup-home" "/workspace/cargo-home/bin/cargo" "+beta-2023-04-20" "metadata" "--manifest-path" "Cargo.toml" "--no-deps", kill_on_drop: false }`
[INFO] started tweaking crates.io crate reqores 0.1.7
[INFO] finished tweaking crates.io crate reqores 0.1.7
[INFO] tweaked toml for crates.io crate reqores 0.1.7 written to /workspace/builds/worker-7-tc2/source/Cargo.toml
[INFO] running `Command { std: CARGO_HOME="/workspace/cargo-home" RUSTUP_HOME="/workspace/rustup-home" __CARGO_TEST_CHANNEL_OVERRIDE_DO_NOT_USE_THIS="nightly" "/workspace/cargo-home/bin/cargo" "+beta-2023-04-20" "generate-lockfile" "--manifest-path" "Cargo.toml" "-Zno-index-update", kill_on_drop: false }`
[INFO] running `Command { std: CARGO_HOME="/workspace/cargo-home" RUSTUP_HOME="/workspace/rustup-home" "/workspace/cargo-home/bin/cargo" "+beta-2023-04-20" "fetch" "--manifest-path" "Cargo.toml", kill_on_drop: false }`
[INFO] running `Command { std: "docker" "create" "-v" "/var/lib/crater-agent-workspace/builds/worker-7-tc2/target:/opt/rustwide/target:rw,Z" "-v" "/var/lib/crater-agent-workspace/builds/worker-7-tc2/source:/opt/rustwide/workdir:ro,Z" "-v" "/var/lib/crater-agent-workspace/cargo-home:/opt/rustwide/cargo-home:ro,Z" "-v" "/var/lib/crater-agent-workspace/rustup-home:/opt/rustwide/rustup-home:ro,Z" "-e" "SOURCE_DIR=/opt/rustwide/workdir" "-e" "CARGO_TARGET_DIR=/opt/rustwide/target" "-e" "CARGO_HOME=/opt/rustwide/cargo-home" "-e" "RUSTUP_HOME=/opt/rustwide/rustup-home" "-w" "/opt/rustwide/workdir" "-m" "1610612736" "--user" "0:0" "--network" "none" "ghcr.io/rust-lang/crates-build-env/linux@sha256:5ff2268d62e97bff2cde7d5815dd6ed5b47097566f13b8d0ca110b04b60e07ed" "/opt/rustwide/cargo-home/bin/cargo" "+beta-2023-04-20" "metadata" "--no-deps" "--format-version=1", kill_on_drop: false }`
[INFO] [stdout] 3b7f834629901254811de0138fa25bb9782ff38cb48f03e7a390d84779ca34a0
[INFO] running `Command { std: "docker" "start" "-a" "3b7f834629901254811de0138fa25bb9782ff38cb48f03e7a390d84779ca34a0", kill_on_drop: false }`
[INFO] running `Command { std: "docker" "inspect" "3b7f834629901254811de0138fa25bb9782ff38cb48f03e7a390d84779ca34a0", kill_on_drop: false }`
[INFO] running `Command { std: "docker" "rm" "-f" "3b7f834629901254811de0138fa25bb9782ff38cb48f03e7a390d84779ca34a0", kill_on_drop: false }`
[INFO] [stdout] 3b7f834629901254811de0138fa25bb9782ff38cb48f03e7a390d84779ca34a0
[INFO] running `Command { std: "docker" "create" "-v" "/var/lib/crater-agent-workspace/builds/worker-7-tc2/target:/opt/rustwide/target:rw,Z" "-v" "/var/lib/crater-agent-workspace/builds/worker-7-tc2/source:/opt/rustwide/workdir:ro,Z" "-v" "/var/lib/crater-agent-workspace/cargo-home:/opt/rustwide/cargo-home:ro,Z" "-v" "/var/lib/crater-agent-workspace/rustup-home:/opt/rustwide/rustup-home:ro,Z" "-e" "SOURCE_DIR=/opt/rustwide/workdir" "-e" "CARGO_TARGET_DIR=/opt/rustwide/target" "-e" "CARGO_INCREMENTAL=0" "-e" "RUST_BACKTRACE=full" "-e" "RUSTFLAGS=--cap-lints=warn" "-e" "RUSTDOCFLAGS=--cap-lints=warn" "-e" "CARGO_HOME=/opt/rustwide/cargo-home" "-e" "RUSTUP_HOME=/opt/rustwide/rustup-home" "-w" "/opt/rustwide/workdir" "-m" "1610612736" "--user" "0:0" "--network" "none" "ghcr.io/rust-lang/crates-build-env/linux@sha256:5ff2268d62e97bff2cde7d5815dd6ed5b47097566f13b8d0ca110b04b60e07ed" "/opt/rustwide/cargo-home/bin/cargo" "+beta-2023-04-20" "build" "--frozen" "--message-format=json", kill_on_drop: false }`
[INFO] [stdout] 47a32f4d413747e5576276dd6426db953e6788a906c1b3a3e62f3bd6f5ac2d04
[INFO] running `Command { std: "docker" "start" "-a" "47a32f4d413747e5576276dd6426db953e6788a906c1b3a3e62f3bd6f5ac2d04", kill_on_drop: false }`
[INFO] [stderr]    Compiling serde v1.0.160
[INFO] [stderr]    Compiling serde_json v1.0.96
[INFO] [stderr]    Compiling itoa v1.0.6
[INFO] [stderr]    Compiling ryu v1.0.13
[INFO] [stderr]    Compiling reqores v0.1.7 (/opt/rustwide/workdir)
[INFO] [stderr]     Finished dev [unoptimized + debuginfo] target(s) in 5.82s
[INFO] running `Command { std: "docker" "inspect" "47a32f4d413747e5576276dd6426db953e6788a906c1b3a3e62f3bd6f5ac2d04", kill_on_drop: false }`
[INFO] running `Command { std: "docker" "rm" "-f" "47a32f4d413747e5576276dd6426db953e6788a906c1b3a3e62f3bd6f5ac2d04", kill_on_drop: false }`
[INFO] [stdout] 47a32f4d413747e5576276dd6426db953e6788a906c1b3a3e62f3bd6f5ac2d04
[INFO] running `Command { std: "docker" "create" "-v" "/var/lib/crater-agent-workspace/builds/worker-7-tc2/target:/opt/rustwide/target:rw,Z" "-v" "/var/lib/crater-agent-workspace/builds/worker-7-tc2/source:/opt/rustwide/workdir:ro,Z" "-v" "/var/lib/crater-agent-workspace/cargo-home:/opt/rustwide/cargo-home:ro,Z" "-v" "/var/lib/crater-agent-workspace/rustup-home:/opt/rustwide/rustup-home:ro,Z" "-e" "SOURCE_DIR=/opt/rustwide/workdir" "-e" "CARGO_TARGET_DIR=/opt/rustwide/target" "-e" "CARGO_INCREMENTAL=0" "-e" "RUST_BACKTRACE=full" "-e" "RUSTFLAGS=--cap-lints=warn" "-e" "RUSTDOCFLAGS=--cap-lints=warn" "-e" "CARGO_HOME=/opt/rustwide/cargo-home" "-e" "RUSTUP_HOME=/opt/rustwide/rustup-home" "-w" "/opt/rustwide/workdir" "-m" "1610612736" "--user" "0:0" "--network" "none" "ghcr.io/rust-lang/crates-build-env/linux@sha256:5ff2268d62e97bff2cde7d5815dd6ed5b47097566f13b8d0ca110b04b60e07ed" "/opt/rustwide/cargo-home/bin/cargo" "+beta-2023-04-20" "test" "--frozen" "--no-run" "--message-format=json", kill_on_drop: false }`
[INFO] [stdout] 04109ec83e666992cb0fe98b1cb19b570b45754ce19b695ad1a1c76f65725172
[INFO] running `Command { std: "docker" "start" "-a" "04109ec83e666992cb0fe98b1cb19b570b45754ce19b695ad1a1c76f65725172", kill_on_drop: false }`
[INFO] [stderr]    Compiling reqores v0.1.7 (/opt/rustwide/workdir)
[INFO] [stderr]     Finished test [unoptimized + debuginfo] target(s) in 0.59s
[INFO] running `Command { std: "docker" "inspect" "04109ec83e666992cb0fe98b1cb19b570b45754ce19b695ad1a1c76f65725172", kill_on_drop: false }`
[INFO] running `Command { std: "docker" "rm" "-f" "04109ec83e666992cb0fe98b1cb19b570b45754ce19b695ad1a1c76f65725172", kill_on_drop: false }`
[INFO] [stdout] 04109ec83e666992cb0fe98b1cb19b570b45754ce19b695ad1a1c76f65725172
[INFO] running `Command { std: "docker" "create" "-v" "/var/lib/crater-agent-workspace/builds/worker-7-tc2/target:/opt/rustwide/target:rw,Z" "-v" "/var/lib/crater-agent-workspace/builds/worker-7-tc2/source:/opt/rustwide/workdir:ro,Z" "-v" "/var/lib/crater-agent-workspace/cargo-home:/opt/rustwide/cargo-home:ro,Z" "-v" "/var/lib/crater-agent-workspace/rustup-home:/opt/rustwide/rustup-home:ro,Z" "-e" "SOURCE_DIR=/opt/rustwide/workdir" "-e" "CARGO_TARGET_DIR=/opt/rustwide/target" "-e" "CARGO_INCREMENTAL=0" "-e" "RUST_BACKTRACE=full" "-e" "RUSTFLAGS=--cap-lints=warn" "-e" "RUSTDOCFLAGS=--cap-lints=warn" "-e" "CARGO_HOME=/opt/rustwide/cargo-home" "-e" "RUSTUP_HOME=/opt/rustwide/rustup-home" "-w" "/opt/rustwide/workdir" "-m" "1610612736" "--user" "0:0" "--network" "none" "ghcr.io/rust-lang/crates-build-env/linux@sha256:5ff2268d62e97bff2cde7d5815dd6ed5b47097566f13b8d0ca110b04b60e07ed" "/opt/rustwide/cargo-home/bin/cargo" "+beta-2023-04-20" "test" "--frozen", kill_on_drop: false }`
[INFO] [stdout] fe8b38fc7cee974c3689f5a692d31ec7ddef0b95f5914ee8024f79619d5819fb
[INFO] running `Command { std: "docker" "start" "-a" "fe8b38fc7cee974c3689f5a692d31ec7ddef0b95f5914ee8024f79619d5819fb", kill_on_drop: false }`
[INFO] [stderr]     Finished test [unoptimized + debuginfo] target(s) in 0.00s
[INFO] [stderr]      Running unittests src/lib.rs (/opt/rustwide/target/debug/deps/reqores-d74e7a36445f4b75)
[INFO] [stdout] 
[INFO] [stdout] running 0 tests
[INFO] [stdout] 
[INFO] [stdout] test result: ok. 0 passed; 0 failed; 0 ignored; 0 measured; 0 filtered out; finished in 0.00s
[INFO] [stdout] 
[INFO] [stderr]      Running tests/status_code_reflexivity.rs (/opt/rustwide/target/debug/deps/status_code_reflexivity-69a686e1b837ba92)
[INFO] [stdout] 
[INFO] [stdout] running 1 test
[INFO] [stdout] test test_reflexivity ... ok
[INFO] [stdout] 
[INFO] [stdout] test result: ok. 1 passed; 0 failed; 0 ignored; 0 measured; 0 filtered out; finished in 0.00s
[INFO] [stdout] 
[INFO] [stderr]    Doc-tests reqores
[INFO] [stdout] 
[INFO] [stdout] running 1 test
[INFO] [stdout] test src/lib.rs - (line 17) ... FAILED
[INFO] [stdout] 
[INFO] [stdout] failures:
[INFO] [stdout] 
[INFO] [stdout] ---- src/lib.rs - (line 17) stdout ----
[INFO] [stdout] error: cannot find derive macro `Serialize` in this scope
[INFO] [stdout]  --> src/lib.rs:21:17
[INFO] [stdout]   |
[INFO] [stdout] 7 | #[derive(Debug, Serialize, Deserialize)]
[INFO] [stdout]   |                 ^^^^^^^^^
[INFO] [stdout]   |
[INFO] [stdout] note: `Serialize` is imported here, but it is only a trait, without a derive macro
[INFO] [stdout]  --> src/lib.rs:18:13
[INFO] [stdout]   |
[INFO] [stdout] 4 | use serde::{Serialize, Deserialize};
[INFO] [stdout]   |             ^^^^^^^^^
[INFO] [stdout] 
[INFO] [stdout] error: cannot find derive macro `Deserialize` in this scope
[INFO] [stdout]  --> src/lib.rs:21:28
[INFO] [stdout]   |
[INFO] [stdout] 7 | #[derive(Debug, Serialize, Deserialize)]
[INFO] [stdout]   |                            ^^^^^^^^^^^
[INFO] [stdout]   |
[INFO] [stdout] note: `Deserialize` is imported here, but it is only a trait, without a derive macro
[INFO] [stdout]  --> src/lib.rs:18:24
[INFO] [stdout]   |
[INFO] [stdout] 4 | use serde::{Serialize, Deserialize};
[INFO] [stdout]   |                        ^^^^^^^^^^^
[INFO] [stdout] 
[INFO] [stdout] error[E0277]: the trait bound `for<'de> YourApiResponse: Deserialize<'de>` is not satisfied
[INFO] [stdout]   --> src/lib.rs:27:21
[INFO] [stdout]    |
[INFO] [stdout] 13 |     type Response = YourApiResponse;
[INFO] [stdout]    |                     ^^^^^^^^^^^^^^^ the trait `for<'de> Deserialize<'de>` is not implemented for `YourApiResponse`
[INFO] [stdout]    |
[INFO] [stdout]    = help: the following other types implement trait `Deserialize<'de>`:
[INFO] [stdout]              &'a Path
[INFO] [stdout]              &'a [u8]
[INFO] [stdout]              &'a str
[INFO] [stdout]              ()
[INFO] [stdout]              (T0, T1)
[INFO] [stdout]              (T0, T1, T2)
[INFO] [stdout]              (T0, T1, T2, T3)
[INFO] [stdout]              (T0, T1, T2, T3, T4)
[INFO] [stdout]            and 127 others
[INFO] [stdout]    = note: required for `<YourApiCall as ClientRequest>::Response` to implement `DeserializeOwned`
[INFO] [stdout] note: required by a bound in `reqores::ClientRequest::Response`
[INFO] [stdout]   --> /opt/rustwide/workdir/src/client/client_request.rs:21:20
[INFO] [stdout]    |
[INFO] [stdout] 21 |     type Response: DeserializeOwned;
[INFO] [stdout]    |                    ^^^^^^^^^^^^^^^^ required by this bound in `ClientRequest::Response`
[INFO] [stdout] 
[INFO] [stdout] error: aborting due to 3 previous errors
[INFO] [stdout] 
[INFO] [stdout] For more information about this error, try `rustc --explain E0277`.
[INFO] [stdout] Couldn't compile the test.
[INFO] [stdout] 
[INFO] [stdout] failures:
[INFO] [stdout]     src/lib.rs - (line 17)
[INFO] [stdout] 
[INFO] [stdout] test result: FAILED. 0 passed; 1 failed; 0 ignored; 0 measured; 0 filtered out; finished in 0.04s
[INFO] [stdout] 
[INFO] [stderr] error: doctest failed, to rerun pass `--doc`
[INFO] running `Command { std: "docker" "inspect" "fe8b38fc7cee974c3689f5a692d31ec7ddef0b95f5914ee8024f79619d5819fb", kill_on_drop: false }`
[INFO] running `Command { std: "docker" "rm" "-f" "fe8b38fc7cee974c3689f5a692d31ec7ddef0b95f5914ee8024f79619d5819fb", kill_on_drop: false }`
[INFO] [stdout] fe8b38fc7cee974c3689f5a692d31ec7ddef0b95f5914ee8024f79619d5819fb
