[INFO] fetching crate relative-path 1.8.0...
[INFO] testing relative-path-1.8.0 against 1.69.0 for beta-1.70-1
[INFO] extracting crate relative-path 1.8.0 into /workspace/builds/worker-5-tc1/source
[INFO] validating manifest of crates.io crate relative-path 1.8.0 on toolchain 1.69.0
[INFO] running `Command { std: CARGO_HOME="/workspace/cargo-home" RUSTUP_HOME="/workspace/rustup-home" "/workspace/cargo-home/bin/cargo" "+1.69.0" "metadata" "--manifest-path" "Cargo.toml" "--no-deps", kill_on_drop: false }`
[INFO] started tweaking crates.io crate relative-path 1.8.0
[INFO] finished tweaking crates.io crate relative-path 1.8.0
[INFO] tweaked toml for crates.io crate relative-path 1.8.0 written to /workspace/builds/worker-5-tc1/source/Cargo.toml
[INFO] running `Command { std: CARGO_HOME="/workspace/cargo-home" RUSTUP_HOME="/workspace/rustup-home" __CARGO_TEST_CHANNEL_OVERRIDE_DO_NOT_USE_THIS="nightly" "/workspace/cargo-home/bin/cargo" "+1.69.0" "generate-lockfile" "--manifest-path" "Cargo.toml" "-Zno-index-update", kill_on_drop: false }`
[INFO] running `Command { std: CARGO_HOME="/workspace/cargo-home" RUSTUP_HOME="/workspace/rustup-home" "/workspace/cargo-home/bin/cargo" "+1.69.0" "fetch" "--manifest-path" "Cargo.toml", kill_on_drop: false }`
[INFO] running `Command { std: "docker" "create" "-v" "/var/lib/crater-agent-workspace/builds/worker-5-tc1/target:/opt/rustwide/target:rw,Z" "-v" "/var/lib/crater-agent-workspace/builds/worker-5-tc1/source:/opt/rustwide/workdir:ro,Z" "-v" "/var/lib/crater-agent-workspace/cargo-home:/opt/rustwide/cargo-home:ro,Z" "-v" "/var/lib/crater-agent-workspace/rustup-home:/opt/rustwide/rustup-home:ro,Z" "-e" "SOURCE_DIR=/opt/rustwide/workdir" "-e" "CARGO_TARGET_DIR=/opt/rustwide/target" "-e" "CARGO_HOME=/opt/rustwide/cargo-home" "-e" "RUSTUP_HOME=/opt/rustwide/rustup-home" "-w" "/opt/rustwide/workdir" "-m" "1610612736" "--user" "0:0" "--network" "none" "ghcr.io/rust-lang/crates-build-env/linux@sha256:5ff2268d62e97bff2cde7d5815dd6ed5b47097566f13b8d0ca110b04b60e07ed" "/opt/rustwide/cargo-home/bin/cargo" "+1.69.0" "metadata" "--no-deps" "--format-version=1", kill_on_drop: false }`
[INFO] [stdout] 9eee08d5ca1334e9d774dac9b6ca2e5bbd3cd87918a8958130c303b46788c4bd
[INFO] running `Command { std: "docker" "start" "-a" "9eee08d5ca1334e9d774dac9b6ca2e5bbd3cd87918a8958130c303b46788c4bd", kill_on_drop: false }`
[INFO] running `Command { std: "docker" "inspect" "9eee08d5ca1334e9d774dac9b6ca2e5bbd3cd87918a8958130c303b46788c4bd", kill_on_drop: false }`
[INFO] running `Command { std: "docker" "rm" "-f" "9eee08d5ca1334e9d774dac9b6ca2e5bbd3cd87918a8958130c303b46788c4bd", kill_on_drop: false }`
[INFO] [stdout] 9eee08d5ca1334e9d774dac9b6ca2e5bbd3cd87918a8958130c303b46788c4bd
[INFO] running `Command { std: "docker" "create" "-v" "/var/lib/crater-agent-workspace/builds/worker-5-tc1/target:/opt/rustwide/target:rw,Z" "-v" "/var/lib/crater-agent-workspace/builds/worker-5-tc1/source:/opt/rustwide/workdir:ro,Z" "-v" "/var/lib/crater-agent-workspace/cargo-home:/opt/rustwide/cargo-home:ro,Z" "-v" "/var/lib/crater-agent-workspace/rustup-home:/opt/rustwide/rustup-home:ro,Z" "-e" "SOURCE_DIR=/opt/rustwide/workdir" "-e" "CARGO_TARGET_DIR=/opt/rustwide/target" "-e" "CARGO_INCREMENTAL=0" "-e" "RUST_BACKTRACE=full" "-e" "RUSTFLAGS=--cap-lints=warn" "-e" "RUSTDOCFLAGS=--cap-lints=warn" "-e" "CARGO_HOME=/opt/rustwide/cargo-home" "-e" "RUSTUP_HOME=/opt/rustwide/rustup-home" "-w" "/opt/rustwide/workdir" "-m" "1610612736" "--user" "0:0" "--network" "none" "ghcr.io/rust-lang/crates-build-env/linux@sha256:5ff2268d62e97bff2cde7d5815dd6ed5b47097566f13b8d0ca110b04b60e07ed" "/opt/rustwide/cargo-home/bin/cargo" "+1.69.0" "build" "--frozen" "--message-format=json", kill_on_drop: false }`
[INFO] [stdout] 0c2ebfe215a76ac3641caa882814038beeb5efe09ac3d25a56561e8edda7aafc
[INFO] running `Command { std: "docker" "start" "-a" "0c2ebfe215a76ac3641caa882814038beeb5efe09ac3d25a56561e8edda7aafc", kill_on_drop: false }`
[INFO] [stderr]    Compiling relative-path v1.8.0 (/opt/rustwide/workdir)
[INFO] [stderr]     Finished dev [unoptimized + debuginfo] target(s) in 0.28s
[INFO] running `Command { std: "docker" "inspect" "0c2ebfe215a76ac3641caa882814038beeb5efe09ac3d25a56561e8edda7aafc", kill_on_drop: false }`
[INFO] running `Command { std: "docker" "rm" "-f" "0c2ebfe215a76ac3641caa882814038beeb5efe09ac3d25a56561e8edda7aafc", kill_on_drop: false }`
[INFO] [stdout] 0c2ebfe215a76ac3641caa882814038beeb5efe09ac3d25a56561e8edda7aafc
[INFO] running `Command { std: "docker" "create" "-v" "/var/lib/crater-agent-workspace/builds/worker-5-tc1/target:/opt/rustwide/target:rw,Z" "-v" "/var/lib/crater-agent-workspace/builds/worker-5-tc1/source:/opt/rustwide/workdir:ro,Z" "-v" "/var/lib/crater-agent-workspace/cargo-home:/opt/rustwide/cargo-home:ro,Z" "-v" "/var/lib/crater-agent-workspace/rustup-home:/opt/rustwide/rustup-home:ro,Z" "-e" "SOURCE_DIR=/opt/rustwide/workdir" "-e" "CARGO_TARGET_DIR=/opt/rustwide/target" "-e" "CARGO_INCREMENTAL=0" "-e" "RUST_BACKTRACE=full" "-e" "RUSTFLAGS=--cap-lints=warn" "-e" "RUSTDOCFLAGS=--cap-lints=warn" "-e" "CARGO_HOME=/opt/rustwide/cargo-home" "-e" "RUSTUP_HOME=/opt/rustwide/rustup-home" "-w" "/opt/rustwide/workdir" "-m" "1610612736" "--user" "0:0" "--network" "none" "ghcr.io/rust-lang/crates-build-env/linux@sha256:5ff2268d62e97bff2cde7d5815dd6ed5b47097566f13b8d0ca110b04b60e07ed" "/opt/rustwide/cargo-home/bin/cargo" "+1.69.0" "test" "--frozen" "--no-run" "--message-format=json", kill_on_drop: false }`
[INFO] [stdout] ea2d9e139c376e9204aec35025d541c73d3c713e25e8c8a30f9d6efa4f95ff62
[INFO] running `Command { std: "docker" "start" "-a" "ea2d9e139c376e9204aec35025d541c73d3c713e25e8c8a30f9d6efa4f95ff62", kill_on_drop: false }`
[INFO] [stderr]    Compiling serde v1.0.160
[INFO] [stderr]    Compiling syn v2.0.15
[INFO] [stderr]    Compiling serde_derive v1.0.160
[INFO] [stderr]    Compiling relative-path v1.8.0 (/opt/rustwide/workdir)
[INFO] [stderr]     Finished test [unoptimized + debuginfo] target(s) in 8.49s
[INFO] running `Command { std: "docker" "inspect" "ea2d9e139c376e9204aec35025d541c73d3c713e25e8c8a30f9d6efa4f95ff62", kill_on_drop: false }`
[INFO] running `Command { std: "docker" "rm" "-f" "ea2d9e139c376e9204aec35025d541c73d3c713e25e8c8a30f9d6efa4f95ff62", kill_on_drop: false }`
[INFO] [stdout] ea2d9e139c376e9204aec35025d541c73d3c713e25e8c8a30f9d6efa4f95ff62
[INFO] running `Command { std: "docker" "create" "-v" "/var/lib/crater-agent-workspace/builds/worker-5-tc1/target:/opt/rustwide/target:rw,Z" "-v" "/var/lib/crater-agent-workspace/builds/worker-5-tc1/source:/opt/rustwide/workdir:ro,Z" "-v" "/var/lib/crater-agent-workspace/cargo-home:/opt/rustwide/cargo-home:ro,Z" "-v" "/var/lib/crater-agent-workspace/rustup-home:/opt/rustwide/rustup-home:ro,Z" "-e" "SOURCE_DIR=/opt/rustwide/workdir" "-e" "CARGO_TARGET_DIR=/opt/rustwide/target" "-e" "CARGO_INCREMENTAL=0" "-e" "RUST_BACKTRACE=full" "-e" "RUSTFLAGS=--cap-lints=warn" "-e" "RUSTDOCFLAGS=--cap-lints=warn" "-e" "CARGO_HOME=/opt/rustwide/cargo-home" "-e" "RUSTUP_HOME=/opt/rustwide/rustup-home" "-w" "/opt/rustwide/workdir" "-m" "1610612736" "--user" "0:0" "--network" "none" "ghcr.io/rust-lang/crates-build-env/linux@sha256:5ff2268d62e97bff2cde7d5815dd6ed5b47097566f13b8d0ca110b04b60e07ed" "/opt/rustwide/cargo-home/bin/cargo" "+1.69.0" "test" "--frozen", kill_on_drop: false }`
[INFO] [stdout] dd963d811a19c989b2979c4a1a6ec4b85abecea96097c6700ab3e9456288a2e3
[INFO] running `Command { std: "docker" "start" "-a" "dd963d811a19c989b2979c4a1a6ec4b85abecea96097c6700ab3e9456288a2e3", kill_on_drop: false }`
[INFO] [stderr]     Blocking waiting for file lock on package cache
[INFO] [stderr]     Finished test [unoptimized + debuginfo] target(s) in 0.10s
[INFO] [stderr]      Running unittests src/lib.rs (/opt/rustwide/target/debug/deps/relative_path-0aacd26c257cd76a)
[INFO] [stdout] 
[INFO] [stdout] running 23 tests
[INFO] [stdout] test tests::test_components_iterator ... ok
[INFO] [stdout] test tests::test_compare ... ok
[INFO] [stdout] test tests::test_default ... ok
[INFO] [stdout] test tests::test_display ... ok
[INFO] [stdout] test tests::test_from ... ok
[INFO] [stdout] test tests::test_eq_recievers ... ok
[INFO] [stdout] test tests::test_eq ... ok
[INFO] [stdout] test tests::test_join ... ok
[INFO] [stdout] test tests::test_next_back ... ok
[INFO] [stdout] test tests::test_decompositions ... ok
[INFO] [stdout] test tests::test_normalize ... ok
[INFO] [stdout] test tests::test_parent ... ok
[INFO] [stdout] test tests::test_pop ... ok
[INFO] [stdout] test tests::test_relative_path_asref_str ... ok
[INFO] [stdout] test tests::test_push ... ok
[INFO] [stdout] test tests::test_relative_path_buf ... ok
[INFO] [stdout] test tests::test_relative_to ... ok
[INFO] [stdout] test tests::test_set_extension ... ok
[INFO] [stdout] test tests::test_set_file_name ... ok
[INFO] [stdout] test tests::test_stem_ext ... ok
[INFO] [stdout] test tests::test_to_path_buf ... ok
[INFO] [stdout] test tests::test_unix_from_path ... ok
[INFO] [stdout] test tests::test_unix_owned_from_path ... ok
[INFO] [stdout] 
[INFO] [stdout] test result: ok. 23 passed; 0 failed; 0 ignored; 0 measured; 0 filtered out; finished in 0.00s
[INFO] [stdout] 
[INFO] [stderr]    Doc-tests relative-path
[INFO] [stdout] 
[INFO] [stdout] running 58 tests
[INFO] [stdout] test src/lib.rs - (line 127) - compile ... FAILED
[INFO] [stdout] test src/lib.rs - (line 115) ... FAILED
[INFO] [stdout] test src/lib.rs - (line 33) ... FAILED
[INFO] [stdout] test src/lib.rs - Arc<RelativePath> (line 1792) ... ok
[INFO] [stdout] test src/lib.rs - Box<RelativePath> (line 1753) ... ok
[INFO] [stdout] test src/lib.rs - (line 244) ... ok
[INFO] [stdout] test src/lib.rs - (line 210) ... ok
[INFO] [stdout] test src/lib.rs - Arc<RelativePath> (line 1812) ... ok
[INFO] [stdout] test src/lib.rs - Box<RelativePath> (line 1774) ... ok
[INFO] [stdout] test src/lib.rs - (line 151) ... ok
[INFO] [stdout] test src/lib.rs - Box<RelativePath> (line 1730) ... ok
[INFO] [stdout] test src/lib.rs - (line 196) ... ok
[INFO] [stdout] test src/lib.rs - Component (line 347) ... ok
[INFO] [stdout] test src/lib.rs - Box<RelativePath> (line 1712) ... ok
[INFO] [stdout] test src/lib.rs - (line 181) ... ok
[INFO] [stdout] test src/lib.rs - (line 69) ... ok
[INFO] [stdout] test src/lib.rs - Component<'a>::as_str (line 375) ... ok
[INFO] [stdout] test src/lib.rs - Component<'_> (line 397) ... ok
[INFO] [stdout] test src/lib.rs - Components<'a>::as_relative_path (line 514) ... ok
[INFO] [stdout] test src/lib.rs - RelativePath::as_str (line 1039) ... ok
[INFO] [stdout] test src/lib.rs - Rc<RelativePath> (line 1833) ... ok
[INFO] [stdout] test src/lib.rs - FromPathError::kind (line 581) ... ok
[INFO] [stdout] test src/lib.rs - Rc<RelativePath> (line 1853) ... ok
[INFO] [stdout] test src/lib.rs - RelativePath (line 1874) ... ok
[INFO] [stdout] test src/lib.rs - RelativePath::components (line 1084) ... ok
[INFO] [stdout] test src/lib.rs - RelativePath::extension (line 1497) ... ok
[INFO] [stdout] test src/lib.rs - RelativePath::file_stem (line 1473) ... ok
[INFO] [stdout] test src/lib.rs - RelativePath::is_normalized (line 1414) ... ok
[INFO] [stdout] test src/lib.rs - RelativePath::file_name (line 1320) ... ok
[INFO] [stdout] test src/lib.rs - RelativePath::ends_with (line 1399) ... ok
[INFO] [stdout] test src/lib.rs - RelativePath::display (line 1052) ... ok
[INFO] [stdout] test src/lib.rs - RelativePath::from_path (line 988) ... ok
[INFO] [stdout] test src/lib.rs - RelativePath::iter (line 1107) ... ok
[INFO] [stdout] test src/lib.rs - RelativePath::parent (line 1292) ... ok
[INFO] [stdout] test src/lib.rs - RelativePath::join (line 1068) ... ok
[INFO] [stdout] test src/lib.rs - RelativePath::starts_with (line 1380) ... ok
[INFO] [stdout] test src/lib.rs - RelativePath::join_normalized (line 1534) ... ok
[INFO] [stdout] test src/lib.rs - RelativePath::relative (line 1598) ... ok
[INFO] [stdout] test src/lib.rs - RelativePath::normalize (line 1571) ... ok
[INFO] [stdout] test src/lib.rs - RelativePath::strip_prefix (line 1356) ... ok
[INFO] [stdout] test src/lib.rs - RelativePath::to_path (line 1131) ... ok
[INFO] [stdout] test src/lib.rs - RelativePath::to_logical_path (line 1204) ... ok
[INFO] [stdout] test src/lib.rs - RelativePath::relative (line 1629) ... ok
[INFO] [stdout] test src/lib.rs - RelativePath::relative (line 1613) ... ok
[INFO] [stdout] test src/lib.rs - RelativePath::to_logical_path (line 1233) ... ok
[INFO] [stdout] test src/lib.rs - RelativePath::with_extension (line 1517) ... ok
[INFO] [stdout] test src/lib.rs - RelativePath::to_path (line 1150) ... ok
[INFO] [stdout] test src/lib.rs - RelativePath::to_logical_path (line 1214) ... ok
[INFO] [stdout] test src/lib.rs - RelativePath::with_file_name (line 1447) ... ok
[INFO] [stdout] test src/lib.rs - RelativePathBuf (line 1900) ... ok
[INFO] [stdout] test src/lib.rs - RelativePathBuf::into_string (line 825) ... ok
[INFO] [stdout] test src/lib.rs - RelativePathBuf::push (line 676) ... ok
[INFO] [stdout] test src/lib.rs - RelativePathBuf::from_path (line 644) ... ok
[INFO] [stdout] test src/lib.rs - String (line 1918) ... ok
[INFO] [stdout] test src/lib.rs - RelativePathBuf::pop (line 794) ... ok
[INFO] [stdout] test src/lib.rs - RelativePathBuf::set_file_name (line 716) ... ok
[INFO] [stdout] test src/lib.rs - str (line 1936) ... ok
[INFO] [stdout] test src/lib.rs - RelativePathBuf::set_extension (line 755) ... ok
[INFO] [stdout] 
[INFO] [stdout] failures:
[INFO] [stdout] 
[INFO] [stdout] ---- src/lib.rs - (line 127) stdout ----
[INFO] [stdout] error[E0277]: the trait bound `RelativePathBuf: Serialize` is not satisfied
[INFO] [stdout]     --> src/lib.rs:130:10
[INFO] [stdout]      |
[INFO] [stdout] 6    | #[derive(Serialize, Deserialize)] pub struct Manifest { source: RelativePathBuf }
[INFO] [stdout]      |          ^^^^^^^^^                                      ------ required by a bound introduced by this call
[INFO] [stdout]      |          |
[INFO] [stdout]      |          the trait `Serialize` is not implemented for `RelativePathBuf`
[INFO] [stdout]      |
[INFO] [stdout]      = help: the following other types implement trait `Serialize`:
[INFO] [stdout]                &'a T
[INFO] [stdout]                &'a mut T
[INFO] [stdout]                ()
[INFO] [stdout]                (T0, T1)
[INFO] [stdout]                (T0, T1, T2)
[INFO] [stdout]                (T0, T1, T2, T3)
[INFO] [stdout]                (T0, T1, T2, T3, T4)
[INFO] [stdout]                (T0, T1, T2, T3, T4, T5)
[INFO] [stdout]              and 125 others
[INFO] [stdout] note: required by a bound in `_doctest_main_src_lib_rs_127_0::_::_serde::ser::SerializeStruct::serialize_field`
[INFO] [stdout]     --> /opt/rustwide/cargo-home/registry/src/github.com-1ecc6299db9ec823/serde-1.0.160/src/ser/mod.rs:1901:12
[INFO] [stdout]      |
[INFO] [stdout] 1901 |         T: Serialize;
[INFO] [stdout]      |            ^^^^^^^^^ required by this bound in `SerializeStruct::serialize_field`
[INFO] [stdout] 
[INFO] [stdout] error[E0277]: the trait bound `RelativePathBuf: Deserialize<'_>` is not satisfied
[INFO] [stdout]     --> src/lib.rs:130:65
[INFO] [stdout]      |
[INFO] [stdout] 6    | #[derive(Serialize, Deserialize)] pub struct Manifest { source: RelativePathBuf }
[INFO] [stdout]      |                                                                 ^^^^^^^^^^^^^^^ the trait `Deserialize<'_>` is not implemented for `RelativePathBuf`
[INFO] [stdout]      |
[INFO] [stdout]      = help: the following other types implement trait `Deserialize<'de>`:
[INFO] [stdout]                &'a Path
[INFO] [stdout]                &'a [u8]
[INFO] [stdout]                &'a str
[INFO] [stdout]                ()
[INFO] [stdout]                (T0, T1)
[INFO] [stdout]                (T0, T1, T2)
[INFO] [stdout]                (T0, T1, T2, T3)
[INFO] [stdout]                (T0, T1, T2, T3, T4)
[INFO] [stdout]              and 126 others
[INFO] [stdout] note: required by a bound in `next_element`
[INFO] [stdout]     --> /opt/rustwide/cargo-home/registry/src/github.com-1ecc6299db9ec823/serde-1.0.160/src/de/mod.rs:1729:12
[INFO] [stdout]      |
[INFO] [stdout] 1729 |         T: Deserialize<'de>,
[INFO] [stdout]      |            ^^^^^^^^^^^^^^^^ required by this bound in `SeqAccess::next_element`
[INFO] [stdout] 
[INFO] [stdout] error[E0277]: the trait bound `RelativePathBuf: Deserialize<'_>` is not satisfied
[INFO] [stdout]     --> src/lib.rs:130:65
[INFO] [stdout]      |
[INFO] [stdout] 6    | #[derive(Serialize, Deserialize)] pub struct Manifest { source: RelativePathBuf }
[INFO] [stdout]      |                                                                 ^^^^^^^^^^^^^^^ the trait `Deserialize<'_>` is not implemented for `RelativePathBuf`
[INFO] [stdout]      |
[INFO] [stdout]      = help: the following other types implement trait `Deserialize<'de>`:
[INFO] [stdout]                &'a Path
[INFO] [stdout]                &'a [u8]
[INFO] [stdout]                &'a str
[INFO] [stdout]                ()
[INFO] [stdout]                (T0, T1)
[INFO] [stdout]                (T0, T1, T2)
[INFO] [stdout]                (T0, T1, T2, T3)
[INFO] [stdout]                (T0, T1, T2, T3, T4)
[INFO] [stdout]              and 126 others
[INFO] [stdout] note: required by a bound in `next_value`
[INFO] [stdout]     --> /opt/rustwide/cargo-home/registry/src/github.com-1ecc6299db9ec823/serde-1.0.160/src/de/mod.rs:1868:12
[INFO] [stdout]      |
[INFO] [stdout] 1868 |         V: Deserialize<'de>,
[INFO] [stdout]      |            ^^^^^^^^^^^^^^^^ required by this bound in `MapAccess::next_value`
[INFO] [stdout] 
[INFO] [stdout] error[E0277]: the trait bound `RelativePathBuf: Deserialize<'_>` is not satisfied
[INFO] [stdout]   --> src/lib.rs:130:57
[INFO] [stdout]    |
[INFO] [stdout] 6  | #[derive(Serialize, Deserialize)] pub struct Manifest { source: RelativePathBuf }
[INFO] [stdout]    |                                                         ^^^^^^ the trait `Deserialize<'_>` is not implemented for `RelativePathBuf`
[INFO] [stdout]    |
[INFO] [stdout]    = help: the following other types implement trait `Deserialize<'de>`:
[INFO] [stdout]              &'a Path
[INFO] [stdout]              &'a [u8]
[INFO] [stdout]              &'a str
[INFO] [stdout]              ()
[INFO] [stdout]              (T0, T1)
[INFO] [stdout]              (T0, T1, T2)
[INFO] [stdout]              (T0, T1, T2, T3)
[INFO] [stdout]              (T0, T1, T2, T3, T4)
[INFO] [stdout]            and 126 others
[INFO] [stdout] note: required by a bound in `_doctest_main_src_lib_rs_127_0::_::_serde::__private::de::missing_field`
[INFO] [stdout]   --> /opt/rustwide/cargo-home/registry/src/github.com-1ecc6299db9ec823/serde-1.0.160/src/private/de.rs:22:8
[INFO] [stdout]    |
[INFO] [stdout] 22 |     V: Deserialize<'de>,
[INFO] [stdout]    |        ^^^^^^^^^^^^^^^^ required by this bound in `missing_field`
[INFO] [stdout] 
[INFO] [stdout] error: aborting due to 4 previous errors
[INFO] [stdout] 
[INFO] [stdout] For more information about this error, try `rustc --explain E0277`.
[INFO] [stdout] Couldn't compile the test.
[INFO] [stdout] ---- src/lib.rs - (line 115) stdout ----
[INFO] [stdout] error[E0277]: the trait bound `RelativePathBuf: Serialize` is not satisfied
[INFO] [stdout]     --> src/lib.rs:119:10
[INFO] [stdout]      |
[INFO] [stdout] 7    | #[derive(Serialize, Deserialize)]
[INFO] [stdout]      |          ^^^^^^^^^ the trait `Serialize` is not implemented for `RelativePathBuf`
[INFO] [stdout] 8    | pub struct Manifest {
[INFO] [stdout] 9    |     source: RelativePathBuf,
[INFO] [stdout]      |     ------ required by a bound introduced by this call
[INFO] [stdout]      |
[INFO] [stdout]      = help: the following other types implement trait `Serialize`:
[INFO] [stdout]                &'a T
[INFO] [stdout]                &'a mut T
[INFO] [stdout]                ()
[INFO] [stdout]                (T0, T1)
[INFO] [stdout]                (T0, T1, T2)
[INFO] [stdout]                (T0, T1, T2, T3)
[INFO] [stdout]                (T0, T1, T2, T3, T4)
[INFO] [stdout]                (T0, T1, T2, T3, T4, T5)
[INFO] [stdout]              and 125 others
[INFO] [stdout] note: required by a bound in `_doctest_main_src_lib_rs_115_0::_::_serde::ser::SerializeStruct::serialize_field`
[INFO] [stdout]     --> /opt/rustwide/cargo-home/registry/src/github.com-1ecc6299db9ec823/serde-1.0.160/src/ser/mod.rs:1901:12
[INFO] [stdout]      |
[INFO] [stdout] 1901 |         T: Serialize;
[INFO] [stdout]      |            ^^^^^^^^^ required by this bound in `SerializeStruct::serialize_field`
[INFO] [stdout] 
[INFO] [stdout] error[E0277]: the trait bound `RelativePathBuf: Deserialize<'_>` is not satisfied
[INFO] [stdout]     --> src/lib.rs:121:13
[INFO] [stdout]      |
[INFO] [stdout] 9    |     source: RelativePathBuf,
[INFO] [stdout]      |             ^^^^^^^^^^^^^^^ the trait `Deserialize<'_>` is not implemented for `RelativePathBuf`
[INFO] [stdout]      |
[INFO] [stdout]      = help: the following other types implement trait `Deserialize<'de>`:
[INFO] [stdout]                &'a Path
[INFO] [stdout]                &'a [u8]
[INFO] [stdout]                &'a str
[INFO] [stdout]                ()
[INFO] [stdout]                (T0, T1)
[INFO] [stdout]                (T0, T1, T2)
[INFO] [stdout]                (T0, T1, T2, T3)
[INFO] [stdout]                (T0, T1, T2, T3, T4)
[INFO] [stdout]              and 126 others
[INFO] [stdout] note: required by a bound in `next_element`
[INFO] [stdout]     --> /opt/rustwide/cargo-home/registry/src/github.com-1ecc6299db9ec823/serde-1.0.160/src/de/mod.rs:1729:12
[INFO] [stdout]      |
[INFO] [stdout] 1729 |         T: Deserialize<'de>,
[INFO] [stdout]      |            ^^^^^^^^^^^^^^^^ required by this bound in `SeqAccess::next_element`
[INFO] [stdout] 
[INFO] [stdout] error[E0277]: the trait bound `RelativePathBuf: Deserialize<'_>` is not satisfied
[INFO] [stdout]     --> src/lib.rs:121:13
[INFO] [stdout]      |
[INFO] [stdout] 9    |     source: RelativePathBuf,
[INFO] [stdout]      |             ^^^^^^^^^^^^^^^ the trait `Deserialize<'_>` is not implemented for `RelativePathBuf`
[INFO] [stdout]      |
[INFO] [stdout]      = help: the following other types implement trait `Deserialize<'de>`:
[INFO] [stdout]                &'a Path
[INFO] [stdout]                &'a [u8]
[INFO] [stdout]                &'a str
[INFO] [stdout]                ()
[INFO] [stdout]                (T0, T1)
[INFO] [stdout]                (T0, T1, T2)
[INFO] [stdout]                (T0, T1, T2, T3)
[INFO] [stdout]                (T0, T1, T2, T3, T4)
[INFO] [stdout]              and 126 others
[INFO] [stdout] note: required by a bound in `next_value`
[INFO] [stdout]     --> /opt/rustwide/cargo-home/registry/src/github.com-1ecc6299db9ec823/serde-1.0.160/src/de/mod.rs:1868:12
[INFO] [stdout]      |
[INFO] [stdout] 1868 |         V: Deserialize<'de>,
[INFO] [stdout]      |            ^^^^^^^^^^^^^^^^ required by this bound in `MapAccess::next_value`
[INFO] [stdout] 
[INFO] [stdout] error[E0277]: the trait bound `RelativePathBuf: Deserialize<'_>` is not satisfied
[INFO] [stdout]   --> src/lib.rs:121:5
[INFO] [stdout]    |
[INFO] [stdout] 9  |     source: RelativePathBuf,
[INFO] [stdout]    |     ^^^^^^ the trait `Deserialize<'_>` is not implemented for `RelativePathBuf`
[INFO] [stdout]    |
[INFO] [stdout]    = help: the following other types implement trait `Deserialize<'de>`:
[INFO] [stdout]              &'a Path
[INFO] [stdout]              &'a [u8]
[INFO] [stdout]              &'a str
[INFO] [stdout]              ()
[INFO] [stdout]              (T0, T1)
[INFO] [stdout]              (T0, T1, T2)
[INFO] [stdout]              (T0, T1, T2, T3)
[INFO] [stdout]              (T0, T1, T2, T3, T4)
[INFO] [stdout]            and 126 others
[INFO] [stdout] note: required by a bound in `_doctest_main_src_lib_rs_115_0::_::_serde::__private::de::missing_field`
[INFO] [stdout]   --> /opt/rustwide/cargo-home/registry/src/github.com-1ecc6299db9ec823/serde-1.0.160/src/private/de.rs:22:8
[INFO] [stdout]    |
[INFO] [stdout] 22 |     V: Deserialize<'de>,
[INFO] [stdout]    |        ^^^^^^^^^^^^^^^^ required by this bound in `missing_field`
[INFO] [stdout] 
[INFO] [stdout] error: aborting due to 4 previous errors
[INFO] [stdout] 
[INFO] [stdout] For more information about this error, try `rustc --explain E0277`.
[INFO] [stdout] Couldn't compile the test.
[INFO] [stdout] ---- src/lib.rs - (line 33) stdout ----
[INFO] [stdout] error[E0277]: the trait bound `RelativePath: Serialize` is not satisfied
[INFO] [stdout]     --> src/lib.rs:37:10
[INFO] [stdout]      |
[INFO] [stdout] 7    | #[derive(Serialize, Deserialize)]
[INFO] [stdout]      |          ^^^^^^^^^ the trait `Serialize` is not implemented for `RelativePath`
[INFO] [stdout] 8    | struct Manifest<'a> {
[INFO] [stdout] 9    |     #[serde(borrow)]
[INFO] [stdout]      |     - required by a bound introduced by this call
[INFO] [stdout]      |
[INFO] [stdout]      = help: the following other types implement trait `Serialize`:
[INFO] [stdout]                &'a T
[INFO] [stdout]                &'a mut T
[INFO] [stdout]                ()
[INFO] [stdout]                (T0, T1)
[INFO] [stdout]                (T0, T1, T2)
[INFO] [stdout]                (T0, T1, T2, T3)
[INFO] [stdout]                (T0, T1, T2, T3, T4)
[INFO] [stdout]                (T0, T1, T2, T3, T4, T5)
[INFO] [stdout]              and 125 others
[INFO] [stdout]      = note: required for `&RelativePath` to implement `Serialize`
[INFO] [stdout] note: required by a bound in `_doctest_main_src_lib_rs_33_0::_::_serde::ser::SerializeStruct::serialize_field`
[INFO] [stdout]     --> /opt/rustwide/cargo-home/registry/src/github.com-1ecc6299db9ec823/serde-1.0.160/src/ser/mod.rs:1901:12
[INFO] [stdout]      |
[INFO] [stdout] 1901 |         T: Serialize;
[INFO] [stdout]      |            ^^^^^^^^^ required by this bound in `SerializeStruct::serialize_field`
[INFO] [stdout] 
[INFO] [stdout] error[E0277]: the trait bound `&'a RelativePath: Deserialize<'_>` is not satisfied
[INFO] [stdout]     --> src/lib.rs:40:13
[INFO] [stdout]      |
[INFO] [stdout] 10   |     source: &'a RelativePath,
[INFO] [stdout]      |             ^^^^^^^^^^^^^^^^ the trait `Deserialize<'_>` is not implemented for `&'a RelativePath`
[INFO] [stdout]      |
[INFO] [stdout]      = help: the following other types implement trait `Deserialize<'de>`:
[INFO] [stdout]                &'a Path
[INFO] [stdout]                &'a [u8]
[INFO] [stdout]                &'a str
[INFO] [stdout]                ()
[INFO] [stdout]                (T0, T1)
[INFO] [stdout]                (T0, T1, T2)
[INFO] [stdout]                (T0, T1, T2, T3)
[INFO] [stdout]                (T0, T1, T2, T3, T4)
[INFO] [stdout]              and 126 others
[INFO] [stdout] note: required by a bound in `next_element`
[INFO] [stdout]     --> /opt/rustwide/cargo-home/registry/src/github.com-1ecc6299db9ec823/serde-1.0.160/src/de/mod.rs:1729:12
[INFO] [stdout]      |
[INFO] [stdout] 1729 |         T: Deserialize<'de>,
[INFO] [stdout]      |            ^^^^^^^^^^^^^^^^ required by this bound in `SeqAccess::next_element`
[INFO] [stdout] 
[INFO] [stdout] error[E0277]: the trait bound `&'a RelativePath: Deserialize<'_>` is not satisfied
[INFO] [stdout]     --> src/lib.rs:40:13
[INFO] [stdout]      |
[INFO] [stdout] 10   |     source: &'a RelativePath,
[INFO] [stdout]      |             ^^^^^^^^^^^^^^^^ the trait `Deserialize<'_>` is not implemented for `&'a RelativePath`
[INFO] [stdout]      |
[INFO] [stdout]      = help: the following other types implement trait `Deserialize<'de>`:
[INFO] [stdout]                &'a Path
[INFO] [stdout]                &'a [u8]
[INFO] [stdout]                &'a str
[INFO] [stdout]                ()
[INFO] [stdout]                (T0, T1)
[INFO] [stdout]                (T0, T1, T2)
[INFO] [stdout]                (T0, T1, T2, T3)
[INFO] [stdout]                (T0, T1, T2, T3, T4)
[INFO] [stdout]              and 126 others
[INFO] [stdout] note: required by a bound in `next_value`
[INFO] [stdout]     --> /opt/rustwide/cargo-home/registry/src/github.com-1ecc6299db9ec823/serde-1.0.160/src/de/mod.rs:1868:12
[INFO] [stdout]      |
[INFO] [stdout] 1868 |         V: Deserialize<'de>,
[INFO] [stdout]      |            ^^^^^^^^^^^^^^^^ required by this bound in `MapAccess::next_value`
[INFO] [stdout] 
[INFO] [stdout] error[E0277]: the trait bound `&RelativePath: Deserialize<'_>` is not satisfied
[INFO] [stdout]   --> src/lib.rs:39:5
[INFO] [stdout]    |
[INFO] [stdout] 9  |     #[serde(borrow)]
[INFO] [stdout]    |     ^ the trait `Deserialize<'_>` is not implemented for `&RelativePath`
[INFO] [stdout]    |
[INFO] [stdout]    = help: the following other types implement trait `Deserialize<'de>`:
[INFO] [stdout]              &'a Path
[INFO] [stdout]              &'a [u8]
[INFO] [stdout]              &'a str
[INFO] [stdout]              ()
[INFO] [stdout]              (T0, T1)
[INFO] [stdout]              (T0, T1, T2)
[INFO] [stdout]              (T0, T1, T2, T3)
[INFO] [stdout]              (T0, T1, T2, T3, T4)
[INFO] [stdout]            and 126 others
[INFO] [stdout] note: required by a bound in `_doctest_main_src_lib_rs_33_0::_::_serde::__private::de::missing_field`
[INFO] [stdout]   --> /opt/rustwide/cargo-home/registry/src/github.com-1ecc6299db9ec823/serde-1.0.160/src/private/de.rs:22:8
[INFO] [stdout]    |
[INFO] [stdout] 22 |     V: Deserialize<'de>,
[INFO] [stdout]    |        ^^^^^^^^^^^^^^^^ required by this bound in `missing_field`
[INFO] [stdout] 
[INFO] [stdout] error: aborting due to 4 previous errors
[INFO] [stdout] 
[INFO] [stdout] For more information about this error, try `rustc --explain E0277`.
[INFO] [stdout] Couldn't compile the test.
[INFO] [stdout] 
[INFO] [stdout] failures:
[INFO] [stdout]     src/lib.rs - (line 115)
[INFO] [stdout]     src/lib.rs - (line 127)
[INFO] [stdout]     src/lib.rs - (line 33)
[INFO] [stdout] 
[INFO] [stdout] test result: FAILED. 55 passed; 3 failed; 0 ignored; 0 measured; 0 filtered out; finished in 1.23s
[INFO] [stdout] 
[INFO] [stderr] error: doctest failed, to rerun pass `--doc`
[INFO] running `Command { std: "docker" "inspect" "dd963d811a19c989b2979c4a1a6ec4b85abecea96097c6700ab3e9456288a2e3", kill_on_drop: false }`
[INFO] running `Command { std: "docker" "rm" "-f" "dd963d811a19c989b2979c4a1a6ec4b85abecea96097c6700ab3e9456288a2e3", kill_on_drop: false }`
[INFO] [stdout] dd963d811a19c989b2979c4a1a6ec4b85abecea96097c6700ab3e9456288a2e3
