[INFO] fetching crate relastic 0.2.1...
[INFO] testing relastic-0.2.1 against 1.69.0 for beta-1.70-1
[INFO] extracting crate relastic 0.2.1 into /workspace/builds/worker-5-tc1/source
[INFO] validating manifest of crates.io crate relastic 0.2.1 on toolchain 1.69.0
[INFO] running `Command { std: CARGO_HOME="/workspace/cargo-home" RUSTUP_HOME="/workspace/rustup-home" "/workspace/cargo-home/bin/cargo" "+1.69.0" "metadata" "--manifest-path" "Cargo.toml" "--no-deps", kill_on_drop: false }`
[INFO] started tweaking crates.io crate relastic 0.2.1
[INFO] finished tweaking crates.io crate relastic 0.2.1
[INFO] tweaked toml for crates.io crate relastic 0.2.1 written to /workspace/builds/worker-5-tc1/source/Cargo.toml
[INFO] running `Command { std: CARGO_HOME="/workspace/cargo-home" RUSTUP_HOME="/workspace/rustup-home" __CARGO_TEST_CHANNEL_OVERRIDE_DO_NOT_USE_THIS="nightly" "/workspace/cargo-home/bin/cargo" "+1.69.0" "generate-lockfile" "--manifest-path" "Cargo.toml" "-Zno-index-update", kill_on_drop: false }`
[INFO] running `Command { std: CARGO_HOME="/workspace/cargo-home" RUSTUP_HOME="/workspace/rustup-home" "/workspace/cargo-home/bin/cargo" "+1.69.0" "fetch" "--manifest-path" "Cargo.toml", kill_on_drop: false }`
[INFO] [stderr]  Downloading crates ...
[INFO] [stderr]   Downloaded mockito v0.31.1
[INFO] running `Command { std: "docker" "create" "-v" "/var/lib/crater-agent-workspace/builds/worker-5-tc1/target:/opt/rustwide/target:rw,Z" "-v" "/var/lib/crater-agent-workspace/builds/worker-5-tc1/source:/opt/rustwide/workdir:ro,Z" "-v" "/var/lib/crater-agent-workspace/cargo-home:/opt/rustwide/cargo-home:ro,Z" "-v" "/var/lib/crater-agent-workspace/rustup-home:/opt/rustwide/rustup-home:ro,Z" "-e" "SOURCE_DIR=/opt/rustwide/workdir" "-e" "CARGO_TARGET_DIR=/opt/rustwide/target" "-e" "CARGO_HOME=/opt/rustwide/cargo-home" "-e" "RUSTUP_HOME=/opt/rustwide/rustup-home" "-w" "/opt/rustwide/workdir" "-m" "1610612736" "--user" "0:0" "--network" "none" "ghcr.io/rust-lang/crates-build-env/linux@sha256:5ff2268d62e97bff2cde7d5815dd6ed5b47097566f13b8d0ca110b04b60e07ed" "/opt/rustwide/cargo-home/bin/cargo" "+1.69.0" "metadata" "--no-deps" "--format-version=1", kill_on_drop: false }`
[INFO] [stdout] b6a16fd839a26ccccefdac09e39ab577db079a522955f0697623ede60ae7ec4e
[INFO] running `Command { std: "docker" "start" "-a" "b6a16fd839a26ccccefdac09e39ab577db079a522955f0697623ede60ae7ec4e", kill_on_drop: false }`
[INFO] running `Command { std: "docker" "inspect" "b6a16fd839a26ccccefdac09e39ab577db079a522955f0697623ede60ae7ec4e", kill_on_drop: false }`
[INFO] running `Command { std: "docker" "rm" "-f" "b6a16fd839a26ccccefdac09e39ab577db079a522955f0697623ede60ae7ec4e", kill_on_drop: false }`
[INFO] [stdout] b6a16fd839a26ccccefdac09e39ab577db079a522955f0697623ede60ae7ec4e
[INFO] running `Command { std: "docker" "create" "-v" "/var/lib/crater-agent-workspace/builds/worker-5-tc1/target:/opt/rustwide/target:rw,Z" "-v" "/var/lib/crater-agent-workspace/builds/worker-5-tc1/source:/opt/rustwide/workdir:ro,Z" "-v" "/var/lib/crater-agent-workspace/cargo-home:/opt/rustwide/cargo-home:ro,Z" "-v" "/var/lib/crater-agent-workspace/rustup-home:/opt/rustwide/rustup-home:ro,Z" "-e" "SOURCE_DIR=/opt/rustwide/workdir" "-e" "CARGO_TARGET_DIR=/opt/rustwide/target" "-e" "CARGO_INCREMENTAL=0" "-e" "RUST_BACKTRACE=full" "-e" "RUSTFLAGS=--cap-lints=warn" "-e" "RUSTDOCFLAGS=--cap-lints=warn" "-e" "CARGO_HOME=/opt/rustwide/cargo-home" "-e" "RUSTUP_HOME=/opt/rustwide/rustup-home" "-w" "/opt/rustwide/workdir" "-m" "1610612736" "--user" "0:0" "--network" "none" "ghcr.io/rust-lang/crates-build-env/linux@sha256:5ff2268d62e97bff2cde7d5815dd6ed5b47097566f13b8d0ca110b04b60e07ed" "/opt/rustwide/cargo-home/bin/cargo" "+1.69.0" "build" "--frozen" "--message-format=json", kill_on_drop: false }`
[INFO] [stdout] 4816fd97a7356b6132a4cb6ef3fbc7feb686f3d12d03502f4a43c909900cd189
[INFO] running `Command { std: "docker" "start" "-a" "4816fd97a7356b6132a4cb6ef3fbc7feb686f3d12d03502f4a43c909900cd189", kill_on_drop: false }`
[INFO] [stderr]     Blocking waiting for file lock on package cache
[INFO] [stderr]    Compiling tokio v1.28.0
[INFO] [stderr]    Compiling ring v0.16.20
[INFO] [stderr]    Compiling untrusted v0.7.1
[INFO] [stderr]    Compiling spin v0.5.2
[INFO] [stderr]    Compiling mio v0.8.6
[INFO] [stderr]    Compiling socket2 v0.4.9
[INFO] [stderr]    Compiling syn v2.0.15
[INFO] [stderr]    Compiling serde v1.0.160
[INFO] [stderr]    Compiling openssl-sys v0.9.87
[INFO] [stderr]    Compiling rustls v0.20.8
[INFO] [stderr]    Compiling syn v1.0.109
[INFO] [stderr]    Compiling num-traits v0.2.15
[INFO] [stderr]    Compiling num-integer v0.1.45
[INFO] [stderr]    Compiling heck v0.4.1
[INFO] [stderr]    Compiling doc-comment v0.3.3
[INFO] [stderr]    Compiling rustversion v1.0.12
[INFO] [stderr]    Compiling rustls-pemfile v1.0.2
[INFO] [stderr]    Compiling time v0.1.45
[INFO] [stderr]    Compiling iana-time-zone v0.1.56
[INFO] [stderr]    Compiling strum v0.24.1
[INFO] [stderr]    Compiling webpki v0.22.0
[INFO] [stderr]    Compiling sct v0.7.0
[INFO] [stderr]    Compiling serde_derive v1.0.160
[INFO] [stderr]    Compiling openssl-macros v0.1.1
[INFO] [stderr]    Compiling webpki-roots v0.22.6
[INFO] [stderr]    Compiling openssl v0.10.52
[INFO] [stderr]    Compiling tokio-util v0.7.8
[INFO] [stderr]    Compiling snafu-derive v0.7.4
[INFO] [stderr]    Compiling strum_macros v0.24.3
[INFO] [stderr]    Compiling h2 v0.3.18
[INFO] [stderr]    Compiling tokio-rustls v0.23.4
[INFO] [stderr]    Compiling snafu v0.7.4
[INFO] [stderr]    Compiling native-tls v0.2.11
[INFO] [stderr]    Compiling tokio-native-tls v0.3.1
[INFO] [stderr]    Compiling hyper v0.14.26
[INFO] [stderr]    Compiling serde_json v1.0.96
[INFO] [stderr]    Compiling serde_urlencoded v0.7.1
[INFO] [stderr]    Compiling chrono v0.4.24
[INFO] [stderr]    Compiling hyper-rustls v0.23.2
[INFO] [stderr]    Compiling hyper-tls v0.5.0
[INFO] [stderr]    Compiling reqwest v0.11.17
[INFO] [stderr]    Compiling relastic v0.2.1 (/opt/rustwide/workdir)
[INFO] [stdout] warning: use of deprecated method `chrono::DateTime::<Tz>::date`: Use `date_naive()` instead
[INFO] [stdout]    --> src/log.rs:451:20
[INFO] [stdout]     |
[INFO] [stdout] 451 |                 dt.date().year(),
[INFO] [stdout]     |                    ^^^^
[INFO] [stdout]     |
[INFO] [stdout]     = note: `#[warn(deprecated)]` on by default
[INFO] [stdout] 
[INFO] [stdout] 
[INFO] [stdout] warning: use of deprecated method `chrono::DateTime::<Tz>::date`: Use `date_naive()` instead
[INFO] [stdout]    --> src/log.rs:452:20
[INFO] [stdout]     |
[INFO] [stdout] 452 |                 dt.date().month()
[INFO] [stdout]     |                    ^^^^
[INFO] [stdout] 
[INFO] [stdout] 
[INFO] [stdout] warning: 2 warnings emitted
[INFO] [stdout] 
[INFO] [stdout] 
[INFO] [stderr]     Finished dev [unoptimized + debuginfo] target(s) in 13.69s
[INFO] running `Command { std: "docker" "inspect" "4816fd97a7356b6132a4cb6ef3fbc7feb686f3d12d03502f4a43c909900cd189", kill_on_drop: false }`
[INFO] running `Command { std: "docker" "rm" "-f" "4816fd97a7356b6132a4cb6ef3fbc7feb686f3d12d03502f4a43c909900cd189", kill_on_drop: false }`
[INFO] [stdout] 4816fd97a7356b6132a4cb6ef3fbc7feb686f3d12d03502f4a43c909900cd189
[INFO] running `Command { std: "docker" "create" "-v" "/var/lib/crater-agent-workspace/builds/worker-5-tc1/target:/opt/rustwide/target:rw,Z" "-v" "/var/lib/crater-agent-workspace/builds/worker-5-tc1/source:/opt/rustwide/workdir:ro,Z" "-v" "/var/lib/crater-agent-workspace/cargo-home:/opt/rustwide/cargo-home:ro,Z" "-v" "/var/lib/crater-agent-workspace/rustup-home:/opt/rustwide/rustup-home:ro,Z" "-e" "SOURCE_DIR=/opt/rustwide/workdir" "-e" "CARGO_TARGET_DIR=/opt/rustwide/target" "-e" "CARGO_INCREMENTAL=0" "-e" "RUST_BACKTRACE=full" "-e" "RUSTFLAGS=--cap-lints=warn" "-e" "RUSTDOCFLAGS=--cap-lints=warn" "-e" "CARGO_HOME=/opt/rustwide/cargo-home" "-e" "RUSTUP_HOME=/opt/rustwide/rustup-home" "-w" "/opt/rustwide/workdir" "-m" "1610612736" "--user" "0:0" "--network" "none" "ghcr.io/rust-lang/crates-build-env/linux@sha256:5ff2268d62e97bff2cde7d5815dd6ed5b47097566f13b8d0ca110b04b60e07ed" "/opt/rustwide/cargo-home/bin/cargo" "+1.69.0" "test" "--frozen" "--no-run" "--message-format=json", kill_on_drop: false }`
[INFO] [stdout] 36f50b268488710ec8f906390b8f4188c545531a6cd70417a28bb0b1a180eda1
[INFO] running `Command { std: "docker" "start" "-a" "36f50b268488710ec8f906390b8f4188c545531a6cd70417a28bb0b1a180eda1", kill_on_drop: false }`
[INFO] [stderr]    Compiling getrandom v0.2.9
[INFO] [stderr]    Compiling aho-corasick v1.0.1
[INFO] [stderr]    Compiling regex-syntax v0.7.1
[INFO] [stderr]    Compiling colored v2.0.0
[INFO] [stderr]    Compiling assert-json-diff v2.0.2
[INFO] [stderr]    Compiling similar v2.2.1
[INFO] [stdout] warning: use of deprecated method `chrono::DateTime::<Tz>::date`: Use `date_naive()` instead
[INFO] [stdout]    --> src/log.rs:451:20
[INFO] [stdout]     |
[INFO] [stdout] 451 |                 dt.date().year(),
[INFO] [stdout]     |                    ^^^^
[INFO] [stdout]     |
[INFO] [stdout]     = note: `#[warn(deprecated)]` on by default
[INFO] [stdout] 
[INFO] [stdout] 
[INFO] [stdout] warning: use of deprecated method `chrono::DateTime::<Tz>::date`: Use `date_naive()` instead
[INFO] [stdout]    --> src/log.rs:452:20
[INFO] [stdout]     |
[INFO] [stdout] 452 |                 dt.date().month()
[INFO] [stdout]     |                    ^^^^
[INFO] [stdout] 
[INFO] [stdout] 
[INFO] [stdout] warning: 2 warnings emitted
[INFO] [stdout] 
[INFO] [stdout] 
[INFO] [stderr]    Compiling rand_core v0.6.4
[INFO] [stderr]    Compiling uuid v1.3.2
[INFO] [stderr]    Compiling rand_chacha v0.3.1
[INFO] [stderr]    Compiling rand v0.8.5
[INFO] [stderr]    Compiling regex v1.8.1
[INFO] [stderr]    Compiling mockito v0.31.1
[INFO] [stderr]    Compiling relastic v0.2.1 (/opt/rustwide/workdir)
[INFO] [stdout] warning: use of deprecated method `chrono::DateTime::<Tz>::date`: Use `date_naive()` instead
[INFO] [stdout]    --> src/log.rs:451:20
[INFO] [stdout]     |
[INFO] [stdout] 451 |                 dt.date().year(),
[INFO] [stdout]     |                    ^^^^
[INFO] [stdout]     |
[INFO] [stdout]     = note: `#[warn(deprecated)]` on by default
[INFO] [stdout] 
[INFO] [stdout] 
[INFO] [stdout] warning: use of deprecated method `chrono::DateTime::<Tz>::date`: Use `date_naive()` instead
[INFO] [stdout]    --> src/log.rs:452:20
[INFO] [stdout]     |
[INFO] [stdout] 452 |                 dt.date().month()
[INFO] [stdout]     |                    ^^^^
[INFO] [stdout] 
[INFO] [stdout] 
[INFO] [stdout] warning: 2 warnings emitted
[INFO] [stdout] 
[INFO] [stdout] 
[INFO] [stderr]     Finished test [unoptimized + debuginfo] target(s) in 7.72s
[INFO] running `Command { std: "docker" "inspect" "36f50b268488710ec8f906390b8f4188c545531a6cd70417a28bb0b1a180eda1", kill_on_drop: false }`
[INFO] running `Command { std: "docker" "rm" "-f" "36f50b268488710ec8f906390b8f4188c545531a6cd70417a28bb0b1a180eda1", kill_on_drop: false }`
[INFO] [stdout] 36f50b268488710ec8f906390b8f4188c545531a6cd70417a28bb0b1a180eda1
[INFO] running `Command { std: "docker" "create" "-v" "/var/lib/crater-agent-workspace/builds/worker-5-tc1/target:/opt/rustwide/target:rw,Z" "-v" "/var/lib/crater-agent-workspace/builds/worker-5-tc1/source:/opt/rustwide/workdir:ro,Z" "-v" "/var/lib/crater-agent-workspace/cargo-home:/opt/rustwide/cargo-home:ro,Z" "-v" "/var/lib/crater-agent-workspace/rustup-home:/opt/rustwide/rustup-home:ro,Z" "-e" "SOURCE_DIR=/opt/rustwide/workdir" "-e" "CARGO_TARGET_DIR=/opt/rustwide/target" "-e" "CARGO_INCREMENTAL=0" "-e" "RUST_BACKTRACE=full" "-e" "RUSTFLAGS=--cap-lints=warn" "-e" "RUSTDOCFLAGS=--cap-lints=warn" "-e" "CARGO_HOME=/opt/rustwide/cargo-home" "-e" "RUSTUP_HOME=/opt/rustwide/rustup-home" "-w" "/opt/rustwide/workdir" "-m" "1610612736" "--user" "0:0" "--network" "none" "ghcr.io/rust-lang/crates-build-env/linux@sha256:5ff2268d62e97bff2cde7d5815dd6ed5b47097566f13b8d0ca110b04b60e07ed" "/opt/rustwide/cargo-home/bin/cargo" "+1.69.0" "test" "--frozen", kill_on_drop: false }`
[INFO] [stdout] fc457fac2a0b0333cab4075b1f4a90f6d5a995624433b36029f3a01313c2663b
[INFO] running `Command { std: "docker" "start" "-a" "fc457fac2a0b0333cab4075b1f4a90f6d5a995624433b36029f3a01313c2663b", kill_on_drop: false }`
[INFO] [stderr] warning: use of deprecated method `chrono::DateTime::<Tz>::date`: Use `date_naive()` instead
[INFO] [stderr]    --> src/log.rs:451:20
[INFO] [stderr]     |
[INFO] [stderr] 451 |                 dt.date().year(),
[INFO] [stderr]     |                    ^^^^
[INFO] [stderr]     |
[INFO] [stderr]     = note: `#[warn(deprecated)]` on by default
[INFO] [stderr] 
[INFO] [stderr] warning: use of deprecated method `chrono::DateTime::<Tz>::date`: Use `date_naive()` instead
[INFO] [stderr]    --> src/log.rs:452:20
[INFO] [stderr]     |
[INFO] [stderr] 452 |                 dt.date().month()
[INFO] [stderr]     |                    ^^^^
[INFO] [stderr] 
[INFO] [stderr] warning: `relastic` (lib) generated 2 warnings
[INFO] [stderr] warning: `relastic` (lib test) generated 2 warnings (2 duplicates)
[INFO] [stderr]     Finished test [unoptimized + debuginfo] target(s) in 0.11s
[INFO] [stderr]      Running unittests src/lib.rs (/opt/rustwide/target/debug/deps/relastic-8bc4f64c2d4dc7cf)
[INFO] [stdout] 
[INFO] [stdout] running 4 tests
[INFO] [stdout] test tests::it_returns_error_on_api_error_reply ... ok
[INFO] [stdout] test tests::it_returns_error_on_inner_error_replies ... ok
[INFO] [stdout] test tests::test_logging ... ok
[INFO] [stdout] test tests::it_does_not_publish_debug_in_production ... ok
[INFO] [stdout] 
[INFO] [stdout] test result: ok. 4 passed; 0 failed; 0 ignored; 0 measured; 0 filtered out; finished in 3.03s
[INFO] [stdout] 
[INFO] [stderr]    Doc-tests relastic
[INFO] [stdout] 
[INFO] [stdout] running 6 tests
[INFO] [stdout] test src/log.rs - log::fatal (line 209) ... FAILED
[INFO] [stdout] test src/log.rs - log::setup_elastic_log (line 396) ... FAILED
[INFO] [stdout] test src/log.rs - log::warning (line 225) ... ok
[INFO] [stdout] test src/log.rs - log::information (line 163) ... ok
[INFO] [stdout] test src/log.rs - log::error (line 179) ... ok
[INFO] [stdout] test src/log.rs - log::debug (line 194) ... ok
[INFO] [stdout] 
[INFO] [stdout] failures:
[INFO] [stdout] 
[INFO] [stdout] ---- src/log.rs - log::fatal (line 209) stdout ----
[INFO] [stdout] error: linking with `cc` failed: exit status: 1
[INFO] [stdout]   |
[INFO] [stdout]   = note: LC_ALL="C" PATH="/opt/rustwide/rustup-home/toolchains/1.69.0-x86_64-unknown-linux-gnu/lib/rustlib/x86_64-unknown-linux-gnu/bin:/opt/rustwide/cargo-home/bin:/usr/local/sbin:/usr/local/bin:/usr/sbin:/usr/bin:/sbin:/bin" VSLANG="1033" "cc" "-m64" "/tmp/rustc6FSWoM/symbols.o" "/tmp/rustdoctestDKeEcc/rust_out.rust_out.5bfee551-cgu.0.rcgu.o" "/tmp/rustdoctestDKeEcc/rust_out.j00p4ncf7xg64kg.rcgu.o" "-Wl,--as-needed" "-L" "/opt/rustwide/target/debug/deps" "-L" "/opt/rustwide/target/debug/deps" "-L" "/opt/rustwide/target/debug/build/openssl-sys-56bd0f2845305ba0/out/openssl-build/install/lib" "-L" "/opt/rustwide/target/debug/build/ring-3d31b0bbaa3a7a2d/out" "-L" "/opt/rustwide/rustup-home/toolchains/1.69.0-x86_64-unknown-linux-gnu/lib/rustlib/x86_64-unknown-linux-gnu/lib" "-Wl,-Bstatic" "/opt/rustwide/target/debug/deps/librelastic-2ccf43a9b8bef1a3.rlib" "/opt/rustwide/target/debug/deps/libstrum-4ab7e872246dd789.rlib" "/opt/rustwide/target/debug/deps/libreqwest-7263670d4bad8ba7.rlib" "/opt/rustwide/target/debug/deps/librustls_pemfile-b8d8488d078135e6.rlib" "/opt/rustwide/target/debug/deps/libhyper_rustls-d4dc3362dcff0e20.rlib" "/opt/rustwide/target/debug/deps/libhyper_tls-74ae2d26c9fab9f5.rlib" "/opt/rustwide/target/debug/deps/libwebpki_roots-0fd5e53082733afe.rlib" "/opt/rustwide/target/debug/deps/libbase64-8062ff4772a66de9.rlib" "/opt/rustwide/target/debug/deps/libipnet-c7c4785b48ce73f5.rlib" "/opt/rustwide/target/debug/deps/libtokio_native_tls-77c952b86e0499fb.rlib" "/opt/rustwide/target/debug/deps/libtokio_rustls-b149fe875c219b38.rlib" "/opt/rustwide/target/debug/deps/libserde_urlencoded-ada74fe79d4b8642.rlib" "/opt/rustwide/target/debug/deps/libmime-a79fe19129dcd0fb.rlib" "/opt/rustwide/target/debug/deps/libencoding_rs-73122f64baa7d749.rlib" "/opt/rustwide/target/debug/deps/librustls-65929bb056442283.rlib" "/opt/rustwide/target/debug/deps/libsct-9b2c1c8e1dae6788.rlib" "/opt/rustwide/target/debug/deps/libwebpki-358b4846c5047348.rlib" "/opt/rustwide/target/debug/deps/libring-b8198050cf4afdad.rlib" "/opt/rustwide/target/debug/deps/libspin-ba7f384cfb4b159f.rlib" "/opt/rustwide/target/debug/deps/libuntrusted-ec41ab00ed225515.rlib" "/opt/rustwide/target/debug/deps/libnative_tls-02993e9309f1a2e5.rlib" "/opt/rustwide/target/debug/deps/libopenssl_probe-2d1cd15c290ad1de.rlib" "/opt/rustwide/target/debug/deps/libopenssl-cc6b59a1a1038cf1.rlib" "/opt/rustwide/target/debug/deps/libbitflags-82cc2d155c6eb112.rlib" "/opt/rustwide/target/debug/deps/libforeign_types-f2b053f84105065c.rlib" "/opt/rustwide/target/debug/deps/libforeign_types_shared-48f8f1f9ea32d068.rlib" "/opt/rustwide/target/debug/deps/libopenssl_sys-364fd0ba65a536a0.rlib" "/opt/rustwide/target/debug/deps/libhyper-e80850c937a75782.rlib" "/opt/rustwide/target/debug/deps/libwant-ac7922456ffd1225.rlib" "/opt/rustwide/target/debug/deps/libtry_lock-ec51eacf97b087e9.rlib" "/opt/rustwide/target/debug/deps/libhttparse-30fefae29fd53c2e.rlib" "/opt/rustwide/target/debug/deps/libh2-ca8a52ad8a362602.rlib" "/opt/rustwide/target/debug/deps/libindexmap-4a7e2da62b4b6cd1.rlib" "/opt/rustwide/target/debug/deps/libhashbrown-f669da50cece7aa5.rlib" "/opt/rustwide/target/debug/deps/libtokio_util-86e502db454cac74.rlib" "/opt/rustwide/target/debug/deps/libfutures_sink-0848eae0e91803d6.rlib" "/opt/rustwide/target/debug/deps/libtower_service-a82a463fea06a00e.rlib" "/opt/rustwide/target/debug/deps/libtracing-5e45c18f98c454bb.rlib" "/opt/rustwide/target/debug/deps/libtracing_core-259db95f475fb2a8.rlib" "/opt/rustwide/target/debug/deps/libonce_cell-7d2ec3fb6b6c5a4d.rlib" "/opt/rustwide/target/debug/deps/libfutures_channel-9c01e1ce72b61406.rlib" "/opt/rustwide/target/debug/deps/libtokio-977407c4aa98b389.rlib" "/opt/rustwide/target/debug/deps/libnum_cpus-955db27608b22469.rlib" "/opt/rustwide/target/debug/deps/libsocket2-809776a880009f42.rlib" "/opt/rustwide/target/debug/deps/libmio-a2d88e767ecbe46c.rlib" "/opt/rustwide/target/debug/deps/libhttp_body-1af96f59fded0cc1.rlib" "/opt/rustwide/target/debug/deps/liblog-b7002f1ab15c8d8b.rlib" "/opt/rustwide/target/debug/deps/libcfg_if-e5e118dd7d121aaa.rlib" "/opt/rustwide/target/debug/deps/libfutures_util-2f1006ad099a3566.rlib" "/opt/rustwide/target/debug/deps/libmemchr-b18e4aa3c7a38625.rlib" "/opt/rustwide/target/debug/deps/libfutures_io-4614e9b19a26d89f.rlib" "/opt/rustwide/target/debug/deps/libslab-8bb798f134a0a9e7.rlib" "/opt/rustwide/target/debug/deps/libpin_project_lite-e66e1bab7310d569.rlib" "/opt/rustwide/target/debug/deps/libfutures_task-b59556b3c537ad98.rlib" "/opt/rustwide/target/debug/deps/libpin_utils-0d8eaf4ac0fcb221.rlib" "/opt/rustwide/target/debug/deps/libfutures_core-6002dc2ff0ad2c7a.rlib" "/opt/rustwide/target/debug/deps/liburl-25a81f6654f7c1c7.rlib" "/opt/rustwide/target/debug/deps/libidna-b865ee86652f4dd4.rlib" "/opt/rustwide/target/debug/deps/libunicode_normalization-65834209e2c3efa0.rlib" "/opt/rustwide/target/debug/deps/libtinyvec-4aa74f8a972e3d9d.rlib" "/opt/rustwide/target/debug/deps/libtinyvec_macros-8eb663675e81bb18.rlib" "/opt/rustwide/target/debug/deps/libunicode_bidi-df88d89b87cd1c3f.rlib" "/opt/rustwide/target/debug/deps/libform_urlencoded-4406ed733a551179.rlib" "/opt/rustwide/target/debug/deps/libpercent_encoding-5b4f3c280783d946.rlib" "/opt/rustwide/target/debug/deps/libhttp-1912e0b438bd2fae.rlib" "/opt/rustwide/target/debug/deps/libbytes-e760d6ac9a2f6963.rlib" "/opt/rustwide/target/debug/deps/libfnv-41a559218f992797.rlib" "/opt/rustwide/target/debug/deps/libsnafu-90b7fa793fdb65f1.rlib" "/opt/rustwide/target/debug/deps/libdoc_comment-2e18a5973f9f5007.rlib" "/opt/rustwide/target/debug/deps/libserde_json-b65abace08404fb6.rlib" "/opt/rustwide/target/debug/deps/libryu-87a43729435ac998.rlib" "/opt/rustwide/target/debug/deps/libitoa-12e0c769e046c1b6.rlib" "/opt/rustwide/target/debug/deps/liblazy_static-a15e1ed0a3c31761.rlib" "/opt/rustwide/target/debug/deps/libchrono-1329d62769c1638f.rlib" "/opt/rustwide/target/debug/deps/libiana_time_zone-bf2c4c30343f4ef7.rlib" "/opt/rustwide/target/debug/deps/libnum_integer-8056a34aec203bba.rlib" "/opt/rustwide/target/debug/deps/libnum_traits-11c9b029deaf19dd.rlib" "/opt/rustwide/target/debug/deps/libserde-7d241694a79c201b.rlib" "/opt/rustwide/target/debug/deps/libtime-ea810185b4b5b814.rlib" "/opt/rustwide/target/debug/deps/liblibc-b7b14a0fe316ec96.rlib" "/opt/rustwide/rustup-home/toolchains/1.69.0-x86_64-unknown-linux-gnu/lib/rustlib/x86_64-unknown-linux-gnu/lib/libstd-89bc084783fdc439.rlib" "/opt/rustwide/rustup-home/toolchains/1.69.0-x86_64-unknown-linux-gnu/lib/rustlib/x86_64-unknown-linux-gnu/lib/libpanic_unwind-8bee4b287d4367c1.rlib" "/opt/rustwide/rustup-home/toolchains/1.69.0-x86_64-unknown-linux-gnu/lib/rustlib/x86_64-unknown-linux-gnu/lib/libobject-d61707aed80694c0.rlib" "/opt/rustwide/rustup-home/toolchains/1.69.0-x86_64-unknown-linux-gnu/lib/rustlib/x86_64-unknown-linux-gnu/lib/libmemchr-d85366256f22345b.rlib" "/opt/rustwide/rustup-home/toolchains/1.69.0-x86_64-unknown-linux-gnu/lib/rustlib/x86_64-unknown-linux-gnu/lib/libaddr2line-96069b86b8a8cae9.rlib" "/opt/rustwide/rustup-home/toolchains/1.69.0-x86_64-unknown-linux-gnu/lib/rustlib/x86_64-unknown-linux-gnu/lib/libgimli-d19d53abf68dfa6c.rlib" "/opt/rustwide/rustup-home/toolchains/1.69.0-x86_64-unknown-linux-gnu/lib/rustlib/x86_64-unknown-linux-gnu/lib/librustc_demangle-787cbccd19d64ac6.rlib" "/opt/rustwide/rustup-home/toolchains/1.69.0-x86_64-unknown-linux-gnu/lib/rustlib/x86_64-unknown-linux-gnu/lib/libstd_detect-b3837a36b830e0d0.rlib" "/opt/rustwide/rustup-home/toolchains/1.69.0-x86_64-unknown-linux-gnu/lib/rustlib/x86_64-unknown-linux-gnu/lib/libhashbrown-e3deb0e7e3f04966.rlib" "/opt/rustwide/rustup-home/toolchains/1.69.0-x86_64-unknown-linux-gnu/lib/rustlib/x86_64-unknown-linux-gnu/lib/libminiz_oxide-dabbb79c9815def4.rlib" "/opt/rustwide/rustup-home/toolchains/1.69.0-x86_64-unknown-linux-gnu/lib/rustlib/x86_64-unknown-linux-gnu/lib/libadler-305b01f34c9409f2.rlib" "/opt/rustwide/rustup-home/toolchains/1.69.0-x86_64-unknown-linux-gnu/lib/rustlib/x86_64-unknown-linux-gnu/lib/librustc_std_workspace_alloc-f833521df6074e73.rlib" "/opt/rustwide/rustup-home/toolchains/1.69.0-x86_64-unknown-linux-gnu/lib/rustlib/x86_64-unknown-linux-gnu/lib/libunwind-9ac333113350d171.rlib" "/opt/rustwide/rustup-home/toolchains/1.69.0-x86_64-unknown-linux-gnu/lib/rustlib/x86_64-unknown-linux-gnu/lib/libcfg_if-1c126114322d0eee.rlib" "/opt/rustwide/rustup-home/toolchains/1.69.0-x86_64-unknown-linux-gnu/lib/rustlib/x86_64-unknown-linux-gnu/lib/liblibc-bad9164fdeeecf92.rlib" "/opt/rustwide/rustup-home/toolchains/1.69.0-x86_64-unknown-linux-gnu/lib/rustlib/x86_64-unknown-linux-gnu/lib/liballoc-f9374b1e480fa681.rlib" "/opt/rustwide/rustup-home/toolchains/1.69.0-x86_64-unknown-linux-gnu/lib/rustlib/x86_64-unknown-linux-gnu/lib/librustc_std_workspace_core-207f06e41d9603af.rlib" "/opt/rustwide/rustup-home/toolchains/1.69.0-x86_64-unknown-linux-gnu/lib/rustlib/x86_64-unknown-linux-gnu/lib/libcore-7e2768e66e984e85.rlib" "/opt/rustwide/rustup-home/toolchains/1.69.0-x86_64-unknown-linux-gnu/lib/rustlib/x86_64-unknown-linux-gnu/lib/libcompiler_builtins-957b4aff41f8cd46.rlib" "-Wl,-Bdynamic" "-lgcc_s" "-lutil" "-lrt" "-lpthread" "-lm" "-ldl" "-lc" "-Wl,--eh-frame-hdr" "-Wl,-z,noexecstack" "-L" "/opt/rustwide/rustup-home/toolchains/1.69.0-x86_64-unknown-linux-gnu/lib/rustlib/x86_64-unknown-linux-gnu/lib" "-o" "/tmp/rustdoctestDKeEcc/rust_out" "-Wl,--gc-sections" "-pie" "-Wl,-z,relro,-z,now" "-nodefaultlibs"
[INFO] [stdout]   = note: collect2: fatal error: ld terminated with signal 9 [Killed]
[INFO] [stdout]           compilation terminated.
[INFO] [stdout]           
[INFO] [stdout] 
[INFO] [stdout] error: aborting due to previous error
[INFO] [stdout] 
[INFO] [stdout] Couldn't compile the test.
[INFO] [stdout] ---- src/log.rs - log::setup_elastic_log (line 396) stdout ----
[INFO] [stdout] error: linking with `cc` failed: exit status: 1
[INFO] [stdout]   |
[INFO] [stdout]   = note: LC_ALL="C" PATH="/opt/rustwide/rustup-home/toolchains/1.69.0-x86_64-unknown-linux-gnu/lib/rustlib/x86_64-unknown-linux-gnu/bin:/opt/rustwide/cargo-home/bin:/usr/local/sbin:/usr/local/bin:/usr/sbin:/usr/bin:/sbin:/bin" VSLANG="1033" "cc" "-m64" "/tmp/rustcMB1ENs/symbols.o" "/tmp/rustdoctest0DKqfm/rust_out.rust_out.5bfee551-cgu.0.rcgu.o" "/tmp/rustdoctest0DKqfm/rust_out.j00p4ncf7xg64kg.rcgu.o" "-Wl,--as-needed" "-L" "/opt/rustwide/target/debug/deps" "-L" "/opt/rustwide/target/debug/deps" "-L" "/opt/rustwide/target/debug/build/openssl-sys-56bd0f2845305ba0/out/openssl-build/install/lib" "-L" "/opt/rustwide/target/debug/build/ring-3d31b0bbaa3a7a2d/out" "-L" "/opt/rustwide/rustup-home/toolchains/1.69.0-x86_64-unknown-linux-gnu/lib/rustlib/x86_64-unknown-linux-gnu/lib" "-Wl,-Bstatic" "/opt/rustwide/target/debug/deps/librelastic-2ccf43a9b8bef1a3.rlib" "/opt/rustwide/target/debug/deps/libstrum-4ab7e872246dd789.rlib" "/opt/rustwide/target/debug/deps/libreqwest-7263670d4bad8ba7.rlib" "/opt/rustwide/target/debug/deps/librustls_pemfile-b8d8488d078135e6.rlib" "/opt/rustwide/target/debug/deps/libhyper_rustls-d4dc3362dcff0e20.rlib" "/opt/rustwide/target/debug/deps/libhyper_tls-74ae2d26c9fab9f5.rlib" "/opt/rustwide/target/debug/deps/libwebpki_roots-0fd5e53082733afe.rlib" "/opt/rustwide/target/debug/deps/libbase64-8062ff4772a66de9.rlib" "/opt/rustwide/target/debug/deps/libipnet-c7c4785b48ce73f5.rlib" "/opt/rustwide/target/debug/deps/libtokio_native_tls-77c952b86e0499fb.rlib" "/opt/rustwide/target/debug/deps/libtokio_rustls-b149fe875c219b38.rlib" "/opt/rustwide/target/debug/deps/libserde_urlencoded-ada74fe79d4b8642.rlib" "/opt/rustwide/target/debug/deps/libmime-a79fe19129dcd0fb.rlib" "/opt/rustwide/target/debug/deps/libencoding_rs-73122f64baa7d749.rlib" "/opt/rustwide/target/debug/deps/librustls-65929bb056442283.rlib" "/opt/rustwide/target/debug/deps/libsct-9b2c1c8e1dae6788.rlib" "/opt/rustwide/target/debug/deps/libwebpki-358b4846c5047348.rlib" "/opt/rustwide/target/debug/deps/libring-b8198050cf4afdad.rlib" "/opt/rustwide/target/debug/deps/libspin-ba7f384cfb4b159f.rlib" "/opt/rustwide/target/debug/deps/libuntrusted-ec41ab00ed225515.rlib" "/opt/rustwide/target/debug/deps/libnative_tls-02993e9309f1a2e5.rlib" "/opt/rustwide/target/debug/deps/libopenssl_probe-2d1cd15c290ad1de.rlib" "/opt/rustwide/target/debug/deps/libopenssl-cc6b59a1a1038cf1.rlib" "/opt/rustwide/target/debug/deps/libbitflags-82cc2d155c6eb112.rlib" "/opt/rustwide/target/debug/deps/libforeign_types-f2b053f84105065c.rlib" "/opt/rustwide/target/debug/deps/libforeign_types_shared-48f8f1f9ea32d068.rlib" "/opt/rustwide/target/debug/deps/libopenssl_sys-364fd0ba65a536a0.rlib" "/opt/rustwide/target/debug/deps/libhyper-e80850c937a75782.rlib" "/opt/rustwide/target/debug/deps/libwant-ac7922456ffd1225.rlib" "/opt/rustwide/target/debug/deps/libtry_lock-ec51eacf97b087e9.rlib" "/opt/rustwide/target/debug/deps/libhttparse-30fefae29fd53c2e.rlib" "/opt/rustwide/target/debug/deps/libh2-ca8a52ad8a362602.rlib" "/opt/rustwide/target/debug/deps/libindexmap-4a7e2da62b4b6cd1.rlib" "/opt/rustwide/target/debug/deps/libhashbrown-f669da50cece7aa5.rlib" "/opt/rustwide/target/debug/deps/libtokio_util-86e502db454cac74.rlib" "/opt/rustwide/target/debug/deps/libfutures_sink-0848eae0e91803d6.rlib" "/opt/rustwide/target/debug/deps/libtower_service-a82a463fea06a00e.rlib" "/opt/rustwide/target/debug/deps/libtracing-5e45c18f98c454bb.rlib" "/opt/rustwide/target/debug/deps/libtracing_core-259db95f475fb2a8.rlib" "/opt/rustwide/target/debug/deps/libonce_cell-7d2ec3fb6b6c5a4d.rlib" "/opt/rustwide/target/debug/deps/libfutures_channel-9c01e1ce72b61406.rlib" "/opt/rustwide/target/debug/deps/libtokio-977407c4aa98b389.rlib" "/opt/rustwide/target/debug/deps/libnum_cpus-955db27608b22469.rlib" "/opt/rustwide/target/debug/deps/libsocket2-809776a880009f42.rlib" "/opt/rustwide/target/debug/deps/libmio-a2d88e767ecbe46c.rlib" "/opt/rustwide/target/debug/deps/libhttp_body-1af96f59fded0cc1.rlib" "/opt/rustwide/target/debug/deps/liblog-b7002f1ab15c8d8b.rlib" "/opt/rustwide/target/debug/deps/libcfg_if-e5e118dd7d121aaa.rlib" "/opt/rustwide/target/debug/deps/libfutures_util-2f1006ad099a3566.rlib" "/opt/rustwide/target/debug/deps/libmemchr-b18e4aa3c7a38625.rlib" "/opt/rustwide/target/debug/deps/libfutures_io-4614e9b19a26d89f.rlib" "/opt/rustwide/target/debug/deps/libslab-8bb798f134a0a9e7.rlib" "/opt/rustwide/target/debug/deps/libpin_project_lite-e66e1bab7310d569.rlib" "/opt/rustwide/target/debug/deps/libfutures_task-b59556b3c537ad98.rlib" "/opt/rustwide/target/debug/deps/libpin_utils-0d8eaf4ac0fcb221.rlib" "/opt/rustwide/target/debug/deps/libfutures_core-6002dc2ff0ad2c7a.rlib" "/opt/rustwide/target/debug/deps/liburl-25a81f6654f7c1c7.rlib" "/opt/rustwide/target/debug/deps/libidna-b865ee86652f4dd4.rlib" "/opt/rustwide/target/debug/deps/libunicode_normalization-65834209e2c3efa0.rlib" "/opt/rustwide/target/debug/deps/libtinyvec-4aa74f8a972e3d9d.rlib" "/opt/rustwide/target/debug/deps/libtinyvec_macros-8eb663675e81bb18.rlib" "/opt/rustwide/target/debug/deps/libunicode_bidi-df88d89b87cd1c3f.rlib" "/opt/rustwide/target/debug/deps/libform_urlencoded-4406ed733a551179.rlib" "/opt/rustwide/target/debug/deps/libpercent_encoding-5b4f3c280783d946.rlib" "/opt/rustwide/target/debug/deps/libhttp-1912e0b438bd2fae.rlib" "/opt/rustwide/target/debug/deps/libbytes-e760d6ac9a2f6963.rlib" "/opt/rustwide/target/debug/deps/libfnv-41a559218f992797.rlib" "/opt/rustwide/target/debug/deps/libsnafu-90b7fa793fdb65f1.rlib" "/opt/rustwide/target/debug/deps/libdoc_comment-2e18a5973f9f5007.rlib" "/opt/rustwide/target/debug/deps/libserde_json-b65abace08404fb6.rlib" "/opt/rustwide/target/debug/deps/libryu-87a43729435ac998.rlib" "/opt/rustwide/target/debug/deps/libitoa-12e0c769e046c1b6.rlib" "/opt/rustwide/target/debug/deps/liblazy_static-a15e1ed0a3c31761.rlib" "/opt/rustwide/target/debug/deps/libchrono-1329d62769c1638f.rlib" "/opt/rustwide/target/debug/deps/libiana_time_zone-bf2c4c30343f4ef7.rlib" "/opt/rustwide/target/debug/deps/libnum_integer-8056a34aec203bba.rlib" "/opt/rustwide/target/debug/deps/libnum_traits-11c9b029deaf19dd.rlib" "/opt/rustwide/target/debug/deps/libserde-7d241694a79c201b.rlib" "/opt/rustwide/target/debug/deps/libtime-ea810185b4b5b814.rlib" "/opt/rustwide/target/debug/deps/liblibc-b7b14a0fe316ec96.rlib" "/opt/rustwide/rustup-home/toolchains/1.69.0-x86_64-unknown-linux-gnu/lib/rustlib/x86_64-unknown-linux-gnu/lib/libstd-89bc084783fdc439.rlib" "/opt/rustwide/rustup-home/toolchains/1.69.0-x86_64-unknown-linux-gnu/lib/rustlib/x86_64-unknown-linux-gnu/lib/libpanic_unwind-8bee4b287d4367c1.rlib" "/opt/rustwide/rustup-home/toolchains/1.69.0-x86_64-unknown-linux-gnu/lib/rustlib/x86_64-unknown-linux-gnu/lib/libobject-d61707aed80694c0.rlib" "/opt/rustwide/rustup-home/toolchains/1.69.0-x86_64-unknown-linux-gnu/lib/rustlib/x86_64-unknown-linux-gnu/lib/libmemchr-d85366256f22345b.rlib" "/opt/rustwide/rustup-home/toolchains/1.69.0-x86_64-unknown-linux-gnu/lib/rustlib/x86_64-unknown-linux-gnu/lib/libaddr2line-96069b86b8a8cae9.rlib" "/opt/rustwide/rustup-home/toolchains/1.69.0-x86_64-unknown-linux-gnu/lib/rustlib/x86_64-unknown-linux-gnu/lib/libgimli-d19d53abf68dfa6c.rlib" "/opt/rustwide/rustup-home/toolchains/1.69.0-x86_64-unknown-linux-gnu/lib/rustlib/x86_64-unknown-linux-gnu/lib/librustc_demangle-787cbccd19d64ac6.rlib" "/opt/rustwide/rustup-home/toolchains/1.69.0-x86_64-unknown-linux-gnu/lib/rustlib/x86_64-unknown-linux-gnu/lib/libstd_detect-b3837a36b830e0d0.rlib" "/opt/rustwide/rustup-home/toolchains/1.69.0-x86_64-unknown-linux-gnu/lib/rustlib/x86_64-unknown-linux-gnu/lib/libhashbrown-e3deb0e7e3f04966.rlib" "/opt/rustwide/rustup-home/toolchains/1.69.0-x86_64-unknown-linux-gnu/lib/rustlib/x86_64-unknown-linux-gnu/lib/libminiz_oxide-dabbb79c9815def4.rlib" "/opt/rustwide/rustup-home/toolchains/1.69.0-x86_64-unknown-linux-gnu/lib/rustlib/x86_64-unknown-linux-gnu/lib/libadler-305b01f34c9409f2.rlib" "/opt/rustwide/rustup-home/toolchains/1.69.0-x86_64-unknown-linux-gnu/lib/rustlib/x86_64-unknown-linux-gnu/lib/librustc_std_workspace_alloc-f833521df6074e73.rlib" "/opt/rustwide/rustup-home/toolchains/1.69.0-x86_64-unknown-linux-gnu/lib/rustlib/x86_64-unknown-linux-gnu/lib/libunwind-9ac333113350d171.rlib" "/opt/rustwide/rustup-home/toolchains/1.69.0-x86_64-unknown-linux-gnu/lib/rustlib/x86_64-unknown-linux-gnu/lib/libcfg_if-1c126114322d0eee.rlib" "/opt/rustwide/rustup-home/toolchains/1.69.0-x86_64-unknown-linux-gnu/lib/rustlib/x86_64-unknown-linux-gnu/lib/liblibc-bad9164fdeeecf92.rlib" "/opt/rustwide/rustup-home/toolchains/1.69.0-x86_64-unknown-linux-gnu/lib/rustlib/x86_64-unknown-linux-gnu/lib/liballoc-f9374b1e480fa681.rlib" "/opt/rustwide/rustup-home/toolchains/1.69.0-x86_64-unknown-linux-gnu/lib/rustlib/x86_64-unknown-linux-gnu/lib/librustc_std_workspace_core-207f06e41d9603af.rlib" "/opt/rustwide/rustup-home/toolchains/1.69.0-x86_64-unknown-linux-gnu/lib/rustlib/x86_64-unknown-linux-gnu/lib/libcore-7e2768e66e984e85.rlib" "/opt/rustwide/rustup-home/toolchains/1.69.0-x86_64-unknown-linux-gnu/lib/rustlib/x86_64-unknown-linux-gnu/lib/libcompiler_builtins-957b4aff41f8cd46.rlib" "-Wl,-Bdynamic" "-lgcc_s" "-lutil" "-lrt" "-lpthread" "-lm" "-ldl" "-lc" "-Wl,--eh-frame-hdr" "-Wl,-z,noexecstack" "-L" "/opt/rustwide/rustup-home/toolchains/1.69.0-x86_64-unknown-linux-gnu/lib/rustlib/x86_64-unknown-linux-gnu/lib" "-o" "/tmp/rustdoctest0DKqfm/rust_out" "-Wl,--gc-sections" "-pie" "-Wl,-z,relro,-z,now" "-nodefaultlibs"
[INFO] [stdout]   = note: collect2: fatal error: ld terminated with signal 9 [Killed]
[INFO] [stdout]           compilation terminated.
[INFO] [stdout]           
[INFO] [stdout] 
[INFO] [stdout] error: aborting due to previous error
[INFO] [stdout] 
[INFO] [stdout] Couldn't compile the test.
[INFO] [stdout] 
[INFO] [stdout] failures:
[INFO] [stdout]     src/log.rs - log::fatal (line 209)
[INFO] [stdout]     src/log.rs - log::setup_elastic_log (line 396)
[INFO] [stdout] 
[INFO] [stdout] test result: FAILED. 4 passed; 2 failed; 0 ignored; 0 measured; 0 filtered out; finished in 5.15s
[INFO] [stdout] 
[INFO] [stderr] error: doctest failed, to rerun pass `--doc`
[INFO] running `Command { std: "docker" "inspect" "fc457fac2a0b0333cab4075b1f4a90f6d5a995624433b36029f3a01313c2663b", kill_on_drop: false }`
[INFO] running `Command { std: "docker" "rm" "-f" "fc457fac2a0b0333cab4075b1f4a90f6d5a995624433b36029f3a01313c2663b", kill_on_drop: false }`
[INFO] [stdout] fc457fac2a0b0333cab4075b1f4a90f6d5a995624433b36029f3a01313c2663b
