[INFO] fetching crate reedline-repl-rs 1.0.5...
[INFO] testing reedline-repl-rs-1.0.5 against 1.69.0 for beta-1.70-1
[INFO] extracting crate reedline-repl-rs 1.0.5 into /workspace/builds/worker-0-tc1/source
[INFO] validating manifest of crates.io crate reedline-repl-rs 1.0.5 on toolchain 1.69.0
[INFO] running `Command { std: CARGO_HOME="/workspace/cargo-home" RUSTUP_HOME="/workspace/rustup-home" "/workspace/cargo-home/bin/cargo" "+1.69.0" "metadata" "--manifest-path" "Cargo.toml" "--no-deps", kill_on_drop: false }`
[INFO] started tweaking crates.io crate reedline-repl-rs 1.0.5
[INFO] removed 0 missing examples
[INFO] finished tweaking crates.io crate reedline-repl-rs 1.0.5
[INFO] tweaked toml for crates.io crate reedline-repl-rs 1.0.5 written to /workspace/builds/worker-0-tc1/source/Cargo.toml
[INFO] crate crates.io crate reedline-repl-rs 1.0.5 already has a lockfile, it will not be regenerated
[INFO] running `Command { std: CARGO_HOME="/workspace/cargo-home" RUSTUP_HOME="/workspace/rustup-home" "/workspace/cargo-home/bin/cargo" "+1.69.0" "fetch" "--manifest-path" "Cargo.toml", kill_on_drop: false }`
[INFO] [stderr]  Downloading crates ...
[INFO] [stderr]   Downloaded crossterm v0.24.0
[INFO] [stderr]   Downloaded io-lifetimes v0.6.1
[INFO] [stderr]   Downloaded crossterm v0.26.1
[INFO] [stderr]   Downloaded fd-lock v3.0.5
[INFO] [stderr]   Downloaded reedline v0.18.0
[INFO] [stderr]   Downloaded rustix v0.34.8
[INFO] [stderr]   Downloaded windows-sys v0.30.0
[INFO] running `Command { std: "docker" "create" "-v" "/var/lib/crater-agent-workspace/builds/worker-0-tc1/target:/opt/rustwide/target:rw,Z" "-v" "/var/lib/crater-agent-workspace/builds/worker-0-tc1/source:/opt/rustwide/workdir:ro,Z" "-v" "/var/lib/crater-agent-workspace/cargo-home:/opt/rustwide/cargo-home:ro,Z" "-v" "/var/lib/crater-agent-workspace/rustup-home:/opt/rustwide/rustup-home:ro,Z" "-e" "SOURCE_DIR=/opt/rustwide/workdir" "-e" "CARGO_TARGET_DIR=/opt/rustwide/target" "-e" "CARGO_HOME=/opt/rustwide/cargo-home" "-e" "RUSTUP_HOME=/opt/rustwide/rustup-home" "-w" "/opt/rustwide/workdir" "-m" "1610612736" "--user" "0:0" "--network" "none" "ghcr.io/rust-lang/crates-build-env/linux@sha256:5ff2268d62e97bff2cde7d5815dd6ed5b47097566f13b8d0ca110b04b60e07ed" "/opt/rustwide/cargo-home/bin/cargo" "+1.69.0" "metadata" "--no-deps" "--format-version=1", kill_on_drop: false }`
[INFO] [stdout] 7715d8ae352977df6dc75811c39c81cf370e4b71824ce81aa246d8b4bf623031
[INFO] running `Command { std: "docker" "start" "-a" "7715d8ae352977df6dc75811c39c81cf370e4b71824ce81aa246d8b4bf623031", kill_on_drop: false }`
[INFO] running `Command { std: "docker" "inspect" "7715d8ae352977df6dc75811c39c81cf370e4b71824ce81aa246d8b4bf623031", kill_on_drop: false }`
[INFO] running `Command { std: "docker" "rm" "-f" "7715d8ae352977df6dc75811c39c81cf370e4b71824ce81aa246d8b4bf623031", kill_on_drop: false }`
[INFO] [stdout] 7715d8ae352977df6dc75811c39c81cf370e4b71824ce81aa246d8b4bf623031
[INFO] running `Command { std: "docker" "create" "-v" "/var/lib/crater-agent-workspace/builds/worker-0-tc1/target:/opt/rustwide/target:rw,Z" "-v" "/var/lib/crater-agent-workspace/builds/worker-0-tc1/source:/opt/rustwide/workdir:ro,Z" "-v" "/var/lib/crater-agent-workspace/cargo-home:/opt/rustwide/cargo-home:ro,Z" "-v" "/var/lib/crater-agent-workspace/rustup-home:/opt/rustwide/rustup-home:ro,Z" "-e" "SOURCE_DIR=/opt/rustwide/workdir" "-e" "CARGO_TARGET_DIR=/opt/rustwide/target" "-e" "CARGO_INCREMENTAL=0" "-e" "RUST_BACKTRACE=full" "-e" "RUSTFLAGS=--cap-lints=warn" "-e" "RUSTDOCFLAGS=--cap-lints=warn" "-e" "CARGO_HOME=/opt/rustwide/cargo-home" "-e" "RUSTUP_HOME=/opt/rustwide/rustup-home" "-w" "/opt/rustwide/workdir" "-m" "1610612736" "--user" "0:0" "--network" "none" "ghcr.io/rust-lang/crates-build-env/linux@sha256:5ff2268d62e97bff2cde7d5815dd6ed5b47097566f13b8d0ca110b04b60e07ed" "/opt/rustwide/cargo-home/bin/cargo" "+1.69.0" "build" "--frozen" "--message-format=json", kill_on_drop: false }`
[INFO] [stdout] 19824882375c83f224145bffcdd8a11cc1b9229703b301bb8da7a97140560ee0
[INFO] running `Command { std: "docker" "start" "-a" "19824882375c83f224145bffcdd8a11cc1b9229703b301bb8da7a97140560ee0", kill_on_drop: false }`
[INFO] [stderr]    Compiling libc v0.2.126
[INFO] [stderr]    Compiling proc-macro2 v1.0.39
[INFO] [stderr]    Compiling unicode-ident v1.0.0
[INFO] [stderr]    Compiling syn v1.0.96
[INFO] [stderr]    Compiling log v0.4.17
[INFO] [stderr]    Compiling lock_api v0.4.7
[INFO] [stderr]    Compiling parking_lot_core v0.9.3
[INFO] [stderr]    Compiling signal-hook v0.3.14
[INFO] [stderr]    Compiling num-traits v0.2.15
[INFO] [stderr]    Compiling serde_derive v1.0.137
[INFO] [stderr]    Compiling smallvec v1.8.0
[INFO] [stderr]    Compiling io-lifetimes v0.6.1
[INFO] [stderr]    Compiling num-integer v0.1.45
[INFO] [stderr]    Compiling memchr v2.5.0
[INFO] [stderr]    Compiling serde v1.0.137
[INFO] [stderr]    Compiling rustix v0.34.8
[INFO] [stderr]    Compiling quote v1.0.18
[INFO] [stderr]    Compiling arrayvec v0.5.2
[INFO] [stderr]    Compiling thiserror v1.0.38
[INFO] [stderr]    Compiling signal-hook-registry v1.4.0
[INFO] [stderr]    Compiling mio v0.8.3
[INFO] [stderr]    Compiling utf8parse v0.2.0
[INFO] [stderr]    Compiling vte_generate_state_changes v0.1.1
[INFO] [stderr]    Compiling parking_lot v0.12.1
[INFO] [stderr]    Compiling signal-hook-mio v0.2.3
[INFO] [stderr]    Compiling linux-raw-sys v0.0.46
[INFO] [stderr]    Compiling vte v0.10.1
[INFO] [stderr]    Compiling time v0.1.44
[INFO] [stderr]    Compiling heck v0.4.0
[INFO] [stderr]    Compiling either v1.8.0
[INFO] [stderr]    Compiling os_str_bytes v6.1.0
[INFO] [stderr]    Compiling itertools v0.10.5
[INFO] [stderr]    Compiling aho-corasick v0.7.18
[INFO] [stderr]    Compiling clap_lex v0.3.1
[INFO] [stderr]    Compiling chrono v0.4.19
[INFO] [stderr]    Compiling atty v0.2.14
[INFO] [stderr]    Compiling strip-ansi-escapes v0.1.1
[INFO] [stderr]    Compiling nu-ansi-term v0.47.0
[INFO] [stderr]    Compiling regex-syntax v0.6.26
[INFO] [stderr]    Compiling strum v0.24.0
[INFO] [stderr]    Compiling unicode-segmentation v1.9.0
[INFO] [stderr]    Compiling clap v4.0.26
[INFO] [stderr]    Compiling crossterm v0.26.1
[INFO] [stderr]    Compiling yansi v0.5.1
[INFO] [stderr]    Compiling fd-lock v3.0.5
[INFO] [stderr]    Compiling thiserror-impl v1.0.38
[INFO] [stderr]    Compiling strum_macros v0.24.0
[INFO] [stderr]    Compiling regex v1.5.6
[INFO] [stderr]    Compiling crossterm v0.24.0
[INFO] [stderr]    Compiling reedline v0.18.0
[INFO] [stderr]    Compiling reedline-repl-rs v1.0.5 (/opt/rustwide/workdir)
[INFO] [stderr]     Finished dev [unoptimized + debuginfo] target(s) in 24.20s
[INFO] running `Command { std: "docker" "inspect" "19824882375c83f224145bffcdd8a11cc1b9229703b301bb8da7a97140560ee0", kill_on_drop: false }`
[INFO] running `Command { std: "docker" "rm" "-f" "19824882375c83f224145bffcdd8a11cc1b9229703b301bb8da7a97140560ee0", kill_on_drop: false }`
[INFO] [stdout] 19824882375c83f224145bffcdd8a11cc1b9229703b301bb8da7a97140560ee0
[INFO] running `Command { std: "docker" "create" "-v" "/var/lib/crater-agent-workspace/builds/worker-0-tc1/target:/opt/rustwide/target:rw,Z" "-v" "/var/lib/crater-agent-workspace/builds/worker-0-tc1/source:/opt/rustwide/workdir:ro,Z" "-v" "/var/lib/crater-agent-workspace/cargo-home:/opt/rustwide/cargo-home:ro,Z" "-v" "/var/lib/crater-agent-workspace/rustup-home:/opt/rustwide/rustup-home:ro,Z" "-e" "SOURCE_DIR=/opt/rustwide/workdir" "-e" "CARGO_TARGET_DIR=/opt/rustwide/target" "-e" "CARGO_INCREMENTAL=0" "-e" "RUST_BACKTRACE=full" "-e" "RUSTFLAGS=--cap-lints=warn" "-e" "RUSTDOCFLAGS=--cap-lints=warn" "-e" "CARGO_HOME=/opt/rustwide/cargo-home" "-e" "RUSTUP_HOME=/opt/rustwide/rustup-home" "-w" "/opt/rustwide/workdir" "-m" "1610612736" "--user" "0:0" "--network" "none" "ghcr.io/rust-lang/crates-build-env/linux@sha256:5ff2268d62e97bff2cde7d5815dd6ed5b47097566f13b8d0ca110b04b60e07ed" "/opt/rustwide/cargo-home/bin/cargo" "+1.69.0" "test" "--frozen" "--no-run" "--message-format=json", kill_on_drop: false }`
[INFO] [stdout] 538eac9fd23405b0f1c8efe43ae74d8afbdeffbb75c0a9fdfc974d6c16921fb5
[INFO] running `Command { std: "docker" "start" "-a" "538eac9fd23405b0f1c8efe43ae74d8afbdeffbb75c0a9fdfc974d6c16921fb5", kill_on_drop: false }`
[INFO] [stderr]    Compiling syn v1.0.96
[INFO] [stderr]    Compiling num_cpus v1.13.1
[INFO] [stderr]    Compiling once_cell v1.12.0
[INFO] [stderr]    Compiling pin-project-lite v0.2.9
[INFO] [stderr]    Compiling serde_derive v1.0.137
[INFO] [stderr]    Compiling thiserror-impl v1.0.38
[INFO] [stderr]    Compiling strum_macros v0.24.0
[INFO] [stderr]    Compiling tokio-macros v1.8.0
[INFO] [stderr]    Compiling tokio v1.19.2
[INFO] [stderr]    Compiling thiserror v1.0.38
[INFO] [stderr]    Compiling serde v1.0.137
[INFO] [stderr]    Compiling crossterm v0.24.0
[INFO] [stderr]    Compiling reedline v0.18.0
[INFO] [stderr]    Compiling reedline-repl-rs v1.0.5 (/opt/rustwide/workdir)
[INFO] [stderr]     Finished test [unoptimized + debuginfo] target(s) in 22.17s
[INFO] running `Command { std: "docker" "inspect" "538eac9fd23405b0f1c8efe43ae74d8afbdeffbb75c0a9fdfc974d6c16921fb5", kill_on_drop: false }`
[INFO] running `Command { std: "docker" "rm" "-f" "538eac9fd23405b0f1c8efe43ae74d8afbdeffbb75c0a9fdfc974d6c16921fb5", kill_on_drop: false }`
[INFO] [stdout] 538eac9fd23405b0f1c8efe43ae74d8afbdeffbb75c0a9fdfc974d6c16921fb5
[INFO] running `Command { std: "docker" "create" "-v" "/var/lib/crater-agent-workspace/builds/worker-0-tc1/target:/opt/rustwide/target:rw,Z" "-v" "/var/lib/crater-agent-workspace/builds/worker-0-tc1/source:/opt/rustwide/workdir:ro,Z" "-v" "/var/lib/crater-agent-workspace/cargo-home:/opt/rustwide/cargo-home:ro,Z" "-v" "/var/lib/crater-agent-workspace/rustup-home:/opt/rustwide/rustup-home:ro,Z" "-e" "SOURCE_DIR=/opt/rustwide/workdir" "-e" "CARGO_TARGET_DIR=/opt/rustwide/target" "-e" "CARGO_INCREMENTAL=0" "-e" "RUST_BACKTRACE=full" "-e" "RUSTFLAGS=--cap-lints=warn" "-e" "RUSTDOCFLAGS=--cap-lints=warn" "-e" "CARGO_HOME=/opt/rustwide/cargo-home" "-e" "RUSTUP_HOME=/opt/rustwide/rustup-home" "-w" "/opt/rustwide/workdir" "-m" "1610612736" "--user" "0:0" "--network" "none" "ghcr.io/rust-lang/crates-build-env/linux@sha256:5ff2268d62e97bff2cde7d5815dd6ed5b47097566f13b8d0ca110b04b60e07ed" "/opt/rustwide/cargo-home/bin/cargo" "+1.69.0" "test" "--frozen", kill_on_drop: false }`
[INFO] [stdout] bb1ae31c09833848b6beb1332426213dd103a0063d672deccf7dd46e443ee5cd
[INFO] running `Command { std: "docker" "start" "-a" "bb1ae31c09833848b6beb1332426213dd103a0063d672deccf7dd46e443ee5cd", kill_on_drop: false }`
[INFO] [stderr]     Finished test [unoptimized + debuginfo] target(s) in 0.10s
[INFO] [stderr]      Running unittests src/lib.rs (/opt/rustwide/target/debug/deps/reedline_repl_rs-b1f780a8bda80bf5)
[INFO] [stdout] 
[INFO] [stdout] running 0 tests
[INFO] [stdout] 
[INFO] [stdout] test result: ok. 0 passed; 0 failed; 0 ignored; 0 measured; 0 filtered out; finished in 0.00s
[INFO] [stdout] 
[INFO] [stderr]    Doc-tests reedline-repl-rs
[INFO] [stdout] 
[INFO] [stdout] running 5 tests
[INFO] [stdout] test src/lib.rs - (line 5) - compile ... ok
[INFO] [stdout] test src/lib.rs - (line 156) - compile ... ok
[INFO] [stdout] test src/lib.rs - (line 58) - compile ... ok
[INFO] [stdout] test src/lib.rs - (line 264) - compile ... ok
[INFO] [stdout] test src/lib.rs - (line 117) - compile ... FAILED
[INFO] [stderr] error: doctest failed, to rerun pass `--doc`
[INFO] [stdout] 
[INFO] [stdout] failures:
[INFO] [stdout] 
[INFO] [stdout] ---- src/lib.rs - (line 117) stdout ----
[INFO] [stdout] error[E0599]: no method named `with_command_async` found for struct `Repl` in the current scope
[INFO] [stdout]   --> src/lib.rs:140:10
[INFO] [stdout]    |
[INFO] [stdout] 22 |       let mut repl = Repl::new(())
[INFO] [stdout]    |  ____________________-
[INFO] [stdout] 23 | |         .with_name("MyApp")
[INFO] [stdout] 24 | |         .with_version("v0.1.0")
[INFO] [stdout] 25 | |         .with_command_async(
[INFO] [stdout]    | |         -^^^^^^^^^^^^^^^^^^ help: there is a method with a similar name: `with_command`
[INFO] [stdout]    | |_________|
[INFO] [stdout]    | 
[INFO] [stdout] 
[INFO] [stdout] error: aborting due to previous error
[INFO] [stdout] 
[INFO] [stdout] For more information about this error, try `rustc --explain E0599`.
[INFO] [stdout] Couldn't compile the test.
[INFO] [stdout] 
[INFO] [stdout] failures:
[INFO] [stdout]     src/lib.rs - (line 117)
[INFO] [stdout] 
[INFO] [stdout] test result: FAILED. 4 passed; 1 failed; 0 ignored; 0 measured; 0 filtered out; finished in 0.25s
[INFO] [stdout] 
[INFO] running `Command { std: "docker" "inspect" "bb1ae31c09833848b6beb1332426213dd103a0063d672deccf7dd46e443ee5cd", kill_on_drop: false }`
[INFO] running `Command { std: "docker" "rm" "-f" "bb1ae31c09833848b6beb1332426213dd103a0063d672deccf7dd46e443ee5cd", kill_on_drop: false }`
[INFO] [stdout] bb1ae31c09833848b6beb1332426213dd103a0063d672deccf7dd46e443ee5cd
