[INFO] fetching crate redis-macros-derive 0.1.1...
[INFO] testing redis-macros-derive-0.1.1 against beta-2023-04-20 for beta-1.70-1
[INFO] extracting crate redis-macros-derive 0.1.1 into /workspace/builds/worker-2-tc2/source
[INFO] validating manifest of crates.io crate redis-macros-derive 0.1.1 on toolchain beta-2023-04-20
[INFO] running `Command { std: CARGO_HOME="/workspace/cargo-home" RUSTUP_HOME="/workspace/rustup-home" "/workspace/cargo-home/bin/cargo" "+beta-2023-04-20" "metadata" "--manifest-path" "Cargo.toml" "--no-deps", kill_on_drop: false }`
[INFO] started tweaking crates.io crate redis-macros-derive 0.1.1
[INFO] finished tweaking crates.io crate redis-macros-derive 0.1.1
[INFO] tweaked toml for crates.io crate redis-macros-derive 0.1.1 written to /workspace/builds/worker-2-tc2/source/Cargo.toml
[INFO] running `Command { std: CARGO_HOME="/workspace/cargo-home" RUSTUP_HOME="/workspace/rustup-home" __CARGO_TEST_CHANNEL_OVERRIDE_DO_NOT_USE_THIS="nightly" "/workspace/cargo-home/bin/cargo" "+beta-2023-04-20" "generate-lockfile" "--manifest-path" "Cargo.toml" "-Zno-index-update", kill_on_drop: false }`
[INFO] running `Command { std: CARGO_HOME="/workspace/cargo-home" RUSTUP_HOME="/workspace/rustup-home" "/workspace/cargo-home/bin/cargo" "+beta-2023-04-20" "fetch" "--manifest-path" "Cargo.toml", kill_on_drop: false }`
[INFO] [stderr]  Downloading crates ...
[INFO] [stderr]   Downloaded redis v0.22.3
[INFO] running `Command { std: "docker" "create" "-v" "/var/lib/crater-agent-workspace/builds/worker-2-tc2/target:/opt/rustwide/target:rw,Z" "-v" "/var/lib/crater-agent-workspace/builds/worker-2-tc2/source:/opt/rustwide/workdir:ro,Z" "-v" "/var/lib/crater-agent-workspace/cargo-home:/opt/rustwide/cargo-home:ro,Z" "-v" "/var/lib/crater-agent-workspace/rustup-home:/opt/rustwide/rustup-home:ro,Z" "-e" "SOURCE_DIR=/opt/rustwide/workdir" "-e" "CARGO_TARGET_DIR=/opt/rustwide/target" "-e" "CARGO_HOME=/opt/rustwide/cargo-home" "-e" "RUSTUP_HOME=/opt/rustwide/rustup-home" "-w" "/opt/rustwide/workdir" "-m" "1610612736" "--user" "0:0" "--network" "none" "ghcr.io/rust-lang/crates-build-env/linux@sha256:5ff2268d62e97bff2cde7d5815dd6ed5b47097566f13b8d0ca110b04b60e07ed" "/opt/rustwide/cargo-home/bin/cargo" "+beta-2023-04-20" "metadata" "--no-deps" "--format-version=1", kill_on_drop: false }`
[INFO] [stdout] 557ef34f80f6cd73eb51047605bd93f5fc4bab7f99fd4e4675a88bb1e64c03a8
[INFO] running `Command { std: "docker" "start" "-a" "557ef34f80f6cd73eb51047605bd93f5fc4bab7f99fd4e4675a88bb1e64c03a8", kill_on_drop: false }`
[INFO] running `Command { std: "docker" "inspect" "557ef34f80f6cd73eb51047605bd93f5fc4bab7f99fd4e4675a88bb1e64c03a8", kill_on_drop: false }`
[INFO] running `Command { std: "docker" "rm" "-f" "557ef34f80f6cd73eb51047605bd93f5fc4bab7f99fd4e4675a88bb1e64c03a8", kill_on_drop: false }`
[INFO] [stdout] 557ef34f80f6cd73eb51047605bd93f5fc4bab7f99fd4e4675a88bb1e64c03a8
[INFO] running `Command { std: "docker" "create" "-v" "/var/lib/crater-agent-workspace/builds/worker-2-tc2/target:/opt/rustwide/target:rw,Z" "-v" "/var/lib/crater-agent-workspace/builds/worker-2-tc2/source:/opt/rustwide/workdir:ro,Z" "-v" "/var/lib/crater-agent-workspace/cargo-home:/opt/rustwide/cargo-home:ro,Z" "-v" "/var/lib/crater-agent-workspace/rustup-home:/opt/rustwide/rustup-home:ro,Z" "-e" "SOURCE_DIR=/opt/rustwide/workdir" "-e" "CARGO_TARGET_DIR=/opt/rustwide/target" "-e" "CARGO_INCREMENTAL=0" "-e" "RUST_BACKTRACE=full" "-e" "RUSTFLAGS=--cap-lints=warn" "-e" "RUSTDOCFLAGS=--cap-lints=warn" "-e" "CARGO_HOME=/opt/rustwide/cargo-home" "-e" "RUSTUP_HOME=/opt/rustwide/rustup-home" "-w" "/opt/rustwide/workdir" "-m" "1610612736" "--user" "0:0" "--network" "none" "ghcr.io/rust-lang/crates-build-env/linux@sha256:5ff2268d62e97bff2cde7d5815dd6ed5b47097566f13b8d0ca110b04b60e07ed" "/opt/rustwide/cargo-home/bin/cargo" "+beta-2023-04-20" "build" "--frozen" "--message-format=json", kill_on_drop: false }`
[INFO] [stdout] f351861b79b408926b868fa0e2fdef29466584da08145856b18ccfd518873acb
[INFO] running `Command { std: "docker" "start" "-a" "f351861b79b408926b868fa0e2fdef29466584da08145856b18ccfd518873acb", kill_on_drop: false }`
[INFO] [stderr]    Compiling syn v1.0.109
[INFO] [stderr]    Compiling redis-macros-derive v0.1.1 (/opt/rustwide/workdir)
[INFO] [stderr]     Finished dev [unoptimized + debuginfo] target(s) in 3.52s
[INFO] running `Command { std: "docker" "inspect" "f351861b79b408926b868fa0e2fdef29466584da08145856b18ccfd518873acb", kill_on_drop: false }`
[INFO] running `Command { std: "docker" "rm" "-f" "f351861b79b408926b868fa0e2fdef29466584da08145856b18ccfd518873acb", kill_on_drop: false }`
[INFO] [stdout] f351861b79b408926b868fa0e2fdef29466584da08145856b18ccfd518873acb
[INFO] running `Command { std: "docker" "create" "-v" "/var/lib/crater-agent-workspace/builds/worker-2-tc2/target:/opt/rustwide/target:rw,Z" "-v" "/var/lib/crater-agent-workspace/builds/worker-2-tc2/source:/opt/rustwide/workdir:ro,Z" "-v" "/var/lib/crater-agent-workspace/cargo-home:/opt/rustwide/cargo-home:ro,Z" "-v" "/var/lib/crater-agent-workspace/rustup-home:/opt/rustwide/rustup-home:ro,Z" "-e" "SOURCE_DIR=/opt/rustwide/workdir" "-e" "CARGO_TARGET_DIR=/opt/rustwide/target" "-e" "CARGO_INCREMENTAL=0" "-e" "RUST_BACKTRACE=full" "-e" "RUSTFLAGS=--cap-lints=warn" "-e" "RUSTDOCFLAGS=--cap-lints=warn" "-e" "CARGO_HOME=/opt/rustwide/cargo-home" "-e" "RUSTUP_HOME=/opt/rustwide/rustup-home" "-w" "/opt/rustwide/workdir" "-m" "1610612736" "--user" "0:0" "--network" "none" "ghcr.io/rust-lang/crates-build-env/linux@sha256:5ff2268d62e97bff2cde7d5815dd6ed5b47097566f13b8d0ca110b04b60e07ed" "/opt/rustwide/cargo-home/bin/cargo" "+beta-2023-04-20" "test" "--frozen" "--no-run" "--message-format=json", kill_on_drop: false }`
[INFO] [stdout] 8885aadcab784dc70b36b97e41051dfedae9272be6e762b184dd616f08e381b5
[INFO] running `Command { std: "docker" "start" "-a" "8885aadcab784dc70b36b97e41051dfedae9272be6e762b184dd616f08e381b5", kill_on_drop: false }`
[INFO] [stderr]    Compiling cfg-if v1.0.0
[INFO] [stderr]    Compiling log v0.4.17
[INFO] [stderr]    Compiling pin-project-lite v0.2.9
[INFO] [stderr]    Compiling futures-core v0.3.28
[INFO] [stderr]    Compiling serde_derive v1.0.160
[INFO] [stderr]    Compiling tinyvec_macros v0.1.1
[INFO] [stderr]    Compiling once_cell v1.17.1
[INFO] [stderr]    Compiling serde v1.0.160
[INFO] [stderr]    Compiling memchr v2.5.0
[INFO] [stderr]    Compiling futures-sink v0.3.28
[INFO] [stderr]    Compiling futures-task v0.3.28
[INFO] [stderr]    Compiling libc v0.2.142
[INFO] [stderr]    Compiling tokio v1.28.0
[INFO] [stderr]    Compiling bytes v1.4.0
[INFO] [stderr]    Compiling indexmap v1.9.3
[INFO] [stderr]    Compiling syn v2.0.15
[INFO] [stderr]    Compiling tinyvec v1.6.0
[INFO] [stderr]    Compiling ryu v1.0.13
[INFO] [stderr]    Compiling async-trait v0.1.68
[INFO] [stderr]    Compiling futures-util v0.3.28
[INFO] [stderr]    Compiling tracing-core v0.1.30
[INFO] [stderr]    Compiling unicode-bidi v0.3.13
[INFO] [stderr]    Compiling itoa v1.0.6
[INFO] [stderr]    Compiling percent-encoding v2.2.0
[INFO] [stderr]    Compiling serde_json v1.0.96
[INFO] [stderr]    Compiling pin-utils v0.1.0
[INFO] [stderr]    Compiling hashbrown v0.12.3
[INFO] [stderr]    Compiling sha1_smol v1.0.0
[INFO] [stderr]    Compiling form_urlencoded v1.1.0
[INFO] [stderr]    Compiling unsafe-libyaml v0.2.8
[INFO] [stderr]    Compiling redis-macros-derive v0.1.1 (/opt/rustwide/workdir)
[INFO] [stderr]    Compiling tracing v0.1.37
[INFO] [stderr]    Compiling unicode-normalization v0.1.22
[INFO] [stderr]    Compiling mio v0.8.6
[INFO] [stderr]    Compiling socket2 v0.4.9
[INFO] [stderr]    Compiling idna v0.3.0
[INFO] [stderr]    Compiling url v2.3.1
[INFO] [stderr]    Compiling tokio-util v0.7.8
[INFO] [stderr]    Compiling combine v4.6.6
[INFO] [stderr]    Compiling serde_yaml v0.9.21
[INFO] [stderr]    Compiling redis v0.22.3
[INFO] [stderr]     Finished test [unoptimized + debuginfo] target(s) in 20.56s
[INFO] running `Command { std: "docker" "inspect" "8885aadcab784dc70b36b97e41051dfedae9272be6e762b184dd616f08e381b5", kill_on_drop: false }`
[INFO] running `Command { std: "docker" "rm" "-f" "8885aadcab784dc70b36b97e41051dfedae9272be6e762b184dd616f08e381b5", kill_on_drop: false }`
[INFO] [stdout] 8885aadcab784dc70b36b97e41051dfedae9272be6e762b184dd616f08e381b5
[INFO] running `Command { std: "docker" "create" "-v" "/var/lib/crater-agent-workspace/builds/worker-2-tc2/target:/opt/rustwide/target:rw,Z" "-v" "/var/lib/crater-agent-workspace/builds/worker-2-tc2/source:/opt/rustwide/workdir:ro,Z" "-v" "/var/lib/crater-agent-workspace/cargo-home:/opt/rustwide/cargo-home:ro,Z" "-v" "/var/lib/crater-agent-workspace/rustup-home:/opt/rustwide/rustup-home:ro,Z" "-e" "SOURCE_DIR=/opt/rustwide/workdir" "-e" "CARGO_TARGET_DIR=/opt/rustwide/target" "-e" "CARGO_INCREMENTAL=0" "-e" "RUST_BACKTRACE=full" "-e" "RUSTFLAGS=--cap-lints=warn" "-e" "RUSTDOCFLAGS=--cap-lints=warn" "-e" "CARGO_HOME=/opt/rustwide/cargo-home" "-e" "RUSTUP_HOME=/opt/rustwide/rustup-home" "-w" "/opt/rustwide/workdir" "-m" "1610612736" "--user" "0:0" "--network" "none" "ghcr.io/rust-lang/crates-build-env/linux@sha256:5ff2268d62e97bff2cde7d5815dd6ed5b47097566f13b8d0ca110b04b60e07ed" "/opt/rustwide/cargo-home/bin/cargo" "+beta-2023-04-20" "test" "--frozen", kill_on_drop: false }`
[INFO] [stdout] de5fd242f764a9a4198ded8063f461ae581c8acaab4ba0938302e9342724139e
[INFO] running `Command { std: "docker" "start" "-a" "de5fd242f764a9a4198ded8063f461ae581c8acaab4ba0938302e9342724139e", kill_on_drop: false }`
[INFO] [stderr]     Blocking waiting for file lock on package cache
[INFO] [stderr]     Finished test [unoptimized + debuginfo] target(s) in 0.19s
[INFO] [stderr]      Running unittests src/lib.rs (/opt/rustwide/target/debug/deps/redis_macros_derive-180547ade07205aa)
[INFO] [stdout] 
[INFO] [stdout] running 0 tests
[INFO] [stdout] 
[INFO] [stdout] test result: ok. 0 passed; 0 failed; 0 ignored; 0 measured; 0 filtered out; finished in 0.00s
[INFO] [stdout] 
[INFO] [stderr]    Doc-tests redis-macros-derive
[INFO] [stdout] 
[INFO] [stdout] running 4 tests
[INFO] [stdout] test src/lib.rs - to_redis_args_macro (line 178) - compile ... FAILED
[INFO] [stdout] test src/lib.rs - to_redis_args_macro (line 158) - compile ... FAILED
[INFO] [stdout] test src/lib.rs - from_redis_value_macro (line 66) - compile ... FAILED
[INFO] [stdout] test src/lib.rs - from_redis_value_macro (line 46) - compile ... FAILED
[INFO] [stderr] error: doctest failed, to rerun pass `--doc`
[INFO] [stdout] 
[INFO] [stdout] failures:
[INFO] [stdout] 
[INFO] [stdout] ---- src/lib.rs - to_redis_args_macro (line 178) stdout ----
[INFO] [stdout] error[E0432]: unresolved import `redis_macros`
[INFO] [stdout]  --> src/lib.rs:180:5
[INFO] [stdout]   |
[INFO] [stdout] 4 | use redis_macros::{ToRedisArgs};
[INFO] [stdout]   |     ^^^^^^^^^^^^ use of undeclared crate or module `redis_macros`
[INFO] [stdout] 
[INFO] [stdout] error: cannot determine resolution for the derive macro `ToRedisArgs`
[INFO] [stdout]  --> src/lib.rs:183:10
[INFO] [stdout]   |
[INFO] [stdout] 7 | #[derive(ToRedisArgs, Serialize)]
[INFO] [stdout]   |          ^^^^^^^^^^^
[INFO] [stdout]   |
[INFO] [stdout]   = note: import resolution is stuck, try simplifying macro imports
[INFO] [stdout] 
[INFO] [stdout] error: cannot find attribute `redis_serializer` in this scope
[INFO] [stdout]  --> src/lib.rs:184:3
[INFO] [stdout]   |
[INFO] [stdout] 8 | #[redis_serializer(serde_yaml)]
[INFO] [stdout]   |   ^^^^^^^^^^^^^^^^
[INFO] [stdout] 
[INFO] [stdout] error: aborting due to 3 previous errors
[INFO] [stdout] 
[INFO] [stdout] For more information about this error, try `rustc --explain E0432`.
[INFO] [stdout] Couldn't compile the test.
[INFO] [stdout] ---- src/lib.rs - to_redis_args_macro (line 158) stdout ----
[INFO] [stdout] error[E0432]: unresolved import `redis_macros`
[INFO] [stdout]  --> src/lib.rs:160:5
[INFO] [stdout]   |
[INFO] [stdout] 3 | use redis_macros::{ToRedisArgs};
[INFO] [stdout]   |     ^^^^^^^^^^^^ use of undeclared crate or module `redis_macros`
[INFO] [stdout] 
[INFO] [stdout] error: cannot determine resolution for the derive macro `ToRedisArgs`
[INFO] [stdout]  --> src/lib.rs:163:10
[INFO] [stdout]   |
[INFO] [stdout] 6 | #[derive(ToRedisArgs, Serialize)]
[INFO] [stdout]   |          ^^^^^^^^^^^
[INFO] [stdout]   |
[INFO] [stdout]   = note: import resolution is stuck, try simplifying macro imports
[INFO] [stdout] 
[INFO] [stdout] error[E0277]: the trait bound `User: ToRedisArgs` is not satisfied
[INFO] [stdout]     --> src/lib.rs:169:17
[INFO] [stdout]      |
[INFO] [stdout] 12   | con.set("user", User { id: 1 })?;
[INFO] [stdout]      |     ---         ^^^^^^^^^^^^^^ the trait `ToRedisArgs` is not implemented for `User`
[INFO] [stdout]      |     |
[INFO] [stdout]      |     required by a bound introduced by this call
[INFO] [stdout]      |
[INFO] [stdout]      = help: the following other types implement trait `ToRedisArgs`:
[INFO] [stdout]                &'a [T; 0]
[INFO] [stdout]                &'a [T; 10]
[INFO] [stdout]                &'a [T; 11]
[INFO] [stdout]                &'a [T; 12]
[INFO] [stdout]                &'a [T; 13]
[INFO] [stdout]                &'a [T; 14]
[INFO] [stdout]                &'a [T; 15]
[INFO] [stdout]                &'a [T; 16]
[INFO] [stdout]              and 79 others
[INFO] [stdout] note: required by a bound in `redis::Commands::set`
[INFO] [stdout]     --> /opt/rustwide/cargo-home/registry/src/index.crates.io-6f17d22bba15001f/redis-0.22.3/src/commands/mod.rs:66:1
[INFO] [stdout]      |
[INFO] [stdout] 66   | / implement_commands! {
[INFO] [stdout] 67   | |     'a
[INFO] [stdout] 68   | |     // most common operations
[INFO] [stdout] 69   | |
[INFO] [stdout] ...    |
[INFO] [stdout] 1854 | |     }
[INFO] [stdout] 1855 | | }
[INFO] [stdout]      | |_^ required by this bound in `Commands::set`
[INFO] [stdout]      = note: this error originates in the macro `implement_commands` (in Nightly builds, run with -Z macro-backtrace for more info)
[INFO] [stdout] 
[INFO] [stdout] error: aborting due to 3 previous errors
[INFO] [stdout] 
[INFO] [stdout] Some errors have detailed explanations: E0277, E0432.
[INFO] [stdout] For more information about an error, try `rustc --explain E0277`.
[INFO] [stdout] Couldn't compile the test.
[INFO] [stdout] ---- src/lib.rs - from_redis_value_macro (line 66) stdout ----
[INFO] [stdout] error[E0432]: unresolved import `redis_macros`
[INFO] [stdout]  --> src/lib.rs:67:5
[INFO] [stdout]   |
[INFO] [stdout] 3 | use redis_macros::{FromRedisValue};
[INFO] [stdout]   |     ^^^^^^^^^^^^ use of undeclared crate or module `redis_macros`
[INFO] [stdout] 
[INFO] [stdout] error: cannot determine resolution for the derive macro `FromRedisValue`
[INFO] [stdout]  --> src/lib.rs:70:10
[INFO] [stdout]   |
[INFO] [stdout] 6 | #[derive(FromRedisValue, Deserialize)]
[INFO] [stdout]   |          ^^^^^^^^^^^^^^
[INFO] [stdout]   |
[INFO] [stdout]   = note: import resolution is stuck, try simplifying macro imports
[INFO] [stdout] 
[INFO] [stdout] error: cannot find attribute `redis_serializer` in this scope
[INFO] [stdout]  --> src/lib.rs:71:3
[INFO] [stdout]   |
[INFO] [stdout] 7 | #[redis_serializer(serde_yaml)]
[INFO] [stdout]   |   ^^^^^^^^^^^^^^^^
[INFO] [stdout] 
[INFO] [stdout] error: aborting due to 3 previous errors
[INFO] [stdout] 
[INFO] [stdout] For more information about this error, try `rustc --explain E0432`.
[INFO] [stdout] Couldn't compile the test.
[INFO] [stdout] ---- src/lib.rs - from_redis_value_macro (line 46) stdout ----
[INFO] [stdout] error[E0432]: unresolved import `redis_macros`
[INFO] [stdout]  --> src/lib.rs:48:5
[INFO] [stdout]   |
[INFO] [stdout] 3 | use redis_macros::{FromRedisValue};
[INFO] [stdout]   |     ^^^^^^^^^^^^ use of undeclared crate or module `redis_macros`
[INFO] [stdout] 
[INFO] [stdout] error: cannot determine resolution for the derive macro `FromRedisValue`
[INFO] [stdout]  --> src/lib.rs:51:10
[INFO] [stdout]   |
[INFO] [stdout] 6 | #[derive(FromRedisValue, Deserialize)]
[INFO] [stdout]   |          ^^^^^^^^^^^^^^
[INFO] [stdout]   |
[INFO] [stdout]   = note: import resolution is stuck, try simplifying macro imports
[INFO] [stdout] 
[INFO] [stdout] error[E0277]: the trait bound `User: FromRedisValue` is not satisfied
[INFO] [stdout]     --> src/lib.rs:58:22
[INFO] [stdout]      |
[INFO] [stdout] 13   | let user: User = con.get("user")?;  // => User { id: 1 }
[INFO] [stdout]      |                      ^^^ the trait `FromRedisValue` is not implemented for `User`
[INFO] [stdout]      |
[INFO] [stdout]      = help: the following other types implement trait `FromRedisValue`:
[INFO] [stdout]                ()
[INFO] [stdout]                (T1, T2, T3, T4, T5, T6, T7, T8, T9, T10, T11, T12)
[INFO] [stdout]                (T10, T11, T12)
[INFO] [stdout]                (T11, T12)
[INFO] [stdout]                (T12,)
[INFO] [stdout]                (T2, T3, T4, T5, T6, T7, T8, T9, T10, T11, T12)
[INFO] [stdout]                (T3, T4, T5, T6, T7, T8, T9, T10, T11, T12)
[INFO] [stdout]                (T4, T5, T6, T7, T8, T9, T10, T11, T12)
[INFO] [stdout]              and 42 others
[INFO] [stdout] note: required by a bound in `redis::Commands::get`
[INFO] [stdout]     --> /opt/rustwide/cargo-home/registry/src/index.crates.io-6f17d22bba15001f/redis-0.22.3/src/commands/mod.rs:66:1
[INFO] [stdout]      |
[INFO] [stdout] 66   | / implement_commands! {
[INFO] [stdout] 67   | |     'a
[INFO] [stdout] 68   | |     // most common operations
[INFO] [stdout] 69   | |
[INFO] [stdout] ...    |
[INFO] [stdout] 1854 | |     }
[INFO] [stdout] 1855 | | }
[INFO] [stdout]      | |_^ required by this bound in `Commands::get`
[INFO] [stdout]      = note: this error originates in the macro `implement_commands` (in Nightly builds, run with -Z macro-backtrace for more info)
[INFO] [stdout] 
[INFO] [stdout] error: aborting due to 3 previous errors
[INFO] [stdout] 
[INFO] [stdout] Some errors have detailed explanations: E0277, E0432.
[INFO] [stdout] For more information about an error, try `rustc --explain E0277`.
[INFO] [stdout] Couldn't compile the test.
[INFO] [stdout] 
[INFO] [stdout] failures:
[INFO] [stdout]     src/lib.rs - from_redis_value_macro (line 46)
[INFO] [stdout]     src/lib.rs - from_redis_value_macro (line 66)
[INFO] [stdout]     src/lib.rs - to_redis_args_macro (line 158)
[INFO] [stdout]     src/lib.rs - to_redis_args_macro (line 178)
[INFO] [stdout] 
[INFO] [stdout] test result: FAILED. 0 passed; 4 failed; 0 ignored; 0 measured; 0 filtered out; finished in 0.06s
[INFO] [stdout] 
[INFO] running `Command { std: "docker" "inspect" "de5fd242f764a9a4198ded8063f461ae581c8acaab4ba0938302e9342724139e", kill_on_drop: false }`
[INFO] running `Command { std: "docker" "rm" "-f" "de5fd242f764a9a4198ded8063f461ae581c8acaab4ba0938302e9342724139e", kill_on_drop: false }`
[INFO] [stdout] de5fd242f764a9a4198ded8063f461ae581c8acaab4ba0938302e9342724139e
