[INFO] fetching crate recurdates 0.3.1...
[INFO] testing recurdates-0.3.1 against beta-2023-04-20 for beta-1.70-1
[INFO] extracting crate recurdates 0.3.1 into /workspace/builds/worker-3-tc2/source
[INFO] validating manifest of crates.io crate recurdates 0.3.1 on toolchain beta-2023-04-20
[INFO] running `Command { std: CARGO_HOME="/workspace/cargo-home" RUSTUP_HOME="/workspace/rustup-home" "/workspace/cargo-home/bin/cargo" "+beta-2023-04-20" "metadata" "--manifest-path" "Cargo.toml" "--no-deps", kill_on_drop: false }`
[INFO] started tweaking crates.io crate recurdates 0.3.1
[INFO] finished tweaking crates.io crate recurdates 0.3.1
[INFO] tweaked toml for crates.io crate recurdates 0.3.1 written to /workspace/builds/worker-3-tc2/source/Cargo.toml
[INFO] running `Command { std: CARGO_HOME="/workspace/cargo-home" RUSTUP_HOME="/workspace/rustup-home" __CARGO_TEST_CHANNEL_OVERRIDE_DO_NOT_USE_THIS="nightly" "/workspace/cargo-home/bin/cargo" "+beta-2023-04-20" "generate-lockfile" "--manifest-path" "Cargo.toml" "-Zno-index-update", kill_on_drop: false }`
[INFO] running `Command { std: CARGO_HOME="/workspace/cargo-home" RUSTUP_HOME="/workspace/rustup-home" "/workspace/cargo-home/bin/cargo" "+beta-2023-04-20" "fetch" "--manifest-path" "Cargo.toml", kill_on_drop: false }`
[INFO] running `Command { std: "docker" "create" "-v" "/var/lib/crater-agent-workspace/builds/worker-3-tc2/target:/opt/rustwide/target:rw,Z" "-v" "/var/lib/crater-agent-workspace/builds/worker-3-tc2/source:/opt/rustwide/workdir:ro,Z" "-v" "/var/lib/crater-agent-workspace/cargo-home:/opt/rustwide/cargo-home:ro,Z" "-v" "/var/lib/crater-agent-workspace/rustup-home:/opt/rustwide/rustup-home:ro,Z" "-e" "SOURCE_DIR=/opt/rustwide/workdir" "-e" "CARGO_TARGET_DIR=/opt/rustwide/target" "-e" "CARGO_HOME=/opt/rustwide/cargo-home" "-e" "RUSTUP_HOME=/opt/rustwide/rustup-home" "-w" "/opt/rustwide/workdir" "-m" "1610612736" "--user" "0:0" "--network" "none" "ghcr.io/rust-lang/crates-build-env/linux@sha256:5ff2268d62e97bff2cde7d5815dd6ed5b47097566f13b8d0ca110b04b60e07ed" "/opt/rustwide/cargo-home/bin/cargo" "+beta-2023-04-20" "metadata" "--no-deps" "--format-version=1", kill_on_drop: false }`
[INFO] [stdout] dec9fe5ad1c1586229d21d50f788e40418026ede067845bd266c4991ec8d22be
[INFO] running `Command { std: "docker" "start" "-a" "dec9fe5ad1c1586229d21d50f788e40418026ede067845bd266c4991ec8d22be", kill_on_drop: false }`
[INFO] running `Command { std: "docker" "inspect" "dec9fe5ad1c1586229d21d50f788e40418026ede067845bd266c4991ec8d22be", kill_on_drop: false }`
[INFO] running `Command { std: "docker" "rm" "-f" "dec9fe5ad1c1586229d21d50f788e40418026ede067845bd266c4991ec8d22be", kill_on_drop: false }`
[INFO] [stdout] dec9fe5ad1c1586229d21d50f788e40418026ede067845bd266c4991ec8d22be
[INFO] running `Command { std: "docker" "create" "-v" "/var/lib/crater-agent-workspace/builds/worker-3-tc2/target:/opt/rustwide/target:rw,Z" "-v" "/var/lib/crater-agent-workspace/builds/worker-3-tc2/source:/opt/rustwide/workdir:ro,Z" "-v" "/var/lib/crater-agent-workspace/cargo-home:/opt/rustwide/cargo-home:ro,Z" "-v" "/var/lib/crater-agent-workspace/rustup-home:/opt/rustwide/rustup-home:ro,Z" "-e" "SOURCE_DIR=/opt/rustwide/workdir" "-e" "CARGO_TARGET_DIR=/opt/rustwide/target" "-e" "CARGO_INCREMENTAL=0" "-e" "RUST_BACKTRACE=full" "-e" "RUSTFLAGS=--cap-lints=warn" "-e" "RUSTDOCFLAGS=--cap-lints=warn" "-e" "CARGO_HOME=/opt/rustwide/cargo-home" "-e" "RUSTUP_HOME=/opt/rustwide/rustup-home" "-w" "/opt/rustwide/workdir" "-m" "1610612736" "--user" "0:0" "--network" "none" "ghcr.io/rust-lang/crates-build-env/linux@sha256:5ff2268d62e97bff2cde7d5815dd6ed5b47097566f13b8d0ca110b04b60e07ed" "/opt/rustwide/cargo-home/bin/cargo" "+beta-2023-04-20" "build" "--frozen" "--message-format=json", kill_on_drop: false }`
[INFO] [stdout] a426e989019c94924254d69a2aa957d1c773ecbdbcba56f9aec50976a6ca43c7
[INFO] running `Command { std: "docker" "start" "-a" "a426e989019c94924254d69a2aa957d1c773ecbdbcba56f9aec50976a6ca43c7", kill_on_drop: false }`
[INFO] [stderr]    Compiling proc-macro2 v1.0.56
[INFO] [stderr]    Compiling num-traits v0.2.15
[INFO] [stderr]    Compiling libc v0.2.142
[INFO] [stderr]    Compiling num-integer v0.1.45
[INFO] [stderr]    Compiling serde v1.0.160
[INFO] [stderr]    Compiling serde_derive v1.0.160
[INFO] [stderr]    Compiling iana-time-zone v0.1.56
[INFO] [stderr]    Compiling quote v1.0.26
[INFO] [stderr]    Compiling time v0.1.45
[INFO] [stderr]    Compiling syn v2.0.15
[INFO] [stderr]    Compiling chrono v0.4.24
[INFO] [stderr]    Compiling recurdates v0.3.1 (/opt/rustwide/workdir)
[INFO] [stdout] warning: use of deprecated constant `chrono::naive::MAX_DATE`: Use NaiveDate::MAX instead
[INFO] [stdout]  --> src/lib.rs:7:21
[INFO] [stdout]   |
[INFO] [stdout] 7 | use chrono::naive::{MAX_DATE, MIN_DATE};
[INFO] [stdout]   |                     ^^^^^^^^
[INFO] [stdout]   |
[INFO] [stdout]   = note: `#[warn(deprecated)]` on by default
[INFO] [stdout] 
[INFO] [stdout] 
[INFO] [stdout] warning: use of deprecated constant `chrono::naive::MIN_DATE`: Use NaiveDate::MIN instead
[INFO] [stdout]  --> src/lib.rs:7:31
[INFO] [stdout]   |
[INFO] [stdout] 7 | use chrono::naive::{MAX_DATE, MIN_DATE};
[INFO] [stdout]   |                               ^^^^^^^^
[INFO] [stdout] 
[INFO] [stdout] 
[INFO] [stdout] warning: use of deprecated constant `chrono::naive::MAX_DATE`: Use NaiveDate::MAX instead
[INFO] [stdout]   --> src/lib.rs:10:35
[INFO] [stdout]    |
[INFO] [stdout] 10 |     () => (Utc.from_utc_datetime(&MAX_DATE.and_hms(23, 59, 59)))
[INFO] [stdout]    |                                   ^^^^^^^^
[INFO] [stdout] ...
[INFO] [stdout] 41 |         ReDateTime { at: dt, repeat: RepeatEvery::zero(), until: max_datetime!() }
[INFO] [stdout]    |                                                                  --------------- in this macro invocation
[INFO] [stdout]    |
[INFO] [stdout]    = note: this warning originates in the macro `max_datetime` (in Nightly builds, run with -Z macro-backtrace for more info)
[INFO] [stdout] 
[INFO] [stdout] 
[INFO] [stdout] warning: use of deprecated constant `chrono::naive::MIN_DATE`: Use NaiveDate::MIN instead
[INFO] [stdout]   --> src/lib.rs:14:35
[INFO] [stdout]    |
[INFO] [stdout] 14 |     () => (Utc.from_utc_datetime(&MIN_DATE.and_hms(0, 0, 0)))
[INFO] [stdout]    |                                   ^^^^^^^^
[INFO] [stdout] ...
[INFO] [stdout] 46 |         let lim = if dur.is_zero() { min_datetime!() } else { max_datetime!()
[INFO] [stdout]    |                                      --------------- in this macro invocation
[INFO] [stdout]    |
[INFO] [stdout]    = note: this warning originates in the macro `min_datetime` (in Nightly builds, run with -Z macro-backtrace for more info)
[INFO] [stdout] 
[INFO] [stdout] 
[INFO] [stdout] warning: use of deprecated constant `chrono::naive::MAX_DATE`: Use NaiveDate::MAX instead
[INFO] [stdout]   --> src/lib.rs:10:35
[INFO] [stdout]    |
[INFO] [stdout] 10 |     () => (Utc.from_utc_datetime(&MAX_DATE.and_hms(23, 59, 59)))
[INFO] [stdout]    |                                   ^^^^^^^^
[INFO] [stdout] ...
[INFO] [stdout] 46 |         let lim = if dur.is_zero() { min_datetime!() } else { max_datetime!()
[INFO] [stdout]    |                                                               --------------- in this macro invocation
[INFO] [stdout]    |
[INFO] [stdout]    = note: this warning originates in the macro `max_datetime` (in Nightly builds, run with -Z macro-backtrace for more info)
[INFO] [stdout] 
[INFO] [stdout] 
[INFO] [stdout] warning: use of deprecated constant `chrono::naive::MAX_DATE`: Use NaiveDate::MAX instead
[INFO] [stdout]   --> src/lib.rs:10:35
[INFO] [stdout]    |
[INFO] [stdout] 10 |     () => (Utc.from_utc_datetime(&MAX_DATE.and_hms(23, 59, 59)))
[INFO] [stdout]    |                                   ^^^^^^^^
[INFO] [stdout] ...
[INFO] [stdout] 62 |         self.until != max_datetime!()
[INFO] [stdout]    |                       --------------- in this macro invocation
[INFO] [stdout]    |
[INFO] [stdout]    = note: this warning originates in the macro `max_datetime` (in Nightly builds, run with -Z macro-backtrace for more info)
[INFO] [stdout] 
[INFO] [stdout] 
[INFO] [stdout] warning: use of deprecated method `chrono::NaiveDate::and_hms`: use `and_hms_opt()` instead
[INFO] [stdout]   --> src/lib.rs:10:44
[INFO] [stdout]    |
[INFO] [stdout] 10 |     () => (Utc.from_utc_datetime(&MAX_DATE.and_hms(23, 59, 59)))
[INFO] [stdout]    |                                            ^^^^^^^
[INFO] [stdout] ...
[INFO] [stdout] 41 |         ReDateTime { at: dt, repeat: RepeatEvery::zero(), until: max_datetime!() }
[INFO] [stdout]    |                                                                  --------------- in this macro invocation
[INFO] [stdout]    |
[INFO] [stdout]    = note: this warning originates in the macro `max_datetime` (in Nightly builds, run with -Z macro-backtrace for more info)
[INFO] [stdout] 
[INFO] [stdout] 
[INFO] [stdout] warning: use of deprecated method `chrono::NaiveDate::and_hms`: use `and_hms_opt()` instead
[INFO] [stdout]   --> src/lib.rs:14:44
[INFO] [stdout]    |
[INFO] [stdout] 14 |     () => (Utc.from_utc_datetime(&MIN_DATE.and_hms(0, 0, 0)))
[INFO] [stdout]    |                                            ^^^^^^^
[INFO] [stdout] ...
[INFO] [stdout] 46 |         let lim = if dur.is_zero() { min_datetime!() } else { max_datetime!()
[INFO] [stdout]    |                                      --------------- in this macro invocation
[INFO] [stdout]    |
[INFO] [stdout]    = note: this warning originates in the macro `min_datetime` (in Nightly builds, run with -Z macro-backtrace for more info)
[INFO] [stdout] 
[INFO] [stdout] 
[INFO] [stdout] warning: use of deprecated method `chrono::NaiveDate::and_hms`: use `and_hms_opt()` instead
[INFO] [stdout]   --> src/lib.rs:10:44
[INFO] [stdout]    |
[INFO] [stdout] 10 |     () => (Utc.from_utc_datetime(&MAX_DATE.and_hms(23, 59, 59)))
[INFO] [stdout]    |                                            ^^^^^^^
[INFO] [stdout] ...
[INFO] [stdout] 46 |         let lim = if dur.is_zero() { min_datetime!() } else { max_datetime!()
[INFO] [stdout]    |                                                               --------------- in this macro invocation
[INFO] [stdout]    |
[INFO] [stdout]    = note: this warning originates in the macro `max_datetime` (in Nightly builds, run with -Z macro-backtrace for more info)
[INFO] [stdout] 
[INFO] [stdout] 
[INFO] [stdout] warning: use of deprecated method `chrono::NaiveDate::and_hms`: use `and_hms_opt()` instead
[INFO] [stdout]   --> src/lib.rs:10:44
[INFO] [stdout]    |
[INFO] [stdout] 10 |     () => (Utc.from_utc_datetime(&MAX_DATE.and_hms(23, 59, 59)))
[INFO] [stdout]    |                                            ^^^^^^^
[INFO] [stdout] ...
[INFO] [stdout] 62 |         self.until != max_datetime!()
[INFO] [stdout]    |                       --------------- in this macro invocation
[INFO] [stdout]    |
[INFO] [stdout]    = note: this warning originates in the macro `max_datetime` (in Nightly builds, run with -Z macro-backtrace for more info)
[INFO] [stdout] 
[INFO] [stdout] 
[INFO] [stdout] warning: 10 warnings emitted
[INFO] [stdout] 
[INFO] [stdout] 
[INFO] [stderr]     Finished dev [unoptimized + debuginfo] target(s) in 12.63s
[INFO] running `Command { std: "docker" "inspect" "a426e989019c94924254d69a2aa957d1c773ecbdbcba56f9aec50976a6ca43c7", kill_on_drop: false }`
[INFO] running `Command { std: "docker" "rm" "-f" "a426e989019c94924254d69a2aa957d1c773ecbdbcba56f9aec50976a6ca43c7", kill_on_drop: false }`
[INFO] [stdout] a426e989019c94924254d69a2aa957d1c773ecbdbcba56f9aec50976a6ca43c7
[INFO] running `Command { std: "docker" "create" "-v" "/var/lib/crater-agent-workspace/builds/worker-3-tc2/target:/opt/rustwide/target:rw,Z" "-v" "/var/lib/crater-agent-workspace/builds/worker-3-tc2/source:/opt/rustwide/workdir:ro,Z" "-v" "/var/lib/crater-agent-workspace/cargo-home:/opt/rustwide/cargo-home:ro,Z" "-v" "/var/lib/crater-agent-workspace/rustup-home:/opt/rustwide/rustup-home:ro,Z" "-e" "SOURCE_DIR=/opt/rustwide/workdir" "-e" "CARGO_TARGET_DIR=/opt/rustwide/target" "-e" "CARGO_INCREMENTAL=0" "-e" "RUST_BACKTRACE=full" "-e" "RUSTFLAGS=--cap-lints=warn" "-e" "RUSTDOCFLAGS=--cap-lints=warn" "-e" "CARGO_HOME=/opt/rustwide/cargo-home" "-e" "RUSTUP_HOME=/opt/rustwide/rustup-home" "-w" "/opt/rustwide/workdir" "-m" "1610612736" "--user" "0:0" "--network" "none" "ghcr.io/rust-lang/crates-build-env/linux@sha256:5ff2268d62e97bff2cde7d5815dd6ed5b47097566f13b8d0ca110b04b60e07ed" "/opt/rustwide/cargo-home/bin/cargo" "+beta-2023-04-20" "test" "--frozen" "--no-run" "--message-format=json", kill_on_drop: false }`
[INFO] [stdout] c5eb9c2f13fb046c73779c2bd8e35c84a635987a6ee3acc5be2eb248ce331b55
[INFO] running `Command { std: "docker" "start" "-a" "c5eb9c2f13fb046c73779c2bd8e35c84a635987a6ee3acc5be2eb248ce331b55", kill_on_drop: false }`
[INFO] [stderr]    Compiling recurdates v0.3.1 (/opt/rustwide/workdir)
[INFO] [stdout] warning: use of deprecated constant `chrono::naive::MAX_DATE`: Use NaiveDate::MAX instead
[INFO] [stdout]  --> src/lib.rs:7:21
[INFO] [stdout]   |
[INFO] [stdout] 7 | use chrono::naive::{MAX_DATE, MIN_DATE};
[INFO] [stdout]   |                     ^^^^^^^^
[INFO] [stdout]   |
[INFO] [stdout]   = note: `#[warn(deprecated)]` on by default
[INFO] [stdout] 
[INFO] [stdout] 
[INFO] [stdout] warning: use of deprecated constant `chrono::naive::MIN_DATE`: Use NaiveDate::MIN instead
[INFO] [stdout]  --> src/lib.rs:7:31
[INFO] [stdout]   |
[INFO] [stdout] 7 | use chrono::naive::{MAX_DATE, MIN_DATE};
[INFO] [stdout]   |                               ^^^^^^^^
[INFO] [stdout] 
[INFO] [stdout] 
[INFO] [stdout] warning: use of deprecated constant `chrono::naive::MAX_DATE`: Use NaiveDate::MAX instead
[INFO] [stdout]   --> src/lib.rs:10:35
[INFO] [stdout]    |
[INFO] [stdout] 10 |     () => (Utc.from_utc_datetime(&MAX_DATE.and_hms(23, 59, 59)))
[INFO] [stdout]    |                                   ^^^^^^^^
[INFO] [stdout] ...
[INFO] [stdout] 41 |         ReDateTime { at: dt, repeat: RepeatEvery::zero(), until: max_datetime!() }
[INFO] [stdout]    |                                                                  --------------- in this macro invocation
[INFO] [stdout]    |
[INFO] [stdout]    = note: this warning originates in the macro `max_datetime` (in Nightly builds, run with -Z macro-backtrace for more info)
[INFO] [stdout] 
[INFO] [stdout] 
[INFO] [stdout] warning: use of deprecated constant `chrono::naive::MIN_DATE`: Use NaiveDate::MIN instead
[INFO] [stdout]   --> src/lib.rs:14:35
[INFO] [stdout]    |
[INFO] [stdout] 14 |     () => (Utc.from_utc_datetime(&MIN_DATE.and_hms(0, 0, 0)))
[INFO] [stdout]    |                                   ^^^^^^^^
[INFO] [stdout] ...
[INFO] [stdout] 46 |         let lim = if dur.is_zero() { min_datetime!() } else { max_datetime!()
[INFO] [stdout]    |                                      --------------- in this macro invocation
[INFO] [stdout]    |
[INFO] [stdout]    = note: this warning originates in the macro `min_datetime` (in Nightly builds, run with -Z macro-backtrace for more info)
[INFO] [stdout] 
[INFO] [stdout] 
[INFO] [stdout] warning: use of deprecated constant `chrono::naive::MAX_DATE`: Use NaiveDate::MAX instead
[INFO] [stdout]   --> src/lib.rs:10:35
[INFO] [stdout]    |
[INFO] [stdout] 10 |     () => (Utc.from_utc_datetime(&MAX_DATE.and_hms(23, 59, 59)))
[INFO] [stdout]    |                                   ^^^^^^^^
[INFO] [stdout] ...
[INFO] [stdout] 46 |         let lim = if dur.is_zero() { min_datetime!() } else { max_datetime!()
[INFO] [stdout]    |                                                               --------------- in this macro invocation
[INFO] [stdout]    |
[INFO] [stdout]    = note: this warning originates in the macro `max_datetime` (in Nightly builds, run with -Z macro-backtrace for more info)
[INFO] [stdout] 
[INFO] [stdout] 
[INFO] [stdout] warning: use of deprecated constant `chrono::naive::MAX_DATE`: Use NaiveDate::MAX instead
[INFO] [stdout]   --> src/lib.rs:10:35
[INFO] [stdout]    |
[INFO] [stdout] 10 |     () => (Utc.from_utc_datetime(&MAX_DATE.and_hms(23, 59, 59)))
[INFO] [stdout]    |                                   ^^^^^^^^
[INFO] [stdout] ...
[INFO] [stdout] 62 |         self.until != max_datetime!()
[INFO] [stdout]    |                       --------------- in this macro invocation
[INFO] [stdout]    |
[INFO] [stdout]    = note: this warning originates in the macro `max_datetime` (in Nightly builds, run with -Z macro-backtrace for more info)
[INFO] [stdout] 
[INFO] [stdout] 
[INFO] [stdout] warning: use of deprecated method `chrono::NaiveDate::and_hms`: use `and_hms_opt()` instead
[INFO] [stdout]   --> src/lib.rs:10:44
[INFO] [stdout]    |
[INFO] [stdout] 10 |     () => (Utc.from_utc_datetime(&MAX_DATE.and_hms(23, 59, 59)))
[INFO] [stdout]    |                                            ^^^^^^^
[INFO] [stdout] ...
[INFO] [stdout] 41 |         ReDateTime { at: dt, repeat: RepeatEvery::zero(), until: max_datetime!() }
[INFO] [stdout]    |                                                                  --------------- in this macro invocation
[INFO] [stdout]    |
[INFO] [stdout]    = note: this warning originates in the macro `max_datetime` (in Nightly builds, run with -Z macro-backtrace for more info)
[INFO] [stdout] 
[INFO] [stdout] 
[INFO] [stdout] warning: use of deprecated method `chrono::NaiveDate::and_hms`: use `and_hms_opt()` instead
[INFO] [stdout]   --> src/lib.rs:14:44
[INFO] [stdout]    |
[INFO] [stdout] 14 |     () => (Utc.from_utc_datetime(&MIN_DATE.and_hms(0, 0, 0)))
[INFO] [stdout]    |                                            ^^^^^^^
[INFO] [stdout] ...
[INFO] [stdout] 46 |         let lim = if dur.is_zero() { min_datetime!() } else { max_datetime!()
[INFO] [stdout]    |                                      --------------- in this macro invocation
[INFO] [stdout]    |
[INFO] [stdout]    = note: this warning originates in the macro `min_datetime` (in Nightly builds, run with -Z macro-backtrace for more info)
[INFO] [stdout] 
[INFO] [stdout] 
[INFO] [stdout] warning: use of deprecated method `chrono::NaiveDate::and_hms`: use `and_hms_opt()` instead
[INFO] [stdout]   --> src/lib.rs:10:44
[INFO] [stdout]    |
[INFO] [stdout] 10 |     () => (Utc.from_utc_datetime(&MAX_DATE.and_hms(23, 59, 59)))
[INFO] [stdout]    |                                            ^^^^^^^
[INFO] [stdout] ...
[INFO] [stdout] 46 |         let lim = if dur.is_zero() { min_datetime!() } else { max_datetime!()
[INFO] [stdout]    |                                                               --------------- in this macro invocation
[INFO] [stdout]    |
[INFO] [stdout]    = note: this warning originates in the macro `max_datetime` (in Nightly builds, run with -Z macro-backtrace for more info)
[INFO] [stdout] 
[INFO] [stdout] 
[INFO] [stdout] warning: use of deprecated method `chrono::NaiveDate::and_hms`: use `and_hms_opt()` instead
[INFO] [stdout]   --> src/lib.rs:10:44
[INFO] [stdout]    |
[INFO] [stdout] 10 |     () => (Utc.from_utc_datetime(&MAX_DATE.and_hms(23, 59, 59)))
[INFO] [stdout]    |                                            ^^^^^^^
[INFO] [stdout] ...
[INFO] [stdout] 62 |         self.until != max_datetime!()
[INFO] [stdout]    |                       --------------- in this macro invocation
[INFO] [stdout]    |
[INFO] [stdout]    = note: this warning originates in the macro `max_datetime` (in Nightly builds, run with -Z macro-backtrace for more info)
[INFO] [stdout] 
[INFO] [stdout] 
[INFO] [stdout] warning: 10 warnings emitted
[INFO] [stdout] 
[INFO] [stdout] 
[INFO] [stdout] warning: use of deprecated constant `chrono::naive::MAX_DATE`: Use NaiveDate::MAX instead
[INFO] [stdout]  --> src/lib.rs:7:21
[INFO] [stdout]   |
[INFO] [stdout] 7 | use chrono::naive::{MAX_DATE, MIN_DATE};
[INFO] [stdout]   |                     ^^^^^^^^
[INFO] [stdout]   |
[INFO] [stdout]   = note: `#[warn(deprecated)]` on by default
[INFO] [stdout] 
[INFO] [stdout] 
[INFO] [stdout] warning: use of deprecated constant `chrono::naive::MIN_DATE`: Use NaiveDate::MIN instead
[INFO] [stdout]  --> src/lib.rs:7:31
[INFO] [stdout]   |
[INFO] [stdout] 7 | use chrono::naive::{MAX_DATE, MIN_DATE};
[INFO] [stdout]   |                               ^^^^^^^^
[INFO] [stdout] 
[INFO] [stdout] 
[INFO] [stdout] warning: use of deprecated constant `chrono::naive::MAX_DATE`: Use NaiveDate::MAX instead
[INFO] [stdout]   --> src/lib.rs:10:35
[INFO] [stdout]    |
[INFO] [stdout] 10 |     () => (Utc.from_utc_datetime(&MAX_DATE.and_hms(23, 59, 59)))
[INFO] [stdout]    |                                   ^^^^^^^^
[INFO] [stdout] ...
[INFO] [stdout] 41 |         ReDateTime { at: dt, repeat: RepeatEvery::zero(), until: max_datetime!() }
[INFO] [stdout]    |                                                                  --------------- in this macro invocation
[INFO] [stdout]    |
[INFO] [stdout]    = note: this warning originates in the macro `max_datetime` (in Nightly builds, run with -Z macro-backtrace for more info)
[INFO] [stdout] 
[INFO] [stdout] 
[INFO] [stdout] warning: use of deprecated constant `chrono::naive::MIN_DATE`: Use NaiveDate::MIN instead
[INFO] [stdout]   --> src/lib.rs:14:35
[INFO] [stdout]    |
[INFO] [stdout] 14 |     () => (Utc.from_utc_datetime(&MIN_DATE.and_hms(0, 0, 0)))
[INFO] [stdout]    |                                   ^^^^^^^^
[INFO] [stdout] ...
[INFO] [stdout] 46 |         let lim = if dur.is_zero() { min_datetime!() } else { max_datetime!()
[INFO] [stdout]    |                                      --------------- in this macro invocation
[INFO] [stdout]    |
[INFO] [stdout]    = note: this warning originates in the macro `min_datetime` (in Nightly builds, run with -Z macro-backtrace for more info)
[INFO] [stdout] 
[INFO] [stdout] 
[INFO] [stdout] warning: use of deprecated constant `chrono::naive::MAX_DATE`: Use NaiveDate::MAX instead
[INFO] [stdout]   --> src/lib.rs:10:35
[INFO] [stdout]    |
[INFO] [stdout] 10 |     () => (Utc.from_utc_datetime(&MAX_DATE.and_hms(23, 59, 59)))
[INFO] [stdout]    |                                   ^^^^^^^^
[INFO] [stdout] ...
[INFO] [stdout] 46 |         let lim = if dur.is_zero() { min_datetime!() } else { max_datetime!()
[INFO] [stdout]    |                                                               --------------- in this macro invocation
[INFO] [stdout]    |
[INFO] [stdout]    = note: this warning originates in the macro `max_datetime` (in Nightly builds, run with -Z macro-backtrace for more info)
[INFO] [stdout] 
[INFO] [stdout] 
[INFO] [stdout] warning: use of deprecated constant `chrono::naive::MAX_DATE`: Use NaiveDate::MAX instead
[INFO] [stdout]   --> src/lib.rs:10:35
[INFO] [stdout]    |
[INFO] [stdout] 10 |     () => (Utc.from_utc_datetime(&MAX_DATE.and_hms(23, 59, 59)))
[INFO] [stdout]    |                                   ^^^^^^^^
[INFO] [stdout] ...
[INFO] [stdout] 62 |         self.until != max_datetime!()
[INFO] [stdout]    |                       --------------- in this macro invocation
[INFO] [stdout]    |
[INFO] [stdout]    = note: this warning originates in the macro `max_datetime` (in Nightly builds, run with -Z macro-backtrace for more info)
[INFO] [stdout] 
[INFO] [stdout] 
[INFO] [stdout] warning: use of deprecated constant `chrono::naive::MAX_DATE`: Use NaiveDate::MAX instead
[INFO] [stdout]  --> src/tests.rs:4:20
[INFO] [stdout]   |
[INFO] [stdout] 4 | use chrono::naive::MAX_DATE;
[INFO] [stdout]   |                    ^^^^^^^^
[INFO] [stdout] 
[INFO] [stdout] 
[INFO] [stdout] warning: use of deprecated constant `chrono::naive::MAX_DATE`: Use NaiveDate::MAX instead
[INFO] [stdout]   --> src/lib.rs:10:35
[INFO] [stdout]    |
[INFO] [stdout] 10 |     () => (Utc.from_utc_datetime(&MAX_DATE.and_hms(23, 59, 59)))
[INFO] [stdout]    |                                   ^^^^^^^^
[INFO] [stdout]    |
[INFO] [stdout]   ::: src/tests.rs:13:26
[INFO] [stdout]    |
[INFO] [stdout] 13 |     assert_eq!(dt.until, max_datetime!());
[INFO] [stdout]    |                          --------------- in this macro invocation
[INFO] [stdout]    |
[INFO] [stdout]    = note: this warning originates in the macro `max_datetime` (in Nightly builds, run with -Z macro-backtrace for more info)
[INFO] [stdout] 
[INFO] [stdout] 
[INFO] [stdout] warning: use of deprecated method `chrono::NaiveDate::and_hms`: use `and_hms_opt()` instead
[INFO] [stdout]   --> src/lib.rs:10:44
[INFO] [stdout]    |
[INFO] [stdout] 10 |     () => (Utc.from_utc_datetime(&MAX_DATE.and_hms(23, 59, 59)))
[INFO] [stdout]    |                                            ^^^^^^^
[INFO] [stdout]    |
[INFO] [stdout]   ::: src/tests.rs:13:26
[INFO] [stdout]    |
[INFO] [stdout] 13 |     assert_eq!(dt.until, max_datetime!());
[INFO] [stdout]    |                          --------------- in this macro invocation
[INFO] [stdout]    |
[INFO] [stdout]    = note: this warning originates in the macro `max_datetime` (in Nightly builds, run with -Z macro-backtrace for more info)
[INFO] [stdout] 
[INFO] [stdout] 
[INFO] [stdout] warning: use of deprecated method `chrono::NaiveDate::and_hms`: use `and_hms_opt()` instead
[INFO] [stdout]   --> src/lib.rs:10:44
[INFO] [stdout]    |
[INFO] [stdout] 10 |     () => (Utc.from_utc_datetime(&MAX_DATE.and_hms(23, 59, 59)))
[INFO] [stdout]    |                                            ^^^^^^^
[INFO] [stdout] ...
[INFO] [stdout] 41 |         ReDateTime { at: dt, repeat: RepeatEvery::zero(), until: max_datetime!() }
[INFO] [stdout]    |                                                                  --------------- in this macro invocation
[INFO] [stdout]    |
[INFO] [stdout]    = note: this warning originates in the macro `max_datetime` (in Nightly builds, run with -Z macro-backtrace for more info)
[INFO] [stdout] 
[INFO] [stdout] 
[INFO] [stdout] warning: use of deprecated method `chrono::NaiveDate::and_hms`: use `and_hms_opt()` instead
[INFO] [stdout]   --> src/lib.rs:14:44
[INFO] [stdout]    |
[INFO] [stdout] 14 |     () => (Utc.from_utc_datetime(&MIN_DATE.and_hms(0, 0, 0)))
[INFO] [stdout]    |                                            ^^^^^^^
[INFO] [stdout] ...
[INFO] [stdout] 46 |         let lim = if dur.is_zero() { min_datetime!() } else { max_datetime!()
[INFO] [stdout]    |                                      --------------- in this macro invocation
[INFO] [stdout]    |
[INFO] [stdout]    = note: this warning originates in the macro `min_datetime` (in Nightly builds, run with -Z macro-backtrace for more info)
[INFO] [stdout] 
[INFO] [stdout] 
[INFO] [stdout] warning: use of deprecated method `chrono::NaiveDate::and_hms`: use `and_hms_opt()` instead
[INFO] [stdout]   --> src/lib.rs:10:44
[INFO] [stdout]    |
[INFO] [stdout] 10 |     () => (Utc.from_utc_datetime(&MAX_DATE.and_hms(23, 59, 59)))
[INFO] [stdout]    |                                            ^^^^^^^
[INFO] [stdout] ...
[INFO] [stdout] 46 |         let lim = if dur.is_zero() { min_datetime!() } else { max_datetime!()
[INFO] [stdout]    |                                                               --------------- in this macro invocation
[INFO] [stdout]    |
[INFO] [stdout]    = note: this warning originates in the macro `max_datetime` (in Nightly builds, run with -Z macro-backtrace for more info)
[INFO] [stdout] 
[INFO] [stdout] 
[INFO] [stdout] warning: use of deprecated method `chrono::NaiveDate::and_hms`: use `and_hms_opt()` instead
[INFO] [stdout]   --> src/lib.rs:10:44
[INFO] [stdout]    |
[INFO] [stdout] 10 |     () => (Utc.from_utc_datetime(&MAX_DATE.and_hms(23, 59, 59)))
[INFO] [stdout]    |                                            ^^^^^^^
[INFO] [stdout] ...
[INFO] [stdout] 62 |         self.until != max_datetime!()
[INFO] [stdout]    |                       --------------- in this macro invocation
[INFO] [stdout]    |
[INFO] [stdout]    = note: this warning originates in the macro `max_datetime` (in Nightly builds, run with -Z macro-backtrace for more info)
[INFO] [stdout] 
[INFO] [stdout] 
[INFO] [stdout] warning: 13 warnings emitted
[INFO] [stdout] 
[INFO] [stdout] 
[INFO] [stderr]     Finished test [unoptimized + debuginfo] target(s) in 0.87s
[INFO] running `Command { std: "docker" "inspect" "c5eb9c2f13fb046c73779c2bd8e35c84a635987a6ee3acc5be2eb248ce331b55", kill_on_drop: false }`
[INFO] running `Command { std: "docker" "rm" "-f" "c5eb9c2f13fb046c73779c2bd8e35c84a635987a6ee3acc5be2eb248ce331b55", kill_on_drop: false }`
[INFO] [stdout] c5eb9c2f13fb046c73779c2bd8e35c84a635987a6ee3acc5be2eb248ce331b55
[INFO] running `Command { std: "docker" "create" "-v" "/var/lib/crater-agent-workspace/builds/worker-3-tc2/target:/opt/rustwide/target:rw,Z" "-v" "/var/lib/crater-agent-workspace/builds/worker-3-tc2/source:/opt/rustwide/workdir:ro,Z" "-v" "/var/lib/crater-agent-workspace/cargo-home:/opt/rustwide/cargo-home:ro,Z" "-v" "/var/lib/crater-agent-workspace/rustup-home:/opt/rustwide/rustup-home:ro,Z" "-e" "SOURCE_DIR=/opt/rustwide/workdir" "-e" "CARGO_TARGET_DIR=/opt/rustwide/target" "-e" "CARGO_INCREMENTAL=0" "-e" "RUST_BACKTRACE=full" "-e" "RUSTFLAGS=--cap-lints=warn" "-e" "RUSTDOCFLAGS=--cap-lints=warn" "-e" "CARGO_HOME=/opt/rustwide/cargo-home" "-e" "RUSTUP_HOME=/opt/rustwide/rustup-home" "-w" "/opt/rustwide/workdir" "-m" "1610612736" "--user" "0:0" "--network" "none" "ghcr.io/rust-lang/crates-build-env/linux@sha256:5ff2268d62e97bff2cde7d5815dd6ed5b47097566f13b8d0ca110b04b60e07ed" "/opt/rustwide/cargo-home/bin/cargo" "+beta-2023-04-20" "test" "--frozen", kill_on_drop: false }`
[INFO] [stdout] 0dfc1c189cf727e7eb0cc84ba2c68ee9f5e50bf3018d174207b0ecf81478178e
[INFO] running `Command { std: "docker" "start" "-a" "0dfc1c189cf727e7eb0cc84ba2c68ee9f5e50bf3018d174207b0ecf81478178e", kill_on_drop: false }`
[INFO] [stderr] warning: use of deprecated constant `chrono::naive::MAX_DATE`: Use NaiveDate::MAX instead
[INFO] [stderr]  --> src/lib.rs:7:21
[INFO] [stderr]   |
[INFO] [stderr] 7 | use chrono::naive::{MAX_DATE, MIN_DATE};
[INFO] [stderr]   |                     ^^^^^^^^
[INFO] [stderr]   |
[INFO] [stderr]   = note: `#[warn(deprecated)]` on by default
[INFO] [stderr] 
[INFO] [stderr] warning: use of deprecated constant `chrono::naive::MIN_DATE`: Use NaiveDate::MIN instead
[INFO] [stderr]  --> src/lib.rs:7:31
[INFO] [stderr]   |
[INFO] [stderr] 7 | use chrono::naive::{MAX_DATE, MIN_DATE};
[INFO] [stderr]   |                               ^^^^^^^^
[INFO] [stderr] 
[INFO] [stderr] warning: use of deprecated constant `chrono::naive::MAX_DATE`: Use NaiveDate::MAX instead
[INFO] [stderr]   --> src/lib.rs:10:35
[INFO] [stderr]    |
[INFO] [stderr] 10 |     () => (Utc.from_utc_datetime(&MAX_DATE.and_hms(23, 59, 59)))
[INFO] [stderr]    |                                   ^^^^^^^^
[INFO] [stderr] ...
[INFO] [stderr] 41 |         ReDateTime { at: dt, repeat: RepeatEvery::zero(), until: max_datetime!() }
[INFO] [stderr]    |                                                                  --------------- in this macro invocation
[INFO] [stderr]    |
[INFO] [stderr]    = note: this warning originates in the macro `max_datetime` (in Nightly builds, run with -Z macro-backtrace for more info)
[INFO] [stderr] 
[INFO] [stderr] warning: use of deprecated constant `chrono::naive::MIN_DATE`: Use NaiveDate::MIN instead
[INFO] [stderr]   --> src/lib.rs:14:35
[INFO] [stderr]    |
[INFO] [stderr] 14 |     () => (Utc.from_utc_datetime(&MIN_DATE.and_hms(0, 0, 0)))
[INFO] [stderr]    |                                   ^^^^^^^^
[INFO] [stderr] ...
[INFO] [stderr] 46 |         let lim = if dur.is_zero() { min_datetime!() } else { max_datetime!()
[INFO] [stderr]    |                                      --------------- in this macro invocation
[INFO] [stderr]    |
[INFO] [stderr]    = note: this warning originates in the macro `min_datetime` (in Nightly builds, run with -Z macro-backtrace for more info)
[INFO] [stderr] 
[INFO] [stderr] warning: use of deprecated constant `chrono::naive::MAX_DATE`: Use NaiveDate::MAX instead
[INFO] [stderr]   --> src/lib.rs:10:35
[INFO] [stderr]    |
[INFO] [stderr] 10 |     () => (Utc.from_utc_datetime(&MAX_DATE.and_hms(23, 59, 59)))
[INFO] [stderr]    |                                   ^^^^^^^^
[INFO] [stderr] ...
[INFO] [stderr] 46 |         let lim = if dur.is_zero() { min_datetime!() } else { max_datetime!()
[INFO] [stderr]    |                                                               --------------- in this macro invocation
[INFO] [stderr]    |
[INFO] [stderr]    = note: this warning originates in the macro `max_datetime` (in Nightly builds, run with -Z macro-backtrace for more info)
[INFO] [stderr] 
[INFO] [stderr] warning: use of deprecated constant `chrono::naive::MAX_DATE`: Use NaiveDate::MAX instead
[INFO] [stderr]   --> src/lib.rs:10:35
[INFO] [stderr]    |
[INFO] [stderr] 10 |     () => (Utc.from_utc_datetime(&MAX_DATE.and_hms(23, 59, 59)))
[INFO] [stderr]    |                                   ^^^^^^^^
[INFO] [stderr] ...
[INFO] [stderr] 62 |         self.until != max_datetime!()
[INFO] [stderr]    |                       --------------- in this macro invocation
[INFO] [stderr]    |
[INFO] [stderr]    = note: this warning originates in the macro `max_datetime` (in Nightly builds, run with -Z macro-backtrace for more info)
[INFO] [stderr] 
[INFO] [stderr] warning: use of deprecated method `chrono::NaiveDate::and_hms`: use `and_hms_opt()` instead
[INFO] [stderr]   --> src/lib.rs:10:44
[INFO] [stderr]    |
[INFO] [stderr] 10 |     () => (Utc.from_utc_datetime(&MAX_DATE.and_hms(23, 59, 59)))
[INFO] [stderr]    |                                            ^^^^^^^
[INFO] [stderr] ...
[INFO] [stderr] 41 |         ReDateTime { at: dt, repeat: RepeatEvery::zero(), until: max_datetime!() }
[INFO] [stderr]    |                                                                  --------------- in this macro invocation
[INFO] [stderr]    |
[INFO] [stderr]    = note: this warning originates in the macro `max_datetime` (in Nightly builds, run with -Z macro-backtrace for more info)
[INFO] [stderr] 
[INFO] [stderr] warning: use of deprecated method `chrono::NaiveDate::and_hms`: use `and_hms_opt()` instead
[INFO] [stderr]   --> src/lib.rs:14:44
[INFO] [stderr]    |
[INFO] [stderr] 14 |     () => (Utc.from_utc_datetime(&MIN_DATE.and_hms(0, 0, 0)))
[INFO] [stderr]    |                                            ^^^^^^^
[INFO] [stderr] ...
[INFO] [stderr] 46 |         let lim = if dur.is_zero() { min_datetime!() } else { max_datetime!()
[INFO] [stderr]    |                                      --------------- in this macro invocation
[INFO] [stderr]    |
[INFO] [stderr]    = note: this warning originates in the macro `min_datetime` (in Nightly builds, run with -Z macro-backtrace for more info)
[INFO] [stderr] 
[INFO] [stderr] warning: use of deprecated method `chrono::NaiveDate::and_hms`: use `and_hms_opt()` instead
[INFO] [stderr]   --> src/lib.rs:10:44
[INFO] [stderr]    |
[INFO] [stderr] 10 |     () => (Utc.from_utc_datetime(&MAX_DATE.and_hms(23, 59, 59)))
[INFO] [stderr]    |                                            ^^^^^^^
[INFO] [stderr] ...
[INFO] [stderr] 46 |         let lim = if dur.is_zero() { min_datetime!() } else { max_datetime!()
[INFO] [stderr]    |                                                               --------------- in this macro invocation
[INFO] [stderr]    |
[INFO] [stderr]    = note: this warning originates in the macro `max_datetime` (in Nightly builds, run with -Z macro-backtrace for more info)
[INFO] [stderr] 
[INFO] [stderr] warning: use of deprecated method `chrono::NaiveDate::and_hms`: use `and_hms_opt()` instead
[INFO] [stderr]   --> src/lib.rs:10:44
[INFO] [stderr]    |
[INFO] [stderr] 10 |     () => (Utc.from_utc_datetime(&MAX_DATE.and_hms(23, 59, 59)))
[INFO] [stderr]    |                                            ^^^^^^^
[INFO] [stderr] ...
[INFO] [stderr] 62 |         self.until != max_datetime!()
[INFO] [stderr]    |                       --------------- in this macro invocation
[INFO] [stderr]    |
[INFO] [stderr]    = note: this warning originates in the macro `max_datetime` (in Nightly builds, run with -Z macro-backtrace for more info)
[INFO] [stderr] 
[INFO] [stdout] 
[INFO] [stderr] warning: use of deprecated constant `chrono::naive::MAX_DATE`: Use NaiveDate::MAX instead
[INFO] [stdout] running 7 tests
[INFO] [stderr]  --> src/tests.rs:4:20
[INFO] [stderr]   |
[INFO] [stderr] 4 | use chrono::naive::MAX_DATE;
[INFO] [stderr]   |                    ^^^^^^^^
[INFO] [stderr] 
[INFO] [stderr] warning: use of deprecated constant `chrono::naive::MAX_DATE`: Use NaiveDate::MAX instead
[INFO] [stderr]   --> src/lib.rs:10:35
[INFO] [stderr]    |
[INFO] [stderr] 10 |     () => (Utc.from_utc_datetime(&MAX_DATE.and_hms(23, 59, 59)))
[INFO] [stderr]    |                                   ^^^^^^^^
[INFO] [stderr]    |
[INFO] [stderr]   ::: src/tests.rs:13:26
[INFO] [stderr]    |
[INFO] [stderr] 13 |     assert_eq!(dt.until, max_datetime!());
[INFO] [stderr]    |                          --------------- in this macro invocation
[INFO] [stderr]    |
[INFO] [stderr]    = note: this warning originates in the macro `max_datetime` (in Nightly builds, run with -Z macro-backtrace for more info)
[INFO] [stderr] 
[INFO] [stderr] warning: use of deprecated method `chrono::NaiveDate::and_hms`: use `and_hms_opt()` instead
[INFO] [stderr]   --> src/lib.rs:10:44
[INFO] [stderr]    |
[INFO] [stderr] 10 |     () => (Utc.from_utc_datetime(&MAX_DATE.and_hms(23, 59, 59)))
[INFO] [stderr]    |                                            ^^^^^^^
[INFO] [stderr]    |
[INFO] [stderr]   ::: src/tests.rs:13:26
[INFO] [stderr]    |
[INFO] [stderr] 13 |     assert_eq!(dt.until, max_datetime!());
[INFO] [stderr]    |                          --------------- in this macro invocation
[INFO] [stderr]    |
[INFO] [stderr]    = note: this warning originates in the macro `max_datetime` (in Nightly builds, run with -Z macro-backtrace for more info)
[INFO] [stderr] 
[INFO] [stderr] warning: `recurdates` (lib) generated 10 warnings
[INFO] [stderr] warning: `recurdates` (lib test) generated 13 warnings (10 duplicates)
[INFO] [stderr]     Finished test [unoptimized + debuginfo] target(s) in 0.04s
[INFO] [stderr]      Running unittests src/lib.rs (/opt/rustwide/target/debug/deps/recurdates-179b7a02b80ea277)
[INFO] [stdout] test tests::between ... ok
[INFO] [stdout] test tests::done_before ... ok
[INFO] [stdout] test tests::simple_repeat ... ok
[INFO] [stdout] test tests::init ... ok
[INFO] [stdout] test tests::first_after ... ok
[INFO] [stdout] test tests::year_repeat ... ok
[INFO] [stdout] test tests::month_repeat ... FAILED
[INFO] [stdout] 
[INFO] [stdout] failures:
[INFO] [stdout] 
[INFO] [stdout] ---- tests::month_repeat stdout ----
[INFO] [stdout] thread 'tests::month_repeat' panicked at 'assertion failed: `(left == right)`
[INFO] [stdout]   left: `10`,
[INFO] [stdout]  right: `13`', src/tests.rs:45:5
[INFO] [stdout] stack backtrace:
[INFO] [stdout]    0:     0x555c6af25e9a - std::backtrace_rs::backtrace::libunwind::trace::h2f05d0192276a8f6
[INFO] [stdout]                                at /rustc/1b7dd2252b99671ce5d1cb9664c5f8636329436d/library/std/src/../../backtrace/src/backtrace/libunwind.rs:93:5
[INFO] [stdout]    1:     0x555c6af25e9a - std::backtrace_rs::backtrace::trace_unsynchronized::hedc23dff7a1af150
[INFO] [stdout]                                at /rustc/1b7dd2252b99671ce5d1cb9664c5f8636329436d/library/std/src/../../backtrace/src/backtrace/mod.rs:66:5
[INFO] [stdout]    2:     0x555c6af25e9a - std::sys_common::backtrace::_print_fmt::h17541ef7592f3ce2
[INFO] [stdout]                                at /rustc/1b7dd2252b99671ce5d1cb9664c5f8636329436d/library/std/src/sys_common/backtrace.rs:65:5
[INFO] [stdout]    3:     0x555c6af25e9a - <std::sys_common::backtrace::_print::DisplayBacktrace as core::fmt::Display>::fmt::h20f75df5ab0c0792
[INFO] [stdout]                                at /rustc/1b7dd2252b99671ce5d1cb9664c5f8636329436d/library/std/src/sys_common/backtrace.rs:44:22
[INFO] [stdout]    4:     0x555c6af49aef - core::fmt::write::h78109e6f466b3af6
[INFO] [stdout]                                at /rustc/1b7dd2252b99671ce5d1cb9664c5f8636329436d/library/core/src/fmt/mod.rs:1254:17
[INFO] [stdout]    5:     0x555c6af231e5 - std::io::Write::write_fmt::hd24bfb68a1b35a25
[INFO] [stdout]                                at /rustc/1b7dd2252b99671ce5d1cb9664c5f8636329436d/library/std/src/io/mod.rs:1698:15
[INFO] [stdout]    6:     0x555c6af25c65 - std::sys_common::backtrace::_print::h8dac57a9f8fbf9a5
[INFO] [stdout]                                at /rustc/1b7dd2252b99671ce5d1cb9664c5f8636329436d/library/std/src/sys_common/backtrace.rs:47:5
[INFO] [stdout]    7:     0x555c6af25c65 - std::sys_common::backtrace::print::hf9ecbf41d1aa712f
[INFO] [stdout]                                at /rustc/1b7dd2252b99671ce5d1cb9664c5f8636329436d/library/std/src/sys_common/backtrace.rs:34:9
[INFO] [stdout]    8:     0x555c6af2791e - std::panicking::default_hook::{{closure}}::h04c07acfc84ca028
[INFO] [stdout]                                at /rustc/1b7dd2252b99671ce5d1cb9664c5f8636329436d/library/std/src/panicking.rs:269:22
[INFO] [stdout]    9:     0x555c6af27651 - std::panicking::default_hook::h01f6bb23e1eceb2c
[INFO] [stdout]                                at /rustc/1b7dd2252b99671ce5d1cb9664c5f8636329436d/library/std/src/panicking.rs:285:9
[INFO] [stdout]   10:     0x555c6aef32bb - <alloc::boxed::Box<F,A> as core::ops::function::Fn<Args>>::call::h87fe9f7b2fd49e4c
[INFO] [stdout]                                at /rustc/1b7dd2252b99671ce5d1cb9664c5f8636329436d/library/alloc/src/boxed.rs:1987:9
[INFO] [stdout]   11:     0x555c6aef32bb - test::test_main::{{closure}}::he94d679243a7531b
[INFO] [stdout]                                at /rustc/1b7dd2252b99671ce5d1cb9664c5f8636329436d/library/test/src/lib.rs:134:21
[INFO] [stdout]   12:     0x555c6af28004 - <alloc::boxed::Box<F,A> as core::ops::function::Fn<Args>>::call::h3f2d6d8b14c4769f
[INFO] [stdout]                                at /rustc/1b7dd2252b99671ce5d1cb9664c5f8636329436d/library/alloc/src/boxed.rs:1987:9
[INFO] [stdout]   13:     0x555c6af28004 - std::panicking::rust_panic_with_hook::h2bb3722bbaf2f6df
[INFO] [stdout]                                at /rustc/1b7dd2252b99671ce5d1cb9664c5f8636329436d/library/std/src/panicking.rs:695:13
[INFO] [stdout]   14:     0x555c6af27d79 - std::panicking::begin_panic_handler::{{closure}}::h91bc7f36a4be011b
[INFO] [stdout]                                at /rustc/1b7dd2252b99671ce5d1cb9664c5f8636329436d/library/std/src/panicking.rs:582:13
[INFO] [stdout]   15:     0x555c6af26306 - std::sys_common::backtrace::__rust_end_short_backtrace::h8b3d3717114f9e59
[INFO] [stdout]                                at /rustc/1b7dd2252b99671ce5d1cb9664c5f8636329436d/library/std/src/sys_common/backtrace.rs:150:18
[INFO] [stdout]   16:     0x555c6af27ad2 - rust_begin_unwind
[INFO] [stdout]                                at /rustc/1b7dd2252b99671ce5d1cb9664c5f8636329436d/library/std/src/panicking.rs:578:5
[INFO] [stdout]   17:     0x555c6aeb8b93 - core::panicking::panic_fmt::hfd368e3fbdabea26
[INFO] [stdout]                                at /rustc/1b7dd2252b99671ce5d1cb9664c5f8636329436d/library/core/src/panicking.rs:67:14
[INFO] [stdout]   18:     0x555c6aeb8f5f - core::panicking::assert_failed_inner::haef49168e1798a91
[INFO] [stdout]   19:     0x555c6aebbeea - core::panicking::assert_failed::ha13c32de2f2cc1c2
[INFO] [stdout]                                at /rustc/1b7dd2252b99671ce5d1cb9664c5f8636329436d/library/core/src/panicking.rs:228:5
[INFO] [stdout]   20:     0x555c6aeb9d99 - recurdates::tests::month_repeat::h77f378d27ffe2225
[INFO] [stdout]                                at /opt/rustwide/workdir/src/tests.rs:45:5
[INFO] [stdout]   21:     0x555c6aeb9997 - recurdates::tests::month_repeat::{{closure}}::hfa00443d5799805a
[INFO] [stdout]                                at /opt/rustwide/workdir/src/tests.rs:32:19
[INFO] [stdout]   22:     0x555c6aebf735 - core::ops::function::FnOnce::call_once::h40f06c4dd966a709
[INFO] [stdout]                                at /rustc/1b7dd2252b99671ce5d1cb9664c5f8636329436d/library/core/src/ops/function.rs:250:5
[INFO] [stdout]   23:     0x555c6aef818f - core::ops::function::FnOnce::call_once::ha6a70e79f7481a7e
[INFO] [stdout]                                at /rustc/1b7dd2252b99671ce5d1cb9664c5f8636329436d/library/core/src/ops/function.rs:250:5
[INFO] [stdout]   24:     0x555c6aef818f - test::__rust_begin_short_backtrace::hce33033019b61e69
[INFO] [stdout]                                at /rustc/1b7dd2252b99671ce5d1cb9664c5f8636329436d/library/test/src/lib.rs:655:18
[INFO] [stdout]   25:     0x555c6aec597c - test::run_test::{{closure}}::h858d3528838ae3e5
[INFO] [stdout]                                at /rustc/1b7dd2252b99671ce5d1cb9664c5f8636329436d/library/test/src/lib.rs:646:30
[INFO] [stdout]   26:     0x555c6aec597c - core::ops::function::FnOnce::call_once{{vtable.shim}}::he8ac2b00f01ae79e
[INFO] [stdout]                                at /rustc/1b7dd2252b99671ce5d1cb9664c5f8636329436d/library/core/src/ops/function.rs:250:5
[INFO] [stdout]   27:     0x555c6aef7266 - <alloc::boxed::Box<F,A> as core::ops::function::FnOnce<Args>>::call_once::h8093d25b522725ef
[INFO] [stdout]                                at /rustc/1b7dd2252b99671ce5d1cb9664c5f8636329436d/library/alloc/src/boxed.rs:1973:9
[INFO] [stdout]   28:     0x555c6aef7266 - <core::panic::unwind_safe::AssertUnwindSafe<F> as core::ops::function::FnOnce<()>>::call_once::h5c334c204e4a3913
[INFO] [stdout]                                at /rustc/1b7dd2252b99671ce5d1cb9664c5f8636329436d/library/core/src/panic/unwind_safe.rs:271:9
[INFO] [stdout]   29:     0x555c6aef7266 - std::panicking::try::do_call::ha8b740c7b9478074
[INFO] [stdout]                                at /rustc/1b7dd2252b99671ce5d1cb9664c5f8636329436d/library/std/src/panicking.rs:485:40
[INFO] [stdout]   30:     0x555c6aef7266 - std::panicking::try::h5d34f63d0e41b64e
[INFO] [stdout]                                at /rustc/1b7dd2252b99671ce5d1cb9664c5f8636329436d/library/std/src/panicking.rs:449:19
[INFO] [stdout]   31:     0x555c6aef7266 - std::panic::catch_unwind::hcfbb511e1aa7fc67
[INFO] [stdout]                                at /rustc/1b7dd2252b99671ce5d1cb9664c5f8636329436d/library/std/src/panic.rs:140:14
[INFO] [stdout]   32:     0x555c6aef7266 - test::run_test_in_process::h9abda90f802eaf21
[INFO] [stdout]                                at /rustc/1b7dd2252b99671ce5d1cb9664c5f8636329436d/library/test/src/lib.rs:678:27
[INFO] [stdout]   33:     0x555c6aef7266 - test::run_test::run_test_inner::{{closure}}::h0f058de91f6c6edf
[INFO] [stdout]                                at /rustc/1b7dd2252b99671ce5d1cb9664c5f8636329436d/library/test/src/lib.rs:572:39
[INFO] [stdout]   34:     0x555c6aec0185 - test::run_test::run_test_inner::{{closure}}::h5ca48a4c59c6c1fb
[INFO] [stdout]                                at /rustc/1b7dd2252b99671ce5d1cb9664c5f8636329436d/library/test/src/lib.rs:599:37
[INFO] [stdout]   35:     0x555c6aec0185 - std::sys_common::backtrace::__rust_begin_short_backtrace::h32bd51e1495d4a33
[INFO] [stdout]                                at /rustc/1b7dd2252b99671ce5d1cb9664c5f8636329436d/library/std/src/sys_common/backtrace.rs:134:18
[INFO] [stdout]   36:     0x555c6aec56c1 - std::thread::Builder::spawn_unchecked_::{{closure}}::{{closure}}::hc086fae9b128b2db
[INFO] [stdout]                                at /rustc/1b7dd2252b99671ce5d1cb9664c5f8636329436d/library/std/src/thread/mod.rs:526:17
[INFO] [stdout]   37:     0x555c6aec56c1 - <core::panic::unwind_safe::AssertUnwindSafe<F> as core::ops::function::FnOnce<()>>::call_once::hb66571888d270d43
[INFO] [stdout]                                at /rustc/1b7dd2252b99671ce5d1cb9664c5f8636329436d/library/core/src/panic/unwind_safe.rs:271:9
[INFO] [stdout]   38:     0x555c6aec56c1 - std::panicking::try::do_call::h4fa2ef4f6e51fecf
[INFO] [stdout]                                at /rustc/1b7dd2252b99671ce5d1cb9664c5f8636329436d/library/std/src/panicking.rs:485:40
[INFO] [stdout]   39:     0x555c6aec56c1 - std::panicking::try::h1e9e22b8584489b5
[INFO] [stdout]                                at /rustc/1b7dd2252b99671ce5d1cb9664c5f8636329436d/library/std/src/panicking.rs:449:19
[INFO] [stdout]   40:     0x555c6aec56c1 - std::panic::catch_unwind::h44698a3de0e0769e
[INFO] [stdout]                                at /rustc/1b7dd2252b99671ce5d1cb9664c5f8636329436d/library/std/src/panic.rs:140:14
[INFO] [stdout]   41:     0x555c6aec56c1 - std::thread::Builder::spawn_unchecked_::{{closure}}::h50153abde3fe239e
[INFO] [stdout]                                at /rustc/1b7dd2252b99671ce5d1cb9664c5f8636329436d/library/std/src/thread/mod.rs:525:30
[INFO] [stdout]   42:     0x555c6aec56c1 - core::ops::function::FnOnce::call_once{{vtable.shim}}::hbe5bbf6f38394364
[INFO] [stdout]                                at /rustc/1b7dd2252b99671ce5d1cb9664c5f8636329436d/library/core/src/ops/function.rs:250:5
[INFO] [stdout]   43:     0x555c6af2c4d5 - <alloc::boxed::Box<F,A> as core::ops::function::FnOnce<Args>>::call_once::h0d83cb2920a49046
[INFO] [stdout]                                at /rustc/1b7dd2252b99671ce5d1cb9664c5f8636329436d/library/alloc/src/boxed.rs:1973:9
[INFO] [stdout]   44:     0x555c6af2c4d5 - <alloc::boxed::Box<F,A> as core::ops::function::FnOnce<Args>>::call_once::hbe0a008aa7d9ef59
[INFO] [stdout]                                at /rustc/1b7dd2252b99671ce5d1cb9664c5f8636329436d/library/alloc/src/boxed.rs:1973:9
[INFO] [stdout]   45:     0x555c6af2c4d5 - std::sys::unix::thread::Thread::new::thread_start::h3a466996bdf6b1f9
[INFO] [stdout]                                at /rustc/1b7dd2252b99671ce5d1cb9664c5f8636329436d/library/std/src/sys/unix/thread.rs:108:17
[INFO] [stdout]   46:     0x7fb3503d1b43 - <unknown>
[INFO] [stdout]   47:     0x7fb350462bb4 - __clone
[INFO] [stdout]   48:                0x0 - <unknown>
[INFO] [stdout] 
[INFO] [stdout] 
[INFO] [stdout] failures:
[INFO] [stdout]     tests::month_repeat
[INFO] [stdout] 
[INFO] [stdout] test result: FAILED. 6 passed; 1 failed; 0 ignored; 0 measured; 0 filtered out; finished in 0.06s
[INFO] [stdout] 
[INFO] [stderr] error: test failed, to rerun pass `--lib`
[INFO] running `Command { std: "docker" "inspect" "0dfc1c189cf727e7eb0cc84ba2c68ee9f5e50bf3018d174207b0ecf81478178e", kill_on_drop: false }`
[INFO] running `Command { std: "docker" "rm" "-f" "0dfc1c189cf727e7eb0cc84ba2c68ee9f5e50bf3018d174207b0ecf81478178e", kill_on_drop: false }`
[INFO] [stdout] 0dfc1c189cf727e7eb0cc84ba2c68ee9f5e50bf3018d174207b0ecf81478178e
