[INFO] fetching crate razel 0.1.6...
[INFO] testing razel-0.1.6 against 1.69.0 for beta-1.70-1
[INFO] extracting crate razel 0.1.6 into /workspace/builds/worker-6-tc1/source
[INFO] validating manifest of crates.io crate razel 0.1.6 on toolchain 1.69.0
[INFO] running `Command { std: CARGO_HOME="/workspace/cargo-home" RUSTUP_HOME="/workspace/rustup-home" "/workspace/cargo-home/bin/cargo" "+1.69.0" "metadata" "--manifest-path" "Cargo.toml" "--no-deps", kill_on_drop: false }`
[INFO] started tweaking crates.io crate razel 0.1.6
[INFO] finished tweaking crates.io crate razel 0.1.6
[INFO] tweaked toml for crates.io crate razel 0.1.6 written to /workspace/builds/worker-6-tc1/source/Cargo.toml
[INFO] crate crates.io crate razel 0.1.6 already has a lockfile, it will not be regenerated
[INFO] running `Command { std: CARGO_HOME="/workspace/cargo-home" RUSTUP_HOME="/workspace/rustup-home" "/workspace/cargo-home/bin/cargo" "+1.69.0" "fetch" "--manifest-path" "Cargo.toml", kill_on_drop: false }`
[INFO] [stderr]  Downloading crates ...
[INFO] [stderr]   Downloaded procfs v0.14.2
[INFO] [stderr]   Downloaded crossterm v0.26.0
[INFO] running `Command { std: "docker" "create" "-v" "/var/lib/crater-agent-workspace/builds/worker-6-tc1/target:/opt/rustwide/target:rw,Z" "-v" "/var/lib/crater-agent-workspace/builds/worker-6-tc1/source:/opt/rustwide/workdir:ro,Z" "-v" "/var/lib/crater-agent-workspace/cargo-home:/opt/rustwide/cargo-home:ro,Z" "-v" "/var/lib/crater-agent-workspace/rustup-home:/opt/rustwide/rustup-home:ro,Z" "-e" "SOURCE_DIR=/opt/rustwide/workdir" "-e" "CARGO_TARGET_DIR=/opt/rustwide/target" "-e" "CARGO_HOME=/opt/rustwide/cargo-home" "-e" "RUSTUP_HOME=/opt/rustwide/rustup-home" "-w" "/opt/rustwide/workdir" "-m" "1610612736" "--user" "0:0" "--network" "none" "ghcr.io/rust-lang/crates-build-env/linux@sha256:5ff2268d62e97bff2cde7d5815dd6ed5b47097566f13b8d0ca110b04b60e07ed" "/opt/rustwide/cargo-home/bin/cargo" "+1.69.0" "metadata" "--no-deps" "--format-version=1", kill_on_drop: false }`
[INFO] [stdout] c3c988ffba15b4c3df83bd758a8ec0cc6f069f52bf5486965cd120ee689285d7
[INFO] running `Command { std: "docker" "start" "-a" "c3c988ffba15b4c3df83bd758a8ec0cc6f069f52bf5486965cd120ee689285d7", kill_on_drop: false }`
[INFO] running `Command { std: "docker" "inspect" "c3c988ffba15b4c3df83bd758a8ec0cc6f069f52bf5486965cd120ee689285d7", kill_on_drop: false }`
[INFO] running `Command { std: "docker" "rm" "-f" "c3c988ffba15b4c3df83bd758a8ec0cc6f069f52bf5486965cd120ee689285d7", kill_on_drop: false }`
[INFO] [stdout] c3c988ffba15b4c3df83bd758a8ec0cc6f069f52bf5486965cd120ee689285d7
[INFO] running `Command { std: "docker" "create" "-v" "/var/lib/crater-agent-workspace/builds/worker-6-tc1/target:/opt/rustwide/target:rw,Z" "-v" "/var/lib/crater-agent-workspace/builds/worker-6-tc1/source:/opt/rustwide/workdir:ro,Z" "-v" "/var/lib/crater-agent-workspace/cargo-home:/opt/rustwide/cargo-home:ro,Z" "-v" "/var/lib/crater-agent-workspace/rustup-home:/opt/rustwide/rustup-home:ro,Z" "-e" "SOURCE_DIR=/opt/rustwide/workdir" "-e" "CARGO_TARGET_DIR=/opt/rustwide/target" "-e" "CARGO_INCREMENTAL=0" "-e" "RUST_BACKTRACE=full" "-e" "RUSTFLAGS=--cap-lints=warn" "-e" "RUSTDOCFLAGS=--cap-lints=warn" "-e" "CARGO_HOME=/opt/rustwide/cargo-home" "-e" "RUSTUP_HOME=/opt/rustwide/rustup-home" "-w" "/opt/rustwide/workdir" "-m" "1610612736" "--user" "0:0" "--network" "none" "ghcr.io/rust-lang/crates-build-env/linux@sha256:5ff2268d62e97bff2cde7d5815dd6ed5b47097566f13b8d0ca110b04b60e07ed" "/opt/rustwide/cargo-home/bin/cargo" "+1.69.0" "build" "--frozen" "--message-format=json", kill_on_drop: false }`
[INFO] [stdout] 241fd3e4d462b9ac7c7929ba42359c3f581bd973959743732a941bd74787fc62
[INFO] running `Command { std: "docker" "start" "-a" "241fd3e4d462b9ac7c7929ba42359c3f581bd973959743732a941bd74787fc62", kill_on_drop: false }`
[INFO] [stderr]    Compiling proc-macro2 v1.0.50
[INFO] [stderr]    Compiling unicode-ident v1.0.6
[INFO] [stderr]    Compiling quote v1.0.23
[INFO] [stderr]    Compiling syn v1.0.107
[INFO] [stderr]    Compiling libc v0.2.139
[INFO] [stderr]    Compiling memchr v2.5.0
[INFO] [stderr]    Compiling once_cell v1.17.0
[INFO] [stderr]    Compiling bytes v1.3.0
[INFO] [stderr]    Compiling parking_lot_core v0.9.6
[INFO] [stderr]    Compiling tokio v1.24.2
[INFO] [stderr]    Compiling itoa v1.0.5
[INFO] [stderr]    Compiling either v1.8.1
[INFO] [stderr]    Compiling futures-util v0.3.25
[INFO] [stderr]    Compiling anyhow v1.0.68
[INFO] [stderr]    Compiling indexmap v1.9.2
[INFO] [stderr]    Compiling ring v0.16.20
[INFO] [stderr]    Compiling serde_derive v1.0.152
[INFO] [stderr]    Compiling itertools v0.10.5
[INFO] [stderr]    Compiling serde v1.0.152
[INFO] [stderr]    Compiling tracing-core v0.1.30
[INFO] [stderr]    Compiling http v0.2.8
[INFO] [stderr]    Compiling rustversion v1.0.11
[INFO] [stderr]    Compiling untrusted v0.7.1
[INFO] [stderr]    Compiling futures-channel v0.3.25
[INFO] [stderr]    Compiling spin v0.5.2
[INFO] [stderr]    Compiling try-lock v0.2.4
[INFO] [stderr]    Compiling typenum v1.16.0
[INFO] [stderr]    Compiling heck v0.4.0
[INFO] [stderr]    Compiling want v0.3.0
[INFO] [stderr]    Compiling ppv-lite86 v0.2.17
[INFO] [stderr]    Compiling io-lifetimes v1.0.4
[INFO] [stderr]    Compiling http-body v0.4.5
[INFO] [stderr]    Compiling prettyplease v0.1.23
[INFO] [stderr]    Compiling log v0.4.17
[INFO] [stderr]    Compiling remove_dir_all v0.5.3
[INFO] [stderr]    Compiling async-trait v0.1.63
[INFO] [stderr]    Compiling regex-syntax v0.6.28
[INFO] [stderr]    Compiling fastrand v1.8.0
[INFO] [stderr]    Compiling rustls v0.20.8
[INFO] [stderr]    Compiling fixedbitset v0.4.2
[INFO] [stderr]    Compiling rustix v0.36.7
[INFO] [stderr]    Compiling signal-hook-registry v1.4.0
[INFO] [stderr]    Compiling mio v0.8.5
[INFO] [stderr]    Compiling socket2 v0.4.7
[INFO] [stderr]    Compiling num_cpus v1.15.0
[INFO] [stderr]    Compiling getrandom v0.2.8
[INFO] [stderr]    Compiling axum-core v0.3.2
[INFO] [stderr]    Compiling petgraph v0.6.2
[INFO] [stderr]    Compiling which v4.4.0
[INFO] [stderr]    Compiling parking_lot v0.12.1
[INFO] [stderr]    Compiling rand_core v0.6.4
[INFO] [stderr]    Compiling tempfile v3.3.0
[INFO] [stderr]    Compiling generic-array v0.14.6
[INFO] [stderr]    Compiling rand_chacha v0.3.1
[INFO] [stderr]    Compiling signal-hook v0.3.14
[INFO] [stderr]    Compiling linux-raw-sys v0.1.4
[INFO] [stderr]    Compiling multimap v0.8.3
[INFO] [stderr]    Compiling ryu v1.0.12
[INFO] [stderr]    Compiling proc-macro-error-attr v1.0.4
[INFO] [stderr]    Compiling axum v0.6.7
[INFO] [stderr]    Compiling rand v0.8.5
[INFO] [stderr]    Compiling unicode-bidi v0.3.10
[INFO] [stderr]    Compiling regex-automata v0.1.10
[INFO] [stderr]    Compiling time-macros v0.2.6
[INFO] [stderr]    Compiling miniz_oxide v0.6.2
[INFO] [stderr]    Compiling os_str_bytes v6.4.1
[INFO] [stderr]    Compiling sync_wrapper v0.1.2
[INFO] [stderr]    Compiling regex v1.7.1
[INFO] [stderr]    Compiling crypto-common v0.1.6
[INFO] [stderr]    Compiling block-buffer v0.10.3
[INFO] [stderr]    Compiling idna v0.3.0
[INFO] [stderr]    Compiling base64 v0.21.0
[INFO] [stderr]    Compiling procfs v0.14.2
[INFO] [stderr]    Compiling serde_json v1.0.91
[INFO] [stderr]    Compiling matchit v0.7.0
[INFO] [stderr]    Compiling chrono v0.4.23
[INFO] [stderr]    Compiling flate2 v1.0.25
[INFO] [stderr]    Compiling rustls-pemfile v1.0.2
[INFO] [stderr]    Compiling digest v0.10.6
[INFO] [stderr]    Compiling clap_lex v0.3.1
[INFO] [stderr]    Compiling url v2.3.1
[INFO] [stderr]    Compiling signal-hook-mio v0.2.3
[INFO] [stderr]    Compiling dirs-sys v0.3.7
[INFO] [stderr]    Compiling csv-core v0.1.10
[INFO] [stderr]    Compiling aho-corasick v0.7.20
[INFO] [stderr]    Compiling byteorder v1.4.3
[INFO] [stderr]    Compiling itoa v0.4.8
[INFO] [stderr]    Compiling ipnet v2.7.1
[INFO] [stderr]    Compiling time v0.3.17
[INFO] [stderr]    Compiling sha2 v0.10.6
[INFO] [stderr]    Compiling directories v4.0.1
[INFO] [stderr]    Compiling crossterm v0.26.0
[INFO] [stderr]    Compiling bstr v1.1.0
[INFO] [stderr]    Compiling webpki v0.22.0
[INFO] [stderr]    Compiling sct v0.7.0
[INFO] [stderr]    Compiling base16ct v0.1.1
[INFO] [stderr]    Compiling webpki-roots v0.22.6
[INFO] [stderr]    Compiling proc-macro-error v1.0.4
[INFO] [stderr]    Compiling simplelog v0.12.0
[INFO] [stderr]    Compiling is-terminal v0.4.2
[INFO] [stderr]    Compiling tokio-macros v1.8.2
[INFO] [stderr]    Compiling tracing-attributes v0.1.23
[INFO] [stderr]    Compiling futures-macro v0.3.25
[INFO] [stderr]    Compiling prost-derive v0.11.6
[INFO] [stderr]    Compiling pin-project-internal v1.0.12
[INFO] [stderr]    Compiling async-stream-impl v0.3.4
[INFO] [stderr]    Compiling clap_derive v4.1.0
[INFO] [stderr]    Compiling async-stream v0.3.4
[INFO] [stderr]    Compiling pin-project v1.0.12
[INFO] [stderr]    Compiling tracing v0.1.37
[INFO] [stderr]    Compiling tracing-futures v0.2.5
[INFO] [stderr]    Compiling prost v0.11.6
[INFO] [stderr]    Compiling clap v4.1.4
[INFO] [stderr]    Compiling prost-types v0.11.6
[INFO] [stderr]    Compiling prost-build v0.11.6
[INFO] [stderr]    Compiling tonic-build v0.8.4
[INFO] [stderr]    Compiling tokio-util v0.7.4
[INFO] [stderr]    Compiling tokio-io-timeout v1.2.0
[INFO] [stderr]    Compiling tokio-rustls v0.23.4
[INFO] [stderr]    Compiling tokio-stream v0.1.11
[INFO] [stderr]    Compiling razel v0.1.6 (/opt/rustwide/workdir)
[INFO] [stderr]    Compiling h2 v0.3.15
[INFO] [stderr]    Compiling tower v0.4.13
[INFO] [stderr]    Compiling serde_urlencoded v0.7.1
[INFO] [stderr]    Compiling bstr v0.2.17
[INFO] [stderr]    Compiling csv v1.1.6
[INFO] [stderr]    Compiling tower-http v0.3.5
[INFO] [stderr]    Compiling hyper v0.14.23
[INFO] [stderr]    Compiling hyper-timeout v0.4.1
[INFO] [stderr]    Compiling hyper-rustls v0.23.2
[INFO] [stderr]    Compiling reqwest v0.11.14
[INFO] [stderr]    Compiling tonic v0.8.3
[INFO] [stderr]     Finished dev [unoptimized + debuginfo] target(s) in 56.18s
[INFO] running `Command { std: "docker" "inspect" "241fd3e4d462b9ac7c7929ba42359c3f581bd973959743732a941bd74787fc62", kill_on_drop: false }`
[INFO] running `Command { std: "docker" "rm" "-f" "241fd3e4d462b9ac7c7929ba42359c3f581bd973959743732a941bd74787fc62", kill_on_drop: false }`
[INFO] [stdout] 241fd3e4d462b9ac7c7929ba42359c3f581bd973959743732a941bd74787fc62
[INFO] running `Command { std: "docker" "create" "-v" "/var/lib/crater-agent-workspace/builds/worker-6-tc1/target:/opt/rustwide/target:rw,Z" "-v" "/var/lib/crater-agent-workspace/builds/worker-6-tc1/source:/opt/rustwide/workdir:ro,Z" "-v" "/var/lib/crater-agent-workspace/cargo-home:/opt/rustwide/cargo-home:ro,Z" "-v" "/var/lib/crater-agent-workspace/rustup-home:/opt/rustwide/rustup-home:ro,Z" "-e" "SOURCE_DIR=/opt/rustwide/workdir" "-e" "CARGO_TARGET_DIR=/opt/rustwide/target" "-e" "CARGO_INCREMENTAL=0" "-e" "RUST_BACKTRACE=full" "-e" "RUSTFLAGS=--cap-lints=warn" "-e" "RUSTDOCFLAGS=--cap-lints=warn" "-e" "CARGO_HOME=/opt/rustwide/cargo-home" "-e" "RUSTUP_HOME=/opt/rustwide/rustup-home" "-w" "/opt/rustwide/workdir" "-m" "1610612736" "--user" "0:0" "--network" "none" "ghcr.io/rust-lang/crates-build-env/linux@sha256:5ff2268d62e97bff2cde7d5815dd6ed5b47097566f13b8d0ca110b04b60e07ed" "/opt/rustwide/cargo-home/bin/cargo" "+1.69.0" "test" "--frozen" "--no-run" "--message-format=json", kill_on_drop: false }`
[INFO] [stdout] 4c0f57fd730762d8a41db6154a65be868e0b1235079e8acdcf7f27b3d1be5f02
[INFO] running `Command { std: "docker" "start" "-a" "4c0f57fd730762d8a41db6154a65be868e0b1235079e8acdcf7f27b3d1be5f02", kill_on_drop: false }`
[INFO] [stderr]    Compiling futures-util v0.3.25
[INFO] [stderr]    Compiling dashmap v5.4.0
[INFO] [stderr]    Compiling serial_test_derive v1.0.0
[INFO] [stderr]    Compiling humantime v2.1.0
[INFO] [stderr]    Compiling approx v0.5.1
[INFO] [stderr]    Compiling temp-dir v0.1.11
[INFO] [stderr]    Compiling env_logger v0.10.0
[INFO] [stderr]    Compiling h2 v0.3.15
[INFO] [stderr]    Compiling tower v0.4.13
[INFO] [stderr]    Compiling axum-core v0.3.2
[INFO] [stderr]    Compiling futures-executor v0.3.25
[INFO] [stderr]    Compiling futures v0.3.25
[INFO] [stderr]    Compiling serial_test v1.0.0
[INFO] [stderr]    Compiling tower-http v0.3.5
[INFO] [stderr]    Compiling hyper v0.14.23
[INFO] [stderr]    Compiling axum v0.6.7
[INFO] [stderr]    Compiling hyper-timeout v0.4.1
[INFO] [stderr]    Compiling hyper-rustls v0.23.2
[INFO] [stderr]    Compiling reqwest v0.11.14
[INFO] [stderr]    Compiling tonic v0.8.3
[INFO] [stderr]    Compiling razel v0.1.6 (/opt/rustwide/workdir)
[INFO] [stderr]     Finished test [unoptimized + debuginfo] target(s) in 30.10s
[INFO] running `Command { std: "docker" "inspect" "4c0f57fd730762d8a41db6154a65be868e0b1235079e8acdcf7f27b3d1be5f02", kill_on_drop: false }`
[INFO] running `Command { std: "docker" "rm" "-f" "4c0f57fd730762d8a41db6154a65be868e0b1235079e8acdcf7f27b3d1be5f02", kill_on_drop: false }`
[INFO] [stdout] 4c0f57fd730762d8a41db6154a65be868e0b1235079e8acdcf7f27b3d1be5f02
[INFO] running `Command { std: "docker" "create" "-v" "/var/lib/crater-agent-workspace/builds/worker-6-tc1/target:/opt/rustwide/target:rw,Z" "-v" "/var/lib/crater-agent-workspace/builds/worker-6-tc1/source:/opt/rustwide/workdir:ro,Z" "-v" "/var/lib/crater-agent-workspace/cargo-home:/opt/rustwide/cargo-home:ro,Z" "-v" "/var/lib/crater-agent-workspace/rustup-home:/opt/rustwide/rustup-home:ro,Z" "-e" "SOURCE_DIR=/opt/rustwide/workdir" "-e" "CARGO_TARGET_DIR=/opt/rustwide/target" "-e" "CARGO_INCREMENTAL=0" "-e" "RUST_BACKTRACE=full" "-e" "RUSTFLAGS=--cap-lints=warn" "-e" "RUSTDOCFLAGS=--cap-lints=warn" "-e" "CARGO_HOME=/opt/rustwide/cargo-home" "-e" "RUSTUP_HOME=/opt/rustwide/rustup-home" "-w" "/opt/rustwide/workdir" "-m" "1610612736" "--user" "0:0" "--network" "none" "ghcr.io/rust-lang/crates-build-env/linux@sha256:5ff2268d62e97bff2cde7d5815dd6ed5b47097566f13b8d0ca110b04b60e07ed" "/opt/rustwide/cargo-home/bin/cargo" "+1.69.0" "test" "--frozen", kill_on_drop: false }`
[INFO] [stdout] 6d32f601c62c20221043ffa0f85a61e9f766c9ca767ea4bc8eacaf213e1d643e
[INFO] running `Command { std: "docker" "start" "-a" "6d32f601c62c20221043ffa0f85a61e9f766c9ca767ea4bc8eacaf213e1d643e", kill_on_drop: false }`
[INFO] [stderr]     Finished test [unoptimized + debuginfo] target(s) in 0.40s
[INFO] [stderr]      Running unittests src/lib.rs (/opt/rustwide/target/debug/deps/razel-077b2e9dc6e634e9)
[INFO] [stdout] 
[INFO] [stdout] running 20 tests
[INFO] [stdout] test config::tests::workspace_within_home ... ok
[INFO] [stdout] test config::tests::workspace_within_temp ... ok
[INFO] [stdout] test utils::resources::tests::available_memory ... ignored
[INFO] [stdout] test utils::resources::tests::cgroup_razel ... ignored
[INFO] [stdout] test scheduler::tests::killed ... ok
[INFO] [stdout] test scheduler::tests::simple ... ok
[INFO] [stdout] test cache::local_cache::tests::move_output_file_into_cache ... ok
[INFO] [stdout] test executors::custom_command::tests::exec_fail_to_start ... ok
[INFO] [stdout] test cache::cache::tests::bigger_file ... ok
[INFO] [stdout] test cache::cache::tests::small_file ... ok
[INFO] [stdout] test utils::symlink::tests::create_recreate_and_modify ... ok
[INFO] [stdout] test measurements::tests::ctest_and_dart ... ok
[INFO] [stdout] test measurements::tests::dart ... ok
[INFO] [stdout] test measurements::tests::ctest ... ok
[INFO] [stdout] test executors::custom_command::tests::exec_ok ... ok
[INFO] [stdout] test executors::custom_command::tests::exec_stdout ... ok
[INFO] [stdout] test executors::custom_command::tests::exec_stderr ... ok
[INFO] [stdout] test executors::custom_command::tests::exec_failed_to_run ... ok
[INFO] [stdout] test razel::tests::parallel_real_time_test ... FAILED
[INFO] [stdout] test executors::custom_command::tests::test_arg_max ... ok
[INFO] [stdout] 
[INFO] [stdout] failures:
[INFO] [stdout] 
[INFO] [stdout] ---- razel::tests::parallel_real_time_test stdout ----
[INFO] [stdout] [1m[38;5;12mStatus[39m[0m: [1m[39m0[39m[0m succeeded (0 cached), [0m[39m0[39m[0m failed, 16 running, 32 remaining
[INFO] [stdout] 
[INFO] [stdout] [38;5;9m--------------------------------------------------------------------------------[39m
[INFO] [stdout] [1m[38;5;9mSystemError[39m[0m0
[INFO] [stdout] [1m[38;5;9merror:     [39m[0mexec_action()
[INFO] [stdout] 
[INFO] [stdout] Caused by:
[INFO] [stdout]     0: Sandbox::create()
[INFO] [stdout]     1: Failed to create sandbox dir: "razel-out/.sandbox/8/0"
[INFO] [stdout]     2: Read-only file system (os error 30)
[INFO] [stdout] [1m[38;5;12mcommand:   [39m[0m/usr/bin/cmake -E sleep 0.5
[INFO] [stdout] [38;5;9m--------------------------------------------------------------------------------[39m
[INFO] [stdout] 
[INFO] [stdout] 
[INFO] [stdout] [38;5;9m--------------------------------------------------------------------------------[39m
[INFO] [stdout] [1m[38;5;9mSystemError[39m[0m1
[INFO] [stdout] [1m[38;5;9merror:     [39m[0mexec_action()
[INFO] [stdout] 
[INFO] [stdout] Caused by:
[INFO] [stdout]     0: Sandbox::create()
[INFO] [stdout]     1: Failed to create sandbox dir: "razel-out/.sandbox/8/1"
[INFO] [stdout]     2: Read-only file system (os error 30)
[INFO] [stdout] [1m[38;5;12mcommand:   [39m[0m/usr/bin/cmake -E sleep 0.5
[INFO] [stdout] [38;5;9m--------------------------------------------------------------------------------[39m
[INFO] [stdout] 
[INFO] [stdout] 
[INFO] [stdout] [38;5;9m--------------------------------------------------------------------------------[39m
[INFO] [stdout] [1m[38;5;9mSystemError[39m[0m2
[INFO] [stdout] [1m[38;5;9merror:     [39m[0mexec_action()
[INFO] [stdout] 
[INFO] [stdout] Caused by:
[INFO] [stdout]     0: Sandbox::create()
[INFO] [stdout]     1: Failed to create sandbox dir: "razel-out/.sandbox/8/2"
[INFO] [stdout]     2: Read-only file system (os error 30)
[INFO] [stdout] [1m[38;5;12mcommand:   [39m[0m/usr/bin/cmake -E sleep 0.5
[INFO] [stdout] [38;5;9m--------------------------------------------------------------------------------[39m
[INFO] [stdout] 
[INFO] [stdout] 
[INFO] [stdout] [38;5;9m--------------------------------------------------------------------------------[39m
[INFO] [stdout] [1m[38;5;9mSystemError[39m[0m3
[INFO] [stdout] [1m[38;5;9merror:     [39m[0mexec_action()
[INFO] [stdout] 
[INFO] [stdout] Caused by:
[INFO] [stdout]     0: Sandbox::create()
[INFO] [stdout]     1: Failed to create sandbox dir: "razel-out/.sandbox/8/3"
[INFO] [stdout]     2: Read-only file system (os error 30)
[INFO] [stdout] [1m[38;5;12mcommand:   [39m[0m/usr/bin/cmake -E sleep 0.5
[INFO] [stdout] [38;5;9m--------------------------------------------------------------------------------[39m
[INFO] [stdout] 
[INFO] [stdout] 
[INFO] [stdout] [38;5;9m--------------------------------------------------------------------------------[39m
[INFO] [stdout] [1m[38;5;9mSystemError[39m[0m4
[INFO] [stdout] [1m[38;5;9merror:     [39m[0mexec_action()
[INFO] [stdout] 
[INFO] [stdout] Caused by:
[INFO] [stdout]     0: Sandbox::create()
[INFO] [stdout]     1: Failed to create sandbox dir: "razel-out/.sandbox/8/4"
[INFO] [stdout]     2: Read-only file system (os error 30)
[INFO] [stdout] [1m[38;5;12mcommand:   [39m[0m/usr/bin/cmake -E sleep 0.5
[INFO] [stdout] [38;5;9m--------------------------------------------------------------------------------[39m
[INFO] [stdout] 
[INFO] [stdout] 
[INFO] [stdout] [38;5;9m--------------------------------------------------------------------------------[39m
[INFO] [stdout] [1m[38;5;9mSystemError[39m[0m5
[INFO] [stdout] [1m[38;5;9merror:     [39m[0mexec_action()
[INFO] [stdout] 
[INFO] [stdout] Caused by:
[INFO] [stdout]     0: Sandbox::create()
[INFO] [stdout]     1: Failed to create sandbox dir: "razel-out/.sandbox/8/5"
[INFO] [stdout]     2: Read-only file system (os error 30)
[INFO] [stdout] [1m[38;5;12mcommand:   [39m[0m/usr/bin/cmake -E sleep 0.5
[INFO] [stdout] [38;5;9m--------------------------------------------------------------------------------[39m
[INFO] [stdout] 
[INFO] [stdout] 
[INFO] [stdout] [38;5;9m--------------------------------------------------------------------------------[39m
[INFO] [stdout] [1m[38;5;9mSystemError[39m[0m6
[INFO] [stdout] [1m[38;5;9merror:     [39m[0mexec_action()
[INFO] [stdout] 
[INFO] [stdout] Caused by:
[INFO] [stdout]     0: Sandbox::create()
[INFO] [stdout]     1: Failed to create sandbox dir: "razel-out/.sandbox/8/6"
[INFO] [stdout]     2: Read-only file system (os error 30)
[INFO] [stdout] [1m[38;5;12mcommand:   [39m[0m/usr/bin/cmake -E sleep 0.5
[INFO] [stdout] [38;5;9m--------------------------------------------------------------------------------[39m
[INFO] [stdout] 
[INFO] [stdout] 
[INFO] [stdout] [38;5;9m--------------------------------------------------------------------------------[39m
[INFO] [stdout] [1m[38;5;9mSystemError[39m[0m7
[INFO] [stdout] [1m[38;5;9merror:     [39m[0mexec_action()
[INFO] [stdout] 
[INFO] [stdout] Caused by:
[INFO] [stdout]     0: Sandbox::create()
[INFO] [stdout]     1: Failed to create sandbox dir: "razel-out/.sandbox/8/7"
[INFO] [stdout]     2: Read-only file system (os error 30)
[INFO] [stdout] [1m[38;5;12mcommand:   [39m[0m/usr/bin/cmake -E sleep 0.5
[INFO] [stdout] [38;5;9m--------------------------------------------------------------------------------[39m
[INFO] [stdout] 
[INFO] [stdout] 
[INFO] [stdout] [38;5;9m--------------------------------------------------------------------------------[39m
[INFO] [stdout] [1m[38;5;9mSystemError[39m[0m8
[INFO] [stdout] [1m[38;5;9merror:     [39m[0mexec_action()
[INFO] [stdout] 
[INFO] [stdout] Caused by:
[INFO] [stdout]     0: Sandbox::create()
[INFO] [stdout]     1: Failed to create sandbox dir: "razel-out/.sandbox/8/8"
[INFO] [stdout]     2: Read-only file system (os error 30)
[INFO] [stdout] [1m[38;5;12mcommand:   [39m[0m/usr/bin/cmake -E sleep 0.5
[INFO] [stdout] [38;5;9m--------------------------------------------------------------------------------[39m
[INFO] [stdout] 
[INFO] [stdout] 
[INFO] [stdout] [38;5;9m--------------------------------------------------------------------------------[39m
[INFO] [stdout] [1m[38;5;9mSystemError[39m[0m9
[INFO] [stdout] [1m[38;5;9merror:     [39m[0mexec_action()
[INFO] [stdout] 
[INFO] [stdout] Caused by:
[INFO] [stdout]     0: Sandbox::create()
[INFO] [stdout]     1: Failed to create sandbox dir: "razel-out/.sandbox/8/9"
[INFO] [stdout]     2: Read-only file system (os error 30)
[INFO] [stdout] [1m[38;5;12mcommand:   [39m[0m/usr/bin/cmake -E sleep 0.5
[INFO] [stdout] [38;5;9m--------------------------------------------------------------------------------[39m
[INFO] [stdout] 
[INFO] [stdout] 
[INFO] [stdout] [38;5;9m--------------------------------------------------------------------------------[39m
[INFO] [stdout] [1m[38;5;9mSystemError[39m[0m10
[INFO] [stdout] [1m[38;5;9merror:     [39m[0mexec_action()
[INFO] [stdout] 
[INFO] [stdout] Caused by:
[INFO] [stdout]     0: Sandbox::create()
[INFO] [stdout]     1: Failed to create sandbox dir: "razel-out/.sandbox/8/10"
[INFO] [stdout]     2: Read-only file system (os error 30)
[INFO] [stdout] [1m[38;5;12mcommand:   [39m[0m/usr/bin/cmake -E sleep 0.5
[INFO] [stdout] [38;5;9m--------------------------------------------------------------------------------[39m
[INFO] [stdout] 
[INFO] [stdout] 
[INFO] [stdout] [38;5;9m--------------------------------------------------------------------------------[39m
[INFO] [stdout] [1m[38;5;9mSystemError[39m[0m11
[INFO] [stdout] [1m[38;5;9merror:     [39m[0mexec_action()
[INFO] [stdout] 
[INFO] [stdout] Caused by:
[INFO] [stdout]     0: Sandbox::create()
[INFO] [stdout]     1: Failed to create sandbox dir: "razel-out/.sandbox/8/11"
[INFO] [stdout]     2: Read-only file system (os error 30)
[INFO] [stdout] [1m[38;5;12mcommand:   [39m[0m/usr/bin/cmake -E sleep 0.5
[INFO] [stdout] [38;5;9m--------------------------------------------------------------------------------[39m
[INFO] [stdout] 
[INFO] [stdout] 
[INFO] [stdout] [38;5;9m--------------------------------------------------------------------------------[39m
[INFO] [stdout] [1m[38;5;9mSystemError[39m[0m12
[INFO] [stdout] [1m[38;5;9merror:     [39m[0mexec_action()
[INFO] [stdout] 
[INFO] [stdout] Caused by:
[INFO] [stdout]     0: Sandbox::create()
[INFO] [stdout]     1: Failed to create sandbox dir: "razel-out/.sandbox/8/12"
[INFO] [stdout]     2: Read-only file system (os error 30)
[INFO] [stdout] [1m[38;5;12mcommand:   [39m[0m/usr/bin/cmake -E sleep 0.5
[INFO] [stdout] [38;5;9m--------------------------------------------------------------------------------[39m
[INFO] [stdout] 
[INFO] [stdout] 
[INFO] [stdout] [38;5;9m--------------------------------------------------------------------------------[39m
[INFO] [stdout] [1m[38;5;9mSystemError[39m[0m13
[INFO] [stdout] [1m[38;5;9merror:     [39m[0mexec_action()
[INFO] [stdout] 
[INFO] [stdout] Caused by:
[INFO] [stdout]     0: Sandbox::create()
[INFO] [stdout]     1: Failed to create sandbox dir: "razel-out/.sandbox/8/13"
[INFO] [stdout]     2: Read-only file system (os error 30)
[INFO] [stdout] [1m[38;5;12mcommand:   [39m[0m/usr/bin/cmake -E sleep 0.5
[INFO] [stdout] [38;5;9m--------------------------------------------------------------------------------[39m
[INFO] [stdout] 
[INFO] [stdout] 
[INFO] [stdout] [38;5;9m--------------------------------------------------------------------------------[39m
[INFO] [stdout] [1m[38;5;9mSystemError[39m[0m14
[INFO] [stdout] [1m[38;5;9merror:     [39m[0mexec_action()
[INFO] [stdout] 
[INFO] [stdout] Caused by:
[INFO] [stdout]     0: Sandbox::create()
[INFO] [stdout]     1: Failed to create sandbox dir: "razel-out/.sandbox/8/14"
[INFO] [stdout]     2: Read-only file system (os error 30)
[INFO] [stdout] [1m[38;5;12mcommand:   [39m[0m/usr/bin/cmake -E sleep 0.5
[INFO] [stdout] [38;5;9m--------------------------------------------------------------------------------[39m
[INFO] [stdout] 
[INFO] [stdout] 
[INFO] [stdout] [38;5;9m--------------------------------------------------------------------------------[39m
[INFO] [stdout] [1m[38;5;9mSystemError[39m[0m15
[INFO] [stdout] [1m[38;5;9merror:     [39m[0mexec_action()
[INFO] [stdout] 
[INFO] [stdout] Caused by:
[INFO] [stdout]     0: Sandbox::create()
[INFO] [stdout]     1: Failed to create sandbox dir: "razel-out/.sandbox/8/15"
[INFO] [stdout]     2: Read-only file system (os error 30)
[INFO] [stdout] [1m[38;5;12mcommand:   [39m[0m/usr/bin/cmake -E sleep 0.5
[INFO] [stdout] [38;5;9m--------------------------------------------------------------------------------[39m
[INFO] [stdout] 
[INFO] [stdout] [1m[38;5;9mStopped after errors[39m[0m: [1m[39m0[39m[0m succeeded (0 cached), [1m[38;5;9m16[39m[0m failed, [1m[38;5;9m32[39m[0m not run.
[INFO] [stdout] thread 'razel::tests::parallel_real_time_test' panicked at 'assertion failed: `(left == right)`
[INFO] [stdout]   left: `SchedulerExecStats { succeeded: 0, failed: 16, not_run: 32 }`,
[INFO] [stdout]  right: `SchedulerExecStats { succeeded: 48, failed: 0, not_run: 0 }`', src/razel.rs:1005:9
[INFO] [stdout] stack backtrace:
[INFO] [stdout]    0:     0x56303217058a - std::backtrace_rs::backtrace::libunwind::trace::ha9053a9a07ca49cb
[INFO] [stdout]                                at /rustc/84c898d65adf2f39a5a98507f1fe0ce10a2b8dbc/library/std/src/../../backtrace/src/backtrace/libunwind.rs:93:5
[INFO] [stdout]    1:     0x56303217058a - std::backtrace_rs::backtrace::trace_unsynchronized::h9c2852a457ad564e
[INFO] [stdout]                                at /rustc/84c898d65adf2f39a5a98507f1fe0ce10a2b8dbc/library/std/src/../../backtrace/src/backtrace/mod.rs:66:5
[INFO] [stdout]    2:     0x56303217058a - std::sys_common::backtrace::_print_fmt::h457936fbfaa0070f
[INFO] [stdout]                                at /rustc/84c898d65adf2f39a5a98507f1fe0ce10a2b8dbc/library/std/src/sys_common/backtrace.rs:65:5
[INFO] [stdout]    3:     0x56303217058a - <std::sys_common::backtrace::_print::DisplayBacktrace as core::fmt::Display>::fmt::h5779d7bf7f70cb0c
[INFO] [stdout]                                at /rustc/84c898d65adf2f39a5a98507f1fe0ce10a2b8dbc/library/std/src/sys_common/backtrace.rs:44:22
[INFO] [stdout]    4:     0x5630321976ee - core::fmt::write::h5a4baaff1bcd3eb5
[INFO] [stdout]                                at /rustc/84c898d65adf2f39a5a98507f1fe0ce10a2b8dbc/library/core/src/fmt/mod.rs:1232:17
[INFO] [stdout]    5:     0x56303216cf35 - std::io::Write::write_fmt::h478f79c628ef31d1
[INFO] [stdout]                                at /rustc/84c898d65adf2f39a5a98507f1fe0ce10a2b8dbc/library/std/src/io/mod.rs:1684:15
[INFO] [stdout]    6:     0x563032170355 - std::sys_common::backtrace::_print::h5fcdc36060f177e8
[INFO] [stdout]                                at /rustc/84c898d65adf2f39a5a98507f1fe0ce10a2b8dbc/library/std/src/sys_common/backtrace.rs:47:5
[INFO] [stdout]    7:     0x563032170355 - std::sys_common::backtrace::print::h54ca9458b876c8bf
[INFO] [stdout]                                at /rustc/84c898d65adf2f39a5a98507f1fe0ce10a2b8dbc/library/std/src/sys_common/backtrace.rs:34:9
[INFO] [stdout]    8:     0x56303217211f - std::panicking::default_hook::{{closure}}::hbe471161c7664ed6
[INFO] [stdout]                                at /rustc/84c898d65adf2f39a5a98507f1fe0ce10a2b8dbc/library/std/src/panicking.rs:271:22
[INFO] [stdout]    9:     0x563032171ddf - std::panicking::default_hook::ha3500da57aa4ac4f
[INFO] [stdout]                                at /rustc/84c898d65adf2f39a5a98507f1fe0ce10a2b8dbc/library/std/src/panicking.rs:287:9
[INFO] [stdout]   10:     0x563031e60427 - <alloc::boxed::Box<F,A> as core::ops::function::Fn<Args>>::call::hdf1b89dd137ece34
[INFO] [stdout]                                at /rustc/84c898d65adf2f39a5a98507f1fe0ce10a2b8dbc/library/alloc/src/boxed.rs:2001:9
[INFO] [stdout]   11:     0x563031e60427 - test::test_main::{{closure}}::h9081a79f20e75698
[INFO] [stdout]                                at /rustc/84c898d65adf2f39a5a98507f1fe0ce10a2b8dbc/library/test/src/lib.rs:135:21
[INFO] [stdout]   12:     0x56303217284d - <alloc::boxed::Box<F,A> as core::ops::function::Fn<Args>>::call::h6507bddc3eebb4a5
[INFO] [stdout]                                at /rustc/84c898d65adf2f39a5a98507f1fe0ce10a2b8dbc/library/alloc/src/boxed.rs:2001:9
[INFO] [stdout]   13:     0x56303217284d - std::panicking::rust_panic_with_hook::h50c09d000dc561d2
[INFO] [stdout]                                at /rustc/84c898d65adf2f39a5a98507f1fe0ce10a2b8dbc/library/std/src/panicking.rs:696:13
[INFO] [stdout]   14:     0x5630321725c9 - std::panicking::begin_panic_handler::{{closure}}::h9e2b2176e00e0d9c
[INFO] [stdout]                                at /rustc/84c898d65adf2f39a5a98507f1fe0ce10a2b8dbc/library/std/src/panicking.rs:583:13
[INFO] [stdout]   15:     0x5630321709f6 - std::sys_common::backtrace::__rust_end_short_backtrace::h5739b8e512c09d02
[INFO] [stdout]                                at /rustc/84c898d65adf2f39a5a98507f1fe0ce10a2b8dbc/library/std/src/sys_common/backtrace.rs:150:18
[INFO] [stdout]   16:     0x5630321722d2 - rust_begin_unwind
[INFO] [stdout]                                at /rustc/84c898d65adf2f39a5a98507f1fe0ce10a2b8dbc/library/std/src/panicking.rs:579:5
[INFO] [stdout]   17:     0x563031c6fa93 - core::panicking::panic_fmt::hf33a1475b4dc5c3e
[INFO] [stdout]                                at /rustc/84c898d65adf2f39a5a98507f1fe0ce10a2b8dbc/library/core/src/panicking.rs:64:14
[INFO] [stdout]   18:     0x563031c6fdcf - core::panicking::assert_failed_inner::haf9816227b20b6f2
[INFO] [stdout]   19:     0x563031dd569a - core::panicking::assert_failed::h57b3d06fdcc39475
[INFO] [stdout]                                at /rustc/84c898d65adf2f39a5a98507f1fe0ce10a2b8dbc/library/core/src/panicking.rs:211:5
[INFO] [stdout]   20:     0x563031d2b833 - razel::razel::tests::parallel_real_time_test::{{closure}}::{{closure}}::hdd91d8e5d0e0e4bf
[INFO] [stdout]                                at /opt/rustwide/workdir/src/razel.rs:1005:9
[INFO] [stdout]   21:     0x563031da57e8 - <core::pin::Pin<P> as core::future::future::Future>::poll::h834ab87842e3c2c4
[INFO] [stdout]                                at /rustc/84c898d65adf2f39a5a98507f1fe0ce10a2b8dbc/library/core/src/future/future.rs:125:9
[INFO] [stdout]   22:     0x563031da573b - <core::pin::Pin<P> as core::future::future::Future>::poll::h64b5fc49333cb69f
[INFO] [stdout]                                at /rustc/84c898d65adf2f39a5a98507f1fe0ce10a2b8dbc/library/core/src/future/future.rs:125:9
[INFO] [stdout]   23:     0x563031df5d94 - tokio::runtime::scheduler::current_thread::CoreGuard::block_on::{{closure}}::{{closure}}::{{closure}}::h85fc880afb98c510
[INFO] [stdout]                                at /opt/rustwide/cargo-home/registry/src/github.com-1ecc6299db9ec823/tokio-1.24.2/src/runtime/scheduler/current_thread.rs:541:57
[INFO] [stdout]   24:     0x563031df5cd1 - tokio::runtime::coop::with_budget::hcca98dba25a82de9
[INFO] [stdout]                                at /opt/rustwide/cargo-home/registry/src/github.com-1ecc6299db9ec823/tokio-1.24.2/src/runtime/coop.rs:102:5
[INFO] [stdout]   25:     0x563031df5cd1 - tokio::runtime::coop::budget::hd378d08972dcb77e
[INFO] [stdout]                                at /opt/rustwide/cargo-home/registry/src/github.com-1ecc6299db9ec823/tokio-1.24.2/src/runtime/coop.rs:68:5
[INFO] [stdout]   26:     0x563031df5cd1 - tokio::runtime::scheduler::current_thread::CoreGuard::block_on::{{closure}}::{{closure}}::h7ca18eaaf9eb292f
[INFO] [stdout]                                at /opt/rustwide/cargo-home/registry/src/github.com-1ecc6299db9ec823/tokio-1.24.2/src/runtime/scheduler/current_thread.rs:541:25
[INFO] [stdout]   27:     0x563031df45be - tokio::runtime::scheduler::current_thread::Context::enter::h724ed132ab17e2e5
[INFO] [stdout]                                at /opt/rustwide/cargo-home/registry/src/github.com-1ecc6299db9ec823/tokio-1.24.2/src/runtime/scheduler/current_thread.rs:350:19
[INFO] [stdout]   28:     0x563031df536a - tokio::runtime::scheduler::current_thread::CoreGuard::block_on::{{closure}}::h590a935adf87d2c0
[INFO] [stdout]                                at /opt/rustwide/cargo-home/registry/src/github.com-1ecc6299db9ec823/tokio-1.24.2/src/runtime/scheduler/current_thread.rs:540:36
[INFO] [stdout]   29:     0x563031df507b - tokio::runtime::scheduler::current_thread::CoreGuard::enter::{{closure}}::h5597ec9ab15fc102
[INFO] [stdout]                                at /opt/rustwide/cargo-home/registry/src/github.com-1ecc6299db9ec823/tokio-1.24.2/src/runtime/scheduler/current_thread.rs:615:57
[INFO] [stdout]   30:     0x563031dc5b6d - tokio::macros::scoped_tls::ScopedKey<T>::set::h4d94198cccad1a9e
[INFO] [stdout]                                at /opt/rustwide/cargo-home/registry/src/github.com-1ecc6299db9ec823/tokio-1.24.2/src/macros/scoped_tls.rs:61:9
[INFO] [stdout]   31:     0x563031df4e16 - tokio::runtime::scheduler::current_thread::CoreGuard::enter::ha4ebc4659bcabf6c
[INFO] [stdout]                                at /opt/rustwide/cargo-home/registry/src/github.com-1ecc6299db9ec823/tokio-1.24.2/src/runtime/scheduler/current_thread.rs:615:27
[INFO] [stdout]   32:     0x563031df50ac - tokio::runtime::scheduler::current_thread::CoreGuard::block_on::hd9d2567852e8d2d7
[INFO] [stdout]                                at /opt/rustwide/cargo-home/registry/src/github.com-1ecc6299db9ec823/tokio-1.24.2/src/runtime/scheduler/current_thread.rs:530:19
[INFO] [stdout]   33:     0x563031df360d - tokio::runtime::scheduler::current_thread::CurrentThread::block_on::h7ec38b6d71183ebc
[INFO] [stdout]                                at /opt/rustwide/cargo-home/registry/src/github.com-1ecc6299db9ec823/tokio-1.24.2/src/runtime/scheduler/current_thread.rs:154:24
[INFO] [stdout]   34:     0x563031dc6735 - tokio::runtime::runtime::Runtime::block_on::h6b26eb140504dd4b
[INFO] [stdout]                                at /opt/rustwide/cargo-home/registry/src/github.com-1ecc6299db9ec823/tokio-1.24.2/src/runtime/runtime.rs:282:47
[INFO] [stdout]   35:     0x563031d2aba2 - razel::razel::tests::parallel_real_time_test::{{closure}}::h1e2bc015bc783dc4
[INFO] [stdout]                                at /opt/rustwide/workdir/src/razel.rs:1012:9
[INFO] [stdout]   36:     0x563031caa35e - core::ops::function::FnOnce::call_once::h06c8191292c05b99
[INFO] [stdout]                                at /rustc/84c898d65adf2f39a5a98507f1fe0ce10a2b8dbc/library/core/src/ops/function.rs:250:5
[INFO] [stdout]   37:     0x563031e81d1f - serial_test::serial_code_lock::local_serial_core::h0034c960269f823a
[INFO] [stdout]                                at /opt/rustwide/cargo-home/registry/src/github.com-1ecc6299db9ec823/serial_test-1.0.0/src/serial_code_lock.rs:25:5
[INFO] [stdout]   38:     0x563031d2aa29 - razel::razel::tests::parallel_real_time_test::hc5b0e0bb7ba134da
[INFO] [stdout]                                at /opt/rustwide/workdir/src/razel.rs:982:5
[INFO] [stdout]   39:     0x563031d2a9f7 - razel::razel::tests::parallel_real_time_test::{{closure}}::hf023dc7acc5dd9e6
[INFO] [stdout]                                at /opt/rustwide/workdir/src/razel.rs:983:40
[INFO] [stdout]   40:     0x563031cacee5 - core::ops::function::FnOnce::call_once::he993588c9a21f96f
[INFO] [stdout]                                at /rustc/84c898d65adf2f39a5a98507f1fe0ce10a2b8dbc/library/core/src/ops/function.rs:250:5
[INFO] [stdout]   41:     0x563031e6580f - core::ops::function::FnOnce::call_once::h7d969581be7d0075
[INFO] [stdout]                                at /rustc/84c898d65adf2f39a5a98507f1fe0ce10a2b8dbc/library/core/src/ops/function.rs:250:5
[INFO] [stdout]   42:     0x563031e6580f - test::__rust_begin_short_backtrace::hca25a52684e56655
[INFO] [stdout]                                at /rustc/84c898d65adf2f39a5a98507f1fe0ce10a2b8dbc/library/test/src/lib.rs:656:18
[INFO] [stdout]   43:     0x563031e36e2c - test::run_test::{{closure}}::ha8ac744c4af1a4bb
[INFO] [stdout]                                at /rustc/84c898d65adf2f39a5a98507f1fe0ce10a2b8dbc/library/test/src/lib.rs:647:30
[INFO] [stdout]   44:     0x563031e36e2c - core::ops::function::FnOnce::call_once{{vtable.shim}}::h7b411a9ed45bdecf
[INFO] [stdout]                                at /rustc/84c898d65adf2f39a5a98507f1fe0ce10a2b8dbc/library/core/src/ops/function.rs:250:5
[INFO] [stdout]   45:     0x563031e647d6 - <alloc::boxed::Box<F,A> as core::ops::function::FnOnce<Args>>::call_once::hd05328869a8ed200
[INFO] [stdout]                                at /rustc/84c898d65adf2f39a5a98507f1fe0ce10a2b8dbc/library/alloc/src/boxed.rs:1987:9
[INFO] [stdout]   46:     0x563031e647d6 - <core::panic::unwind_safe::AssertUnwindSafe<F> as core::ops::function::FnOnce<()>>::call_once::h0c601ce20bd5b2be
[INFO] [stdout]                                at /rustc/84c898d65adf2f39a5a98507f1fe0ce10a2b8dbc/library/core/src/panic/unwind_safe.rs:271:9
[INFO] [stdout]   47:     0x563031e647d6 - std::panicking::try::do_call::ha4be5c164fe30854
[INFO] [stdout]                                at /rustc/84c898d65adf2f39a5a98507f1fe0ce10a2b8dbc/library/std/src/panicking.rs:487:40
[INFO] [stdout]   48:     0x563031e647d6 - std::panicking::try::h604546f3609af05f
[INFO] [stdout]                                at /rustc/84c898d65adf2f39a5a98507f1fe0ce10a2b8dbc/library/std/src/panicking.rs:451:19
[INFO] [stdout]   49:     0x563031e647d6 - std::panic::catch_unwind::h5bfa8afe44c9c2f9
[INFO] [stdout]                                at /rustc/84c898d65adf2f39a5a98507f1fe0ce10a2b8dbc/library/std/src/panic.rs:140:14
[INFO] [stdout]   50:     0x563031e647d6 - test::run_test_in_process::hd50dee55dd63e6aa
[INFO] [stdout]                                at /rustc/84c898d65adf2f39a5a98507f1fe0ce10a2b8dbc/library/test/src/lib.rs:679:27
[INFO] [stdout]   51:     0x563031e647d6 - test::run_test::run_test_inner::{{closure}}::h4aa0f433aa85cea8
[INFO] [stdout]                                at /rustc/84c898d65adf2f39a5a98507f1fe0ce10a2b8dbc/library/test/src/lib.rs:573:39
[INFO] [stdout]   52:     0x563031e314a1 - test::run_test::run_test_inner::{{closure}}::had56431adf24b4d6
[INFO] [stdout]                                at /rustc/84c898d65adf2f39a5a98507f1fe0ce10a2b8dbc/library/test/src/lib.rs:600:37
[INFO] [stdout]   53:     0x563031e314a1 - std::sys_common::backtrace::__rust_begin_short_backtrace::ha8d9890e0c73bf13
[INFO] [stdout]                                at /rustc/84c898d65adf2f39a5a98507f1fe0ce10a2b8dbc/library/std/src/sys_common/backtrace.rs:134:18
[INFO] [stdout]   54:     0x563031e36ebb - std::thread::Builder::spawn_unchecked_::{{closure}}::{{closure}}::h251832bcb4a95327
[INFO] [stdout]                                at /rustc/84c898d65adf2f39a5a98507f1fe0ce10a2b8dbc/library/std/src/thread/mod.rs:560:17
[INFO] [stdout]   55:     0x563031e36ebb - <core::panic::unwind_safe::AssertUnwindSafe<F> as core::ops::function::FnOnce<()>>::call_once::h8fdff598fa414831
[INFO] [stdout]                                at /rustc/84c898d65adf2f39a5a98507f1fe0ce10a2b8dbc/library/core/src/panic/unwind_safe.rs:271:9
[INFO] [stdout]   56:     0x563031e36ebb - std::panicking::try::do_call::h455dd2f7764a950f
[INFO] [stdout]                                at /rustc/84c898d65adf2f39a5a98507f1fe0ce10a2b8dbc/library/std/src/panicking.rs:487:40
[INFO] [stdout]   57:     0x563031e36ebb - std::panicking::try::had6f23b7b73ae72a
[INFO] [stdout]                                at /rustc/84c898d65adf2f39a5a98507f1fe0ce10a2b8dbc/library/std/src/panicking.rs:451:19
[INFO] [stdout]   58:     0x563031e36ebb - std::panic::catch_unwind::ha6a5ca3915b4dad0
[INFO] [stdout]                                at /rustc/84c898d65adf2f39a5a98507f1fe0ce10a2b8dbc/library/std/src/panic.rs:140:14
[INFO] [stdout]   59:     0x563031e36ebb - std::thread::Builder::spawn_unchecked_::{{closure}}::h883b72ef75da6231
[INFO] [stdout]                                at /rustc/84c898d65adf2f39a5a98507f1fe0ce10a2b8dbc/library/std/src/thread/mod.rs:559:30
[INFO] [stdout]   60:     0x563031e36ebb - core::ops::function::FnOnce::call_once{{vtable.shim}}::hb7dff73dc8bd2ccb
[INFO] [stdout]                                at /rustc/84c898d65adf2f39a5a98507f1fe0ce10a2b8dbc/library/core/src/ops/function.rs:250:5
[INFO] [stdout]   61:     0x563032177c83 - <alloc::boxed::Box<F,A> as core::ops::function::FnOnce<Args>>::call_once::h39990b24eedef2ab
[INFO] [stdout]                                at /rustc/84c898d65adf2f39a5a98507f1fe0ce10a2b8dbc/library/alloc/src/boxed.rs:1987:9
[INFO] [stdout]   62:     0x563032177c83 - <alloc::boxed::Box<F,A> as core::ops::function::FnOnce<Args>>::call_once::h01a027258444143b
[INFO] [stdout]                                at /rustc/84c898d65adf2f39a5a98507f1fe0ce10a2b8dbc/library/alloc/src/boxed.rs:1987:9
[INFO] [stdout]   63:     0x563032177c83 - std::sys::unix::thread::Thread::new::thread_start::ha4f1cdd9c25884ba
[INFO] [stdout]                                at /rustc/84c898d65adf2f39a5a98507f1fe0ce10a2b8dbc/library/std/src/sys/unix/thread.rs:108:17
[INFO] [stdout]   64:     0x7f4110887b43 - <unknown>
[INFO] [stdout]   65:     0x7f4110918bb4 - __clone
[INFO] [stdout]   66:                0x0 - <unknown>
[INFO] [stdout] 
[INFO] [stdout] 
[INFO] [stdout] failures:
[INFO] [stdout]     razel::tests::parallel_real_time_test
[INFO] [stdout] 
[INFO] [stdout] test result: FAILED. 17 passed; 1 failed; 2 ignored; 0 measured; 0 filtered out; finished in 2.56s
[INFO] [stdout] 
[INFO] [stderr] error: test failed, to rerun pass `--lib`
[INFO] running `Command { std: "docker" "inspect" "6d32f601c62c20221043ffa0f85a61e9f766c9ca767ea4bc8eacaf213e1d643e", kill_on_drop: false }`
[INFO] running `Command { std: "docker" "rm" "-f" "6d32f601c62c20221043ffa0f85a61e9f766c9ca767ea4bc8eacaf213e1d643e", kill_on_drop: false }`
[INFO] [stdout] 6d32f601c62c20221043ffa0f85a61e9f766c9ca767ea4bc8eacaf213e1d643e
