[INFO] fetching crate rawsocket_helper 0.1.12...
[INFO] testing rawsocket_helper-0.1.12 against 1.69.0 for beta-1.70-1
[INFO] extracting crate rawsocket_helper 0.1.12 into /workspace/builds/worker-0-tc1/source
[INFO] validating manifest of crates.io crate rawsocket_helper 0.1.12 on toolchain 1.69.0
[INFO] running `Command { std: CARGO_HOME="/workspace/cargo-home" RUSTUP_HOME="/workspace/rustup-home" "/workspace/cargo-home/bin/cargo" "+1.69.0" "metadata" "--manifest-path" "Cargo.toml" "--no-deps", kill_on_drop: false }`
[INFO] started tweaking crates.io crate rawsocket_helper 0.1.12
[INFO] finished tweaking crates.io crate rawsocket_helper 0.1.12
[INFO] tweaked toml for crates.io crate rawsocket_helper 0.1.12 written to /workspace/builds/worker-0-tc1/source/Cargo.toml
[INFO] crate crates.io crate rawsocket_helper 0.1.12 already has a lockfile, it will not be regenerated
[INFO] running `Command { std: CARGO_HOME="/workspace/cargo-home" RUSTUP_HOME="/workspace/rustup-home" "/workspace/cargo-home/bin/cargo" "+1.69.0" "fetch" "--manifest-path" "Cargo.toml", kill_on_drop: false }`
[INFO] [stderr]  Downloading crates ...
[INFO] [stderr]   Downloaded rgb v0.8.27
[INFO] [stderr]   Downloaded sudo v0.6.0
[INFO] [stderr]   Downloaded bytemuck v1.7.2
[INFO] [stderr]   Downloaded pyo3-macros v0.14.5
[INFO] [stderr]   Downloaded unindent v0.1.7
[INFO] [stderr]   Downloaded python_comm v0.2.5
[INFO] [stderr]   Downloaded debugid v0.7.2
[INFO] [stderr]   Downloaded widestring v0.2.2
[INFO] [stderr]   Downloaded backtrace v0.3.62
[INFO] [stderr]   Downloaded cidr-utils v0.5.5
[INFO] [stderr]   Downloaded symbolic-common v8.3.2
[INFO] [stderr]   Downloaded pcap v0.8.1
[INFO] [stderr]   Downloaded pyo3-build-config v0.14.5
[INFO] [stderr]   Downloaded twox-hash v1.6.1
[INFO] [stderr]   Downloaded openssl-sys v0.9.67
[INFO] [stderr]   Downloaded pyo3-macros-backend v0.14.5
[INFO] [stderr]   Downloaded inferno v0.10.7
[INFO] [stderr]   Downloaded num-bigint v0.4.2
[INFO] [stderr]   Downloaded cpp_demangle v0.3.3
[INFO] [stderr]   Downloaded rust_decimal v1.12.4
[INFO] [stderr]   Downloaded symbolic-demangle v8.3.2
[INFO] [stderr]   Downloaded nix v0.20.2
[INFO] [stderr]   Downloaded pyo3 v0.14.5
[INFO] [stderr]   Downloaded libc v0.2.105
[INFO] [stderr]   Downloaded pprof v0.5.0
[INFO] [stderr]   Downloaded python_comm_macros v0.2.5
[INFO] [stderr]   Downloaded debug-helper v0.3.12
[INFO] running `Command { std: "docker" "create" "-v" "/var/lib/crater-agent-workspace/builds/worker-0-tc1/target:/opt/rustwide/target:rw,Z" "-v" "/var/lib/crater-agent-workspace/builds/worker-0-tc1/source:/opt/rustwide/workdir:ro,Z" "-v" "/var/lib/crater-agent-workspace/cargo-home:/opt/rustwide/cargo-home:ro,Z" "-v" "/var/lib/crater-agent-workspace/rustup-home:/opt/rustwide/rustup-home:ro,Z" "-e" "SOURCE_DIR=/opt/rustwide/workdir" "-e" "CARGO_TARGET_DIR=/opt/rustwide/target" "-e" "CARGO_HOME=/opt/rustwide/cargo-home" "-e" "RUSTUP_HOME=/opt/rustwide/rustup-home" "-w" "/opt/rustwide/workdir" "-m" "1610612736" "--user" "0:0" "--network" "none" "ghcr.io/rust-lang/crates-build-env/linux@sha256:5ff2268d62e97bff2cde7d5815dd6ed5b47097566f13b8d0ca110b04b60e07ed" "/opt/rustwide/cargo-home/bin/cargo" "+1.69.0" "metadata" "--no-deps" "--format-version=1", kill_on_drop: false }`
[INFO] [stdout] 4b611ce4c155de61a40345619b8954ab83a9b89122a73be9e399c236b055109c
[INFO] running `Command { std: "docker" "start" "-a" "4b611ce4c155de61a40345619b8954ab83a9b89122a73be9e399c236b055109c", kill_on_drop: false }`
[INFO] running `Command { std: "docker" "inspect" "4b611ce4c155de61a40345619b8954ab83a9b89122a73be9e399c236b055109c", kill_on_drop: false }`
[INFO] running `Command { std: "docker" "rm" "-f" "4b611ce4c155de61a40345619b8954ab83a9b89122a73be9e399c236b055109c", kill_on_drop: false }`
[INFO] [stdout] 4b611ce4c155de61a40345619b8954ab83a9b89122a73be9e399c236b055109c
[INFO] running `Command { std: "docker" "create" "-v" "/var/lib/crater-agent-workspace/builds/worker-0-tc1/target:/opt/rustwide/target:rw,Z" "-v" "/var/lib/crater-agent-workspace/builds/worker-0-tc1/source:/opt/rustwide/workdir:ro,Z" "-v" "/var/lib/crater-agent-workspace/cargo-home:/opt/rustwide/cargo-home:ro,Z" "-v" "/var/lib/crater-agent-workspace/rustup-home:/opt/rustwide/rustup-home:ro,Z" "-e" "SOURCE_DIR=/opt/rustwide/workdir" "-e" "CARGO_TARGET_DIR=/opt/rustwide/target" "-e" "CARGO_INCREMENTAL=0" "-e" "RUST_BACKTRACE=full" "-e" "RUSTFLAGS=--cap-lints=warn" "-e" "RUSTDOCFLAGS=--cap-lints=warn" "-e" "CARGO_HOME=/opt/rustwide/cargo-home" "-e" "RUSTUP_HOME=/opt/rustwide/rustup-home" "-w" "/opt/rustwide/workdir" "-m" "1610612736" "--user" "0:0" "--network" "none" "ghcr.io/rust-lang/crates-build-env/linux@sha256:5ff2268d62e97bff2cde7d5815dd6ed5b47097566f13b8d0ca110b04b60e07ed" "/opt/rustwide/cargo-home/bin/cargo" "+1.69.0" "build" "--frozen" "--message-format=json", kill_on_drop: false }`
[INFO] [stdout] a2805daa110a955dee284e047fad38780ec902e378c3a36d2e412a5f86a2765a
[INFO] running `Command { std: "docker" "start" "-a" "a2805daa110a955dee284e047fad38780ec902e378c3a36d2e412a5f86a2765a", kill_on_drop: false }`
[INFO] [stderr]    Compiling libc v0.2.105
[INFO] [stderr]    Compiling autocfg v1.0.1
[INFO] [stderr]    Compiling cfg-if v1.0.0
[INFO] [stderr]    Compiling proc-macro2 v1.0.32
[INFO] [stderr]    Compiling unicode-xid v0.2.2
[INFO] [stderr]    Compiling syn v1.0.81
[INFO] [stderr]    Compiling version_check v0.9.3
[INFO] [stderr]    Compiling cc v1.0.71
[INFO] [stderr]    Compiling once_cell v1.8.0
[INFO] [stderr]    Compiling memchr v2.4.1
[INFO] [stderr]    Compiling serde_derive v1.0.130
[INFO] [stderr]    Compiling pkg-config v0.3.22
[INFO] [stderr]    Compiling num-traits v0.2.14
[INFO] [stderr]    Compiling proc-macro-hack v0.5.19
[INFO] [stderr]    Compiling serde v1.0.130
[INFO] [stderr]    Compiling bitflags v1.2.1
[INFO] [stderr]    Compiling quote v1.0.10
[INFO] [stderr]    Compiling num-integer v0.1.44
[INFO] [stderr]    Compiling aho-corasick v0.7.18
[INFO] [stderr]    Compiling ppv-lite86 v0.2.15
[INFO] [stderr]    Compiling getrandom v0.2.3
[INFO] [stderr]    Compiling regex-syntax v0.6.25
[INFO] [stderr]    Compiling ahash v0.7.6
[INFO] [stderr]    Compiling typenum v1.14.0
[INFO] [stderr]    Compiling rand_core v0.6.3
[INFO] [stderr]    Compiling openssl-sys v0.9.67
[INFO] [stderr]    Compiling standback v0.2.17
[INFO] [stderr]    Compiling ryu v1.0.5
[INFO] [stderr]    Compiling getrandom v0.1.16
[INFO] [stderr]    Compiling pyo3-build-config v0.14.5
[INFO] [stderr]    Compiling log v0.4.14
[INFO] [stderr]    Compiling rand_chacha v0.3.1
[INFO] [stderr]    Compiling itoa v0.4.8
[INFO] [stderr]    Compiling uuid v0.8.2
[INFO] [stderr]    Compiling hashbrown v0.11.2
[INFO] [stderr]    Compiling rand v0.8.4
[INFO] [stderr]    Compiling regex v1.5.4
[INFO] [stderr]    Compiling generic-array v0.12.4
[INFO] [stderr]    Compiling libz-sys v1.1.3
[INFO] [stderr]    Compiling num-bigint v0.2.6
[INFO] [stderr]    Compiling byte-tools v0.3.1
[INFO] [stderr]    Compiling tinyvec_macros v0.1.0
[INFO] [stderr]    Compiling const_fn v0.4.8
[INFO] [stderr]    Compiling static_assertions v1.1.0
[INFO] [stderr]    Compiling arrayvec v0.5.2
[INFO] [stderr]    Compiling lexical-core v0.7.6
[INFO] [stderr]    Compiling arrayvec v0.4.12
[INFO] [stderr]    Compiling parking_lot_core v0.8.5
[INFO] [stderr]    Compiling crc32fast v1.2.1
[INFO] [stderr]    Compiling tinyvec v1.5.0
[INFO] [stderr]    Compiling block-padding v0.1.5
[INFO] [stderr]    Compiling rand_core v0.5.1
[INFO] [stderr]    Compiling time v0.1.43
[INFO] [stderr]    Compiling miniz_oxide v0.4.4
[INFO] [stderr]    Compiling indexmap v1.7.0
[INFO] [stderr]    Compiling memoffset v0.6.4
[INFO] [stderr]    Compiling time v0.2.27
[INFO] [stderr]    Compiling instant v0.1.12
[INFO] [stderr]    Compiling smallvec v1.7.0
[INFO] [stderr]    Compiling byteorder v1.4.3
[INFO] [stderr]    Compiling nodrop v0.1.14
[INFO] [stderr]    Compiling serde_json v1.0.68
[INFO] [stderr]    Compiling openssl v0.10.36
[INFO] [stderr]    Compiling cpp_demangle v0.3.3
[INFO] [stderr]    Compiling pnet_base v0.28.0
[INFO] [stderr]    Compiling foreign-types-shared v0.1.1
[INFO] [stderr]    Compiling matches v0.1.9
[INFO] [stderr]    Compiling lazy_static v1.4.0
[INFO] [stderr]    Compiling scopeguard v1.1.0
[INFO] [stderr]    Compiling lock_api v0.4.5
[INFO] [stderr]    Compiling foreign-types v0.3.2
[INFO] [stderr]    Compiling block-buffer v0.7.3
[INFO] [stderr]    Compiling unicode-normalization v0.1.19
[INFO] [stderr]    Compiling rand_chacha v0.2.2
[INFO] [stderr]    Compiling digest v0.8.1
[INFO] [stderr]    Compiling debugid v0.7.2
[INFO] [stderr]    Compiling memmap v0.7.0
[INFO] [stderr]    Compiling backtrace v0.3.62
[INFO] [stderr]    Compiling io-enum v0.2.6
[INFO] [stderr]    Compiling gimli v0.25.0
[INFO] [stderr]    Compiling unicode-bidi v0.3.7
[INFO] [stderr]    Compiling unindent v0.1.7
[INFO] [stderr]    Compiling bytemuck v1.7.2
[INFO] [stderr]    Compiling rustc-demangle v0.1.21
[INFO] [stderr]    Compiling native-tls v0.2.8
[INFO] [stderr]    Compiling percent-encoding v2.1.0
[INFO] [stderr]    Compiling adler v1.0.2
[INFO] [stderr]    Compiling opaque-debug v0.2.3
[INFO] [stderr]    Compiling fake-simd v0.1.2
[INFO] [stderr]    Compiling time-macros-impl v0.1.2
[INFO] [stderr]    Compiling stable_deref_trait v1.2.0
[INFO] [stderr]    Compiling symbolic-demangle v8.3.2
[INFO] [stderr]    Compiling lexical v5.2.2
[INFO] [stderr]    Compiling symbolic-common v8.3.2
[INFO] [stderr]    Compiling sha2 v0.8.2
[INFO] [stderr]    Compiling indoc-impl v0.3.6
[INFO] [stderr]    Compiling pnet_macros v0.28.0
[INFO] [stderr]    Compiling thiserror-impl v1.0.30
[INFO] [stderr]    Compiling form_urlencoded v1.0.1
[INFO] [stderr]    Compiling rgb v0.8.27
[INFO] [stderr]    Compiling idna v0.2.3
[INFO] [stderr]    Compiling time-macros v0.1.1
[INFO] [stderr]    Compiling addr2line v0.16.0
[INFO] [stderr]    Compiling rand v0.7.3
[INFO] [stderr]    Compiling flate2 v1.0.22
[INFO] [stderr]    Compiling num-format v0.4.0
[INFO] [stderr]    Compiling parking_lot v0.11.2
[INFO] [stderr]    Compiling pnet_macros_support v0.28.0
[INFO] [stderr]    Compiling pyo3-macros-backend v0.14.5
[INFO] [stderr]    Compiling derive_utils v0.11.2
[INFO] [stderr]    Compiling pyo3 v0.14.5
[INFO] [stderr]    Compiling twox-hash v1.6.1
[INFO] [stderr]    Compiling paste-impl v0.1.18
[INFO] [stderr]    Compiling pnet_sys v0.28.0
[INFO] [stderr]    Compiling atty v0.2.14
[INFO] [stderr]    Compiling object v0.27.1
[INFO] [stderr]    Compiling quick-xml v0.22.0
[INFO] [stderr]    Compiling num-bigint v0.4.2
[INFO] [stderr]    Compiling sha1 v0.6.0
[INFO] [stderr]    Compiling base64 v0.13.0
[INFO] [stderr]    Compiling anyhow v1.0.44
[INFO] [stderr]    Compiling mysql v20.1.0
[INFO] [stderr]    Compiling base64 v0.12.3
[INFO] [stderr]    Compiling openssl-probe v0.1.4
[INFO] [stderr]    Compiling bytes v0.5.6
[INFO] [stderr]    Compiling str_stack v0.1.0
[INFO] [stderr]    Compiling remove_dir_all v0.5.3
[INFO] [stderr]    Compiling pprof v0.5.0
[INFO] [stderr]    Compiling tempfile v3.2.0
[INFO] [stderr]    Compiling inferno v0.10.7
[INFO] [stderr]    Compiling pem v0.8.3
[INFO] [stderr]    Compiling paste v0.1.18
[INFO] [stderr]    Compiling pyo3-macros v0.14.5
[INFO] [stderr]    Compiling pnet_packet v0.28.0
[INFO] [stderr]    Compiling thiserror v1.0.30
[INFO] [stderr]    Compiling nix v0.20.2
[INFO] [stderr]    Compiling url v2.2.2
[INFO] [stderr]    Compiling indoc v0.3.6
[INFO] [stderr]    Compiling lru v0.6.6
[INFO] [stderr]    Compiling nix v0.19.1
[INFO] [stderr]    Compiling socket2 v0.3.19
[INFO] [stderr]    Compiling bufstream v0.1.4
[INFO] [stderr]    Compiling pnet v0.28.0
[INFO] [stderr]    Compiling pnet_transport v0.28.0
[INFO] [stderr]    Compiling debug-helper v0.3.12
[INFO] [stderr]    Compiling sudo v0.6.0
[INFO] [stderr]    Compiling chrono v0.4.19
[INFO] [stderr]    Compiling rust_decimal v1.12.4
[INFO] [stderr]    Compiling bigdecimal v0.1.2
[INFO] [stderr]    Compiling ipnetwork v0.18.0
[INFO] [stderr]    Compiling cidr-utils v0.5.5
[INFO] [stderr]    Compiling mysql_common v0.24.1
[INFO] [stderr]    Compiling pnet_datalink v0.28.0
[INFO] [stderr]    Compiling python_comm_macros v0.2.5
[INFO] [stderr]    Compiling python_comm v0.2.5
[INFO] [stderr]    Compiling rawsocket_helper v0.1.12 (/opt/rustwide/workdir)
[INFO] [stderr]     Finished dev [unoptimized + debuginfo] target(s) in 1m 40s
[INFO] [stderr] warning: the following packages contain code that will be rejected by a future version of Rust: quick-xml v0.22.0
[INFO] [stderr] note: to see what the problems were, use the option `--future-incompat-report`, or run `cargo report future-incompatibilities --id 1`
[INFO] running `Command { std: "docker" "inspect" "a2805daa110a955dee284e047fad38780ec902e378c3a36d2e412a5f86a2765a", kill_on_drop: false }`
[INFO] running `Command { std: "docker" "rm" "-f" "a2805daa110a955dee284e047fad38780ec902e378c3a36d2e412a5f86a2765a", kill_on_drop: false }`
[INFO] [stdout] a2805daa110a955dee284e047fad38780ec902e378c3a36d2e412a5f86a2765a
[INFO] running `Command { std: "docker" "create" "-v" "/var/lib/crater-agent-workspace/builds/worker-0-tc1/target:/opt/rustwide/target:rw,Z" "-v" "/var/lib/crater-agent-workspace/builds/worker-0-tc1/source:/opt/rustwide/workdir:ro,Z" "-v" "/var/lib/crater-agent-workspace/cargo-home:/opt/rustwide/cargo-home:ro,Z" "-v" "/var/lib/crater-agent-workspace/rustup-home:/opt/rustwide/rustup-home:ro,Z" "-e" "SOURCE_DIR=/opt/rustwide/workdir" "-e" "CARGO_TARGET_DIR=/opt/rustwide/target" "-e" "CARGO_INCREMENTAL=0" "-e" "RUST_BACKTRACE=full" "-e" "RUSTFLAGS=--cap-lints=warn" "-e" "RUSTDOCFLAGS=--cap-lints=warn" "-e" "CARGO_HOME=/opt/rustwide/cargo-home" "-e" "RUSTUP_HOME=/opt/rustwide/rustup-home" "-w" "/opt/rustwide/workdir" "-m" "1610612736" "--user" "0:0" "--network" "none" "ghcr.io/rust-lang/crates-build-env/linux@sha256:5ff2268d62e97bff2cde7d5815dd6ed5b47097566f13b8d0ca110b04b60e07ed" "/opt/rustwide/cargo-home/bin/cargo" "+1.69.0" "test" "--frozen" "--no-run" "--message-format=json", kill_on_drop: false }`
[INFO] [stdout] 07a716bec054464c2680032eddac063e388e7bfe75a640f0ba8d830c8de13452
[INFO] running `Command { std: "docker" "start" "-a" "07a716bec054464c2680032eddac063e388e7bfe75a640f0ba8d830c8de13452", kill_on_drop: false }`
[INFO] [stderr]    Compiling rawsocket_helper v0.1.12 (/opt/rustwide/workdir)
[INFO] [stderr]     Finished test [unoptimized + debuginfo] target(s) in 5.09s
[INFO] [stderr] warning: the following packages contain code that will be rejected by a future version of Rust: quick-xml v0.22.0
[INFO] [stderr]     Blocking waiting for file lock on package cache
[INFO] [stderr] note: to see what the problems were, use the option `--future-incompat-report`, or run `cargo report future-incompatibilities --id 1`
[INFO] running `Command { std: "docker" "inspect" "07a716bec054464c2680032eddac063e388e7bfe75a640f0ba8d830c8de13452", kill_on_drop: false }`
[INFO] running `Command { std: "docker" "rm" "-f" "07a716bec054464c2680032eddac063e388e7bfe75a640f0ba8d830c8de13452", kill_on_drop: false }`
[INFO] [stdout] 07a716bec054464c2680032eddac063e388e7bfe75a640f0ba8d830c8de13452
[INFO] running `Command { std: "docker" "create" "-v" "/var/lib/crater-agent-workspace/builds/worker-0-tc1/target:/opt/rustwide/target:rw,Z" "-v" "/var/lib/crater-agent-workspace/builds/worker-0-tc1/source:/opt/rustwide/workdir:ro,Z" "-v" "/var/lib/crater-agent-workspace/cargo-home:/opt/rustwide/cargo-home:ro,Z" "-v" "/var/lib/crater-agent-workspace/rustup-home:/opt/rustwide/rustup-home:ro,Z" "-e" "SOURCE_DIR=/opt/rustwide/workdir" "-e" "CARGO_TARGET_DIR=/opt/rustwide/target" "-e" "CARGO_INCREMENTAL=0" "-e" "RUST_BACKTRACE=full" "-e" "RUSTFLAGS=--cap-lints=warn" "-e" "RUSTDOCFLAGS=--cap-lints=warn" "-e" "CARGO_HOME=/opt/rustwide/cargo-home" "-e" "RUSTUP_HOME=/opt/rustwide/rustup-home" "-w" "/opt/rustwide/workdir" "-m" "1610612736" "--user" "0:0" "--network" "none" "ghcr.io/rust-lang/crates-build-env/linux@sha256:5ff2268d62e97bff2cde7d5815dd6ed5b47097566f13b8d0ca110b04b60e07ed" "/opt/rustwide/cargo-home/bin/cargo" "+1.69.0" "test" "--frozen", kill_on_drop: false }`
[INFO] [stdout] d82654ef543b92bc4cb936894ac7a75c57766e51ff2a83df60ddb08e08f75149
[INFO] running `Command { std: "docker" "start" "-a" "d82654ef543b92bc4cb936894ac7a75c57766e51ff2a83df60ddb08e08f75149", kill_on_drop: false }`
[INFO] [stderr]     Finished test [unoptimized + debuginfo] target(s) in 0.15s
[INFO] [stderr] warning: the following packages contain code that will be rejected by a future version of Rust: quick-xml v0.22.0
[INFO] [stderr] note: to see what the problems were, use the option `--future-incompat-report`, or run `cargo report future-incompatibilities --id 1`
[INFO] [stderr]      Running unittests src/lib.rs (/opt/rustwide/target/debug/deps/rawsocket_helper-9a943f022e12d137)
[INFO] [stdout] 
[INFO] [stdout] running 6 tests
[INFO] [stdout] test parse::test::test_parse_mac ... ok
[INFO] [stdout] test parse::test::test_parse_range_ports ... ok
[INFO] [stdout] test parse::test::test_parse_ports ... ok
[INFO] [stdout] test sys::test::test_is_root ... ok
[INFO] [stdout] test parse::test::test_parse_ips ... ok
[INFO] [stdout] test parse::test::test_parse_range_ips ... ok
[INFO] [stdout] 
[INFO] [stdout] test result: ok. 6 passed; 0 failed; 0 ignored; 0 measured; 0 filtered out; finished in 0.03s
[INFO] [stdout] 
[INFO] [stderr]      Running unittests src/bin/test.rs (/opt/rustwide/target/debug/deps/test-aeff5fad658424b9)
[INFO] [stdout] 
[INFO] [stdout] running 0 tests
[INFO] [stdout] 
[INFO] [stdout] test result: ok. 0 passed; 0 failed; 0 ignored; 0 measured; 0 filtered out; finished in 0.00s
[INFO] [stdout] 
[INFO] [stderr]      Running unittests src/bin/test_recv.rs (/opt/rustwide/target/debug/deps/test_recv-d4fb078b51dcc65c)
[INFO] [stdout] 
[INFO] [stdout] running 0 tests
[INFO] [stdout] 
[INFO] [stdout] test result: ok. 0 passed; 0 failed; 0 ignored; 0 measured; 0 filtered out; finished in 0.00s
[INFO] [stdout] 
[INFO] [stderr]      Running unittests src/bin/test_send.rs (/opt/rustwide/target/debug/deps/test_send-233f46a6bfb0e50e)
[INFO] [stdout] 
[INFO] [stdout] running 0 tests
[INFO] [stdout] 
[INFO] [stdout] test result: ok. 0 passed; 0 failed; 0 ignored; 0 measured; 0 filtered out; finished in 0.00s
[INFO] [stdout] 
[INFO] [stderr]    Doc-tests rawsocket_helper
[INFO] [stdout] 
[INFO] [stdout] running 9 tests
[INFO] [stdout] test src/out_going.rs - out_going::get_out_going_ip (line 317) ... FAILED
[INFO] [stdout] test src/parse.rs - parse::parse_mac (line 35) ... FAILED
[INFO] [stdout] test src/out_going.rs - out_going::get_ifaces (line 228) ... FAILED
[INFO] [stdout] test src/parse.rs - parse::parse_range_ips (line 116) ... FAILED
[INFO] [stdout] test src/parse.rs - parse::parse_range_ports (line 154) ... ok
[INFO] [stdout] test src/parse.rs - parse::parse_ips (line 12) ... ok
[INFO] [stdout] test src/recv.rs - recv (line 5) ... FAILED
[INFO] [stdout] test src/parse.rs - parse::parse_ports (line 97) ... ok
[INFO] [stderr] error: doctest failed, to rerun pass `--doc`
[INFO] [stdout] test src/send.rs - send (line 6) ... FAILED
[INFO] [stdout] 
[INFO] [stdout] failures:
[INFO] [stdout] 
[INFO] [stdout] ---- src/out_going.rs - out_going::get_out_going_ip (line 317) stdout ----
[INFO] [stdout] error: linking with `cc` failed: exit status: 1
[INFO] [stdout]   |
[INFO] [stdout]   = note: LC_ALL="C" PATH="/opt/rustwide/rustup-home/toolchains/1.69.0-x86_64-unknown-linux-gnu/lib/rustlib/x86_64-unknown-linux-gnu/bin:/opt/rustwide/cargo-home/bin:/usr/local/sbin:/usr/local/bin:/usr/sbin:/usr/bin:/sbin:/bin" VSLANG="1033" "cc" "-m64" "/tmp/rustc3O0l6m/symbols.o" "/tmp/rustdoctestDqbl1f/rust_out.rust_out.5bfee551-cgu.0.rcgu.o" "/tmp/rustdoctestDqbl1f/rust_out.j00p4ncf7xg64kg.rcgu.o" "-Wl,--as-needed" "-L" "/opt/rustwide/target/debug/deps" "-L" "/opt/rustwide/target/debug/deps" "-L" "/usr/lib/x86_64-linux-gnu" "-L" "/opt/rustwide/rustup-home/toolchains/1.69.0-x86_64-unknown-linux-gnu/lib/rustlib/x86_64-unknown-linux-gnu/lib" "-Wl,-Bstatic" "/opt/rustwide/target/debug/deps/librawsocket_helper-92db3cb572471698.rlib" "/opt/rustwide/target/debug/deps/libsudo-e4afb15c640c5492.rlib" "/opt/rustwide/target/debug/deps/libcidr_utils-d6a3fab92f09f860.rlib" "/opt/rustwide/target/debug/deps/libdebug_helper-f1e95b60b046c097.rlib" "/opt/rustwide/target/debug/deps/libnum_bigint-db50e8797a3d4a9b.rlib" "/opt/rustwide/target/debug/deps/libpython_comm-98b7de1666758811.rlib" "/opt/rustwide/target/debug/deps/libanyhow-adef7fda72d843f2.rlib" "/opt/rustwide/target/debug/deps/libmysql-b7598b82cc7abca3.rlib" "/opt/rustwide/target/debug/deps/libpem-4a62852aefd0d704.rlib" "/opt/rustwide/target/debug/deps/libbase64-007e7c1fbda2b30a.rlib" "/opt/rustwide/target/debug/deps/libnix-0983f89a71c7e6f8.rlib" "/opt/rustwide/target/debug/deps/libsocket2-bf2afade9c81af25.rlib" "/opt/rustwide/target/debug/deps/libnative_tls-e992b6edc7a54550.rlib" "/opt/rustwide/target/debug/deps/libopenssl_probe-6a5d5a9e5f06a0a4.rlib" "/opt/rustwide/target/debug/deps/libopenssl-10082ae8d9b4e0b1.rlib" "/opt/rustwide/target/debug/deps/libforeign_types-f2b053f84105065c.rlib" "/opt/rustwide/target/debug/deps/libforeign_types_shared-48f8f1f9ea32d068.rlib" "/opt/rustwide/target/debug/deps/libopenssl_sys-3bcc58d58b6be02c.rlib" "/opt/rustwide/target/debug/deps/liblog-9c8a33f34652efee.rlib" "/opt/rustwide/target/debug/deps/libbufstream-b16afb0a0423b317.rlib" "/opt/rustwide/target/debug/deps/liblru-93e7edbc2ac54ace.rlib" "/opt/rustwide/target/debug/deps/libhashbrown-eeb6d6f7862fc07f.rlib" "/opt/rustwide/target/debug/deps/liburl-77b35ee7ca90e881.rlib" "/opt/rustwide/target/debug/deps/libidna-782b78deafd43a13.rlib" "/opt/rustwide/target/debug/deps/libunicode_normalization-eedb13508cd93ee9.rlib" "/opt/rustwide/target/debug/deps/libtinyvec-ee322b7b24cf58b3.rlib" "/opt/rustwide/target/debug/deps/libtinyvec_macros-5ffb2ea8a2d866f2.rlib" "/opt/rustwide/target/debug/deps/libunicode_bidi-6d874a42ec63c633.rlib" "/opt/rustwide/target/debug/deps/libform_urlencoded-0fe912f6e457e008.rlib" "/opt/rustwide/target/debug/deps/libmatches-278cbf5ab72c0d9c.rlib" "/opt/rustwide/target/debug/deps/libpercent_encoding-5186c2668f567217.rlib" "/opt/rustwide/target/debug/deps/libmysql_common-900065ca41861bf7.rlib" "/opt/rustwide/target/debug/deps/libsha2-c0b683696e018453.rlib" "/opt/rustwide/target/debug/deps/libdigest-67c74c8f48fae6e9.rlib" "/opt/rustwide/target/debug/deps/libopaque_debug-b0737f933fc2a43f.rlib" "/opt/rustwide/target/debug/deps/libfake_simd-9ff0f8adbc391be0.rlib" "/opt/rustwide/target/debug/deps/libblock_buffer-023a225ff44de416.rlib" "/opt/rustwide/target/debug/deps/libgeneric_array-87c0994024ce2413.rlib" "/opt/rustwide/target/debug/deps/libtypenum-dd0f67c7a5785a46.rlib" "/opt/rustwide/target/debug/deps/libblock_padding-c9e3859ddfb7d8c9.rlib" "/opt/rustwide/target/debug/deps/libbyte_tools-d795ef693e13bf0a.rlib" "/opt/rustwide/target/debug/deps/libbytes-5cb1d87b13df8e8c.rlib" "/opt/rustwide/target/debug/deps/libflate2-e7e10eb3245304fc.rlib" "/opt/rustwide/target/debug/deps/liblibz_sys-ca5a56621ea4010e.rlib" "/opt/rustwide/target/debug/deps/libcrc32fast-a01f0c39e9e3fcc0.rlib" "/opt/rustwide/target/debug/deps/libtwox_hash-4bc3d80536ae1086.rlib" "/opt/rustwide/target/debug/deps/librand-8edfa14aaffd5356.rlib" "/opt/rustwide/target/debug/deps/librand_chacha-04766ef5d3785c69.rlib" "/opt/rustwide/target/debug/deps/librand_core-2e685dc55247c2e4.rlib" "/opt/rustwide/target/debug/deps/liblexical-ffaf4875b69e37fc.rlib" "/opt/rustwide/target/debug/deps/liblexical_core-3df872ea31d0d7d1.rlib" "/opt/rustwide/target/debug/deps/libstatic_assertions-9a9c2cb46fa7a0a6.rlib" "/opt/rustwide/target/debug/deps/libsha1-0da2e01984f97bd9.rlib" "/opt/rustwide/target/debug/deps/libregex-ec1a535928100f69.rlib" "/opt/rustwide/target/debug/deps/libaho_corasick-d997a831bf3838c4.rlib" "/opt/rustwide/target/debug/deps/libmemchr-e30a17317ff1667e.rlib" "/opt/rustwide/target/debug/deps/libregex_syntax-26ab266b6768fe31.rlib" "/opt/rustwide/target/debug/deps/libbase64-758319727d7651ce.rlib" "/opt/rustwide/target/debug/deps/librand-e740bf1105717333.rlib" "/opt/rustwide/target/debug/deps/librand_chacha-29b78c4e0bf302fb.rlib" "/opt/rustwide/target/debug/deps/libppv_lite86-3e08b616d9d49994.rlib" "/opt/rustwide/target/debug/deps/librand_core-538c25e1d41e734f.rlib" "/opt/rustwide/target/debug/deps/libgetrandom-79cc9f3c95cb65e6.rlib" "/opt/rustwide/target/debug/deps/libuuid-df930b5f60602668.rlib" "/opt/rustwide/target/debug/deps/libtime-41a761f2cf68f630.rlib" "/opt/rustwide/target/debug/deps/libtime_macros-d5d02ab9857b2fc3.rlib" "/opt/rustwide/target/debug/deps/libstandback-9517c79f7cd9c4fc.rlib" "/opt/rustwide/target/debug/deps/libbigdecimal-f91c01b942b90cc6.rlib" "/opt/rustwide/target/debug/deps/libnum_bigint-5d54be057e268aad.rlib" "/opt/rustwide/target/debug/deps/libbitflags-ed17cd8d1f1832b6.rlib" "/opt/rustwide/target/debug/deps/libserde_json-0db49b8cd3212974.rlib" "/opt/rustwide/target/debug/deps/libryu-c4f7d8e5c0b9ddbd.rlib" "/opt/rustwide/target/debug/deps/libitoa-a88dba9ec2ad7352.rlib" "/opt/rustwide/target/debug/deps/librust_decimal-afca0385d4352cc8.rlib" "/opt/rustwide/target/debug/deps/libarrayvec-db4ffe5d6ecbf29e.rlib" "/opt/rustwide/target/debug/deps/liblazy_static-a15e1ed0a3c31761.rlib" "/opt/rustwide/target/debug/deps/libahash-70087a100bf18b27.rlib" "/opt/rustwide/target/debug/deps/libgetrandom-19c0541070f31825.rlib" "/opt/rustwide/target/debug/deps/libonce_cell-8aff6566bc060fbc.rlib" "/opt/rustwide/target/debug/deps/libchrono-cdd5b1e9188be710.rlib" "/opt/rustwide/target/debug/deps/libnum_integer-f7be33dfd9cd3f34.rlib" "/opt/rustwide/target/debug/deps/libnum_traits-1ee63314f59dd151.rlib" "/opt/rustwide/target/debug/deps/libtime-cbaf20dd299e0146.rlib" "/opt/rustwide/target/debug/deps/libpyo3-86db30a140d88513.rlib" "/opt/rustwide/target/debug/deps/libparking_lot-632eed32eacfc142.rlib" "/opt/rustwide/target/debug/deps/libparking_lot_core-cea35a76abc9d9f9.rlib" "/opt/rustwide/target/debug/deps/libsmallvec-c9c12de244d0b753.rlib" "/opt/rustwide/target/debug/deps/liblock_api-f14a8142d92b1256.rlib" "/opt/rustwide/target/debug/deps/libscopeguard-f471875f675163b5.rlib" "/opt/rustwide/target/debug/deps/libinstant-1bfa666718b38be4.rlib" "/opt/rustwide/target/debug/deps/libcfg_if-e5e118dd7d121aaa.rlib" "/opt/rustwide/target/debug/deps/libunindent-c800aef61d5d79cb.rlib" "/opt/rustwide/target/debug/deps/libpaste-65acee8811b2f325.rlib" "/opt/rustwide/target/debug/deps/libindoc-e485ea5d4bb2f2c8.rlib" "/opt/rustwide/target/debug/deps/libpnet-c2c1c99b7090f403.rlib" "/opt/rustwide/target/debug/deps/libpnet_transport-b9891af9de49f0c8.rlib" "/opt/rustwide/target/debug/deps/libpnet_packet-78c394ae5d7467d7.rlib" "/opt/rustwide/target/debug/deps/libpnet_macros_support-34d0c0ccd22c5b0b.rlib" "/opt/rustwide/target/debug/deps/libpnet_datalink-6290ac29ed062545.rlib" "/opt/rustwide/target/debug/deps/libpnet_sys-adf5a8b25ce3c1bd.rlib" "/opt/rustwide/target/debug/deps/liblibc-3c4e1f771ee50829.rlib" "/opt/rustwide/target/debug/deps/libpnet_base-1d93840f97d949df.rlib" "/opt/rustwide/target/debug/deps/libipnetwork-3a95dbb0816439a8.rlib" "/opt/rustwide/target/debug/deps/libserde-1b31174074802c3f.rlib" "/opt/rustwide/target/debug/deps/libbyteorder-50c19e9bd62c942c.rlib" "/opt/rustwide/rustup-home/toolchains/1.69.0-x86_64-unknown-linux-gnu/lib/rustlib/x86_64-unknown-linux-gnu/lib/libstd-89bc084783fdc439.rlib" "/opt/rustwide/rustup-home/toolchains/1.69.0-x86_64-unknown-linux-gnu/lib/rustlib/x86_64-unknown-linux-gnu/lib/libpanic_unwind-8bee4b287d4367c1.rlib" "/opt/rustwide/rustup-home/toolchains/1.69.0-x86_64-unknown-linux-gnu/lib/rustlib/x86_64-unknown-linux-gnu/lib/libobject-d61707aed80694c0.rlib" "/opt/rustwide/rustup-home/toolchains/1.69.0-x86_64-unknown-linux-gnu/lib/rustlib/x86_64-unknown-linux-gnu/lib/libmemchr-d85366256f22345b.rlib" "/opt/rustwide/rustup-home/toolchains/1.69.0-x86_64-unknown-linux-gnu/lib/rustlib/x86_64-unknown-linux-gnu/lib/libaddr2line-96069b86b8a8cae9.rlib" "/opt/rustwide/rustup-home/toolchains/1.69.0-x86_64-unknown-linux-gnu/lib/rustlib/x86_64-unknown-linux-gnu/lib/libgimli-d19d53abf68dfa6c.rlib" "/opt/rustwide/rustup-home/toolchains/1.69.0-x86_64-unknown-linux-gnu/lib/rustlib/x86_64-unknown-linux-gnu/lib/librustc_demangle-787cbccd19d64ac6.rlib" "/opt/rustwide/rustup-home/toolchains/1.69.0-x86_64-unknown-linux-gnu/lib/rustlib/x86_64-unknown-linux-gnu/lib/libstd_detect-b3837a36b830e0d0.rlib" "/opt/rustwide/rustup-home/toolchains/1.69.0-x86_64-unknown-linux-gnu/lib/rustlib/x86_64-unknown-linux-gnu/lib/libhashbrown-e3deb0e7e3f04966.rlib" "/opt/rustwide/rustup-home/toolchains/1.69.0-x86_64-unknown-linux-gnu/lib/rustlib/x86_64-unknown-linux-gnu/lib/libminiz_oxide-dabbb79c9815def4.rlib" "/opt/rustwide/rustup-home/toolchains/1.69.0-x86_64-unknown-linux-gnu/lib/rustlib/x86_64-unknown-linux-gnu/lib/libadler-305b01f34c9409f2.rlib" "/opt/rustwide/rustup-home/toolchains/1.69.0-x86_64-unknown-linux-gnu/lib/rustlib/x86_64-unknown-linux-gnu/lib/librustc_std_workspace_alloc-f833521df6074e73.rlib" "/opt/rustwide/rustup-home/toolchains/1.69.0-x86_64-unknown-linux-gnu/lib/rustlib/x86_64-unknown-linux-gnu/lib/libunwind-9ac333113350d171.rlib" "/opt/rustwide/rustup-home/toolchains/1.69.0-x86_64-unknown-linux-gnu/lib/rustlib/x86_64-unknown-linux-gnu/lib/libcfg_if-1c126114322d0eee.rlib" "/opt/rustwide/rustup-home/toolchains/1.69.0-x86_64-unknown-linux-gnu/lib/rustlib/x86_64-unknown-linux-gnu/lib/liblibc-bad9164fdeeecf92.rlib" "/opt/rustwide/rustup-home/toolchains/1.69.0-x86_64-unknown-linux-gnu/lib/rustlib/x86_64-unknown-linux-gnu/lib/liballoc-f9374b1e480fa681.rlib" "/opt/rustwide/rustup-home/toolchains/1.69.0-x86_64-unknown-linux-gnu/lib/rustlib/x86_64-unknown-linux-gnu/lib/librustc_std_workspace_core-207f06e41d9603af.rlib" "/opt/rustwide/rustup-home/toolchains/1.69.0-x86_64-unknown-linux-gnu/lib/rustlib/x86_64-unknown-linux-gnu/lib/libcore-7e2768e66e984e85.rlib" "/opt/rustwide/rustup-home/toolchains/1.69.0-x86_64-unknown-linux-gnu/lib/rustlib/x86_64-unknown-linux-gnu/lib/libcompiler_builtins-957b4aff41f8cd46.rlib" "-Wl,-Bdynamic" "-lssl" "-lcrypto" "-lz" "-lpython3.10" "-lgcc_s" "-lutil" "-lrt" "-lpthread" "-lm" "-ldl" "-lc" "-Wl,--eh-frame-hdr" "-Wl,-z,noexecstack" "-L" "/opt/rustwide/rustup-home/toolchains/1.69.0-x86_64-unknown-linux-gnu/lib/rustlib/x86_64-unknown-linux-gnu/lib" "-o" "/tmp/rustdoctestDqbl1f/rust_out" "-Wl,--gc-sections" "-pie" "-Wl,-z,relro,-z,now" "-nodefaultlibs"
[INFO] [stdout]   = note: collect2: fatal error: ld terminated with signal 9 [Killed]
[INFO] [stdout]           compilation terminated.
[INFO] [stdout]           
[INFO] [stdout] 
[INFO] [stdout] error: aborting due to previous error
[INFO] [stdout] 
[INFO] [stdout] Couldn't compile the test.
[INFO] [stdout] ---- src/parse.rs - parse::parse_mac (line 35) stdout ----
[INFO] [stdout] error: linking with `cc` failed: exit status: 1
[INFO] [stdout]   |
[INFO] [stdout]   = note: LC_ALL="C" PATH="/opt/rustwide/rustup-home/toolchains/1.69.0-x86_64-unknown-linux-gnu/lib/rustlib/x86_64-unknown-linux-gnu/bin:/opt/rustwide/cargo-home/bin:/usr/local/sbin:/usr/local/bin:/usr/sbin:/usr/bin:/sbin:/bin" VSLANG="1033" "cc" "-m64" "/tmp/rustcUt9MDQ/symbols.o" "/tmp/rustdoctest8smFBN/rust_out.rust_out.5bfee551-cgu.0.rcgu.o" "/tmp/rustdoctest8smFBN/rust_out.j00p4ncf7xg64kg.rcgu.o" "-Wl,--as-needed" "-L" "/opt/rustwide/target/debug/deps" "-L" "/opt/rustwide/target/debug/deps" "-L" "/usr/lib/x86_64-linux-gnu" "-L" "/opt/rustwide/rustup-home/toolchains/1.69.0-x86_64-unknown-linux-gnu/lib/rustlib/x86_64-unknown-linux-gnu/lib" "-Wl,-Bstatic" "/opt/rustwide/target/debug/deps/librawsocket_helper-92db3cb572471698.rlib" "/opt/rustwide/target/debug/deps/libsudo-e4afb15c640c5492.rlib" "/opt/rustwide/target/debug/deps/libcidr_utils-d6a3fab92f09f860.rlib" "/opt/rustwide/target/debug/deps/libdebug_helper-f1e95b60b046c097.rlib" "/opt/rustwide/target/debug/deps/libnum_bigint-db50e8797a3d4a9b.rlib" "/opt/rustwide/target/debug/deps/libpython_comm-98b7de1666758811.rlib" "/opt/rustwide/target/debug/deps/libanyhow-adef7fda72d843f2.rlib" "/opt/rustwide/target/debug/deps/libmysql-b7598b82cc7abca3.rlib" "/opt/rustwide/target/debug/deps/libpem-4a62852aefd0d704.rlib" "/opt/rustwide/target/debug/deps/libbase64-007e7c1fbda2b30a.rlib" "/opt/rustwide/target/debug/deps/libnix-0983f89a71c7e6f8.rlib" "/opt/rustwide/target/debug/deps/libsocket2-bf2afade9c81af25.rlib" "/opt/rustwide/target/debug/deps/libnative_tls-e992b6edc7a54550.rlib" "/opt/rustwide/target/debug/deps/libopenssl_probe-6a5d5a9e5f06a0a4.rlib" "/opt/rustwide/target/debug/deps/libopenssl-10082ae8d9b4e0b1.rlib" "/opt/rustwide/target/debug/deps/libforeign_types-f2b053f84105065c.rlib" "/opt/rustwide/target/debug/deps/libforeign_types_shared-48f8f1f9ea32d068.rlib" "/opt/rustwide/target/debug/deps/libopenssl_sys-3bcc58d58b6be02c.rlib" "/opt/rustwide/target/debug/deps/liblog-9c8a33f34652efee.rlib" "/opt/rustwide/target/debug/deps/libbufstream-b16afb0a0423b317.rlib" "/opt/rustwide/target/debug/deps/liblru-93e7edbc2ac54ace.rlib" "/opt/rustwide/target/debug/deps/libhashbrown-eeb6d6f7862fc07f.rlib" "/opt/rustwide/target/debug/deps/liburl-77b35ee7ca90e881.rlib" "/opt/rustwide/target/debug/deps/libidna-782b78deafd43a13.rlib" "/opt/rustwide/target/debug/deps/libunicode_normalization-eedb13508cd93ee9.rlib" "/opt/rustwide/target/debug/deps/libtinyvec-ee322b7b24cf58b3.rlib" "/opt/rustwide/target/debug/deps/libtinyvec_macros-5ffb2ea8a2d866f2.rlib" "/opt/rustwide/target/debug/deps/libunicode_bidi-6d874a42ec63c633.rlib" "/opt/rustwide/target/debug/deps/libform_urlencoded-0fe912f6e457e008.rlib" "/opt/rustwide/target/debug/deps/libmatches-278cbf5ab72c0d9c.rlib" "/opt/rustwide/target/debug/deps/libpercent_encoding-5186c2668f567217.rlib" "/opt/rustwide/target/debug/deps/libmysql_common-900065ca41861bf7.rlib" "/opt/rustwide/target/debug/deps/libsha2-c0b683696e018453.rlib" "/opt/rustwide/target/debug/deps/libdigest-67c74c8f48fae6e9.rlib" "/opt/rustwide/target/debug/deps/libopaque_debug-b0737f933fc2a43f.rlib" "/opt/rustwide/target/debug/deps/libfake_simd-9ff0f8adbc391be0.rlib" "/opt/rustwide/target/debug/deps/libblock_buffer-023a225ff44de416.rlib" "/opt/rustwide/target/debug/deps/libgeneric_array-87c0994024ce2413.rlib" "/opt/rustwide/target/debug/deps/libtypenum-dd0f67c7a5785a46.rlib" "/opt/rustwide/target/debug/deps/libblock_padding-c9e3859ddfb7d8c9.rlib" "/opt/rustwide/target/debug/deps/libbyte_tools-d795ef693e13bf0a.rlib" "/opt/rustwide/target/debug/deps/libbytes-5cb1d87b13df8e8c.rlib" "/opt/rustwide/target/debug/deps/libflate2-e7e10eb3245304fc.rlib" "/opt/rustwide/target/debug/deps/liblibz_sys-ca5a56621ea4010e.rlib" "/opt/rustwide/target/debug/deps/libcrc32fast-a01f0c39e9e3fcc0.rlib" "/opt/rustwide/target/debug/deps/libtwox_hash-4bc3d80536ae1086.rlib" "/opt/rustwide/target/debug/deps/librand-8edfa14aaffd5356.rlib" "/opt/rustwide/target/debug/deps/librand_chacha-04766ef5d3785c69.rlib" "/opt/rustwide/target/debug/deps/librand_core-2e685dc55247c2e4.rlib" "/opt/rustwide/target/debug/deps/liblexical-ffaf4875b69e37fc.rlib" "/opt/rustwide/target/debug/deps/liblexical_core-3df872ea31d0d7d1.rlib" "/opt/rustwide/target/debug/deps/libstatic_assertions-9a9c2cb46fa7a0a6.rlib" "/opt/rustwide/target/debug/deps/libsha1-0da2e01984f97bd9.rlib" "/opt/rustwide/target/debug/deps/libregex-ec1a535928100f69.rlib" "/opt/rustwide/target/debug/deps/libaho_corasick-d997a831bf3838c4.rlib" "/opt/rustwide/target/debug/deps/libmemchr-e30a17317ff1667e.rlib" "/opt/rustwide/target/debug/deps/libregex_syntax-26ab266b6768fe31.rlib" "/opt/rustwide/target/debug/deps/libbase64-758319727d7651ce.rlib" "/opt/rustwide/target/debug/deps/librand-e740bf1105717333.rlib" "/opt/rustwide/target/debug/deps/librand_chacha-29b78c4e0bf302fb.rlib" "/opt/rustwide/target/debug/deps/libppv_lite86-3e08b616d9d49994.rlib" "/opt/rustwide/target/debug/deps/librand_core-538c25e1d41e734f.rlib" "/opt/rustwide/target/debug/deps/libgetrandom-79cc9f3c95cb65e6.rlib" "/opt/rustwide/target/debug/deps/libuuid-df930b5f60602668.rlib" "/opt/rustwide/target/debug/deps/libtime-41a761f2cf68f630.rlib" "/opt/rustwide/target/debug/deps/libtime_macros-d5d02ab9857b2fc3.rlib" "/opt/rustwide/target/debug/deps/libstandback-9517c79f7cd9c4fc.rlib" "/opt/rustwide/target/debug/deps/libbigdecimal-f91c01b942b90cc6.rlib" "/opt/rustwide/target/debug/deps/libnum_bigint-5d54be057e268aad.rlib" "/opt/rustwide/target/debug/deps/libbitflags-ed17cd8d1f1832b6.rlib" "/opt/rustwide/target/debug/deps/libserde_json-0db49b8cd3212974.rlib" "/opt/rustwide/target/debug/deps/libryu-c4f7d8e5c0b9ddbd.rlib" "/opt/rustwide/target/debug/deps/libitoa-a88dba9ec2ad7352.rlib" "/opt/rustwide/target/debug/deps/librust_decimal-afca0385d4352cc8.rlib" "/opt/rustwide/target/debug/deps/libarrayvec-db4ffe5d6ecbf29e.rlib" "/opt/rustwide/target/debug/deps/liblazy_static-a15e1ed0a3c31761.rlib" "/opt/rustwide/target/debug/deps/libahash-70087a100bf18b27.rlib" "/opt/rustwide/target/debug/deps/libgetrandom-19c0541070f31825.rlib" "/opt/rustwide/target/debug/deps/libonce_cell-8aff6566bc060fbc.rlib" "/opt/rustwide/target/debug/deps/libchrono-cdd5b1e9188be710.rlib" "/opt/rustwide/target/debug/deps/libnum_integer-f7be33dfd9cd3f34.rlib" "/opt/rustwide/target/debug/deps/libnum_traits-1ee63314f59dd151.rlib" "/opt/rustwide/target/debug/deps/libtime-cbaf20dd299e0146.rlib" "/opt/rustwide/target/debug/deps/libpyo3-86db30a140d88513.rlib" "/opt/rustwide/target/debug/deps/libparking_lot-632eed32eacfc142.rlib" "/opt/rustwide/target/debug/deps/libparking_lot_core-cea35a76abc9d9f9.rlib" "/opt/rustwide/target/debug/deps/libsmallvec-c9c12de244d0b753.rlib" "/opt/rustwide/target/debug/deps/liblock_api-f14a8142d92b1256.rlib" "/opt/rustwide/target/debug/deps/libscopeguard-f471875f675163b5.rlib" "/opt/rustwide/target/debug/deps/libinstant-1bfa666718b38be4.rlib" "/opt/rustwide/target/debug/deps/libcfg_if-e5e118dd7d121aaa.rlib" "/opt/rustwide/target/debug/deps/libunindent-c800aef61d5d79cb.rlib" "/opt/rustwide/target/debug/deps/libpaste-65acee8811b2f325.rlib" "/opt/rustwide/target/debug/deps/libindoc-e485ea5d4bb2f2c8.rlib" "/opt/rustwide/target/debug/deps/libpnet-c2c1c99b7090f403.rlib" "/opt/rustwide/target/debug/deps/libpnet_transport-b9891af9de49f0c8.rlib" "/opt/rustwide/target/debug/deps/libpnet_packet-78c394ae5d7467d7.rlib" "/opt/rustwide/target/debug/deps/libpnet_macros_support-34d0c0ccd22c5b0b.rlib" "/opt/rustwide/target/debug/deps/libpnet_datalink-6290ac29ed062545.rlib" "/opt/rustwide/target/debug/deps/libpnet_sys-adf5a8b25ce3c1bd.rlib" "/opt/rustwide/target/debug/deps/liblibc-3c4e1f771ee50829.rlib" "/opt/rustwide/target/debug/deps/libpnet_base-1d93840f97d949df.rlib" "/opt/rustwide/target/debug/deps/libipnetwork-3a95dbb0816439a8.rlib" "/opt/rustwide/target/debug/deps/libserde-1b31174074802c3f.rlib" "/opt/rustwide/target/debug/deps/libbyteorder-50c19e9bd62c942c.rlib" "/opt/rustwide/rustup-home/toolchains/1.69.0-x86_64-unknown-linux-gnu/lib/rustlib/x86_64-unknown-linux-gnu/lib/libstd-89bc084783fdc439.rlib" "/opt/rustwide/rustup-home/toolchains/1.69.0-x86_64-unknown-linux-gnu/lib/rustlib/x86_64-unknown-linux-gnu/lib/libpanic_unwind-8bee4b287d4367c1.rlib" "/opt/rustwide/rustup-home/toolchains/1.69.0-x86_64-unknown-linux-gnu/lib/rustlib/x86_64-unknown-linux-gnu/lib/libobject-d61707aed80694c0.rlib" "/opt/rustwide/rustup-home/toolchains/1.69.0-x86_64-unknown-linux-gnu/lib/rustlib/x86_64-unknown-linux-gnu/lib/libmemchr-d85366256f22345b.rlib" "/opt/rustwide/rustup-home/toolchains/1.69.0-x86_64-unknown-linux-gnu/lib/rustlib/x86_64-unknown-linux-gnu/lib/libaddr2line-96069b86b8a8cae9.rlib" "/opt/rustwide/rustup-home/toolchains/1.69.0-x86_64-unknown-linux-gnu/lib/rustlib/x86_64-unknown-linux-gnu/lib/libgimli-d19d53abf68dfa6c.rlib" "/opt/rustwide/rustup-home/toolchains/1.69.0-x86_64-unknown-linux-gnu/lib/rustlib/x86_64-unknown-linux-gnu/lib/librustc_demangle-787cbccd19d64ac6.rlib" "/opt/rustwide/rustup-home/toolchains/1.69.0-x86_64-unknown-linux-gnu/lib/rustlib/x86_64-unknown-linux-gnu/lib/libstd_detect-b3837a36b830e0d0.rlib" "/opt/rustwide/rustup-home/toolchains/1.69.0-x86_64-unknown-linux-gnu/lib/rustlib/x86_64-unknown-linux-gnu/lib/libhashbrown-e3deb0e7e3f04966.rlib" "/opt/rustwide/rustup-home/toolchains/1.69.0-x86_64-unknown-linux-gnu/lib/rustlib/x86_64-unknown-linux-gnu/lib/libminiz_oxide-dabbb79c9815def4.rlib" "/opt/rustwide/rustup-home/toolchains/1.69.0-x86_64-unknown-linux-gnu/lib/rustlib/x86_64-unknown-linux-gnu/lib/libadler-305b01f34c9409f2.rlib" "/opt/rustwide/rustup-home/toolchains/1.69.0-x86_64-unknown-linux-gnu/lib/rustlib/x86_64-unknown-linux-gnu/lib/librustc_std_workspace_alloc-f833521df6074e73.rlib" "/opt/rustwide/rustup-home/toolchains/1.69.0-x86_64-unknown-linux-gnu/lib/rustlib/x86_64-unknown-linux-gnu/lib/libunwind-9ac333113350d171.rlib" "/opt/rustwide/rustup-home/toolchains/1.69.0-x86_64-unknown-linux-gnu/lib/rustlib/x86_64-unknown-linux-gnu/lib/libcfg_if-1c126114322d0eee.rlib" "/opt/rustwide/rustup-home/toolchains/1.69.0-x86_64-unknown-linux-gnu/lib/rustlib/x86_64-unknown-linux-gnu/lib/liblibc-bad9164fdeeecf92.rlib" "/opt/rustwide/rustup-home/toolchains/1.69.0-x86_64-unknown-linux-gnu/lib/rustlib/x86_64-unknown-linux-gnu/lib/liballoc-f9374b1e480fa681.rlib" "/opt/rustwide/rustup-home/toolchains/1.69.0-x86_64-unknown-linux-gnu/lib/rustlib/x86_64-unknown-linux-gnu/lib/librustc_std_workspace_core-207f06e41d9603af.rlib" "/opt/rustwide/rustup-home/toolchains/1.69.0-x86_64-unknown-linux-gnu/lib/rustlib/x86_64-unknown-linux-gnu/lib/libcore-7e2768e66e984e85.rlib" "/opt/rustwide/rustup-home/toolchains/1.69.0-x86_64-unknown-linux-gnu/lib/rustlib/x86_64-unknown-linux-gnu/lib/libcompiler_builtins-957b4aff41f8cd46.rlib" "-Wl,-Bdynamic" "-lssl" "-lcrypto" "-lz" "-lpython3.10" "-lgcc_s" "-lutil" "-lrt" "-lpthread" "-lm" "-ldl" "-lc" "-Wl,--eh-frame-hdr" "-Wl,-z,noexecstack" "-L" "/opt/rustwide/rustup-home/toolchains/1.69.0-x86_64-unknown-linux-gnu/lib/rustlib/x86_64-unknown-linux-gnu/lib" "-o" "/tmp/rustdoctest8smFBN/rust_out" "-Wl,--gc-sections" "-pie" "-Wl,-z,relro,-z,now" "-nodefaultlibs"
[INFO] [stdout]   = note: collect2: fatal error: ld terminated with signal 9 [Killed]
[INFO] [stdout]           compilation terminated.
[INFO] [stdout]           
[INFO] [stdout] 
[INFO] [stdout] error: aborting due to previous error
[INFO] [stdout] 
[INFO] [stdout] Couldn't compile the test.
[INFO] [stdout] ---- src/out_going.rs - out_going::get_ifaces (line 228) stdout ----
[INFO] [stdout] error: linking with `cc` failed: exit status: 1
[INFO] [stdout]   |
[INFO] [stdout]   = note: LC_ALL="C" PATH="/opt/rustwide/rustup-home/toolchains/1.69.0-x86_64-unknown-linux-gnu/lib/rustlib/x86_64-unknown-linux-gnu/bin:/opt/rustwide/cargo-home/bin:/usr/local/sbin:/usr/local/bin:/usr/sbin:/usr/bin:/sbin:/bin" VSLANG="1033" "cc" "-m64" "/tmp/rustcSy9In0/symbols.o" "/tmp/rustdoctestv4DjJs/rust_out.rust_out.5bfee551-cgu.0.rcgu.o" "/tmp/rustdoctestv4DjJs/rust_out.j00p4ncf7xg64kg.rcgu.o" "-Wl,--as-needed" "-L" "/opt/rustwide/target/debug/deps" "-L" "/opt/rustwide/target/debug/deps" "-L" "/usr/lib/x86_64-linux-gnu" "-L" "/opt/rustwide/rustup-home/toolchains/1.69.0-x86_64-unknown-linux-gnu/lib/rustlib/x86_64-unknown-linux-gnu/lib" "-Wl,-Bstatic" "/opt/rustwide/target/debug/deps/librawsocket_helper-92db3cb572471698.rlib" "/opt/rustwide/target/debug/deps/libsudo-e4afb15c640c5492.rlib" "/opt/rustwide/target/debug/deps/libcidr_utils-d6a3fab92f09f860.rlib" "/opt/rustwide/target/debug/deps/libdebug_helper-f1e95b60b046c097.rlib" "/opt/rustwide/target/debug/deps/libnum_bigint-db50e8797a3d4a9b.rlib" "/opt/rustwide/target/debug/deps/libpython_comm-98b7de1666758811.rlib" "/opt/rustwide/target/debug/deps/libanyhow-adef7fda72d843f2.rlib" "/opt/rustwide/target/debug/deps/libmysql-b7598b82cc7abca3.rlib" "/opt/rustwide/target/debug/deps/libpem-4a62852aefd0d704.rlib" "/opt/rustwide/target/debug/deps/libbase64-007e7c1fbda2b30a.rlib" "/opt/rustwide/target/debug/deps/libnix-0983f89a71c7e6f8.rlib" "/opt/rustwide/target/debug/deps/libsocket2-bf2afade9c81af25.rlib" "/opt/rustwide/target/debug/deps/libnative_tls-e992b6edc7a54550.rlib" "/opt/rustwide/target/debug/deps/libopenssl_probe-6a5d5a9e5f06a0a4.rlib" "/opt/rustwide/target/debug/deps/libopenssl-10082ae8d9b4e0b1.rlib" "/opt/rustwide/target/debug/deps/libforeign_types-f2b053f84105065c.rlib" "/opt/rustwide/target/debug/deps/libforeign_types_shared-48f8f1f9ea32d068.rlib" "/opt/rustwide/target/debug/deps/libopenssl_sys-3bcc58d58b6be02c.rlib" "/opt/rustwide/target/debug/deps/liblog-9c8a33f34652efee.rlib" "/opt/rustwide/target/debug/deps/libbufstream-b16afb0a0423b317.rlib" "/opt/rustwide/target/debug/deps/liblru-93e7edbc2ac54ace.rlib" "/opt/rustwide/target/debug/deps/libhashbrown-eeb6d6f7862fc07f.rlib" "/opt/rustwide/target/debug/deps/liburl-77b35ee7ca90e881.rlib" "/opt/rustwide/target/debug/deps/libidna-782b78deafd43a13.rlib" "/opt/rustwide/target/debug/deps/libunicode_normalization-eedb13508cd93ee9.rlib" "/opt/rustwide/target/debug/deps/libtinyvec-ee322b7b24cf58b3.rlib" "/opt/rustwide/target/debug/deps/libtinyvec_macros-5ffb2ea8a2d866f2.rlib" "/opt/rustwide/target/debug/deps/libunicode_bidi-6d874a42ec63c633.rlib" "/opt/rustwide/target/debug/deps/libform_urlencoded-0fe912f6e457e008.rlib" "/opt/rustwide/target/debug/deps/libmatches-278cbf5ab72c0d9c.rlib" "/opt/rustwide/target/debug/deps/libpercent_encoding-5186c2668f567217.rlib" "/opt/rustwide/target/debug/deps/libmysql_common-900065ca41861bf7.rlib" "/opt/rustwide/target/debug/deps/libsha2-c0b683696e018453.rlib" "/opt/rustwide/target/debug/deps/libdigest-67c74c8f48fae6e9.rlib" "/opt/rustwide/target/debug/deps/libopaque_debug-b0737f933fc2a43f.rlib" "/opt/rustwide/target/debug/deps/libfake_simd-9ff0f8adbc391be0.rlib" "/opt/rustwide/target/debug/deps/libblock_buffer-023a225ff44de416.rlib" "/opt/rustwide/target/debug/deps/libgeneric_array-87c0994024ce2413.rlib" "/opt/rustwide/target/debug/deps/libtypenum-dd0f67c7a5785a46.rlib" "/opt/rustwide/target/debug/deps/libblock_padding-c9e3859ddfb7d8c9.rlib" "/opt/rustwide/target/debug/deps/libbyte_tools-d795ef693e13bf0a.rlib" "/opt/rustwide/target/debug/deps/libbytes-5cb1d87b13df8e8c.rlib" "/opt/rustwide/target/debug/deps/libflate2-e7e10eb3245304fc.rlib" "/opt/rustwide/target/debug/deps/liblibz_sys-ca5a56621ea4010e.rlib" "/opt/rustwide/target/debug/deps/libcrc32fast-a01f0c39e9e3fcc0.rlib" "/opt/rustwide/target/debug/deps/libtwox_hash-4bc3d80536ae1086.rlib" "/opt/rustwide/target/debug/deps/librand-8edfa14aaffd5356.rlib" "/opt/rustwide/target/debug/deps/librand_chacha-04766ef5d3785c69.rlib" "/opt/rustwide/target/debug/deps/librand_core-2e685dc55247c2e4.rlib" "/opt/rustwide/target/debug/deps/liblexical-ffaf4875b69e37fc.rlib" "/opt/rustwide/target/debug/deps/liblexical_core-3df872ea31d0d7d1.rlib" "/opt/rustwide/target/debug/deps/libstatic_assertions-9a9c2cb46fa7a0a6.rlib" "/opt/rustwide/target/debug/deps/libsha1-0da2e01984f97bd9.rlib" "/opt/rustwide/target/debug/deps/libregex-ec1a535928100f69.rlib" "/opt/rustwide/target/debug/deps/libaho_corasick-d997a831bf3838c4.rlib" "/opt/rustwide/target/debug/deps/libmemchr-e30a17317ff1667e.rlib" "/opt/rustwide/target/debug/deps/libregex_syntax-26ab266b6768fe31.rlib" "/opt/rustwide/target/debug/deps/libbase64-758319727d7651ce.rlib" "/opt/rustwide/target/debug/deps/librand-e740bf1105717333.rlib" "/opt/rustwide/target/debug/deps/librand_chacha-29b78c4e0bf302fb.rlib" "/opt/rustwide/target/debug/deps/libppv_lite86-3e08b616d9d49994.rlib" "/opt/rustwide/target/debug/deps/librand_core-538c25e1d41e734f.rlib" "/opt/rustwide/target/debug/deps/libgetrandom-79cc9f3c95cb65e6.rlib" "/opt/rustwide/target/debug/deps/libuuid-df930b5f60602668.rlib" "/opt/rustwide/target/debug/deps/libtime-41a761f2cf68f630.rlib" "/opt/rustwide/target/debug/deps/libtime_macros-d5d02ab9857b2fc3.rlib" "/opt/rustwide/target/debug/deps/libstandback-9517c79f7cd9c4fc.rlib" "/opt/rustwide/target/debug/deps/libbigdecimal-f91c01b942b90cc6.rlib" "/opt/rustwide/target/debug/deps/libnum_bigint-5d54be057e268aad.rlib" "/opt/rustwide/target/debug/deps/libbitflags-ed17cd8d1f1832b6.rlib" "/opt/rustwide/target/debug/deps/libserde_json-0db49b8cd3212974.rlib" "/opt/rustwide/target/debug/deps/libryu-c4f7d8e5c0b9ddbd.rlib" "/opt/rustwide/target/debug/deps/libitoa-a88dba9ec2ad7352.rlib" "/opt/rustwide/target/debug/deps/librust_decimal-afca0385d4352cc8.rlib" "/opt/rustwide/target/debug/deps/libarrayvec-db4ffe5d6ecbf29e.rlib" "/opt/rustwide/target/debug/deps/liblazy_static-a15e1ed0a3c31761.rlib" "/opt/rustwide/target/debug/deps/libahash-70087a100bf18b27.rlib" "/opt/rustwide/target/debug/deps/libgetrandom-19c0541070f31825.rlib" "/opt/rustwide/target/debug/deps/libonce_cell-8aff6566bc060fbc.rlib" "/opt/rustwide/target/debug/deps/libchrono-cdd5b1e9188be710.rlib" "/opt/rustwide/target/debug/deps/libnum_integer-f7be33dfd9cd3f34.rlib" "/opt/rustwide/target/debug/deps/libnum_traits-1ee63314f59dd151.rlib" "/opt/rustwide/target/debug/deps/libtime-cbaf20dd299e0146.rlib" "/opt/rustwide/target/debug/deps/libpyo3-86db30a140d88513.rlib" "/opt/rustwide/target/debug/deps/libparking_lot-632eed32eacfc142.rlib" "/opt/rustwide/target/debug/deps/libparking_lot_core-cea35a76abc9d9f9.rlib" "/opt/rustwide/target/debug/deps/libsmallvec-c9c12de244d0b753.rlib" "/opt/rustwide/target/debug/deps/liblock_api-f14a8142d92b1256.rlib" "/opt/rustwide/target/debug/deps/libscopeguard-f471875f675163b5.rlib" "/opt/rustwide/target/debug/deps/libinstant-1bfa666718b38be4.rlib" "/opt/rustwide/target/debug/deps/libcfg_if-e5e118dd7d121aaa.rlib" "/opt/rustwide/target/debug/deps/libunindent-c800aef61d5d79cb.rlib" "/opt/rustwide/target/debug/deps/libpaste-65acee8811b2f325.rlib" "/opt/rustwide/target/debug/deps/libindoc-e485ea5d4bb2f2c8.rlib" "/opt/rustwide/target/debug/deps/libpnet-c2c1c99b7090f403.rlib" "/opt/rustwide/target/debug/deps/libpnet_transport-b9891af9de49f0c8.rlib" "/opt/rustwide/target/debug/deps/libpnet_packet-78c394ae5d7467d7.rlib" "/opt/rustwide/target/debug/deps/libpnet_macros_support-34d0c0ccd22c5b0b.rlib" "/opt/rustwide/target/debug/deps/libpnet_datalink-6290ac29ed062545.rlib" "/opt/rustwide/target/debug/deps/libpnet_sys-adf5a8b25ce3c1bd.rlib" "/opt/rustwide/target/debug/deps/liblibc-3c4e1f771ee50829.rlib" "/opt/rustwide/target/debug/deps/libpnet_base-1d93840f97d949df.rlib" "/opt/rustwide/target/debug/deps/libipnetwork-3a95dbb0816439a8.rlib" "/opt/rustwide/target/debug/deps/libserde-1b31174074802c3f.rlib" "/opt/rustwide/target/debug/deps/libbyteorder-50c19e9bd62c942c.rlib" "/opt/rustwide/rustup-home/toolchains/1.69.0-x86_64-unknown-linux-gnu/lib/rustlib/x86_64-unknown-linux-gnu/lib/libstd-89bc084783fdc439.rlib" "/opt/rustwide/rustup-home/toolchains/1.69.0-x86_64-unknown-linux-gnu/lib/rustlib/x86_64-unknown-linux-gnu/lib/libpanic_unwind-8bee4b287d4367c1.rlib" "/opt/rustwide/rustup-home/toolchains/1.69.0-x86_64-unknown-linux-gnu/lib/rustlib/x86_64-unknown-linux-gnu/lib/libobject-d61707aed80694c0.rlib" "/opt/rustwide/rustup-home/toolchains/1.69.0-x86_64-unknown-linux-gnu/lib/rustlib/x86_64-unknown-linux-gnu/lib/libmemchr-d85366256f22345b.rlib" "/opt/rustwide/rustup-home/toolchains/1.69.0-x86_64-unknown-linux-gnu/lib/rustlib/x86_64-unknown-linux-gnu/lib/libaddr2line-96069b86b8a8cae9.rlib" "/opt/rustwide/rustup-home/toolchains/1.69.0-x86_64-unknown-linux-gnu/lib/rustlib/x86_64-unknown-linux-gnu/lib/libgimli-d19d53abf68dfa6c.rlib" "/opt/rustwide/rustup-home/toolchains/1.69.0-x86_64-unknown-linux-gnu/lib/rustlib/x86_64-unknown-linux-gnu/lib/librustc_demangle-787cbccd19d64ac6.rlib" "/opt/rustwide/rustup-home/toolchains/1.69.0-x86_64-unknown-linux-gnu/lib/rustlib/x86_64-unknown-linux-gnu/lib/libstd_detect-b3837a36b830e0d0.rlib" "/opt/rustwide/rustup-home/toolchains/1.69.0-x86_64-unknown-linux-gnu/lib/rustlib/x86_64-unknown-linux-gnu/lib/libhashbrown-e3deb0e7e3f04966.rlib" "/opt/rustwide/rustup-home/toolchains/1.69.0-x86_64-unknown-linux-gnu/lib/rustlib/x86_64-unknown-linux-gnu/lib/libminiz_oxide-dabbb79c9815def4.rlib" "/opt/rustwide/rustup-home/toolchains/1.69.0-x86_64-unknown-linux-gnu/lib/rustlib/x86_64-unknown-linux-gnu/lib/libadler-305b01f34c9409f2.rlib" "/opt/rustwide/rustup-home/toolchains/1.69.0-x86_64-unknown-linux-gnu/lib/rustlib/x86_64-unknown-linux-gnu/lib/librustc_std_workspace_alloc-f833521df6074e73.rlib" "/opt/rustwide/rustup-home/toolchains/1.69.0-x86_64-unknown-linux-gnu/lib/rustlib/x86_64-unknown-linux-gnu/lib/libunwind-9ac333113350d171.rlib" "/opt/rustwide/rustup-home/toolchains/1.69.0-x86_64-unknown-linux-gnu/lib/rustlib/x86_64-unknown-linux-gnu/lib/libcfg_if-1c126114322d0eee.rlib" "/opt/rustwide/rustup-home/toolchains/1.69.0-x86_64-unknown-linux-gnu/lib/rustlib/x86_64-unknown-linux-gnu/lib/liblibc-bad9164fdeeecf92.rlib" "/opt/rustwide/rustup-home/toolchains/1.69.0-x86_64-unknown-linux-gnu/lib/rustlib/x86_64-unknown-linux-gnu/lib/liballoc-f9374b1e480fa681.rlib" "/opt/rustwide/rustup-home/toolchains/1.69.0-x86_64-unknown-linux-gnu/lib/rustlib/x86_64-unknown-linux-gnu/lib/librustc_std_workspace_core-207f06e41d9603af.rlib" "/opt/rustwide/rustup-home/toolchains/1.69.0-x86_64-unknown-linux-gnu/lib/rustlib/x86_64-unknown-linux-gnu/lib/libcore-7e2768e66e984e85.rlib" "/opt/rustwide/rustup-home/toolchains/1.69.0-x86_64-unknown-linux-gnu/lib/rustlib/x86_64-unknown-linux-gnu/lib/libcompiler_builtins-957b4aff41f8cd46.rlib" "-Wl,-Bdynamic" "-lssl" "-lcrypto" "-lz" "-lpython3.10" "-lgcc_s" "-lutil" "-lrt" "-lpthread" "-lm" "-ldl" "-lc" "-Wl,--eh-frame-hdr" "-Wl,-z,noexecstack" "-L" "/opt/rustwide/rustup-home/toolchains/1.69.0-x86_64-unknown-linux-gnu/lib/rustlib/x86_64-unknown-linux-gnu/lib" "-o" "/tmp/rustdoctestv4DjJs/rust_out" "-Wl,--gc-sections" "-pie" "-Wl,-z,relro,-z,now" "-nodefaultlibs"
[INFO] [stdout]   = note: collect2: fatal error: ld terminated with signal 9 [Killed]
[INFO] [stdout]           compilation terminated.
[INFO] [stdout]           
[INFO] [stdout] 
[INFO] [stdout] error: aborting due to previous error
[INFO] [stdout] 
[INFO] [stdout] Couldn't compile the test.
[INFO] [stdout] ---- src/parse.rs - parse::parse_range_ips (line 116) stdout ----
[INFO] [stdout] error: linking with `cc` failed: exit status: 1
[INFO] [stdout]   |
[INFO] [stdout]   = note: LC_ALL="C" PATH="/opt/rustwide/rustup-home/toolchains/1.69.0-x86_64-unknown-linux-gnu/lib/rustlib/x86_64-unknown-linux-gnu/bin:/opt/rustwide/cargo-home/bin:/usr/local/sbin:/usr/local/bin:/usr/sbin:/usr/bin:/sbin:/bin" VSLANG="1033" "cc" "-m64" "/tmp/rustcMjlkXv/symbols.o" "/tmp/rustdoctestXQKAXb/rust_out.rust_out.5bfee551-cgu.0.rcgu.o" "/tmp/rustdoctestXQKAXb/rust_out.j00p4ncf7xg64kg.rcgu.o" "-Wl,--as-needed" "-L" "/opt/rustwide/target/debug/deps" "-L" "/opt/rustwide/target/debug/deps" "-L" "/usr/lib/x86_64-linux-gnu" "-L" "/opt/rustwide/rustup-home/toolchains/1.69.0-x86_64-unknown-linux-gnu/lib/rustlib/x86_64-unknown-linux-gnu/lib" "-Wl,-Bstatic" "/opt/rustwide/target/debug/deps/librawsocket_helper-92db3cb572471698.rlib" "/opt/rustwide/target/debug/deps/libsudo-e4afb15c640c5492.rlib" "/opt/rustwide/target/debug/deps/libcidr_utils-d6a3fab92f09f860.rlib" "/opt/rustwide/target/debug/deps/libdebug_helper-f1e95b60b046c097.rlib" "/opt/rustwide/target/debug/deps/libnum_bigint-db50e8797a3d4a9b.rlib" "/opt/rustwide/target/debug/deps/libpython_comm-98b7de1666758811.rlib" "/opt/rustwide/target/debug/deps/libanyhow-adef7fda72d843f2.rlib" "/opt/rustwide/target/debug/deps/libmysql-b7598b82cc7abca3.rlib" "/opt/rustwide/target/debug/deps/libpem-4a62852aefd0d704.rlib" "/opt/rustwide/target/debug/deps/libbase64-007e7c1fbda2b30a.rlib" "/opt/rustwide/target/debug/deps/libnix-0983f89a71c7e6f8.rlib" "/opt/rustwide/target/debug/deps/libsocket2-bf2afade9c81af25.rlib" "/opt/rustwide/target/debug/deps/libnative_tls-e992b6edc7a54550.rlib" "/opt/rustwide/target/debug/deps/libopenssl_probe-6a5d5a9e5f06a0a4.rlib" "/opt/rustwide/target/debug/deps/libopenssl-10082ae8d9b4e0b1.rlib" "/opt/rustwide/target/debug/deps/libforeign_types-f2b053f84105065c.rlib" "/opt/rustwide/target/debug/deps/libforeign_types_shared-48f8f1f9ea32d068.rlib" "/opt/rustwide/target/debug/deps/libopenssl_sys-3bcc58d58b6be02c.rlib" "/opt/rustwide/target/debug/deps/liblog-9c8a33f34652efee.rlib" "/opt/rustwide/target/debug/deps/libbufstream-b16afb0a0423b317.rlib" "/opt/rustwide/target/debug/deps/liblru-93e7edbc2ac54ace.rlib" "/opt/rustwide/target/debug/deps/libhashbrown-eeb6d6f7862fc07f.rlib" "/opt/rustwide/target/debug/deps/liburl-77b35ee7ca90e881.rlib" "/opt/rustwide/target/debug/deps/libidna-782b78deafd43a13.rlib" "/opt/rustwide/target/debug/deps/libunicode_normalization-eedb13508cd93ee9.rlib" "/opt/rustwide/target/debug/deps/libtinyvec-ee322b7b24cf58b3.rlib" "/opt/rustwide/target/debug/deps/libtinyvec_macros-5ffb2ea8a2d866f2.rlib" "/opt/rustwide/target/debug/deps/libunicode_bidi-6d874a42ec63c633.rlib" "/opt/rustwide/target/debug/deps/libform_urlencoded-0fe912f6e457e008.rlib" "/opt/rustwide/target/debug/deps/libmatches-278cbf5ab72c0d9c.rlib" "/opt/rustwide/target/debug/deps/libpercent_encoding-5186c2668f567217.rlib" "/opt/rustwide/target/debug/deps/libmysql_common-900065ca41861bf7.rlib" "/opt/rustwide/target/debug/deps/libsha2-c0b683696e018453.rlib" "/opt/rustwide/target/debug/deps/libdigest-67c74c8f48fae6e9.rlib" "/opt/rustwide/target/debug/deps/libopaque_debug-b0737f933fc2a43f.rlib" "/opt/rustwide/target/debug/deps/libfake_simd-9ff0f8adbc391be0.rlib" "/opt/rustwide/target/debug/deps/libblock_buffer-023a225ff44de416.rlib" "/opt/rustwide/target/debug/deps/libgeneric_array-87c0994024ce2413.rlib" "/opt/rustwide/target/debug/deps/libtypenum-dd0f67c7a5785a46.rlib" "/opt/rustwide/target/debug/deps/libblock_padding-c9e3859ddfb7d8c9.rlib" "/opt/rustwide/target/debug/deps/libbyte_tools-d795ef693e13bf0a.rlib" "/opt/rustwide/target/debug/deps/libbytes-5cb1d87b13df8e8c.rlib" "/opt/rustwide/target/debug/deps/libflate2-e7e10eb3245304fc.rlib" "/opt/rustwide/target/debug/deps/liblibz_sys-ca5a56621ea4010e.rlib" "/opt/rustwide/target/debug/deps/libcrc32fast-a01f0c39e9e3fcc0.rlib" "/opt/rustwide/target/debug/deps/libtwox_hash-4bc3d80536ae1086.rlib" "/opt/rustwide/target/debug/deps/librand-8edfa14aaffd5356.rlib" "/opt/rustwide/target/debug/deps/librand_chacha-04766ef5d3785c69.rlib" "/opt/rustwide/target/debug/deps/librand_core-2e685dc55247c2e4.rlib" "/opt/rustwide/target/debug/deps/liblexical-ffaf4875b69e37fc.rlib" "/opt/rustwide/target/debug/deps/liblexical_core-3df872ea31d0d7d1.rlib" "/opt/rustwide/target/debug/deps/libstatic_assertions-9a9c2cb46fa7a0a6.rlib" "/opt/rustwide/target/debug/deps/libsha1-0da2e01984f97bd9.rlib" "/opt/rustwide/target/debug/deps/libregex-ec1a535928100f69.rlib" "/opt/rustwide/target/debug/deps/libaho_corasick-d997a831bf3838c4.rlib" "/opt/rustwide/target/debug/deps/libmemchr-e30a17317ff1667e.rlib" "/opt/rustwide/target/debug/deps/libregex_syntax-26ab266b6768fe31.rlib" "/opt/rustwide/target/debug/deps/libbase64-758319727d7651ce.rlib" "/opt/rustwide/target/debug/deps/librand-e740bf1105717333.rlib" "/opt/rustwide/target/debug/deps/librand_chacha-29b78c4e0bf302fb.rlib" "/opt/rustwide/target/debug/deps/libppv_lite86-3e08b616d9d49994.rlib" "/opt/rustwide/target/debug/deps/librand_core-538c25e1d41e734f.rlib" "/opt/rustwide/target/debug/deps/libgetrandom-79cc9f3c95cb65e6.rlib" "/opt/rustwide/target/debug/deps/libuuid-df930b5f60602668.rlib" "/opt/rustwide/target/debug/deps/libtime-41a761f2cf68f630.rlib" "/opt/rustwide/target/debug/deps/libtime_macros-d5d02ab9857b2fc3.rlib" "/opt/rustwide/target/debug/deps/libstandback-9517c79f7cd9c4fc.rlib" "/opt/rustwide/target/debug/deps/libbigdecimal-f91c01b942b90cc6.rlib" "/opt/rustwide/target/debug/deps/libnum_bigint-5d54be057e268aad.rlib" "/opt/rustwide/target/debug/deps/libbitflags-ed17cd8d1f1832b6.rlib" "/opt/rustwide/target/debug/deps/libserde_json-0db49b8cd3212974.rlib" "/opt/rustwide/target/debug/deps/libryu-c4f7d8e5c0b9ddbd.rlib" "/opt/rustwide/target/debug/deps/libitoa-a88dba9ec2ad7352.rlib" "/opt/rustwide/target/debug/deps/librust_decimal-afca0385d4352cc8.rlib" "/opt/rustwide/target/debug/deps/libarrayvec-db4ffe5d6ecbf29e.rlib" "/opt/rustwide/target/debug/deps/liblazy_static-a15e1ed0a3c31761.rlib" "/opt/rustwide/target/debug/deps/libahash-70087a100bf18b27.rlib" "/opt/rustwide/target/debug/deps/libgetrandom-19c0541070f31825.rlib" "/opt/rustwide/target/debug/deps/libonce_cell-8aff6566bc060fbc.rlib" "/opt/rustwide/target/debug/deps/libchrono-cdd5b1e9188be710.rlib" "/opt/rustwide/target/debug/deps/libnum_integer-f7be33dfd9cd3f34.rlib" "/opt/rustwide/target/debug/deps/libnum_traits-1ee63314f59dd151.rlib" "/opt/rustwide/target/debug/deps/libtime-cbaf20dd299e0146.rlib" "/opt/rustwide/target/debug/deps/libpyo3-86db30a140d88513.rlib" "/opt/rustwide/target/debug/deps/libparking_lot-632eed32eacfc142.rlib" "/opt/rustwide/target/debug/deps/libparking_lot_core-cea35a76abc9d9f9.rlib" "/opt/rustwide/target/debug/deps/libsmallvec-c9c12de244d0b753.rlib" "/opt/rustwide/target/debug/deps/liblock_api-f14a8142d92b1256.rlib" "/opt/rustwide/target/debug/deps/libscopeguard-f471875f675163b5.rlib" "/opt/rustwide/target/debug/deps/libinstant-1bfa666718b38be4.rlib" "/opt/rustwide/target/debug/deps/libcfg_if-e5e118dd7d121aaa.rlib" "/opt/rustwide/target/debug/deps/libunindent-c800aef61d5d79cb.rlib" "/opt/rustwide/target/debug/deps/libpaste-65acee8811b2f325.rlib" "/opt/rustwide/target/debug/deps/libindoc-e485ea5d4bb2f2c8.rlib" "/opt/rustwide/target/debug/deps/libpnet-c2c1c99b7090f403.rlib" "/opt/rustwide/target/debug/deps/libpnet_transport-b9891af9de49f0c8.rlib" "/opt/rustwide/target/debug/deps/libpnet_packet-78c394ae5d7467d7.rlib" "/opt/rustwide/target/debug/deps/libpnet_macros_support-34d0c0ccd22c5b0b.rlib" "/opt/rustwide/target/debug/deps/libpnet_datalink-6290ac29ed062545.rlib" "/opt/rustwide/target/debug/deps/libpnet_sys-adf5a8b25ce3c1bd.rlib" "/opt/rustwide/target/debug/deps/liblibc-3c4e1f771ee50829.rlib" "/opt/rustwide/target/debug/deps/libpnet_base-1d93840f97d949df.rlib" "/opt/rustwide/target/debug/deps/libipnetwork-3a95dbb0816439a8.rlib" "/opt/rustwide/target/debug/deps/libserde-1b31174074802c3f.rlib" "/opt/rustwide/target/debug/deps/libbyteorder-50c19e9bd62c942c.rlib" "/opt/rustwide/rustup-home/toolchains/1.69.0-x86_64-unknown-linux-gnu/lib/rustlib/x86_64-unknown-linux-gnu/lib/libstd-89bc084783fdc439.rlib" "/opt/rustwide/rustup-home/toolchains/1.69.0-x86_64-unknown-linux-gnu/lib/rustlib/x86_64-unknown-linux-gnu/lib/libpanic_unwind-8bee4b287d4367c1.rlib" "/opt/rustwide/rustup-home/toolchains/1.69.0-x86_64-unknown-linux-gnu/lib/rustlib/x86_64-unknown-linux-gnu/lib/libobject-d61707aed80694c0.rlib" "/opt/rustwide/rustup-home/toolchains/1.69.0-x86_64-unknown-linux-gnu/lib/rustlib/x86_64-unknown-linux-gnu/lib/libmemchr-d85366256f22345b.rlib" "/opt/rustwide/rustup-home/toolchains/1.69.0-x86_64-unknown-linux-gnu/lib/rustlib/x86_64-unknown-linux-gnu/lib/libaddr2line-96069b86b8a8cae9.rlib" "/opt/rustwide/rustup-home/toolchains/1.69.0-x86_64-unknown-linux-gnu/lib/rustlib/x86_64-unknown-linux-gnu/lib/libgimli-d19d53abf68dfa6c.rlib" "/opt/rustwide/rustup-home/toolchains/1.69.0-x86_64-unknown-linux-gnu/lib/rustlib/x86_64-unknown-linux-gnu/lib/librustc_demangle-787cbccd19d64ac6.rlib" "/opt/rustwide/rustup-home/toolchains/1.69.0-x86_64-unknown-linux-gnu/lib/rustlib/x86_64-unknown-linux-gnu/lib/libstd_detect-b3837a36b830e0d0.rlib" "/opt/rustwide/rustup-home/toolchains/1.69.0-x86_64-unknown-linux-gnu/lib/rustlib/x86_64-unknown-linux-gnu/lib/libhashbrown-e3deb0e7e3f04966.rlib" "/opt/rustwide/rustup-home/toolchains/1.69.0-x86_64-unknown-linux-gnu/lib/rustlib/x86_64-unknown-linux-gnu/lib/libminiz_oxide-dabbb79c9815def4.rlib" "/opt/rustwide/rustup-home/toolchains/1.69.0-x86_64-unknown-linux-gnu/lib/rustlib/x86_64-unknown-linux-gnu/lib/libadler-305b01f34c9409f2.rlib" "/opt/rustwide/rustup-home/toolchains/1.69.0-x86_64-unknown-linux-gnu/lib/rustlib/x86_64-unknown-linux-gnu/lib/librustc_std_workspace_alloc-f833521df6074e73.rlib" "/opt/rustwide/rustup-home/toolchains/1.69.0-x86_64-unknown-linux-gnu/lib/rustlib/x86_64-unknown-linux-gnu/lib/libunwind-9ac333113350d171.rlib" "/opt/rustwide/rustup-home/toolchains/1.69.0-x86_64-unknown-linux-gnu/lib/rustlib/x86_64-unknown-linux-gnu/lib/libcfg_if-1c126114322d0eee.rlib" "/opt/rustwide/rustup-home/toolchains/1.69.0-x86_64-unknown-linux-gnu/lib/rustlib/x86_64-unknown-linux-gnu/lib/liblibc-bad9164fdeeecf92.rlib" "/opt/rustwide/rustup-home/toolchains/1.69.0-x86_64-unknown-linux-gnu/lib/rustlib/x86_64-unknown-linux-gnu/lib/liballoc-f9374b1e480fa681.rlib" "/opt/rustwide/rustup-home/toolchains/1.69.0-x86_64-unknown-linux-gnu/lib/rustlib/x86_64-unknown-linux-gnu/lib/librustc_std_workspace_core-207f06e41d9603af.rlib" "/opt/rustwide/rustup-home/toolchains/1.69.0-x86_64-unknown-linux-gnu/lib/rustlib/x86_64-unknown-linux-gnu/lib/libcore-7e2768e66e984e85.rlib" "/opt/rustwide/rustup-home/toolchains/1.69.0-x86_64-unknown-linux-gnu/lib/rustlib/x86_64-unknown-linux-gnu/lib/libcompiler_builtins-957b4aff41f8cd46.rlib" "-Wl,-Bdynamic" "-lssl" "-lcrypto" "-lz" "-lpython3.10" "-lgcc_s" "-lutil" "-lrt" "-lpthread" "-lm" "-ldl" "-lc" "-Wl,--eh-frame-hdr" "-Wl,-z,noexecstack" "-L" "/opt/rustwide/rustup-home/toolchains/1.69.0-x86_64-unknown-linux-gnu/lib/rustlib/x86_64-unknown-linux-gnu/lib" "-o" "/tmp/rustdoctestXQKAXb/rust_out" "-Wl,--gc-sections" "-pie" "-Wl,-z,relro,-z,now" "-nodefaultlibs"
[INFO] [stdout]   = note: collect2: fatal error: ld terminated with signal 9 [Killed]
[INFO] [stdout]           compilation terminated.
[INFO] [stdout]           
[INFO] [stdout] 
[INFO] [stdout] error: aborting due to previous error
[INFO] [stdout] 
[INFO] [stdout] Couldn't compile the test.
[INFO] [stdout] ---- src/recv.rs - recv (line 5) stdout ----
[INFO] [stdout] Test executable failed (exit status: 101).
[INFO] [stdout] 
[INFO] [stdout] stderr:
[INFO] [stdout] thread 'main' panicked at 'called `Result::unwrap()` on an `Err` value: Error: src/out_going.rs:87 get_all()
[INFO] [stdout] Error: src/out_going.rs:339 get_out_going_ip()
[INFO] [stdout] Os { code: 101, kind: NetworkUnreachable, message: "Network is unreachable" }', src/recv.rs:15:20
[INFO] [stdout] stack backtrace:
[INFO] [stdout]    0:     0x561566089aea - std::backtrace_rs::backtrace::libunwind::trace::ha9053a9a07ca49cb
[INFO] [stdout]                                at /rustc/84c898d65adf2f39a5a98507f1fe0ce10a2b8dbc/library/std/src/../../backtrace/src/backtrace/libunwind.rs:93:5
[INFO] [stdout]    1:     0x561566089aea - std::backtrace_rs::backtrace::trace_unsynchronized::h9c2852a457ad564e
[INFO] [stdout]                                at /rustc/84c898d65adf2f39a5a98507f1fe0ce10a2b8dbc/library/std/src/../../backtrace/src/backtrace/mod.rs:66:5
[INFO] [stdout]    2:     0x561566089aea - std::sys_common::backtrace::_print_fmt::h457936fbfaa0070f
[INFO] [stdout]                                at /rustc/84c898d65adf2f39a5a98507f1fe0ce10a2b8dbc/library/std/src/sys_common/backtrace.rs:65:5
[INFO] [stdout]    3:     0x561566089aea - <std::sys_common::backtrace::_print::DisplayBacktrace as core::fmt::Display>::fmt::h5779d7bf7f70cb0c
[INFO] [stdout]                                at /rustc/84c898d65adf2f39a5a98507f1fe0ce10a2b8dbc/library/std/src/sys_common/backtrace.rs:44:22
[INFO] [stdout]    4:     0x5615660a6bce - core::fmt::write::h5a4baaff1bcd3eb5
[INFO] [stdout]                                at /rustc/84c898d65adf2f39a5a98507f1fe0ce10a2b8dbc/library/core/src/fmt/mod.rs:1232:17
[INFO] [stdout]    5:     0x5615660876d5 - std::io::Write::write_fmt::h4bc1f301cb9e9cce
[INFO] [stdout]                                at /rustc/84c898d65adf2f39a5a98507f1fe0ce10a2b8dbc/library/std/src/io/mod.rs:1684:15
[INFO] [stdout]    6:     0x5615660898b5 - std::sys_common::backtrace::_print::h5fcdc36060f177e8
[INFO] [stdout]                                at /rustc/84c898d65adf2f39a5a98507f1fe0ce10a2b8dbc/library/std/src/sys_common/backtrace.rs:47:5
[INFO] [stdout]    7:     0x5615660898b5 - std::sys_common::backtrace::print::h54ca9458b876c8bf
[INFO] [stdout]                                at /rustc/84c898d65adf2f39a5a98507f1fe0ce10a2b8dbc/library/std/src/sys_common/backtrace.rs:34:9
[INFO] [stdout]    8:     0x56156608af0f - std::panicking::default_hook::{{closure}}::hbe471161c7664ed6
[INFO] [stdout]                                at /rustc/84c898d65adf2f39a5a98507f1fe0ce10a2b8dbc/library/std/src/panicking.rs:271:22
[INFO] [stdout]    9:     0x56156608ac4b - std::panicking::default_hook::ha3500da57aa4ac4f
[INFO] [stdout]                                at /rustc/84c898d65adf2f39a5a98507f1fe0ce10a2b8dbc/library/std/src/panicking.rs:290:9
[INFO] [stdout]   10:     0x56156608b4b8 - std::panicking::rust_panic_with_hook::h50c09d000dc561d2
[INFO] [stdout]                                at /rustc/84c898d65adf2f39a5a98507f1fe0ce10a2b8dbc/library/std/src/panicking.rs:692:13
[INFO] [stdout]   11:     0x56156608b3b9 - std::panicking::begin_panic_handler::{{closure}}::h9e2b2176e00e0d9c
[INFO] [stdout]                                at /rustc/84c898d65adf2f39a5a98507f1fe0ce10a2b8dbc/library/std/src/panicking.rs:583:13
[INFO] [stdout]   12:     0x561566089f56 - std::sys_common::backtrace::__rust_end_short_backtrace::h5739b8e512c09d02
[INFO] [stdout]                                at /rustc/84c898d65adf2f39a5a98507f1fe0ce10a2b8dbc/library/std/src/sys_common/backtrace.rs:150:18
[INFO] [stdout]   13:     0x56156608b0c2 - rust_begin_unwind
[INFO] [stdout]                                at /rustc/84c898d65adf2f39a5a98507f1fe0ce10a2b8dbc/library/std/src/panicking.rs:579:5
[INFO] [stdout]   14:     0x561566038543 - core::panicking::panic_fmt::hf33a1475b4dc5c3e
[INFO] [stdout]                                at /rustc/84c898d65adf2f39a5a98507f1fe0ce10a2b8dbc/library/core/src/panicking.rs:64:14
[INFO] [stdout]   15:     0x561566038933 - core::result::unwrap_failed::hdff5465d74574b44
[INFO] [stdout]                                at /rustc/84c898d65adf2f39a5a98507f1fe0ce10a2b8dbc/library/core/src/result.rs:1750:5
[INFO] [stdout]   16:     0x56156603cc9c - core::result::Result<T,E>::unwrap::h4ba310ef216efd4b
[INFO] [stdout]   17:     0x56156603d463 - rust_out::main::_doctest_main_src_recv_rs_5_0::h08b8b4d27cd6b390
[INFO] [stdout]   18:     0x56156603d426 - rust_out::main::h045d0fd74ed7290e
[INFO] [stdout]   19:     0x56156603c4a3 - core::ops::function::FnOnce::call_once::h5b89dea722ea21ad
[INFO] [stdout]   20:     0x56156603a1f9 - std::sys_common::backtrace::__rust_begin_short_backtrace::hc178e4cfacf1803d
[INFO] [stdout]   21:     0x56156603a249 - std::rt::lang_start::{{closure}}::he8c5d60628d06093
[INFO] [stdout]   22:     0x561566084c4c - core::ops::function::impls::<impl core::ops::function::FnOnce<A> for &F>::call_once::hd6efcd3bec896f2c
[INFO] [stdout]                                at /rustc/84c898d65adf2f39a5a98507f1fe0ce10a2b8dbc/library/core/src/ops/function.rs:287:13
[INFO] [stdout]   23:     0x561566084c4c - std::panicking::try::do_call::hce04e543bb1f4cbb
[INFO] [stdout]                                at /rustc/84c898d65adf2f39a5a98507f1fe0ce10a2b8dbc/library/std/src/panicking.rs:487:40
[INFO] [stdout]   24:     0x561566084c4c - std::panicking::try::h3342dd4e1f680968
[INFO] [stdout]                                at /rustc/84c898d65adf2f39a5a98507f1fe0ce10a2b8dbc/library/std/src/panicking.rs:451:19
[INFO] [stdout]   25:     0x561566084c4c - std::panic::catch_unwind::h148ce1e59ac0cee7
[INFO] [stdout]                                at /rustc/84c898d65adf2f39a5a98507f1fe0ce10a2b8dbc/library/std/src/panic.rs:140:14
[INFO] [stdout]   26:     0x561566084c4c - std::rt::lang_start_internal::{{closure}}::h25f9dda2057a67fe
[INFO] [stdout]                                at /rustc/84c898d65adf2f39a5a98507f1fe0ce10a2b8dbc/library/std/src/rt.rs:148:48
[INFO] [stdout]   27:     0x561566084c4c - std::panicking::try::do_call::h7caaaeaf9401650b
[INFO] [stdout]                                at /rustc/84c898d65adf2f39a5a98507f1fe0ce10a2b8dbc/library/std/src/panicking.rs:487:40
[INFO] [stdout]   28:     0x561566084c4c - std::panicking::try::he7d15285746cbbc2
[INFO] [stdout]                                at /rustc/84c898d65adf2f39a5a98507f1fe0ce10a2b8dbc/library/std/src/panicking.rs:451:19
[INFO] [stdout]   29:     0x561566084c4c - std::panic::catch_unwind::h89fb4f50c0301fe0
[INFO] [stdout]                                at /rustc/84c898d65adf2f39a5a98507f1fe0ce10a2b8dbc/library/std/src/panic.rs:140:14
[INFO] [stdout]   30:     0x561566084c4c - std::rt::lang_start_internal::h078acd489417d3c1
[INFO] [stdout]                                at /rustc/84c898d65adf2f39a5a98507f1fe0ce10a2b8dbc/library/std/src/rt.rs:148:20
[INFO] [stdout]   31:     0x56156603a227 - std::rt::lang_start::h335d6166ecad8ac7
[INFO] [stdout]   32:     0x56156603da15 - main
[INFO] [stdout]   33:     0x7f17ac99ed90 - <unknown>
[INFO] [stdout]   34:     0x7f17ac99ee40 - __libc_start_main
[INFO] [stdout]   35:     0x561566038b15 - _start
[INFO] [stdout]   36:                0x0 - <unknown>
[INFO] [stdout] 
[INFO] [stdout] 
[INFO] [stdout] ---- src/send.rs - send (line 6) stdout ----
[INFO] [stdout] Test executable failed (exit status: 101).
[INFO] [stdout] 
[INFO] [stdout] stderr:
[INFO] [stdout] thread 'main' panicked at 'called `Result::unwrap()` on an `Err` value: Error: src/out_going.rs:87 get_all()
[INFO] [stdout] Error: src/out_going.rs:339 get_out_going_ip()
[INFO] [stdout] Os { code: 101, kind: NetworkUnreachable, message: "Network is unreachable" }', src/send.rs:13:20
[INFO] [stdout] stack backtrace:
[INFO] [stdout]    0:     0x559bc7ea610a - std::backtrace_rs::backtrace::libunwind::trace::ha9053a9a07ca49cb
[INFO] [stdout]                                at /rustc/84c898d65adf2f39a5a98507f1fe0ce10a2b8dbc/library/std/src/../../backtrace/src/backtrace/libunwind.rs:93:5
[INFO] [stdout]    1:     0x559bc7ea610a - std::backtrace_rs::backtrace::trace_unsynchronized::h9c2852a457ad564e
[INFO] [stdout]                                at /rustc/84c898d65adf2f39a5a98507f1fe0ce10a2b8dbc/library/std/src/../../backtrace/src/backtrace/mod.rs:66:5
[INFO] [stdout]    2:     0x559bc7ea610a - std::sys_common::backtrace::_print_fmt::h457936fbfaa0070f
[INFO] [stdout]                                at /rustc/84c898d65adf2f39a5a98507f1fe0ce10a2b8dbc/library/std/src/sys_common/backtrace.rs:65:5
[INFO] [stdout]    3:     0x559bc7ea610a - <std::sys_common::backtrace::_print::DisplayBacktrace as core::fmt::Display>::fmt::h5779d7bf7f70cb0c
[INFO] [stdout]                                at /rustc/84c898d65adf2f39a5a98507f1fe0ce10a2b8dbc/library/std/src/sys_common/backtrace.rs:44:22
[INFO] [stdout]    4:     0x559bc7ec324e - core::fmt::write::h5a4baaff1bcd3eb5
[INFO] [stdout]                                at /rustc/84c898d65adf2f39a5a98507f1fe0ce10a2b8dbc/library/core/src/fmt/mod.rs:1232:17
[INFO] [stdout]    5:     0x559bc7ea3dc5 - std::io::Write::write_fmt::h4bc1f301cb9e9cce
[INFO] [stdout]                                at /rustc/84c898d65adf2f39a5a98507f1fe0ce10a2b8dbc/library/std/src/io/mod.rs:1684:15
[INFO] [stdout]    6:     0x559bc7ea5ed5 - std::sys_common::backtrace::_print::h5fcdc36060f177e8
[INFO] [stdout]                                at /rustc/84c898d65adf2f39a5a98507f1fe0ce10a2b8dbc/library/std/src/sys_common/backtrace.rs:47:5
[INFO] [stdout]    7:     0x559bc7ea5ed5 - std::sys_common::backtrace::print::h54ca9458b876c8bf
[INFO] [stdout]                                at /rustc/84c898d65adf2f39a5a98507f1fe0ce10a2b8dbc/library/std/src/sys_common/backtrace.rs:34:9
[INFO] [stdout]    8:     0x559bc7ea752f - std::panicking::default_hook::{{closure}}::hbe471161c7664ed6
[INFO] [stdout]                                at /rustc/84c898d65adf2f39a5a98507f1fe0ce10a2b8dbc/library/std/src/panicking.rs:271:22
[INFO] [stdout]    9:     0x559bc7ea726b - std::panicking::default_hook::ha3500da57aa4ac4f
[INFO] [stdout]                                at /rustc/84c898d65adf2f39a5a98507f1fe0ce10a2b8dbc/library/std/src/panicking.rs:290:9
[INFO] [stdout]   10:     0x559bc7ea7ad8 - std::panicking::rust_panic_with_hook::h50c09d000dc561d2
[INFO] [stdout]                                at /rustc/84c898d65adf2f39a5a98507f1fe0ce10a2b8dbc/library/std/src/panicking.rs:692:13
[INFO] [stdout]   11:     0x559bc7ea79d9 - std::panicking::begin_panic_handler::{{closure}}::h9e2b2176e00e0d9c
[INFO] [stdout]                                at /rustc/84c898d65adf2f39a5a98507f1fe0ce10a2b8dbc/library/std/src/panicking.rs:583:13
[INFO] [stdout]   12:     0x559bc7ea6576 - std::sys_common::backtrace::__rust_end_short_backtrace::h5739b8e512c09d02
[INFO] [stdout]                                at /rustc/84c898d65adf2f39a5a98507f1fe0ce10a2b8dbc/library/std/src/sys_common/backtrace.rs:150:18
[INFO] [stdout]   13:     0x559bc7ea76e2 - rust_begin_unwind
[INFO] [stdout]                                at /rustc/84c898d65adf2f39a5a98507f1fe0ce10a2b8dbc/library/std/src/panicking.rs:579:5
[INFO] [stdout]   14:     0x559bc7e23503 - core::panicking::panic_fmt::hf33a1475b4dc5c3e
[INFO] [stdout]                                at /rustc/84c898d65adf2f39a5a98507f1fe0ce10a2b8dbc/library/core/src/panicking.rs:64:14
[INFO] [stdout]   15:     0x559bc7e238f3 - core::result::unwrap_failed::hdff5465d74574b44
[INFO] [stdout]                                at /rustc/84c898d65adf2f39a5a98507f1fe0ce10a2b8dbc/library/core/src/result.rs:1750:5
[INFO] [stdout]   16:     0x559bc7e2456c - core::result::Result<T,E>::unwrap::h4ba310ef216efd4b
[INFO] [stdout]   17:     0x559bc7e24723 - rust_out::main::_doctest_main_src_send_rs_6_0::h680e5d9352803a1b
[INFO] [stdout]   18:     0x559bc7e246e6 - rust_out::main::h045d0fd74ed7290e
[INFO] [stdout]   19:     0x559bc7e24323 - core::ops::function::FnOnce::call_once::h5b89dea722ea21ad
[INFO] [stdout]   20:     0x559bc7e240c9 - std::sys_common::backtrace::__rust_begin_short_backtrace::hc178e4cfacf1803d
[INFO] [stdout]   21:     0x559bc7e24119 - std::rt::lang_start::{{closure}}::he8c5d60628d06093
[INFO] [stdout]   22:     0x559bc7ea1c4c - core::ops::function::impls::<impl core::ops::function::FnOnce<A> for &F>::call_once::hd6efcd3bec896f2c
[INFO] [stdout]                                at /rustc/84c898d65adf2f39a5a98507f1fe0ce10a2b8dbc/library/core/src/ops/function.rs:287:13
[INFO] [stdout]   23:     0x559bc7ea1c4c - std::panicking::try::do_call::hce04e543bb1f4cbb
[INFO] [stdout]                                at /rustc/84c898d65adf2f39a5a98507f1fe0ce10a2b8dbc/library/std/src/panicking.rs:487:40
[INFO] [stdout]   24:     0x559bc7ea1c4c - std::panicking::try::h3342dd4e1f680968
[INFO] [stdout]                                at /rustc/84c898d65adf2f39a5a98507f1fe0ce10a2b8dbc/library/std/src/panicking.rs:451:19
[INFO] [stdout]   25:     0x559bc7ea1c4c - std::panic::catch_unwind::h148ce1e59ac0cee7
[INFO] [stdout]                                at /rustc/84c898d65adf2f39a5a98507f1fe0ce10a2b8dbc/library/std/src/panic.rs:140:14
[INFO] [stdout]   26:     0x559bc7ea1c4c - std::rt::lang_start_internal::{{closure}}::h25f9dda2057a67fe
[INFO] [stdout]                                at /rustc/84c898d65adf2f39a5a98507f1fe0ce10a2b8dbc/library/std/src/rt.rs:148:48
[INFO] [stdout]   27:     0x559bc7ea1c4c - std::panicking::try::do_call::h7caaaeaf9401650b
[INFO] [stdout]                                at /rustc/84c898d65adf2f39a5a98507f1fe0ce10a2b8dbc/library/std/src/panicking.rs:487:40
[INFO] [stdout]   28:     0x559bc7ea1c4c - std::panicking::try::he7d15285746cbbc2
[INFO] [stdout]                                at /rustc/84c898d65adf2f39a5a98507f1fe0ce10a2b8dbc/library/std/src/panicking.rs:451:19
[INFO] [stdout]   29:     0x559bc7ea1c4c - std::panic::catch_unwind::h89fb4f50c0301fe0
[INFO] [stdout]                                at /rustc/84c898d65adf2f39a5a98507f1fe0ce10a2b8dbc/library/std/src/panic.rs:140:14
[INFO] [stdout]   30:     0x559bc7ea1c4c - std::rt::lang_start_internal::h078acd489417d3c1
[INFO] [stdout]                                at /rustc/84c898d65adf2f39a5a98507f1fe0ce10a2b8dbc/library/std/src/rt.rs:148:20
[INFO] [stdout]   31:     0x559bc7e240f7 - std::rt::lang_start::h335d6166ecad8ac7
[INFO] [stdout]   32:     0x559bc7e24965 - main
[INFO] [stdout]   33:     0x7f27074e4d90 - <unknown>
[INFO] [stdout]   34:     0x7f27074e4e40 - __libc_start_main
[INFO] [stdout]   35:     0x559bc7e23a35 - _start
[INFO] [stdout]   36:                0x0 - <unknown>
[INFO] [stdout] 
[INFO] [stdout] 
[INFO] [stdout] 
[INFO] [stdout] failures:
[INFO] [stdout]     src/out_going.rs - out_going::get_ifaces (line 228)
[INFO] [stdout]     src/out_going.rs - out_going::get_out_going_ip (line 317)
[INFO] [stdout]     src/parse.rs - parse::parse_mac (line 35)
[INFO] [stdout]     src/parse.rs - parse::parse_range_ips (line 116)
[INFO] [stdout]     src/recv.rs - recv (line 5)
[INFO] [stdout]     src/send.rs - send (line 6)
[INFO] [stdout] 
[INFO] [stdout] test result: FAILED. 3 passed; 6 failed; 0 ignored; 0 measured; 0 filtered out; finished in 8.99s
[INFO] [stdout] 
[INFO] running `Command { std: "docker" "inspect" "d82654ef543b92bc4cb936894ac7a75c57766e51ff2a83df60ddb08e08f75149", kill_on_drop: false }`
[INFO] running `Command { std: "docker" "rm" "-f" "d82654ef543b92bc4cb936894ac7a75c57766e51ff2a83df60ddb08e08f75149", kill_on_drop: false }`
[INFO] [stdout] d82654ef543b92bc4cb936894ac7a75c57766e51ff2a83df60ddb08e08f75149
