[INFO] fetching crate rapid-web 0.3.5...
[INFO] testing rapid-web-0.3.5 against beta-2023-04-20 for beta-1.70-1
[INFO] extracting crate rapid-web 0.3.5 into /workspace/builds/worker-5-tc2/source
[INFO] validating manifest of crates.io crate rapid-web 0.3.5 on toolchain beta-2023-04-20
[INFO] running `Command { std: CARGO_HOME="/workspace/cargo-home" RUSTUP_HOME="/workspace/rustup-home" "/workspace/cargo-home/bin/cargo" "+beta-2023-04-20" "metadata" "--manifest-path" "Cargo.toml" "--no-deps", kill_on_drop: false }`
[INFO] started tweaking crates.io crate rapid-web 0.3.5
[INFO] removed 0 missing examples
[INFO] finished tweaking crates.io crate rapid-web 0.3.5
[INFO] tweaked toml for crates.io crate rapid-web 0.3.5 written to /workspace/builds/worker-5-tc2/source/Cargo.toml
[INFO] crate crates.io crate rapid-web 0.3.5 already has a lockfile, it will not be regenerated
[INFO] running `Command { std: CARGO_HOME="/workspace/cargo-home" RUSTUP_HOME="/workspace/rustup-home" "/workspace/cargo-home/bin/cargo" "+beta-2023-04-20" "fetch" "--manifest-path" "Cargo.toml", kill_on_drop: false }`
[INFO] [stderr]     Updating crates.io index
[INFO] [stderr]  Downloading crates ...
[INFO] [stderr]   Downloaded actix-web-httpauth v0.8.0
[INFO] [stderr]   Downloaded tiny-gradient v0.1.0
[INFO] [stderr]   Downloaded spinach v2.1.0
[INFO] [stderr]   Downloaded rapid-web-codegen v0.2.1
[INFO] [stderr]   Downloaded requestty v0.5.0
[INFO] [stderr]   Downloaded actix-http v3.3.1
[INFO] [stderr]   Downloaded actix-cors v0.6.4
[INFO] [stderr]   Downloaded zstd-safe v6.0.5+zstd.1.5.4
[INFO] [stderr]   Downloaded textwrap v0.15.2
[INFO] [stderr]   Downloaded http-range v0.1.5
[INFO] [stderr]   Downloaded rapid-cli v0.3.5
[INFO] [stderr]   Downloaded anstream v0.3.0
[INFO] [stderr]   Downloaded actix-files v0.6.2
[INFO] [stderr]   Downloaded requestty-ui v0.5.0
[INFO] [stderr]   Downloaded winsplit v0.1.0
[INFO] [stderr]   Downloaded terminal-supports-emoji v0.1.3
[INFO] [stderr]   Downloaded terminal-emoji v0.4.1
[INFO] [stderr]   Downloaded anstyle-wincon v1.0.0
[INFO] running `Command { std: "docker" "create" "-v" "/var/lib/crater-agent-workspace/builds/worker-5-tc2/target:/opt/rustwide/target:rw,Z" "-v" "/var/lib/crater-agent-workspace/builds/worker-5-tc2/source:/opt/rustwide/workdir:ro,Z" "-v" "/var/lib/crater-agent-workspace/cargo-home:/opt/rustwide/cargo-home:ro,Z" "-v" "/var/lib/crater-agent-workspace/rustup-home:/opt/rustwide/rustup-home:ro,Z" "-e" "SOURCE_DIR=/opt/rustwide/workdir" "-e" "CARGO_TARGET_DIR=/opt/rustwide/target" "-e" "CARGO_HOME=/opt/rustwide/cargo-home" "-e" "RUSTUP_HOME=/opt/rustwide/rustup-home" "-w" "/opt/rustwide/workdir" "-m" "1610612736" "--user" "0:0" "--network" "none" "ghcr.io/rust-lang/crates-build-env/linux@sha256:5ff2268d62e97bff2cde7d5815dd6ed5b47097566f13b8d0ca110b04b60e07ed" "/opt/rustwide/cargo-home/bin/cargo" "+beta-2023-04-20" "metadata" "--no-deps" "--format-version=1", kill_on_drop: false }`
[INFO] [stdout] b032a8d57a9d6243a61be051f4d12f9eacd57b1dadad45e558d1d49ee027246c
[INFO] running `Command { std: "docker" "start" "-a" "b032a8d57a9d6243a61be051f4d12f9eacd57b1dadad45e558d1d49ee027246c", kill_on_drop: false }`
[INFO] running `Command { std: "docker" "inspect" "b032a8d57a9d6243a61be051f4d12f9eacd57b1dadad45e558d1d49ee027246c", kill_on_drop: false }`
[INFO] running `Command { std: "docker" "rm" "-f" "b032a8d57a9d6243a61be051f4d12f9eacd57b1dadad45e558d1d49ee027246c", kill_on_drop: false }`
[INFO] [stdout] b032a8d57a9d6243a61be051f4d12f9eacd57b1dadad45e558d1d49ee027246c
[INFO] running `Command { std: "docker" "create" "-v" "/var/lib/crater-agent-workspace/builds/worker-5-tc2/target:/opt/rustwide/target:rw,Z" "-v" "/var/lib/crater-agent-workspace/builds/worker-5-tc2/source:/opt/rustwide/workdir:ro,Z" "-v" "/var/lib/crater-agent-workspace/cargo-home:/opt/rustwide/cargo-home:ro,Z" "-v" "/var/lib/crater-agent-workspace/rustup-home:/opt/rustwide/rustup-home:ro,Z" "-e" "SOURCE_DIR=/opt/rustwide/workdir" "-e" "CARGO_TARGET_DIR=/opt/rustwide/target" "-e" "CARGO_INCREMENTAL=0" "-e" "RUST_BACKTRACE=full" "-e" "RUSTFLAGS=--cap-lints=warn" "-e" "RUSTDOCFLAGS=--cap-lints=warn" "-e" "CARGO_HOME=/opt/rustwide/cargo-home" "-e" "RUSTUP_HOME=/opt/rustwide/rustup-home" "-w" "/opt/rustwide/workdir" "-m" "1610612736" "--user" "0:0" "--network" "none" "ghcr.io/rust-lang/crates-build-env/linux@sha256:5ff2268d62e97bff2cde7d5815dd6ed5b47097566f13b8d0ca110b04b60e07ed" "/opt/rustwide/cargo-home/bin/cargo" "+beta-2023-04-20" "build" "--frozen" "--message-format=json", kill_on_drop: false }`
[INFO] [stdout] acac731fd841421b0c9c8f93f0351abcd7417e46854cedd629c6eb4498f3849f
[INFO] running `Command { std: "docker" "start" "-a" "acac731fd841421b0c9c8f93f0351abcd7417e46854cedd629c6eb4498f3849f", kill_on_drop: false }`
[INFO] [stderr]    Compiling libc v0.2.142
[INFO] [stderr]    Compiling version_check v0.9.4
[INFO] [stderr]    Compiling proc-macro2 v1.0.56
[INFO] [stderr]    Compiling unicode-ident v1.0.8
[INFO] [stderr]    Compiling quote v1.0.26
[INFO] [stderr]    Compiling log v0.4.17
[INFO] [stderr]    Compiling memchr v2.5.0
[INFO] [stderr]    Compiling pin-project-lite v0.2.9
[INFO] [stderr]    Compiling lock_api v0.4.9
[INFO] [stderr]    Compiling parking_lot_core v0.9.7
[INFO] [stderr]    Compiling once_cell v1.17.1
[INFO] [stderr]    Compiling scopeguard v1.1.0
[INFO] [stderr]    Compiling smallvec v1.10.0
[INFO] [stderr]    Compiling typenum v1.16.0
[INFO] [stderr]    Compiling regex-syntax v0.7.1
[INFO] [stderr]    Compiling generic-array v0.14.7
[INFO] [stderr]    Compiling bytes v1.4.0
[INFO] [stderr]    Compiling syn v2.0.15
[INFO] [stderr]    Compiling aho-corasick v1.0.1
[INFO] [stderr]    Compiling serde_derive v1.0.160
[INFO] [stderr]    Compiling futures-core v0.3.28
[INFO] [stderr]    Compiling serde v1.0.160
[INFO] [stderr]    Compiling itoa v1.0.6
[INFO] [stderr]    Compiling signal-hook-registry v1.4.1
[INFO] [stderr]    Compiling mio v0.8.6
[INFO] [stderr]    Compiling parking_lot v0.12.1
[INFO] [stderr]    Compiling syn v1.0.109
[INFO] [stderr]    Compiling jobserver v0.1.26
[INFO] [stderr]    Compiling block-buffer v0.10.4
[INFO] [stderr]    Compiling crypto-common v0.1.6
[INFO] [stderr]    Compiling tokio v1.27.0
[INFO] [stderr]    Compiling cc v1.0.79
[INFO] [stderr]    Compiling digest v0.10.6
[INFO] [stderr]    Compiling socket2 v0.4.9
[INFO] [stderr]    Compiling regex v1.8.1
[INFO] [stderr]    Compiling tracing-core v0.1.30
[INFO] [stderr]    Compiling indexmap v1.9.3
[INFO] [stderr]    Compiling slab v0.4.8
[INFO] [stderr]    Compiling io-lifetimes v1.0.10
[INFO] [stderr]    Compiling pkg-config v0.3.26
[INFO] [stderr]    Compiling futures-task v0.3.28
[INFO] [stderr]    Compiling cpufeatures v0.2.7
[INFO] [stderr]    Compiling tracing v0.1.37
[INFO] [stderr]    Compiling zstd-sys v2.0.8+zstd.1.5.5
[INFO] [stderr]    Compiling getrandom v0.2.9
[INFO] [stderr]    Compiling ahash v0.7.6
[INFO] [stderr]    Compiling fnv v1.0.7
[INFO] [stderr]    Compiling rustix v0.37.14
[INFO] [stderr]    Compiling futures-util v0.3.28
[INFO] [stderr]    Compiling hashbrown v0.12.3
[INFO] [stderr]    Compiling http v0.2.9
[INFO] [stderr]    Compiling linux-raw-sys v0.3.4
[INFO] [stderr]    Compiling pin-utils v0.1.0
[INFO] [stderr]    Compiling percent-encoding v2.2.0
[INFO] [stderr]    Compiling futures-sink v0.3.28
[INFO] [stderr]    Compiling paste v1.0.12
[INFO] [stderr]    Compiling bytestring v1.3.0
[INFO] [stderr]    Compiling tinyvec_macros v0.1.1
[INFO] [stderr]    Compiling alloc-no-stdlib v2.0.4
[INFO] [stderr]    Compiling local-waker v0.1.3
[INFO] [stderr]    Compiling zstd-safe v6.0.5+zstd.1.5.4
[INFO] [stderr]    Compiling signal-hook v0.3.15
[INFO] [stderr]    Compiling alloc-stdlib v0.2.2
[INFO] [stderr]    Compiling tinyvec v1.6.0
[INFO] [stderr]    Compiling rand_core v0.6.4
[INFO] [stderr]    Compiling ahash v0.8.3
[INFO] [stderr]    Compiling ppv-lite86 v0.2.17
[INFO] [stderr]    Compiling httparse v1.8.0
[INFO] [stderr]    Compiling adler v1.0.2
[INFO] [stderr]    Compiling time-core v0.1.0
[INFO] [stderr]    Compiling time-macros v0.2.8
[INFO] [stderr]    Compiling tokio-util v0.7.7
[INFO] [stderr]    Compiling rand_chacha v0.3.1
[INFO] [stderr]    Compiling actix-rt v2.8.0
[INFO] [stderr]    Compiling miniz_oxide v0.6.2
[INFO] [stderr]    Compiling unicode-normalization v0.1.22
[INFO] [stderr]    Compiling actix-service v2.0.2
[INFO] [stderr]    Compiling unicode-linebreak v0.1.4
[INFO] [stderr]    Compiling futures-macro v0.3.28
[INFO] [stderr]    Compiling brotli-decompressor v2.3.4
[INFO] [stderr]    Compiling actix-utils v3.0.1
[INFO] [stderr]    Compiling form_urlencoded v1.1.0
[INFO] [stderr]    Compiling unicase v2.6.0
[INFO] [stderr]    Compiling cookie v0.16.2
[INFO] [stderr]    Compiling ryu v1.0.13
[INFO] [stderr]    Compiling serde_json v1.0.96
[INFO] [stderr]    Compiling convert_case v0.4.0
[INFO] [stderr]    Compiling unicode-bidi v0.3.13
[INFO] [stderr]    Compiling mime v0.3.17
[INFO] [stderr]    Compiling idna v0.3.0
[INFO] [stderr]    Compiling derive_more v0.99.17
[INFO] [stderr]    Compiling brotli v3.3.4
[INFO] [stderr]    Compiling time v0.3.20
[INFO] [stderr]    Compiling signal-hook-mio v0.2.3
[INFO] [stderr]    Compiling flate2 v1.0.25
[INFO] [stderr]    Compiling actix-codec v0.5.0
[INFO] [stderr]    Compiling rand v0.8.5
[INFO] [stderr]    Compiling local-channel v0.1.3
[INFO] [stderr]    Compiling h2 v0.3.18
[INFO] [stderr]    Compiling actix-router v0.5.1
[INFO] [stderr]    Compiling is-terminal v0.4.7
[INFO] [stderr]    Compiling sha1 v0.10.5
[INFO] [stderr]    Compiling num_cpus v1.15.0
[INFO] [stderr]    Compiling encoding_rs v0.8.32
[INFO] [stderr]    Compiling base64 v0.21.0
[INFO] [stderr]    Compiling utf8parse v0.2.1
[INFO] [stderr]    Compiling unicode-width v0.1.10
[INFO] [stderr]    Compiling language-tags v0.3.2
[INFO] [stderr]    Compiling same-file v1.0.6
[INFO] [stderr]    Compiling httpdate v1.0.2
[INFO] [stderr]    Compiling walkdir v2.3.3
[INFO] [stderr]    Compiling anstyle-parse v0.2.0
[INFO] [stderr]    Compiling actix-web-codegen v4.2.0
[INFO] [stderr]    Compiling actix-server v2.2.0
[INFO] [stderr]    Compiling crossterm v0.25.0
[INFO] [stderr]    Compiling serde_urlencoded v0.7.1
[INFO] [stderr]    Compiling url v2.3.1
[INFO] [stderr]    Compiling actix-macros v0.2.3
[INFO] [stderr]    Compiling sha2 v0.10.6
[INFO] [stderr]    Compiling heck v0.4.1
[INFO] [stderr]    Compiling colorchoice v1.0.0
[INFO] [stderr]    Compiling rustversion v1.0.12
[INFO] [stderr]    Compiling anstyle-query v1.0.0
[INFO] [stderr]    Compiling smawk v0.3.1
[INFO] [stderr]    Compiling libm v0.2.6
[INFO] [stderr]    Compiling anstyle v1.0.0
[INFO] [stderr]    Compiling unicode-segmentation v1.10.1
[INFO] [stderr]    Compiling textwrap v0.15.2
[INFO] [stderr]    Compiling rust-embed-utils v7.5.0
[INFO] [stderr]    Compiling mime_guess v2.0.4
[INFO] [stderr]    Compiling anstream v0.3.0
[INFO] [stderr]    Compiling toml_datetime v0.6.1
[INFO] [stderr]    Compiling serde_spanned v0.6.1
[INFO] [stderr]    Compiling atty v0.2.14
[INFO] [stderr]    Compiling include_dir_macros v0.7.3
[INFO] [stderr]    Compiling fastrand v1.9.0
[INFO] [stderr]    Compiling static_assertions v1.1.0
[INFO] [stderr]    Compiling winnow v0.4.1
[INFO] [stderr]    Compiling lazy_static v1.4.0
[INFO] [stderr]    Compiling clap_lex v0.4.1
[INFO] [stderr]    Compiling strsim v0.10.0
[INFO] [stderr]    Compiling terminal-supports-emoji v0.1.3
[INFO] [stderr]    Compiling tempfile v3.5.0
[INFO] [stderr]    Compiling include_dir v0.7.3
[INFO] [stderr]    Compiling clap_builder v4.2.4
[INFO] [stderr]    Compiling nix v0.26.2
[INFO] [stderr]    Compiling rust-embed-impl v6.5.0
[INFO] [stderr]    Compiling requestty-ui v0.5.0
[INFO] [stderr]    Compiling clap_derive v4.2.0
[INFO] [stderr]    Compiling shell-words v1.1.0
[INFO] [stderr]    Compiling cassowary v0.3.0
[INFO] [stderr]    Compiling ctrlc v3.2.5
[INFO] [stderr]    Compiling strum_macros v0.24.3
[INFO] [stderr]    Compiling toml_edit v0.19.8
[INFO] [stderr]    Compiling tiny-gradient v0.1.0
[INFO] [stderr]    Compiling tui v0.19.0
[INFO] [stderr]    Compiling requestty v0.5.0
[INFO] [stderr]    Compiling rust-embed v6.6.1
[INFO] [stderr]    Compiling terminal-emoji v0.4.1
[INFO] [stderr]    Compiling askama_escape v0.10.3
[INFO] [stderr]    Compiling base64 v0.13.1
[INFO] [stderr]    Compiling termcolor v1.2.0
[INFO] [stderr]    Compiling humantime v2.1.0
[INFO] [stderr]    Compiling colorful v0.2.2
[INFO] [stderr]    Compiling spinach v2.1.0
[INFO] [stderr]    Compiling toml v0.7.3
[INFO] [stderr]    Compiling clap v4.2.4
[INFO] [stderr]    Compiling strum v0.24.1
[INFO] [stderr]    Compiling http-range v0.1.5
[INFO] [stderr]    Compiling env_logger v0.10.0
[INFO] [stderr]    Compiling rapid-cli v0.3.5
[INFO] [stderr]    Compiling rapid-web-codegen v0.2.1
[INFO] [stderr]    Compiling zstd v0.12.3+zstd.1.5.2
[INFO] [stderr]    Compiling actix-http v3.3.1
[INFO] [stderr]    Compiling actix-web v4.3.1
[INFO] [stderr]    Compiling actix-files v0.6.2
[INFO] [stderr]    Compiling actix-web-httpauth v0.8.0
[INFO] [stderr]    Compiling actix-cors v0.6.4
[INFO] [stderr]    Compiling rapid-web v0.3.5 (/opt/rustwide/workdir)
[INFO] [stdout] warning: enum `ConversionType` is never used
[INFO] [stdout]    --> src/shift/convert.rs:204:10
[INFO] [stdout]     |
[INFO] [stdout] 204 | pub enum ConversionType {
[INFO] [stdout]     |          ^^^^^^^^^^^^^^
[INFO] [stdout]     |
[INFO] [stdout]     = note: `#[warn(dead_code)]` on by default
[INFO] [stdout] 
[INFO] [stdout] 
[INFO] [stdout] warning: associated functions `convert_const`, `convert_enum`, and `convert_function` are never used
[INFO] [stdout]    --> src/shift/convert.rs:291:9
[INFO] [stdout]     |
[INFO] [stdout] 223 | impl TypescriptConverter {
[INFO] [stdout]     | ------------------------ associated functions in this implementation
[INFO] [stdout] ...
[INFO] [stdout] 291 |     pub fn convert_const() {}
[INFO] [stdout]     |            ^^^^^^^^^^^^^
[INFO] [stdout] ...
[INFO] [stdout] 294 |     pub fn convert_enum() {}
[INFO] [stdout]     |            ^^^^^^^^^^^^
[INFO] [stdout] ...
[INFO] [stdout] 297 |     pub fn convert_function() {}
[INFO] [stdout]     |            ^^^^^^^^^^^^^^^^
[INFO] [stdout] 
[INFO] [stdout] 
[INFO] [stdout] warning: 2 warnings emitted
[INFO] [stdout] 
[INFO] [stdout] 
[INFO] [stderr]     Finished dev [unoptimized + debuginfo] target(s) in 1m 53s
[INFO] running `Command { std: "docker" "inspect" "acac731fd841421b0c9c8f93f0351abcd7417e46854cedd629c6eb4498f3849f", kill_on_drop: false }`
[INFO] running `Command { std: "docker" "rm" "-f" "acac731fd841421b0c9c8f93f0351abcd7417e46854cedd629c6eb4498f3849f", kill_on_drop: false }`
[INFO] [stdout] acac731fd841421b0c9c8f93f0351abcd7417e46854cedd629c6eb4498f3849f
[INFO] running `Command { std: "docker" "create" "-v" "/var/lib/crater-agent-workspace/builds/worker-5-tc2/target:/opt/rustwide/target:rw,Z" "-v" "/var/lib/crater-agent-workspace/builds/worker-5-tc2/source:/opt/rustwide/workdir:ro,Z" "-v" "/var/lib/crater-agent-workspace/cargo-home:/opt/rustwide/cargo-home:ro,Z" "-v" "/var/lib/crater-agent-workspace/rustup-home:/opt/rustwide/rustup-home:ro,Z" "-e" "SOURCE_DIR=/opt/rustwide/workdir" "-e" "CARGO_TARGET_DIR=/opt/rustwide/target" "-e" "CARGO_INCREMENTAL=0" "-e" "RUST_BACKTRACE=full" "-e" "RUSTFLAGS=--cap-lints=warn" "-e" "RUSTDOCFLAGS=--cap-lints=warn" "-e" "CARGO_HOME=/opt/rustwide/cargo-home" "-e" "RUSTUP_HOME=/opt/rustwide/rustup-home" "-w" "/opt/rustwide/workdir" "-m" "1610612736" "--user" "0:0" "--network" "none" "ghcr.io/rust-lang/crates-build-env/linux@sha256:5ff2268d62e97bff2cde7d5815dd6ed5b47097566f13b8d0ca110b04b60e07ed" "/opt/rustwide/cargo-home/bin/cargo" "+beta-2023-04-20" "test" "--frozen" "--no-run" "--message-format=json", kill_on_drop: false }`
[INFO] [stdout] d606710d32beffc44bb40fc0b642d41512fb61e6b425624527ae54f99582b5d2
[INFO] running `Command { std: "docker" "start" "-a" "d606710d32beffc44bb40fc0b642d41512fb61e6b425624527ae54f99582b5d2", kill_on_drop: false }`
[INFO] [stderr]    Compiling rapid-web v0.3.5 (/opt/rustwide/workdir)
[INFO] [stdout] warning: enum `ConversionType` is never used
[INFO] [stdout]    --> src/shift/convert.rs:204:10
[INFO] [stdout]     |
[INFO] [stdout] 204 | pub enum ConversionType {
[INFO] [stdout]     |          ^^^^^^^^^^^^^^
[INFO] [stdout]     |
[INFO] [stdout]     = note: `#[warn(dead_code)]` on by default
[INFO] [stdout] 
[INFO] [stdout] 
[INFO] [stdout] warning: associated functions `convert_const`, `convert_enum`, and `convert_function` are never used
[INFO] [stdout]    --> src/shift/convert.rs:291:9
[INFO] [stdout]     |
[INFO] [stdout] 223 | impl TypescriptConverter {
[INFO] [stdout]     | ------------------------ associated functions in this implementation
[INFO] [stdout] ...
[INFO] [stdout] 291 |     pub fn convert_const() {}
[INFO] [stdout]     |            ^^^^^^^^^^^^^
[INFO] [stdout] ...
[INFO] [stdout] 294 |     pub fn convert_enum() {}
[INFO] [stdout]     |            ^^^^^^^^^^^^
[INFO] [stdout] ...
[INFO] [stdout] 297 |     pub fn convert_function() {}
[INFO] [stdout]     |            ^^^^^^^^^^^^^^^^
[INFO] [stdout] 
[INFO] [stdout] 
[INFO] [stdout] warning: 2 warnings emitted
[INFO] [stdout] 
[INFO] [stdout] 
[INFO] [stdout] warning: enum `ConversionType` is never used
[INFO] [stdout]    --> src/shift/convert.rs:204:10
[INFO] [stdout]     |
[INFO] [stdout] 204 | pub enum ConversionType {
[INFO] [stdout]     |          ^^^^^^^^^^^^^^
[INFO] [stdout]     |
[INFO] [stdout]     = note: `#[warn(dead_code)]` on by default
[INFO] [stdout] 
[INFO] [stdout] 
[INFO] [stdout] warning: associated functions `convert_const`, `convert_enum`, and `convert_function` are never used
[INFO] [stdout]    --> src/shift/convert.rs:291:9
[INFO] [stdout]     |
[INFO] [stdout] 223 | impl TypescriptConverter {
[INFO] [stdout]     | ------------------------ associated functions in this implementation
[INFO] [stdout] ...
[INFO] [stdout] 291 |     pub fn convert_const() {}
[INFO] [stdout]     |            ^^^^^^^^^^^^^
[INFO] [stdout] ...
[INFO] [stdout] 294 |     pub fn convert_enum() {}
[INFO] [stdout]     |            ^^^^^^^^^^^^
[INFO] [stdout] ...
[INFO] [stdout] 297 |     pub fn convert_function() {}
[INFO] [stdout]     |            ^^^^^^^^^^^^^^^^
[INFO] [stdout] 
[INFO] [stdout] 
[INFO] [stdout] warning: 2 warnings emitted
[INFO] [stdout] 
[INFO] [stdout] 
[INFO] [stderr]     Finished test [unoptimized + debuginfo] target(s) in 6.50s
[INFO] running `Command { std: "docker" "inspect" "d606710d32beffc44bb40fc0b642d41512fb61e6b425624527ae54f99582b5d2", kill_on_drop: false }`
[INFO] running `Command { std: "docker" "rm" "-f" "d606710d32beffc44bb40fc0b642d41512fb61e6b425624527ae54f99582b5d2", kill_on_drop: false }`
[INFO] [stdout] d606710d32beffc44bb40fc0b642d41512fb61e6b425624527ae54f99582b5d2
[INFO] running `Command { std: "docker" "create" "-v" "/var/lib/crater-agent-workspace/builds/worker-5-tc2/target:/opt/rustwide/target:rw,Z" "-v" "/var/lib/crater-agent-workspace/builds/worker-5-tc2/source:/opt/rustwide/workdir:ro,Z" "-v" "/var/lib/crater-agent-workspace/cargo-home:/opt/rustwide/cargo-home:ro,Z" "-v" "/var/lib/crater-agent-workspace/rustup-home:/opt/rustwide/rustup-home:ro,Z" "-e" "SOURCE_DIR=/opt/rustwide/workdir" "-e" "CARGO_TARGET_DIR=/opt/rustwide/target" "-e" "CARGO_INCREMENTAL=0" "-e" "RUST_BACKTRACE=full" "-e" "RUSTFLAGS=--cap-lints=warn" "-e" "RUSTDOCFLAGS=--cap-lints=warn" "-e" "CARGO_HOME=/opt/rustwide/cargo-home" "-e" "RUSTUP_HOME=/opt/rustwide/rustup-home" "-w" "/opt/rustwide/workdir" "-m" "1610612736" "--user" "0:0" "--network" "none" "ghcr.io/rust-lang/crates-build-env/linux@sha256:5ff2268d62e97bff2cde7d5815dd6ed5b47097566f13b8d0ca110b04b60e07ed" "/opt/rustwide/cargo-home/bin/cargo" "+beta-2023-04-20" "test" "--frozen", kill_on_drop: false }`
[INFO] [stdout] 77d488bd2d71c9a680e971bcef4852997350dd2299471a209e94e1fb2403bc40
[INFO] running `Command { std: "docker" "start" "-a" "77d488bd2d71c9a680e971bcef4852997350dd2299471a209e94e1fb2403bc40", kill_on_drop: false }`
[INFO] [stderr] warning: enum `ConversionType` is never used
[INFO] [stderr]    --> src/shift/convert.rs:204:10
[INFO] [stderr]     |
[INFO] [stderr] 204 | pub enum ConversionType {
[INFO] [stderr]     |          ^^^^^^^^^^^^^^
[INFO] [stderr]     |
[INFO] [stderr]     = note: `#[warn(dead_code)]` on by default
[INFO] [stderr] 
[INFO] [stderr] warning: associated functions `convert_const`, `convert_enum`, and `convert_function` are never used
[INFO] [stderr]    --> src/shift/convert.rs:291:9
[INFO] [stderr]     |
[INFO] [stderr] 223 | impl TypescriptConverter {
[INFO] [stderr]     | ------------------------ associated functions in this implementation
[INFO] [stderr] ...
[INFO] [stderr] 291 |     pub fn convert_const() {}
[INFO] [stderr]     |            ^^^^^^^^^^^^^
[INFO] [stderr] ...
[INFO] [stderr] 294 |     pub fn convert_enum() {}
[INFO] [stderr]     |            ^^^^^^^^^^^^
[INFO] [stderr] ...
[INFO] [stderr] 297 |     pub fn convert_function() {}
[INFO] [stderr]     |            ^^^^^^^^^^^^^^^^
[INFO] [stderr] 
[INFO] [stderr] warning: `rapid-web` (lib) generated 2 warnings
[INFO] [stderr] warning: `rapid-web` (lib test) generated 2 warnings (2 duplicates)
[INFO] [stderr]     Finished test [unoptimized + debuginfo] target(s) in 0.32s
[INFO] [stderr]      Running unittests src/lib.rs (/opt/rustwide/target/debug/deps/rapid_web-965970b575b3c4ab)
[INFO] [stdout] 
[INFO] [stderr]    Doc-tests rapid-web
[INFO] [stdout] running 0 tests
[INFO] [stdout] 
[INFO] [stdout] test result: ok. 0 passed; 0 failed; 0 ignored; 0 measured; 0 filtered out; finished in 0.00s
[INFO] [stdout] 
[INFO] [stdout] 
[INFO] [stdout] running 1 test
[INFO] [stdout] test src/server.rs - server::RapidServer (line 40) ... FAILED
[INFO] [stdout] 
[INFO] [stdout] failures:
[INFO] [stdout] 
[INFO] [stdout] ---- src/server.rs - server::RapidServer (line 40) stdout ----
[INFO] [stdout] error[E0433]: failed to resolve: use of undeclared type `HttpServer`
[INFO] [stdout]  --> src/server.rs:45:12
[INFO] [stdout]   |
[INFO] [stdout] 8 | app.listen(HttpServer::new(move || {
[INFO] [stdout]   |            ^^^^^^^^^^ use of undeclared type `HttpServer`
[INFO] [stdout]   |
[INFO] [stdout] help: consider importing this struct
[INFO] [stdout]   |
[INFO] [stdout] 2 + use actix_web::HttpServer;
[INFO] [stdout]   |
[INFO] [stdout] 
[INFO] [stdout] error[E0425]: cannot find value `route` in this scope
[INFO] [stdout]  --> src/server.rs:46:53
[INFO] [stdout]   |
[INFO] [stdout] 9 |     RapidServer::router(None).route("/", web::get().to(route))
[INFO] [stdout]   |                                                        ^^^^^ not found in this scope
[INFO] [stdout]   |
[INFO] [stderr] error: doctest failed, to rerun pass `--doc`
[INFO] [stdout] help: consider importing this function
[INFO] [stdout]   |
[INFO] [stdout] 2 + use actix_web::web::route;
[INFO] [stdout]   |
[INFO] [stdout] 
[INFO] [stdout] error[E0728]: `await` is only allowed inside `async` functions and blocks
[INFO] [stdout]   --> src/server.rs:47:4
[INFO] [stdout]    |
[INFO] [stdout] 3  | fn main() { #[allow(non_snake_case)] fn _doctest_main_src_server_rs_40_0() {
[INFO] [stdout]    |                                         -------------------------------- this is not `async`
[INFO] [stdout] ...
[INFO] [stdout] 10 | })).await
[INFO] [stdout]    |    ^^^^^^ only allowed inside `async` functions and blocks
[INFO] [stdout] 
[INFO] [stdout] error[E0061]: this function takes 2 arguments but 4 arguments were supplied
[INFO] [stdout]   --> src/server.rs:43:11
[INFO] [stdout]    |
[INFO] [stdout] 6  | let app = RapidServer::create(None, None, None, None);
[INFO] [stdout]    |           ^^^^^^^^^^^^^^^^^^^             ----  ---- unexpected argument of type `Option<_>`
[INFO] [stdout]    |                                           |
[INFO] [stdout]    |                                           unexpected argument of type `Option<_>`
[INFO] [stdout]    |
[INFO] [stdout] note: associated function defined here
[INFO] [stdout]   --> /opt/rustwide/workdir/src/server.rs:51:9
[INFO] [stdout]    |
[INFO] [stdout] 51 |     pub fn create(port: Option<u16>, hostname: Option<String>) -> Self {
[INFO] [stdout]    |            ^^^^^^
[INFO] [stdout] help: remove the extra arguments
[INFO] [stdout]    |
[INFO] [stdout] 6  - let app = RapidServer::create(None, None, None, None);
[INFO] [stdout] 6  + let app = RapidServer::create(None, None);
[INFO] [stdout]    |
[INFO] [stdout] 
[INFO] [stdout] error[E0061]: this function takes 2 arguments but 1 argument was supplied
[INFO] [stdout]   --> src/server.rs:46:2
[INFO] [stdout]    |
[INFO] [stdout] 9  |     RapidServer::router(None).route("/", web::get().to(route))
[INFO] [stdout]    |     ^^^^^^^^^^^^^^^^^^^------ an argument of type `Option<RapidLogger>` is missing
[INFO] [stdout]    |
[INFO] [stdout] note: associated function defined here
[INFO] [stdout]   --> /opt/rustwide/workdir/src/server.rs:58:9
[INFO] [stdout]    |
[INFO] [stdout] 58 |     pub fn router(
[INFO] [stdout]    |            ^^^^^^
[INFO] [stdout] help: provide the argument
[INFO] [stdout]    |
[INFO] [stdout] 9  |     RapidServer::router(None, /* Option<RapidLogger> */).route("/", web::get().to(route))
[INFO] [stdout]    |                        ~~~~~~~~~~~~~~~~~~~~~~~~~~~~~~~~~
[INFO] [stdout] 
[INFO] [stdout] error[E0433]: failed to resolve: use of undeclared crate or module `web`
[INFO] [stdout]  --> src/server.rs:46:39
[INFO] [stdout]   |
[INFO] [stdout] 9 |     RapidServer::router(None).route("/", web::get().to(route))
[INFO] [stdout]   |                                          ^^^ use of undeclared crate or module `web`
[INFO] [stdout] 
[INFO] [stdout] error[E0308]: mismatched types
[INFO] [stdout]   --> src/server.rs:45:1
[INFO] [stdout]    |
[INFO] [stdout] 8  | / app.listen(HttpServer::new(move || {
[INFO] [stdout] 9  | |     RapidServer::router(None).route("/", web::get().to(route))
[INFO] [stdout] 10 | | })).await
[INFO] [stdout]    | |_________^ expected `()`, found `Result<(), Error>`
[INFO] [stdout]    |
[INFO] [stdout]    = note: expected unit type `()`
[INFO] [stdout]                    found enum `Result<(), std::io::Error>`
[INFO] [stdout] 
[INFO] [stdout] error: aborting due to 7 previous errors
[INFO] [stdout] 
[INFO] [stdout] Some errors have detailed explanations: E0061, E0308, E0425, E0433, E0728.
[INFO] [stdout] For more information about an error, try `rustc --explain E0061`.
[INFO] [stdout] Couldn't compile the test.
[INFO] [stdout] 
[INFO] [stdout] failures:
[INFO] [stdout]     src/server.rs - server::RapidServer (line 40)
[INFO] [stdout] 
[INFO] [stdout] test result: FAILED. 0 passed; 1 failed; 0 ignored; 0 measured; 0 filtered out; finished in 0.23s
[INFO] [stdout] 
[INFO] running `Command { std: "docker" "inspect" "77d488bd2d71c9a680e971bcef4852997350dd2299471a209e94e1fb2403bc40", kill_on_drop: false }`
[INFO] running `Command { std: "docker" "rm" "-f" "77d488bd2d71c9a680e971bcef4852997350dd2299471a209e94e1fb2403bc40", kill_on_drop: false }`
[INFO] [stdout] 77d488bd2d71c9a680e971bcef4852997350dd2299471a209e94e1fb2403bc40
