[INFO] fetching crate raestro 0.5.0...
[INFO] testing raestro-0.5.0 against 1.69.0 for beta-1.70-1
[INFO] extracting crate raestro 0.5.0 into /workspace/builds/worker-6-tc1/source
[INFO] validating manifest of crates.io crate raestro 0.5.0 on toolchain 1.69.0
[INFO] running `Command { std: CARGO_HOME="/workspace/cargo-home" RUSTUP_HOME="/workspace/rustup-home" "/workspace/cargo-home/bin/cargo" "+1.69.0" "metadata" "--manifest-path" "Cargo.toml" "--no-deps", kill_on_drop: false }`
[INFO] removed /workspace/builds/worker-6-tc1/source/.cargo/config.toml
[INFO] started tweaking crates.io crate raestro 0.5.0
[INFO] removed 0 missing examples
[INFO] finished tweaking crates.io crate raestro 0.5.0
[INFO] tweaked toml for crates.io crate raestro 0.5.0 written to /workspace/builds/worker-6-tc1/source/Cargo.toml
[INFO] crate crates.io crate raestro 0.5.0 already has a lockfile, it will not be regenerated
[INFO] running `Command { std: CARGO_HOME="/workspace/cargo-home" RUSTUP_HOME="/workspace/rustup-home" "/workspace/cargo-home/bin/cargo" "+1.69.0" "fetch" "--manifest-path" "Cargo.toml", kill_on_drop: false }`
[INFO] [stderr]  Downloading crates ...
[INFO] [stderr]   Downloaded rppal v0.14.1
[INFO] running `Command { std: "docker" "create" "-v" "/var/lib/crater-agent-workspace/builds/worker-6-tc1/target:/opt/rustwide/target:rw,Z" "-v" "/var/lib/crater-agent-workspace/builds/worker-6-tc1/source:/opt/rustwide/workdir:ro,Z" "-v" "/var/lib/crater-agent-workspace/cargo-home:/opt/rustwide/cargo-home:ro,Z" "-v" "/var/lib/crater-agent-workspace/rustup-home:/opt/rustwide/rustup-home:ro,Z" "-e" "SOURCE_DIR=/opt/rustwide/workdir" "-e" "CARGO_TARGET_DIR=/opt/rustwide/target" "-e" "CARGO_HOME=/opt/rustwide/cargo-home" "-e" "RUSTUP_HOME=/opt/rustwide/rustup-home" "-w" "/opt/rustwide/workdir" "-m" "1610612736" "--user" "0:0" "--network" "none" "ghcr.io/rust-lang/crates-build-env/linux@sha256:5ff2268d62e97bff2cde7d5815dd6ed5b47097566f13b8d0ca110b04b60e07ed" "/opt/rustwide/cargo-home/bin/cargo" "+1.69.0" "metadata" "--no-deps" "--format-version=1", kill_on_drop: false }`
[INFO] [stdout] e372e2f65b66b7693cbcc8ed388bc062ffeec12d27cf2cd02b458326a82420ec
[INFO] running `Command { std: "docker" "start" "-a" "e372e2f65b66b7693cbcc8ed388bc062ffeec12d27cf2cd02b458326a82420ec", kill_on_drop: false }`
[INFO] running `Command { std: "docker" "inspect" "e372e2f65b66b7693cbcc8ed388bc062ffeec12d27cf2cd02b458326a82420ec", kill_on_drop: false }`
[INFO] running `Command { std: "docker" "rm" "-f" "e372e2f65b66b7693cbcc8ed388bc062ffeec12d27cf2cd02b458326a82420ec", kill_on_drop: false }`
[INFO] [stdout] e372e2f65b66b7693cbcc8ed388bc062ffeec12d27cf2cd02b458326a82420ec
[INFO] running `Command { std: "docker" "create" "-v" "/var/lib/crater-agent-workspace/builds/worker-6-tc1/target:/opt/rustwide/target:rw,Z" "-v" "/var/lib/crater-agent-workspace/builds/worker-6-tc1/source:/opt/rustwide/workdir:ro,Z" "-v" "/var/lib/crater-agent-workspace/cargo-home:/opt/rustwide/cargo-home:ro,Z" "-v" "/var/lib/crater-agent-workspace/rustup-home:/opt/rustwide/rustup-home:ro,Z" "-e" "SOURCE_DIR=/opt/rustwide/workdir" "-e" "CARGO_TARGET_DIR=/opt/rustwide/target" "-e" "CARGO_INCREMENTAL=0" "-e" "RUST_BACKTRACE=full" "-e" "RUSTFLAGS=--cap-lints=warn" "-e" "RUSTDOCFLAGS=--cap-lints=warn" "-e" "CARGO_HOME=/opt/rustwide/cargo-home" "-e" "RUSTUP_HOME=/opt/rustwide/rustup-home" "-w" "/opt/rustwide/workdir" "-m" "1610612736" "--user" "0:0" "--network" "none" "ghcr.io/rust-lang/crates-build-env/linux@sha256:5ff2268d62e97bff2cde7d5815dd6ed5b47097566f13b8d0ca110b04b60e07ed" "/opt/rustwide/cargo-home/bin/cargo" "+1.69.0" "build" "--frozen" "--message-format=json", kill_on_drop: false }`
[INFO] [stdout] 1ca684aad4261e8714b931d99d24df7b2c0a8298d742f1bf9cd0f863de1b1384
[INFO] running `Command { std: "docker" "start" "-a" "1ca684aad4261e8714b931d99d24df7b2c0a8298d742f1bf9cd0f863de1b1384", kill_on_drop: false }`
[INFO] [stderr]    Compiling proc-macro2 v1.0.47
[INFO] [stderr]    Compiling unicode-ident v1.0.5
[INFO] [stderr]    Compiling quote v1.0.21
[INFO] [stderr]    Compiling libc v0.2.137
[INFO] [stderr]    Compiling syn v1.0.103
[INFO] [stderr]    Compiling convert_case v0.4.0
[INFO] [stderr]    Compiling rppal v0.14.1
[INFO] [stderr]    Compiling derive_more v0.99.17
[INFO] [stderr]    Compiling raestro v0.5.0 (/opt/rustwide/workdir)
[INFO] [stderr]     Finished dev [unoptimized + debuginfo] target(s) in 10.24s
[INFO] running `Command { std: "docker" "inspect" "1ca684aad4261e8714b931d99d24df7b2c0a8298d742f1bf9cd0f863de1b1384", kill_on_drop: false }`
[INFO] running `Command { std: "docker" "rm" "-f" "1ca684aad4261e8714b931d99d24df7b2c0a8298d742f1bf9cd0f863de1b1384", kill_on_drop: false }`
[INFO] [stdout] 1ca684aad4261e8714b931d99d24df7b2c0a8298d742f1bf9cd0f863de1b1384
[INFO] running `Command { std: "docker" "create" "-v" "/var/lib/crater-agent-workspace/builds/worker-6-tc1/target:/opt/rustwide/target:rw,Z" "-v" "/var/lib/crater-agent-workspace/builds/worker-6-tc1/source:/opt/rustwide/workdir:ro,Z" "-v" "/var/lib/crater-agent-workspace/cargo-home:/opt/rustwide/cargo-home:ro,Z" "-v" "/var/lib/crater-agent-workspace/rustup-home:/opt/rustwide/rustup-home:ro,Z" "-e" "SOURCE_DIR=/opt/rustwide/workdir" "-e" "CARGO_TARGET_DIR=/opt/rustwide/target" "-e" "CARGO_INCREMENTAL=0" "-e" "RUST_BACKTRACE=full" "-e" "RUSTFLAGS=--cap-lints=warn" "-e" "RUSTDOCFLAGS=--cap-lints=warn" "-e" "CARGO_HOME=/opt/rustwide/cargo-home" "-e" "RUSTUP_HOME=/opt/rustwide/rustup-home" "-w" "/opt/rustwide/workdir" "-m" "1610612736" "--user" "0:0" "--network" "none" "ghcr.io/rust-lang/crates-build-env/linux@sha256:5ff2268d62e97bff2cde7d5815dd6ed5b47097566f13b8d0ca110b04b60e07ed" "/opt/rustwide/cargo-home/bin/cargo" "+1.69.0" "test" "--frozen" "--no-run" "--message-format=json", kill_on_drop: false }`
[INFO] [stdout] 48348e04d2eaa9369f02112275ab9019299e3125b65d51937dfbba1147115ef9
[INFO] running `Command { std: "docker" "start" "-a" "48348e04d2eaa9369f02112275ab9019299e3125b65d51937dfbba1147115ef9", kill_on_drop: false }`
[INFO] [stderr]    Compiling raestro v0.5.0 (/opt/rustwide/workdir)
[INFO] [stderr]     Finished test [unoptimized + debuginfo] target(s) in 1.23s
[INFO] running `Command { std: "docker" "inspect" "48348e04d2eaa9369f02112275ab9019299e3125b65d51937dfbba1147115ef9", kill_on_drop: false }`
[INFO] running `Command { std: "docker" "rm" "-f" "48348e04d2eaa9369f02112275ab9019299e3125b65d51937dfbba1147115ef9", kill_on_drop: false }`
[INFO] [stdout] 48348e04d2eaa9369f02112275ab9019299e3125b65d51937dfbba1147115ef9
[INFO] running `Command { std: "docker" "create" "-v" "/var/lib/crater-agent-workspace/builds/worker-6-tc1/target:/opt/rustwide/target:rw,Z" "-v" "/var/lib/crater-agent-workspace/builds/worker-6-tc1/source:/opt/rustwide/workdir:ro,Z" "-v" "/var/lib/crater-agent-workspace/cargo-home:/opt/rustwide/cargo-home:ro,Z" "-v" "/var/lib/crater-agent-workspace/rustup-home:/opt/rustwide/rustup-home:ro,Z" "-e" "SOURCE_DIR=/opt/rustwide/workdir" "-e" "CARGO_TARGET_DIR=/opt/rustwide/target" "-e" "CARGO_INCREMENTAL=0" "-e" "RUST_BACKTRACE=full" "-e" "RUSTFLAGS=--cap-lints=warn" "-e" "RUSTDOCFLAGS=--cap-lints=warn" "-e" "CARGO_HOME=/opt/rustwide/cargo-home" "-e" "RUSTUP_HOME=/opt/rustwide/rustup-home" "-w" "/opt/rustwide/workdir" "-m" "1610612736" "--user" "0:0" "--network" "none" "ghcr.io/rust-lang/crates-build-env/linux@sha256:5ff2268d62e97bff2cde7d5815dd6ed5b47097566f13b8d0ca110b04b60e07ed" "/opt/rustwide/cargo-home/bin/cargo" "+1.69.0" "test" "--frozen", kill_on_drop: false }`
[INFO] [stdout] 19e50d9073279d6ce7ead2f1dbc93e02fb22cfa63b844e611ce1bc5edd6a9888
[INFO] running `Command { std: "docker" "start" "-a" "19e50d9073279d6ce7ead2f1dbc93e02fb22cfa63b844e611ce1bc5edd6a9888", kill_on_drop: false }`
[INFO] [stderr]     Finished test [unoptimized + debuginfo] target(s) in 0.02s
[INFO] [stdout] 
[INFO] [stderr]      Running unittests src/lib.rs (/opt/rustwide/target/debug/deps/raestro-bdcd9aec17794e74)
[INFO] [stdout] running 10 tests
[INFO] [stdout] test maestro::constants::tests::maestro_error::invalid_err ... ok
[INFO] [stdout] test maestro::constants::tests::maestro_error::two_errors ... ok
[INFO] [stdout] test maestro::constants::tests::maestro_error::all_errors ... ok
[INFO] [stdout] test maestro::utils::tests::complex_mask_byte_test ... ok
[INFO] [stdout] test maestro::constants::tests::maestro_error::ser_overrun_error ... ok
[INFO] [stdout] test maestro::constants::tests::maestro_error::ser_signal_error ... ok
[INFO] [stdout] test maestro::constants::tests::maestro_error::no_errors ... ok
[INFO] [stdout] test maestro::utils::tests::medium_mask_byte_test ... ok
[INFO] [stdout] test maestro::utils::tests::simple_mask_byte_test ... ok
[INFO] [stdout] test maestro::utils::tests::simple_short_to_target_test ... ok
[INFO] [stderr]      Running unittests examples/get_position.rs (/opt/rustwide/target/debug/examples/get_position-f33db120c0cdc959)
[INFO] [stdout] 
[INFO] [stdout] test result: ok. 10 passed; 0 failed; 0 ignored; 0 measured; 0 filtered out; finished in 0.01s
[INFO] [stdout] 
[INFO] [stdout] 
[INFO] [stdout] running 0 tests
[INFO] [stdout] 
[INFO] [stdout] test result: ok. 0 passed; 0 failed; 0 ignored; 0 measured; 0 filtered out; finished in 0.00s
[INFO] [stdout] 
[INFO] [stderr]      Running unittests examples/set_acceleration.rs (/opt/rustwide/target/debug/examples/set_acceleration-0dd5081276fed0c9)
[INFO] [stdout] 
[INFO] [stdout] running 0 tests
[INFO] [stdout] 
[INFO] [stdout] test result: ok. 0 passed; 0 failed; 0 ignored; 0 measured; 0 filtered out; finished in 0.00s
[INFO] [stdout] 
[INFO] [stderr]      Running unittests examples/set_speed.rs (/opt/rustwide/target/debug/examples/set_speed-b673562cfe810d8c)
[INFO] [stdout] 
[INFO] [stdout] running 0 tests
[INFO] [stdout] 
[INFO] [stdout] test result: ok. 0 passed; 0 failed; 0 ignored; 0 measured; 0 filtered out; finished in 0.00s
[INFO] [stdout] 
[INFO] [stderr]      Running unittests examples/set_target.rs (/opt/rustwide/target/debug/examples/set_target-acf49567878f73d3)
[INFO] [stderr]      Running unittests examples/stop_script.rs (/opt/rustwide/target/debug/examples/stop_script-34d70cab4b37da5e)
[INFO] [stdout] 
[INFO] [stdout] running 0 tests
[INFO] [stdout] 
[INFO] [stdout] test result: ok. 0 passed; 0 failed; 0 ignored; 0 measured; 0 filtered out; finished in 0.00s
[INFO] [stdout] 
[INFO] [stdout] 
[INFO] [stdout] running 0 tests
[INFO] [stdout] 
[INFO] [stdout] test result: ok. 0 passed; 0 failed; 0 ignored; 0 measured; 0 filtered out; finished in 0.00s
[INFO] [stdout] 
[INFO] [stderr]    Doc-tests raestro
[INFO] [stderr] warning: unknown lint: `rustdoc::missing_doc_code_examples`
[INFO] [stderr]  --> /opt/rustwide/workdir/src/lib.rs:9:1
[INFO] [stderr]   |
[INFO] [stderr] 9 | #![warn(missing_doc_code_examples)]
[INFO] [stderr]   | ^^^^^^^^^^^^^^^^^^^^^^^^^^^^^^^^^^^
[INFO] [stderr]   |
[INFO] [stderr]   = note: the `rustdoc::missing_doc_code_examples` lint is unstable
[INFO] [stderr]   = note: see issue #101730 <https://github.com/rust-lang/rust/issues/101730> for more information
[INFO] [stderr]   = note: `#[warn(unknown_lints)]` on by default
[INFO] [stderr] 
[INFO] [stderr] warning: lint `missing_doc_code_examples` has been renamed to `rustdoc::missing_doc_code_examples`
[INFO] [stderr]  --> /opt/rustwide/workdir/src/lib.rs:9:9
[INFO] [stderr]   |
[INFO] [stderr] 9 | #![warn(missing_doc_code_examples)]
[INFO] [stderr]   |         ^^^^^^^^^^^^^^^^^^^^^^^^^ help: use the new name: `rustdoc::missing_doc_code_examples`
[INFO] [stderr]   |
[INFO] [stderr]   = note: `#[warn(renamed_and_removed_lints)]` on by default
[INFO] [stderr] 
[INFO] [stderr] warning: 2 warnings emitted
[INFO] [stderr] 
[INFO] [stdout] 
[INFO] [stdout] running 9 tests
[INFO] [stdout] test src/maestro/mod.rs - maestro::Maestro::get_errors (line 274) ... ignored
[INFO] [stdout] test src/maestro/mod.rs - maestro::Maestro::get_position (line 236) ... ignored
[INFO] [stdout] test src/lib.rs - (line 85) ... FAILED
[INFO] [stdout] test src/maestro/builder.rs - maestro::builder (line 12) ... FAILED
[INFO] [stdout] test src/maestro/mod.rs - maestro::Maestro::set_speed (line 92) ... FAILED
[INFO] [stdout] test src/maestro/mod.rs - maestro::Maestro::go_home (line 165) ... FAILED
[INFO] [stdout] test src/maestro/mod.rs - maestro::Maestro::stop_script (line 181) ... FAILED
[INFO] [stdout] test src/maestro/mod.rs - maestro::Maestro::set_acceleration (line 135) ... FAILED
[INFO] [stdout] test src/maestro/mod.rs - maestro::Maestro::set_target (line 53) ... FAILED
[INFO] [stdout] 
[INFO] [stdout] failures:
[INFO] [stdout] 
[INFO] [stdout] ---- src/lib.rs - (line 85) stdout ----
[INFO] [stdout] error: expected `;`, found keyword `use`
[INFO] [stdout]   --> src/lib.rs:92:41
[INFO] [stdout]    |
[INFO] [stdout] 9  | use raestro::maestro::constants::Channel
[INFO] [stdout]    |                                         ^ help: add `;` here
[INFO] [stdout] 10 | use raestro::maestro::constants::MAX_QTR_PWM;
[INFO] [stdout]    | --- unexpected token
[INFO] [stdout] 
[INFO] [stdout] error[E0308]: mismatched types
[INFO] [stdout]   --> src/lib.rs:97:14
[INFO] [stdout]    |
[INFO] [stdout] 14 | fn main() -> ! {
[INFO] [stdout]    |    ----      ^ expected `!`, found `()`
[INFO] [stdout]    |    |
[INFO] [stdout]    |    implicitly returns `()` as its body has no tail or `return` expression
[INFO] [stdout]    |
[INFO] [stdout]    = note:   expected type `!`
[INFO] [stdout]            found unit type `()`
[INFO] [stdout] 
[INFO] [stdout] error: aborting due to 2 previous errors
[INFO] [stdout] 
[INFO] [stdout] For more information about this error, try `rustc --explain E0308`.
[INFO] [stdout] Couldn't compile the test.
[INFO] [stdout] ---- src/maestro/builder.rs - maestro::builder (line 12) stdout ----
[INFO] [stdout] error[E0433]: failed to resolve: use of undeclared type `Baudrate`
[INFO] [stdout]  --> src/maestro/builder.rs:14:15
[INFO] [stdout]   |
[INFO] [stdout] 4 |     .baudrate(Baudrate::Baudrate50)
[INFO] [stdout]   |               ^^^^^^^^ use of undeclared type `Baudrate`
[INFO] [stdout] 
[INFO] [stdout] error[E0433]: failed to resolve: use of undeclared type `Builder`
[INFO] [stdout]  --> src/maestro/builder.rs:13:15
[INFO] [stdout]   |
[INFO] [stdout] 3 | let builder = Builder::default()
[INFO] [stdout]   |               ^^^^^^^ use of undeclared type `Builder`
[INFO] [stdout]   |
[INFO] [stdout] help: consider importing one of these items
[INFO] [stdout]   |
[INFO] [stdout] 2 | use raestro::maestro::builder::Builder;
[INFO] [stdout]   |
[INFO] [stdout] 2 | use std::thread::Builder;
[INFO] [stdout]   |
[INFO] [stdout] 
[INFO] [stdout] error[E0412]: cannot find type `Maestro` in this scope
[INFO] [stdout]  --> src/maestro/builder.rs:18:14
[INFO] [stdout]   |
[INFO] [stdout] 8 | let maestro: Maestro = builder.try_into()?;
[INFO] [stdout]   |              ^^^^^^^ not found in this scope
[INFO] [stdout]   |
[INFO] [stdout] help: consider importing this struct
[INFO] [stdout]   |
[INFO] [stdout] 2 | use raestro::maestro::Maestro;
[INFO] [stdout]   |
[INFO] [stdout] 
[INFO] [stdout] error: aborting due to 3 previous errors
[INFO] [stdout] 
[INFO] [stdout] Some errors have detailed explanations: E0412, E0433.
[INFO] [stdout] For more information about an error, try `rustc --explain E0412`.
[INFO] [stdout] Couldn't compile the test.
[INFO] [stdout] ---- src/maestro/mod.rs - maestro::Maestro::set_speed (line 92) stdout ----
[INFO] [stdout] error[E0433]: failed to resolve: use of undeclared type `Baudrate`
[INFO] [stdout]  --> src/maestro/mod.rs:94:15
[INFO] [stdout]   |
[INFO] [stdout] 4 |     .baudrate(Baudrate::Baudrate50)
[INFO] [stdout]   |               ^^^^^^^^ use of undeclared type `Baudrate`
[INFO] [stdout] 
[INFO] [stdout] error[E0433]: failed to resolve: use of undeclared type `Channel`
[INFO] [stdout]  --> src/maestro/mod.rs:98:24
[INFO] [stdout]   |
[INFO] [stdout] 8 | let channel: Channel = Channel::C_0; // can be any arbitrary channel in the Channel enum
[INFO] [stdout]   |                        ^^^^^^^ use of undeclared type `Channel`
[INFO] [stdout] 
[INFO] [stdout] error[E0412]: cannot find type `Maestro` in this scope
[INFO] [stdout]  --> src/maestro/mod.rs:93:14
[INFO] [stdout]   |
[INFO] [stdout] 3 | let maestro: Maestro = Builder::default()
[INFO] [stdout]   |              ^^^^^^^ not found in this scope
[INFO] [stdout]   |
[INFO] [stdout] help: consider importing this struct
[INFO] [stdout]   |
[INFO] [stdout] 2 | use raestro::maestro::Maestro;
[INFO] [stdout]   |
[INFO] [stdout] 
[INFO] [stdout] error[E0433]: failed to resolve: use of undeclared type `Builder`
[INFO] [stdout]  --> src/maestro/mod.rs:93:24
[INFO] [stdout]   |
[INFO] [stdout] 3 | let maestro: Maestro = Builder::default()
[INFO] [stdout]   |                        ^^^^^^^ use of undeclared type `Builder`
[INFO] [stdout]   |
[INFO] [stdout] help: consider importing one of these items
[INFO] [stdout]   |
[INFO] [stdout] 2 | use raestro::maestro::builder::Builder;
[INFO] [stdout]   |
[INFO] [stdout] 2 | use std::thread::Builder;
[INFO] [stdout]   |
[INFO] [stdout] 
[INFO] [stdout] error[E0433]: failed to resolve: use of undeclared type `Duration`
[INFO] [stdout]  --> src/maestro/mod.rs:95:21
[INFO] [stdout]   |
[INFO] [stdout] 5 |     .block_duration(Duration::from_secs(10))
[INFO] [stdout]   |                     ^^^^^^^^ use of undeclared type `Duration`
[INFO] [stdout]   |
[INFO] [stdout] help: consider importing one of these items
[INFO] [stdout]   |
[INFO] [stdout] 2 | use core::time::Duration;
[INFO] [stdout]   |
[INFO] [stdout] 2 | use std::time::Duration;
[INFO] [stdout]   |
[INFO] [stdout] 
[INFO] [stdout] error[E0412]: cannot find type `Channel` in this scope
[INFO] [stdout]  --> src/maestro/mod.rs:98:14
[INFO] [stdout]   |
[INFO] [stdout] 8 | let channel: Channel = Channel::C_0; // can be any arbitrary channel in the Channel enum
[INFO] [stdout]   |              ^^^^^^^ not found in this scope
[INFO] [stdout]   |
[INFO] [stdout] help: consider importing one of these items
[INFO] [stdout]   |
[INFO] [stdout] 2 | use raestro::maestro::constants::Channel;
[INFO] [stdout]   |
[INFO] [stdout] 2 | use rppal::pwm::Channel;
[INFO] [stdout]   |
[INFO] [stdout] 
[INFO] [stdout] error[E0425]: cannot find value `m` in this scope
[INFO] [stdout]   --> src/maestro/mod.rs:101:1
[INFO] [stdout]    |
[INFO] [stdout] 11 | m.set_speed(channel, speed);
[INFO] [stdout]    | ^ not found in this scope
[INFO] [stdout] 
[INFO] [stdout] error: aborting due to 7 previous errors
[INFO] [stdout] 
[INFO] [stdout] Some errors have detailed explanations: E0412, E0425, E0433.
[INFO] [stdout] For more information about an error, try `rustc --explain E0412`.
[INFO] [stdout] Couldn't compile the test.
[INFO] [stdout] ---- src/maestro/mod.rs - maestro::Maestro::go_home (line 165) stdout ----
[INFO] [stdout] error[E0432]: unresolved import `raestro::prelude`
[INFO] [stdout]  --> src/maestro/mod.rs:166:14
[INFO] [stdout]   |
[INFO] [stdout] 4 | use raestro::prelude::*;
[INFO] [stdout]   |              ^^^^^^^ could not find `prelude` in `raestro`
[INFO] [stdout] 
[INFO] [stdout] error[E0433]: failed to resolve: use of undeclared type `BaudRates`
[INFO] [stdout]  --> src/maestro/mod.rs:169:9
[INFO] [stdout]   |
[INFO] [stdout] 7 | m.start(BaudRates::BR_115200).unwrap();
[INFO] [stdout]   |         ^^^^^^^^^ use of undeclared type `BaudRates`
[INFO] [stdout] 
[INFO] [stdout] error[E0433]: failed to resolve: use of undeclared type `Maestro`
[INFO] [stdout]  --> src/maestro/mod.rs:168:13
[INFO] [stdout]   |
[INFO] [stdout] 6 | let mut m = Maestro::new();
[INFO] [stdout]   |             ^^^^^^^ use of undeclared type `Maestro`
[INFO] [stdout]   |
[INFO] [stdout] help: consider importing this struct
[INFO] [stdout]   |
[INFO] [stdout] 2 | use raestro::maestro::Maestro;
[INFO] [stdout]   |
[INFO] [stdout] 
[INFO] [stdout] error: aborting due to 3 previous errors
[INFO] [stdout] 
[INFO] [stdout] Some errors have detailed explanations: E0432, E0433.
[INFO] [stdout] For more information about an error, try `rustc --explain E0432`.
[INFO] [stdout] Couldn't compile the test.
[INFO] [stdout] ---- src/maestro/mod.rs - maestro::Maestro::stop_script (line 181) stdout ----
[INFO] [stdout] error[E0432]: unresolved import `raestro::prelude`
[INFO] [stdout]  --> src/maestro/mod.rs:182:14
[INFO] [stdout]   |
[INFO] [stdout] 4 | use raestro::prelude::*;
[INFO] [stdout]   |              ^^^^^^^ could not find `prelude` in `raestro`
[INFO] [stdout] 
[INFO] [stdout] error[E0433]: failed to resolve: use of undeclared type `BaudRates`
[INFO] [stdout]  --> src/maestro/mod.rs:185:9
[INFO] [stdout]   |
[INFO] [stdout] 7 | m.start(BaudRates::BR_115200).unwrap();
[INFO] [stdout]   |         ^^^^^^^^^ use of undeclared type `BaudRates`
[INFO] [stdout] 
[INFO] [stdout] error[E0433]: failed to resolve: use of undeclared type `Maestro`
[INFO] [stdout]  --> src/maestro/mod.rs:184:13
[INFO] [stdout]   |
[INFO] [stdout] 6 | let mut m = Maestro::new();
[INFO] [stdout]   |             ^^^^^^^ use of undeclared type `Maestro`
[INFO] [stdout]   |
[INFO] [stdout] help: consider importing this struct
[INFO] [stdout]   |
[INFO] [stdout] 2 | use raestro::maestro::Maestro;
[INFO] [stdout]   |
[INFO] [stdout] 
[INFO] [stdout] error: aborting due to 3 previous errors
[INFO] [stdout] 
[INFO] [stdout] Some errors have detailed explanations: E0432, E0433.
[INFO] [stdout] For more information about an error, try `rustc --explain E0432`.
[INFO] [stdout] Couldn't compile the test.
[INFO] [stdout] ---- src/maestro/mod.rs - maestro::Maestro::set_acceleration (line 135) stdout ----
[INFO] [stdout] error[E0432]: unresolved import `raestro::prelude`
[INFO] [stdout]  --> src/maestro/mod.rs:136:14
[INFO] [stdout]   |
[INFO] [stdout] 4 | use raestro::prelude::*;
[INFO] [stdout]   |              ^^^^^^^ could not find `prelude` in `raestro`
[INFO] [stdout] 
[INFO] [stdout] error[E0433]: failed to resolve: use of undeclared type `BaudRates`
[INFO] [stdout]  --> src/maestro/mod.rs:139:9
[INFO] [stdout]   |
[INFO] [stdout] 7 | m.start(BaudRates::BR_115200).unwrap();
[INFO] [stdout]   |         ^^^^^^^^^ use of undeclared type `BaudRates`
[INFO] [stdout] 
[INFO] [stdout] error[E0433]: failed to resolve: use of undeclared type `Channel`
[INFO] [stdout]  --> src/maestro/mod.rs:141:24
[INFO] [stdout]   |
[INFO] [stdout] 9 | let channel: Channel = Channel::C_0; // can be any arbitrary channel in the Channel enum
[INFO] [stdout]   |                        ^^^^^^^ use of undeclared type `Channel`
[INFO] [stdout] 
[INFO] [stdout] error[E0433]: failed to resolve: use of undeclared type `Maestro`
[INFO] [stdout]  --> src/maestro/mod.rs:138:13
[INFO] [stdout]   |
[INFO] [stdout] 6 | let mut m = Maestro::new();
[INFO] [stdout]   |             ^^^^^^^ use of undeclared type `Maestro`
[INFO] [stdout]   |
[INFO] [stdout] help: consider importing this struct
[INFO] [stdout]   |
[INFO] [stdout] 2 | use raestro::maestro::Maestro;
[INFO] [stdout]   |
[INFO] [stdout] 
[INFO] [stdout] error[E0412]: cannot find type `Channel` in this scope
[INFO] [stdout]  --> src/maestro/mod.rs:141:14
[INFO] [stdout]   |
[INFO] [stdout] 9 | let channel: Channel = Channel::C_0; // can be any arbitrary channel in the Channel enum
[INFO] [stdout]   |              ^^^^^^^ not found in this scope
[INFO] [stdout]   |
[INFO] [stdout] help: consider importing one of these items
[INFO] [stdout]   |
[INFO] [stdout] 2 | use raestro::maestro::constants::Channel;
[INFO] [stdout]   |
[INFO] [stdout] 2 | use rppal::pwm::Channel;
[INFO] [stdout]   |
[INFO] [stdout] 
[INFO] [stdout] error: aborting due to 5 previous errors
[INFO] [stdout] 
[INFO] [stdout] Some errors have detailed explanations: E0412, E0432, E0433.
[INFO] [stdout] For more information about an error, try `rustc --explain E0412`.
[INFO] [stdout] Couldn't compile the test.
[INFO] [stdout] ---- src/maestro/mod.rs - maestro::Maestro::set_target (line 53) stdout ----
[INFO] [stdout] error[E0433]: failed to resolve: use of undeclared type `Baudrate`
[INFO] [stdout]  --> src/maestro/mod.rs:55:15
[INFO] [stdout]   |
[INFO] [stdout] 4 |     .baudrate(Baudrate::Baudrate50)
[INFO] [stdout]   |               ^^^^^^^^ use of undeclared type `Baudrate`
[INFO] [stdout] 
[INFO] [stdout] error[E0433]: failed to resolve: use of undeclared type `Channel`
[INFO] [stdout]  --> src/maestro/mod.rs:60:24
[INFO] [stdout]   |
[INFO] [stdout] 9 | let channel: Channel = Channel::C_0;
[INFO] [stdout]   |                        ^^^^^^^ use of undeclared type `Channel`
[INFO] [stdout] 
[INFO] [stdout] error[E0412]: cannot find type `Maestro` in this scope
[INFO] [stdout]  --> src/maestro/mod.rs:54:14
[INFO] [stdout]   |
[INFO] [stdout] 3 | let maestro: Maestro = Builder::default()
[INFO] [stdout]   |              ^^^^^^^ not found in this scope
[INFO] [stdout]   |
[INFO] [stdout] help: consider importing this struct
[INFO] [stdout]   |
[INFO] [stdout] 2 | use raestro::maestro::Maestro;
[INFO] [stdout]   |
[INFO] [stdout] 
[INFO] [stdout] error[E0433]: failed to resolve: use of undeclared type `Builder`
[INFO] [stdout]  --> src/maestro/mod.rs:54:24
[INFO] [stdout]   |
[INFO] [stdout] 3 | let maestro: Maestro = Builder::default()
[INFO] [stdout]   |                        ^^^^^^^ use of undeclared type `Builder`
[INFO] [stdout]   |
[INFO] [stdout] help: consider importing one of these items
[INFO] [stdout]   |
[INFO] [stdout] 2 | use raestro::maestro::builder::Builder;
[INFO] [stdout]   |
[INFO] [stdout] 2 | use std::thread::Builder;
[INFO] [stdout]   |
[INFO] [stdout] 
[INFO] [stdout] error[E0433]: failed to resolve: use of undeclared type `Duration`
[INFO] [stdout]  --> src/maestro/mod.rs:56:21
[INFO] [stdout]   |
[INFO] [stdout] 5 |     .block_duration(Duration::from_secs(10))
[INFO] [stdout]   |                     ^^^^^^^^ use of undeclared type `Duration`
[INFO] [stdout]   |
[INFO] [stdout] help: consider importing one of these items
[INFO] [stdout]   |
[INFO] [stdout] 2 | use core::time::Duration;
[INFO] [stdout]   |
[INFO] [stdout] 2 | use std::time::Duration;
[INFO] [stdout]   |
[INFO] [stdout] 
[INFO] [stdout] error[E0412]: cannot find type `Channel` in this scope
[INFO] [stdout]  --> src/maestro/mod.rs:60:14
[INFO] [stdout]   |
[INFO] [stdout] 9 | let channel: Channel = Channel::C_0;
[INFO] [stdout]   |              ^^^^^^^ not found in this scope
[INFO] [stdout]   |
[INFO] [stdout] help: consider importing one of these items
[INFO] [stdout]   |
[INFO] [stdout] 2 | use raestro::maestro::constants::Channel;
[INFO] [stdout]   |
[INFO] [stdout] 2 | use rppal::pwm::Channel;
[INFO] [stdout]   |
[INFO] [stdout] 
[INFO] [stdout] error: aborting due to 6 previous errors
[INFO] [stdout] 
[INFO] [stdout] Some errors have detailed explanations: E0412, E0433.
[INFO] [stdout] For more information about an error, try `rustc --explain E0412`.
[INFO] [stdout] Couldn't compile the test.
[INFO] [stdout] 
[INFO] [stdout] failures:
[INFO] [stdout]     src/lib.rs - (line 85)
[INFO] [stdout]     src/maestro/builder.rs - maestro::builder (line 12)
[INFO] [stdout]     src/maestro/mod.rs - maestro::Maestro::go_home (line 165)
[INFO] [stdout]     src/maestro/mod.rs - maestro::Maestro::set_acceleration (line 135)
[INFO] [stdout]     src/maestro/mod.rs - maestro::Maestro::set_speed (line 92)
[INFO] [stdout]     src/maestro/mod.rs - maestro::Maestro::set_target (line 53)
[INFO] [stdout]     src/maestro/mod.rs - maestro::Maestro::stop_script (line 181)
[INFO] [stdout] 
[INFO] [stdout] test result: FAILED. 0 passed; 7 failed; 2 ignored; 0 measured; 0 filtered out; finished in 0.18s
[INFO] [stdout] 
[INFO] [stderr] error: doctest failed, to rerun pass `--doc`
[INFO] running `Command { std: "docker" "inspect" "19e50d9073279d6ce7ead2f1dbc93e02fb22cfa63b844e611ce1bc5edd6a9888", kill_on_drop: false }`
[INFO] running `Command { std: "docker" "rm" "-f" "19e50d9073279d6ce7ead2f1dbc93e02fb22cfa63b844e611ce1bc5edd6a9888", kill_on_drop: false }`
[INFO] [stdout] 19e50d9073279d6ce7ead2f1dbc93e02fb22cfa63b844e611ce1bc5edd6a9888
