[INFO] fetching crate radixdb 0.2.5...
[INFO] testing radixdb-0.2.5 against beta-2023-04-20 for beta-1.70-1
[INFO] extracting crate radixdb 0.2.5 into /workspace/builds/worker-1-tc2/source
[INFO] validating manifest of crates.io crate radixdb 0.2.5 on toolchain beta-2023-04-20
[INFO] running `Command { std: CARGO_HOME="/workspace/cargo-home" RUSTUP_HOME="/workspace/rustup-home" "/workspace/cargo-home/bin/cargo" "+beta-2023-04-20" "metadata" "--manifest-path" "Cargo.toml" "--no-deps", kill_on_drop: false }`
[INFO] started tweaking crates.io crate radixdb 0.2.5
[INFO] finished tweaking crates.io crate radixdb 0.2.5
[INFO] tweaked toml for crates.io crate radixdb 0.2.5 written to /workspace/builds/worker-1-tc2/source/Cargo.toml
[INFO] crate crates.io crate radixdb 0.2.5 already has a lockfile, it will not be regenerated
[INFO] running `Command { std: CARGO_HOME="/workspace/cargo-home" RUSTUP_HOME="/workspace/rustup-home" "/workspace/cargo-home/bin/cargo" "+beta-2023-04-20" "fetch" "--manifest-path" "Cargo.toml", kill_on_drop: false }`
[INFO] [stderr]     Updating crates.io index
[INFO] [stderr]  Downloading crates ...
[INFO] [stderr]   Downloaded obey v0.1.0
[INFO] [stderr]   Downloaded inplace-vec-builder v0.1.1
[INFO] [stderr]   Downloaded thousands v0.2.0
[INFO] [stderr]   Downloaded env_logger v0.9.1
[INFO] [stderr]   Downloaded visibility v0.0.1
[INFO] running `Command { std: "docker" "create" "-v" "/var/lib/crater-agent-workspace/builds/worker-1-tc2/target:/opt/rustwide/target:rw,Z" "-v" "/var/lib/crater-agent-workspace/builds/worker-1-tc2/source:/opt/rustwide/workdir:ro,Z" "-v" "/var/lib/crater-agent-workspace/cargo-home:/opt/rustwide/cargo-home:ro,Z" "-v" "/var/lib/crater-agent-workspace/rustup-home:/opt/rustwide/rustup-home:ro,Z" "-e" "SOURCE_DIR=/opt/rustwide/workdir" "-e" "CARGO_TARGET_DIR=/opt/rustwide/target" "-e" "CARGO_HOME=/opt/rustwide/cargo-home" "-e" "RUSTUP_HOME=/opt/rustwide/rustup-home" "-w" "/opt/rustwide/workdir" "-m" "1610612736" "--user" "0:0" "--network" "none" "ghcr.io/rust-lang/crates-build-env/linux@sha256:5ff2268d62e97bff2cde7d5815dd6ed5b47097566f13b8d0ca110b04b60e07ed" "/opt/rustwide/cargo-home/bin/cargo" "+beta-2023-04-20" "metadata" "--no-deps" "--format-version=1", kill_on_drop: false }`
[INFO] [stdout] 8dc3f38a0dde9509db2b4073f1ba36f6398a1de1c22e9c0e057560ee5030a62d
[INFO] running `Command { std: "docker" "start" "-a" "8dc3f38a0dde9509db2b4073f1ba36f6398a1de1c22e9c0e057560ee5030a62d", kill_on_drop: false }`
[INFO] running `Command { std: "docker" "inspect" "8dc3f38a0dde9509db2b4073f1ba36f6398a1de1c22e9c0e057560ee5030a62d", kill_on_drop: false }`
[INFO] running `Command { std: "docker" "rm" "-f" "8dc3f38a0dde9509db2b4073f1ba36f6398a1de1c22e9c0e057560ee5030a62d", kill_on_drop: false }`
[INFO] [stdout] 8dc3f38a0dde9509db2b4073f1ba36f6398a1de1c22e9c0e057560ee5030a62d
[INFO] running `Command { std: "docker" "create" "-v" "/var/lib/crater-agent-workspace/builds/worker-1-tc2/target:/opt/rustwide/target:rw,Z" "-v" "/var/lib/crater-agent-workspace/builds/worker-1-tc2/source:/opt/rustwide/workdir:ro,Z" "-v" "/var/lib/crater-agent-workspace/cargo-home:/opt/rustwide/cargo-home:ro,Z" "-v" "/var/lib/crater-agent-workspace/rustup-home:/opt/rustwide/rustup-home:ro,Z" "-e" "SOURCE_DIR=/opt/rustwide/workdir" "-e" "CARGO_TARGET_DIR=/opt/rustwide/target" "-e" "CARGO_INCREMENTAL=0" "-e" "RUST_BACKTRACE=full" "-e" "RUSTFLAGS=--cap-lints=warn" "-e" "RUSTDOCFLAGS=--cap-lints=warn" "-e" "CARGO_HOME=/opt/rustwide/cargo-home" "-e" "RUSTUP_HOME=/opt/rustwide/rustup-home" "-w" "/opt/rustwide/workdir" "-m" "1610612736" "--user" "0:0" "--network" "none" "ghcr.io/rust-lang/crates-build-env/linux@sha256:5ff2268d62e97bff2cde7d5815dd6ed5b47097566f13b8d0ca110b04b60e07ed" "/opt/rustwide/cargo-home/bin/cargo" "+beta-2023-04-20" "build" "--frozen" "--message-format=json", kill_on_drop: false }`
[INFO] [stdout] 823f336cda7e59b2d22b03f0dd927cc38221b7c58d7d7a089a613e35c2a70788
[INFO] running `Command { std: "docker" "start" "-a" "823f336cda7e59b2d22b03f0dd927cc38221b7c58d7d7a089a613e35c2a70788", kill_on_drop: false }`
[INFO] [stderr]    Compiling libc v0.2.133
[INFO] [stderr]    Compiling proc-macro2 v1.0.43
[INFO] [stderr]    Compiling unicode-ident v1.0.4
[INFO] [stderr]    Compiling quote v1.0.21
[INFO] [stderr]    Compiling syn v1.0.100
[INFO] [stderr]    Compiling parking_lot_core v0.9.3
[INFO] [stderr]    Compiling anyhow v1.0.65
[INFO] [stderr]    Compiling scopeguard v1.1.0
[INFO] [stderr]    Compiling smallvec v1.9.0
[INFO] [stderr]    Compiling inplace-vec-builder v0.1.1
[INFO] [stderr]    Compiling hex v0.4.3
[INFO] [stderr]    Compiling lock_api v0.4.8
[INFO] [stderr]    Compiling memmap v0.7.0
[INFO] [stderr]    Compiling parking_lot v0.12.1
[INFO] [stderr]    Compiling visibility v0.0.1
[INFO] [stderr]    Compiling radixdb v0.2.5 (/opt/rustwide/workdir)
[INFO] [stderr]     Finished dev [unoptimized + debuginfo] target(s) in 5.87s
[INFO] running `Command { std: "docker" "inspect" "823f336cda7e59b2d22b03f0dd927cc38221b7c58d7d7a089a613e35c2a70788", kill_on_drop: false }`
[INFO] running `Command { std: "docker" "rm" "-f" "823f336cda7e59b2d22b03f0dd927cc38221b7c58d7d7a089a613e35c2a70788", kill_on_drop: false }`
[INFO] [stdout] 823f336cda7e59b2d22b03f0dd927cc38221b7c58d7d7a089a613e35c2a70788
[INFO] running `Command { std: "docker" "create" "-v" "/var/lib/crater-agent-workspace/builds/worker-1-tc2/target:/opt/rustwide/target:rw,Z" "-v" "/var/lib/crater-agent-workspace/builds/worker-1-tc2/source:/opt/rustwide/workdir:ro,Z" "-v" "/var/lib/crater-agent-workspace/cargo-home:/opt/rustwide/cargo-home:ro,Z" "-v" "/var/lib/crater-agent-workspace/rustup-home:/opt/rustwide/rustup-home:ro,Z" "-e" "SOURCE_DIR=/opt/rustwide/workdir" "-e" "CARGO_TARGET_DIR=/opt/rustwide/target" "-e" "CARGO_INCREMENTAL=0" "-e" "RUST_BACKTRACE=full" "-e" "RUSTFLAGS=--cap-lints=warn" "-e" "RUSTDOCFLAGS=--cap-lints=warn" "-e" "CARGO_HOME=/opt/rustwide/cargo-home" "-e" "RUSTUP_HOME=/opt/rustwide/rustup-home" "-w" "/opt/rustwide/workdir" "-m" "1610612736" "--user" "0:0" "--network" "none" "ghcr.io/rust-lang/crates-build-env/linux@sha256:5ff2268d62e97bff2cde7d5815dd6ed5b47097566f13b8d0ca110b04b60e07ed" "/opt/rustwide/cargo-home/bin/cargo" "+beta-2023-04-20" "test" "--frozen" "--no-run" "--message-format=json", kill_on_drop: false }`
[INFO] [stdout] 8930841c9b6fed3c53ff41cdcdaa35dc9b9e16ee41278a8b012fe293dc2c95ce
[INFO] running `Command { std: "docker" "start" "-a" "8930841c9b6fed3c53ff41cdcdaa35dc9b9e16ee41278a8b012fe293dc2c95ce", kill_on_drop: false }`
[INFO] [stderr]    Compiling getrandom v0.2.7
[INFO] [stderr]    Compiling num-traits v0.2.15
[INFO] [stderr]    Compiling regex-syntax v0.6.27
[INFO] [stderr]    Compiling log v0.4.17
[INFO] [stderr]    Compiling fastrand v1.8.0
[INFO] [stderr]    Compiling remove_dir_all v0.5.3
[INFO] [stderr]    Compiling ppv-lite86 v0.2.16
[INFO] [stderr]    Compiling aho-corasick v0.7.19
[INFO] [stderr]    Compiling wait-timeout v0.2.0
[INFO] [stderr]    Compiling bit-vec v0.6.3
[INFO] [stderr]    Compiling quick-error v1.2.3
[INFO] [stderr]    Compiling atty v0.2.14
[INFO] [stderr]    Compiling termcolor v1.1.3
[INFO] [stderr]    Compiling humantime v2.1.0
[INFO] [stderr]    Compiling quick-error v2.0.1
[INFO] [stderr]    Compiling byteorder v1.4.3
[INFO] [stderr]    Compiling lazy_static v1.4.0
[INFO] [stderr]    Compiling obey v0.1.0
[INFO] [stderr]    Compiling thousands v0.2.0
[INFO] [stderr]    Compiling hex-literal v0.3.4
[INFO] [stderr]    Compiling rand_core v0.6.4
[INFO] [stderr]    Compiling tempfile v3.3.0
[INFO] [stderr]    Compiling bit-set v0.5.3
[INFO] [stderr]    Compiling maplit v1.0.2
[INFO] [stderr]    Compiling rand_xorshift v0.3.0
[INFO] [stderr]    Compiling rusty-fork v0.3.0
[INFO] [stderr]    Compiling rand_chacha v0.3.1
[INFO] [stderr]    Compiling rand v0.8.5
[INFO] [stderr]    Compiling regex v1.6.0
[INFO] [stderr]    Compiling proptest v1.0.0
[INFO] [stderr]    Compiling env_logger v0.9.1
[INFO] [stderr]    Compiling radixdb v0.2.5 (/opt/rustwide/workdir)
[INFO] [stderr]     Finished test [unoptimized + debuginfo] target(s) in 13.44s
[INFO] running `Command { std: "docker" "inspect" "8930841c9b6fed3c53ff41cdcdaa35dc9b9e16ee41278a8b012fe293dc2c95ce", kill_on_drop: false }`
[INFO] running `Command { std: "docker" "rm" "-f" "8930841c9b6fed3c53ff41cdcdaa35dc9b9e16ee41278a8b012fe293dc2c95ce", kill_on_drop: false }`
[INFO] [stdout] 8930841c9b6fed3c53ff41cdcdaa35dc9b9e16ee41278a8b012fe293dc2c95ce
[INFO] running `Command { std: "docker" "create" "-v" "/var/lib/crater-agent-workspace/builds/worker-1-tc2/target:/opt/rustwide/target:rw,Z" "-v" "/var/lib/crater-agent-workspace/builds/worker-1-tc2/source:/opt/rustwide/workdir:ro,Z" "-v" "/var/lib/crater-agent-workspace/cargo-home:/opt/rustwide/cargo-home:ro,Z" "-v" "/var/lib/crater-agent-workspace/rustup-home:/opt/rustwide/rustup-home:ro,Z" "-e" "SOURCE_DIR=/opt/rustwide/workdir" "-e" "CARGO_TARGET_DIR=/opt/rustwide/target" "-e" "CARGO_INCREMENTAL=0" "-e" "RUST_BACKTRACE=full" "-e" "RUSTFLAGS=--cap-lints=warn" "-e" "RUSTDOCFLAGS=--cap-lints=warn" "-e" "CARGO_HOME=/opt/rustwide/cargo-home" "-e" "RUSTUP_HOME=/opt/rustwide/rustup-home" "-w" "/opt/rustwide/workdir" "-m" "1610612736" "--user" "0:0" "--network" "none" "ghcr.io/rust-lang/crates-build-env/linux@sha256:5ff2268d62e97bff2cde7d5815dd6ed5b47097566f13b8d0ca110b04b60e07ed" "/opt/rustwide/cargo-home/bin/cargo" "+beta-2023-04-20" "test" "--frozen", kill_on_drop: false }`
[INFO] [stdout] 7f30ea0aefb10d7c7b139467ecfb3231c67106f462cc91ae74d5149fb43dca21
[INFO] running `Command { std: "docker" "start" "-a" "7f30ea0aefb10d7c7b139467ecfb3231c67106f462cc91ae74d5149fb43dca21", kill_on_drop: false }`
[INFO] [stderr]     Finished test [unoptimized + debuginfo] target(s) in 0.04s
[INFO] [stderr]      Running unittests src/lib.rs (/opt/rustwide/target/debug/deps/radixdb-b8bdb9e59df5a5a4)
[INFO] [stdout] 
[INFO] [stdout] running 58 tests
[INFO] [stdout] test node::tests::difference_with2 ... ok
[INFO] [stdout] test node::tests::difference_with1 ... ok
[INFO] [stdout] test node::tests::difference_with3 ... ok
[INFO] [stdout] test node::tests::intersection_with3 ... ok
[INFO] [stdout] test node::tests::intersection_with1 ... ok
[INFO] [stdout] test node::tests::intersection_with2 ... ok
[INFO] [stdout] test node::tests::intersection_with4 ... ok
[INFO] [stdout] test node::tests::first_last_value_entry ... ok
[INFO] [stdout] test node::tests::is_subset1 ... ok
[INFO] [stdout] test node::tests::group_by_true ... ok
[INFO] [stdout] test node::tests::get_contains ... ok
[INFO] [stdout] test node::tests::filter_prefix ... ok
[INFO] [stdout] test node::tests::is_subset4 ... ok
[INFO] [stdout] test node::tests::is_subset6 ... ok
[INFO] [stdout] test node::tests::is_subset2 ... ok
[INFO] [stdout] test node::tests::is_subset3 ... ok
[INFO] [stdout] test node::tests::is_subset5 ... ok
[INFO] [stdout] test node::tests::new_smoke ... ok
[INFO] [stdout] test node::tests::remove_prefix_with1 ... ok
[INFO] [stdout] test node::tests::btreemap_tree_roundtrip ... ok
[INFO] [stdout] test node::tests::remove_prefix_with3 ... ok
[INFO] [stdout] test node::tests::group_by_fixed ... ok
[INFO] [stdout] test node::tests::remove_prefix_with4 ... ok
[INFO] [stdout] test node::tests::remove_prefix_with2 ... ok
[INFO] [stdout] test node::tests::attach_detach_roundtrip ... ok
[INFO] [stdout] test node::tests::retain_prefix_with1 ... ok
[INFO] [stdout] test node::tests::remove_prefix_with5 ... ok
[INFO] [stdout] test node::tests::difference ... ok
[INFO] [stdout] test node::tests::retain_prefix_with3 ... ok
[INFO] [stdout] test node::tests::retain_prefix_with2 ... ok
[INFO] [stdout] test node::tests::retain_prefix_with4 ... ok
[INFO] [stdout] test node::tests::difference_with ... ok
[INFO] [stdout] test node::tests::intersection ... ok
[INFO] [stdout] test node::tests::intersects ... ok
[INFO] [stdout] test node::tests::union_with1 ... ok
[INFO] [stdout] test node::tests::union_with2 ... ok
[INFO] [stdout] test node::tests::union_with3 ... ok
[INFO] [stdout] test node::tests::intersection_with ... ok
[INFO] [stdout] test store::blob::tests::size ... ok
[INFO] [stdout] test store::paged_file_store::tests::browser_compare ... ignored, too large
[INFO] [stdout] test node::tests::is_subset_sample ... ok
[INFO] [stdout] test store::blob::tests::from_slice_roundtrip ... ok
[INFO] [stdout] test node::tests::scan_prefix ... ok
[INFO] [stdout] test store::paged_file_store::tests::paged_file_store_test_large ... ignored, too large
[INFO] [stdout] test tests::serde_tests ... ok
[INFO] [stdout] test store::blob_store::tests::zero_copy_mmap ... ok
[INFO] [stdout] test node::tests::is_subset ... ok
[INFO] [stdout] test node::tests::sizes2 ... FAILED
[INFO] [stdout] test node::tests::remove_prefix_with ... ok
[INFO] [stdout] test node::tests::intersects_sample ... ok
[INFO] [stdout] test node::tests::intersection_sample ... ok
[INFO] [stdout] test node::tests::retain_prefix_with ... ok
[INFO] [stdout] test node::tests::difference_sample ... ok
[INFO] [stdout] test node::tests::union_with ... ok
[INFO] [stdout] test node::tests::union ... ok
[INFO] [stdout] test node::tests::union_sample ... ok
[INFO] [stdout] test store::paged_file_store::tests::paged_file_store_test ... ok
[INFO] [stdout] test node::tests::new_build_bench has been running for over 60 seconds
[INFO] [stdout] test node::tests::new_build_bench ... ok
[INFO] [stdout] 
[INFO] [stdout] failures:
[INFO] [stdout] 
[INFO] [stdout] ---- node::tests::sizes2 stdout ----
[INFO] [stdout] thread 'node::tests::sizes2' panicked at 'assertion failed: `(left == right)`
[INFO] [stdout]   left: `32`,
[INFO] [stdout]  right: `40`', src/node/tests.rs:55:5
[INFO] [stdout] stack backtrace:
[INFO] [stdout]    0:     0x558f4adda71a - std::backtrace_rs::backtrace::libunwind::trace::h2f05d0192276a8f6
[INFO] [stdout]                                at /rustc/1b7dd2252b99671ce5d1cb9664c5f8636329436d/library/std/src/../../backtrace/src/backtrace/libunwind.rs:93:5
[INFO] [stdout]    1:     0x558f4adda71a - std::backtrace_rs::backtrace::trace_unsynchronized::hedc23dff7a1af150
[INFO] [stdout]                                at /rustc/1b7dd2252b99671ce5d1cb9664c5f8636329436d/library/std/src/../../backtrace/src/backtrace/mod.rs:66:5
[INFO] [stdout]    2:     0x558f4adda71a - std::sys_common::backtrace::_print_fmt::h17541ef7592f3ce2
[INFO] [stdout]                                at /rustc/1b7dd2252b99671ce5d1cb9664c5f8636329436d/library/std/src/sys_common/backtrace.rs:65:5
[INFO] [stdout]    3:     0x558f4adda71a - <std::sys_common::backtrace::_print::DisplayBacktrace as core::fmt::Display>::fmt::h20f75df5ab0c0792
[INFO] [stdout]                                at /rustc/1b7dd2252b99671ce5d1cb9664c5f8636329436d/library/std/src/sys_common/backtrace.rs:44:22
[INFO] [stdout]    4:     0x558f4ae0025f - core::fmt::write::h78109e6f466b3af6
[INFO] [stdout]                                at /rustc/1b7dd2252b99671ce5d1cb9664c5f8636329436d/library/core/src/fmt/mod.rs:1254:17
[INFO] [stdout]    5:     0x558f4add7235 - std::io::Write::write_fmt::hd24bfb68a1b35a25
[INFO] [stdout]                                at /rustc/1b7dd2252b99671ce5d1cb9664c5f8636329436d/library/std/src/io/mod.rs:1698:15
[INFO] [stdout]    6:     0x558f4adda4e5 - std::sys_common::backtrace::_print::h8dac57a9f8fbf9a5
[INFO] [stdout]                                at /rustc/1b7dd2252b99671ce5d1cb9664c5f8636329436d/library/std/src/sys_common/backtrace.rs:47:5
[INFO] [stdout]    7:     0x558f4adda4e5 - std::sys_common::backtrace::print::hf9ecbf41d1aa712f
[INFO] [stdout]                                at /rustc/1b7dd2252b99671ce5d1cb9664c5f8636329436d/library/std/src/sys_common/backtrace.rs:34:9
[INFO] [stdout]    8:     0x558f4addc19e - std::panicking::default_hook::{{closure}}::h04c07acfc84ca028
[INFO] [stdout]                                at /rustc/1b7dd2252b99671ce5d1cb9664c5f8636329436d/library/std/src/panicking.rs:269:22
[INFO] [stdout]    9:     0x558f4addbed1 - std::panicking::default_hook::h01f6bb23e1eceb2c
[INFO] [stdout]                                at /rustc/1b7dd2252b99671ce5d1cb9664c5f8636329436d/library/std/src/panicking.rs:285:9
[INFO] [stdout]   10:     0x558f4ac7950b - <alloc::boxed::Box<F,A> as core::ops::function::Fn<Args>>::call::h87fe9f7b2fd49e4c
[INFO] [stdout]                                at /rustc/1b7dd2252b99671ce5d1cb9664c5f8636329436d/library/alloc/src/boxed.rs:1987:9
[INFO] [stdout]   11:     0x558f4ac7950b - test::test_main::{{closure}}::he94d679243a7531b
[INFO] [stdout]                                at /rustc/1b7dd2252b99671ce5d1cb9664c5f8636329436d/library/test/src/lib.rs:134:21
[INFO] [stdout]   12:     0x558f4addc884 - <alloc::boxed::Box<F,A> as core::ops::function::Fn<Args>>::call::h3f2d6d8b14c4769f
[INFO] [stdout]                                at /rustc/1b7dd2252b99671ce5d1cb9664c5f8636329436d/library/alloc/src/boxed.rs:1987:9
[INFO] [stdout]   13:     0x558f4addc884 - std::panicking::rust_panic_with_hook::h2bb3722bbaf2f6df
[INFO] [stdout]                                at /rustc/1b7dd2252b99671ce5d1cb9664c5f8636329436d/library/std/src/panicking.rs:695:13
[INFO] [stdout]   14:     0x558f4addc5f9 - std::panicking::begin_panic_handler::{{closure}}::h91bc7f36a4be011b
[INFO] [stdout]                                at /rustc/1b7dd2252b99671ce5d1cb9664c5f8636329436d/library/std/src/panicking.rs:582:13
[INFO] [stdout]   15:     0x558f4addab86 - std::sys_common::backtrace::__rust_end_short_backtrace::h8b3d3717114f9e59
[INFO] [stdout]                                at /rustc/1b7dd2252b99671ce5d1cb9664c5f8636329436d/library/std/src/sys_common/backtrace.rs:150:18
[INFO] [stdout]   16:     0x558f4addc352 - rust_begin_unwind
[INFO] [stdout]                                at /rustc/1b7dd2252b99671ce5d1cb9664c5f8636329436d/library/std/src/panicking.rs:578:5
[INFO] [stdout]   17:     0x558f4a913403 - core::panicking::panic_fmt::hfd368e3fbdabea26
[INFO] [stdout]                                at /rustc/1b7dd2252b99671ce5d1cb9664c5f8636329436d/library/core/src/panicking.rs:67:14
[INFO] [stdout]   18:     0x558f4a91382f - core::panicking::assert_failed_inner::haef49168e1798a91
[INFO] [stdout]   19:     0x558f4ad5313a - core::panicking::assert_failed::he6f58ccc6cc4c97a
[INFO] [stdout]                                at /rustc/1b7dd2252b99671ce5d1cb9664c5f8636329436d/library/core/src/panicking.rs:228:5
[INFO] [stdout]   20:     0x558f4aa452e4 - radixdb::node::tests::sizes2::ha0b5714ddd6789b3
[INFO] [stdout]                                at /opt/rustwide/workdir/src/node/tests.rs:55:5
[INFO] [stdout]   21:     0x558f4aa44f77 - radixdb::node::tests::sizes2::{{closure}}::h0a21c6c6bc429763
[INFO] [stdout]                                at /opt/rustwide/workdir/src/node/tests.rs:45:13
[INFO] [stdout]   22:     0x558f4ab1f625 - core::ops::function::FnOnce::call_once::hc13ea542034df861
[INFO] [stdout]                                at /rustc/1b7dd2252b99671ce5d1cb9664c5f8636329436d/library/core/src/ops/function.rs:250:5
[INFO] [stdout]   23:     0x558f4ac7e3df - core::ops::function::FnOnce::call_once::ha6a70e79f7481a7e
[INFO] [stdout]                                at /rustc/1b7dd2252b99671ce5d1cb9664c5f8636329436d/library/core/src/ops/function.rs:250:5
[INFO] [stdout]   24:     0x558f4ac7e3df - test::__rust_begin_short_backtrace::hce33033019b61e69
[INFO] [stdout]                                at /rustc/1b7dd2252b99671ce5d1cb9664c5f8636329436d/library/test/src/lib.rs:655:18
[INFO] [stdout]   25:     0x558f4ac4bbcc - test::run_test::{{closure}}::h858d3528838ae3e5
[INFO] [stdout]                                at /rustc/1b7dd2252b99671ce5d1cb9664c5f8636329436d/library/test/src/lib.rs:646:30
[INFO] [stdout]   26:     0x558f4ac4bbcc - core::ops::function::FnOnce::call_once{{vtable.shim}}::he8ac2b00f01ae79e
[INFO] [stdout]                                at /rustc/1b7dd2252b99671ce5d1cb9664c5f8636329436d/library/core/src/ops/function.rs:250:5
[INFO] [stdout]   27:     0x558f4ac7d4b6 - <alloc::boxed::Box<F,A> as core::ops::function::FnOnce<Args>>::call_once::h8093d25b522725ef
[INFO] [stdout]                                at /rustc/1b7dd2252b99671ce5d1cb9664c5f8636329436d/library/alloc/src/boxed.rs:1973:9
[INFO] [stdout]   28:     0x558f4ac7d4b6 - <core::panic::unwind_safe::AssertUnwindSafe<F> as core::ops::function::FnOnce<()>>::call_once::h5c334c204e4a3913
[INFO] [stdout]                                at /rustc/1b7dd2252b99671ce5d1cb9664c5f8636329436d/library/core/src/panic/unwind_safe.rs:271:9
[INFO] [stdout]   29:     0x558f4ac7d4b6 - std::panicking::try::do_call::ha8b740c7b9478074
[INFO] [stdout]                                at /rustc/1b7dd2252b99671ce5d1cb9664c5f8636329436d/library/std/src/panicking.rs:485:40
[INFO] [stdout]   30:     0x558f4ac7d4b6 - std::panicking::try::h5d34f63d0e41b64e
[INFO] [stdout]                                at /rustc/1b7dd2252b99671ce5d1cb9664c5f8636329436d/library/std/src/panicking.rs:449:19
[INFO] [stdout]   31:     0x558f4ac7d4b6 - std::panic::catch_unwind::hcfbb511e1aa7fc67
[INFO] [stdout]                                at /rustc/1b7dd2252b99671ce5d1cb9664c5f8636329436d/library/std/src/panic.rs:140:14
[INFO] [stdout]   32:     0x558f4ac7d4b6 - test::run_test_in_process::h9abda90f802eaf21
[INFO] [stdout]                                at /rustc/1b7dd2252b99671ce5d1cb9664c5f8636329436d/library/test/src/lib.rs:678:27
[INFO] [stdout]   33:     0x558f4ac7d4b6 - test::run_test::run_test_inner::{{closure}}::h0f058de91f6c6edf
[INFO] [stdout]                                at /rustc/1b7dd2252b99671ce5d1cb9664c5f8636329436d/library/test/src/lib.rs:572:39
[INFO] [stdout]   34:     0x558f4ac463d5 - test::run_test::run_test_inner::{{closure}}::h5ca48a4c59c6c1fb
[INFO] [stdout]                                at /rustc/1b7dd2252b99671ce5d1cb9664c5f8636329436d/library/test/src/lib.rs:599:37
[INFO] [stdout]   35:     0x558f4ac463d5 - std::sys_common::backtrace::__rust_begin_short_backtrace::h32bd51e1495d4a33
[INFO] [stdout]                                at /rustc/1b7dd2252b99671ce5d1cb9664c5f8636329436d/library/std/src/sys_common/backtrace.rs:134:18
[INFO] [stdout]   36:     0x558f4ac4b911 - std::thread::Builder::spawn_unchecked_::{{closure}}::{{closure}}::hc086fae9b128b2db
[INFO] [stdout]                                at /rustc/1b7dd2252b99671ce5d1cb9664c5f8636329436d/library/std/src/thread/mod.rs:526:17
[INFO] [stdout]   37:     0x558f4ac4b911 - <core::panic::unwind_safe::AssertUnwindSafe<F> as core::ops::function::FnOnce<()>>::call_once::hb66571888d270d43
[INFO] [stdout]                                at /rustc/1b7dd2252b99671ce5d1cb9664c5f8636329436d/library/core/src/panic/unwind_safe.rs:271:9
[INFO] [stdout]   38:     0x558f4ac4b911 - std::panicking::try::do_call::h4fa2ef4f6e51fecf
[INFO] [stdout]                                at /rustc/1b7dd2252b99671ce5d1cb9664c5f8636329436d/library/std/src/panicking.rs:485:40
[INFO] [stdout]   39:     0x558f4ac4b911 - std::panicking::try::h1e9e22b8584489b5
[INFO] [stdout]                                at /rustc/1b7dd2252b99671ce5d1cb9664c5f8636329436d/library/std/src/panicking.rs:449:19
[INFO] [stdout]   40:     0x558f4ac4b911 - std::panic::catch_unwind::h44698a3de0e0769e
[INFO] [stdout]                                at /rustc/1b7dd2252b99671ce5d1cb9664c5f8636329436d/library/std/src/panic.rs:140:14
[INFO] [stdout]   41:     0x558f4ac4b911 - std::thread::Builder::spawn_unchecked_::{{closure}}::h50153abde3fe239e
[INFO] [stdout]                                at /rustc/1b7dd2252b99671ce5d1cb9664c5f8636329436d/library/std/src/thread/mod.rs:525:30
[INFO] [stdout]   42:     0x558f4ac4b911 - core::ops::function::FnOnce::call_once{{vtable.shim}}::hbe5bbf6f38394364
[INFO] [stdout]                                at /rustc/1b7dd2252b99671ce5d1cb9664c5f8636329436d/library/core/src/ops/function.rs:250:5
[INFO] [stdout]   43:     0x558f4ade1965 - <alloc::boxed::Box<F,A> as core::ops::function::FnOnce<Args>>::call_once::h0d83cb2920a49046
[INFO] [stdout]                                at /rustc/1b7dd2252b99671ce5d1cb9664c5f8636329436d/library/alloc/src/boxed.rs:1973:9
[INFO] [stdout]   44:     0x558f4ade1965 - <alloc::boxed::Box<F,A> as core::ops::function::FnOnce<Args>>::call_once::hbe0a008aa7d9ef59
[INFO] [stdout]                                at /rustc/1b7dd2252b99671ce5d1cb9664c5f8636329436d/library/alloc/src/boxed.rs:1973:9
[INFO] [stdout]   45:     0x558f4ade1965 - std::sys::unix::thread::Thread::new::thread_start::h3a466996bdf6b1f9
[INFO] [stdout]                                at /rustc/1b7dd2252b99671ce5d1cb9664c5f8636329436d/library/std/src/sys/unix/thread.rs:108:17
[INFO] [stdout]   46:     0x7f25fba8fb43 - <unknown>
[INFO] [stdout]   47:     0x7f25fbb20bb4 - __clone
[INFO] [stdout]   48:                0x0 - <unknown>
[INFO] [stdout] 
[INFO] [stdout] 
[INFO] [stdout] failures:
[INFO] [stdout]     node::tests::sizes2
[INFO] [stdout] 
[INFO] [stdout] test result: FAILED. 55 passed; 1 failed; 2 ignored; 0 measured; 0 filtered out; finished in 103.21s
[INFO] [stdout] 
[INFO] [stderr] error: test failed, to rerun pass `--lib`
[INFO] running `Command { std: "docker" "inspect" "7f30ea0aefb10d7c7b139467ecfb3231c67106f462cc91ae74d5149fb43dca21", kill_on_drop: false }`
[INFO] running `Command { std: "docker" "rm" "-f" "7f30ea0aefb10d7c7b139467ecfb3231c67106f462cc91ae74d5149fb43dca21", kill_on_drop: false }`
[INFO] [stdout] 7f30ea0aefb10d7c7b139467ecfb3231c67106f462cc91ae74d5149fb43dca21
