[INFO] fetching crate radium 1.0.0...
[INFO] testing radium-1.0.0 against beta-2023-04-20 for beta-1.70-1
[INFO] extracting crate radium 1.0.0 into /workspace/builds/worker-1-tc2/source
[INFO] validating manifest of crates.io crate radium 1.0.0 on toolchain beta-2023-04-20
[INFO] running `Command { std: CARGO_HOME="/workspace/cargo-home" RUSTUP_HOME="/workspace/rustup-home" "/workspace/cargo-home/bin/cargo" "+beta-2023-04-20" "metadata" "--manifest-path" "Cargo.toml" "--no-deps", kill_on_drop: false }`
[INFO] started tweaking crates.io crate radium 1.0.0
[INFO] finished tweaking crates.io crate radium 1.0.0
[INFO] tweaked toml for crates.io crate radium 1.0.0 written to /workspace/builds/worker-1-tc2/source/Cargo.toml
[INFO] crate crates.io crate radium 1.0.0 already has a lockfile, it will not be regenerated
[INFO] running `Command { std: CARGO_HOME="/workspace/cargo-home" RUSTUP_HOME="/workspace/rustup-home" "/workspace/cargo-home/bin/cargo" "+beta-2023-04-20" "fetch" "--manifest-path" "Cargo.toml", kill_on_drop: false }`
[INFO] running `Command { std: "docker" "create" "-v" "/var/lib/crater-agent-workspace/builds/worker-1-tc2/target:/opt/rustwide/target:rw,Z" "-v" "/var/lib/crater-agent-workspace/builds/worker-1-tc2/source:/opt/rustwide/workdir:ro,Z" "-v" "/var/lib/crater-agent-workspace/cargo-home:/opt/rustwide/cargo-home:ro,Z" "-v" "/var/lib/crater-agent-workspace/rustup-home:/opt/rustwide/rustup-home:ro,Z" "-e" "SOURCE_DIR=/opt/rustwide/workdir" "-e" "CARGO_TARGET_DIR=/opt/rustwide/target" "-e" "CARGO_HOME=/opt/rustwide/cargo-home" "-e" "RUSTUP_HOME=/opt/rustwide/rustup-home" "-w" "/opt/rustwide/workdir" "-m" "1610612736" "--user" "0:0" "--network" "none" "ghcr.io/rust-lang/crates-build-env/linux@sha256:5ff2268d62e97bff2cde7d5815dd6ed5b47097566f13b8d0ca110b04b60e07ed" "/opt/rustwide/cargo-home/bin/cargo" "+beta-2023-04-20" "metadata" "--no-deps" "--format-version=1", kill_on_drop: false }`
[INFO] [stdout] 52a632de5314c7afaae6eaa76f3d19dc3f96c531443718628aa8262a1b097ec1
[INFO] running `Command { std: "docker" "start" "-a" "52a632de5314c7afaae6eaa76f3d19dc3f96c531443718628aa8262a1b097ec1", kill_on_drop: false }`
[INFO] running `Command { std: "docker" "inspect" "52a632de5314c7afaae6eaa76f3d19dc3f96c531443718628aa8262a1b097ec1", kill_on_drop: false }`
[INFO] running `Command { std: "docker" "rm" "-f" "52a632de5314c7afaae6eaa76f3d19dc3f96c531443718628aa8262a1b097ec1", kill_on_drop: false }`
[INFO] [stdout] 52a632de5314c7afaae6eaa76f3d19dc3f96c531443718628aa8262a1b097ec1
[INFO] running `Command { std: "docker" "create" "-v" "/var/lib/crater-agent-workspace/builds/worker-1-tc2/target:/opt/rustwide/target:rw,Z" "-v" "/var/lib/crater-agent-workspace/builds/worker-1-tc2/source:/opt/rustwide/workdir:ro,Z" "-v" "/var/lib/crater-agent-workspace/cargo-home:/opt/rustwide/cargo-home:ro,Z" "-v" "/var/lib/crater-agent-workspace/rustup-home:/opt/rustwide/rustup-home:ro,Z" "-e" "SOURCE_DIR=/opt/rustwide/workdir" "-e" "CARGO_TARGET_DIR=/opt/rustwide/target" "-e" "CARGO_INCREMENTAL=0" "-e" "RUST_BACKTRACE=full" "-e" "RUSTFLAGS=--cap-lints=warn" "-e" "RUSTDOCFLAGS=--cap-lints=warn" "-e" "CARGO_HOME=/opt/rustwide/cargo-home" "-e" "RUSTUP_HOME=/opt/rustwide/rustup-home" "-w" "/opt/rustwide/workdir" "-m" "1610612736" "--user" "0:0" "--network" "none" "ghcr.io/rust-lang/crates-build-env/linux@sha256:5ff2268d62e97bff2cde7d5815dd6ed5b47097566f13b8d0ca110b04b60e07ed" "/opt/rustwide/cargo-home/bin/cargo" "+beta-2023-04-20" "build" "--frozen" "--message-format=json", kill_on_drop: false }`
[INFO] [stdout] 51833641b4d4803b0ed501edc7e0c7286d3951d1daf7146a1551e728761b0ae2
[INFO] running `Command { std: "docker" "start" "-a" "51833641b4d4803b0ed501edc7e0c7286d3951d1daf7146a1551e728761b0ae2", kill_on_drop: false }`
[INFO] [stderr]    Compiling radium v1.0.0 (/opt/rustwide/workdir)
[INFO] [stderr]     Finished dev [unoptimized + debuginfo] target(s) in 0.31s
[INFO] running `Command { std: "docker" "inspect" "51833641b4d4803b0ed501edc7e0c7286d3951d1daf7146a1551e728761b0ae2", kill_on_drop: false }`
[INFO] running `Command { std: "docker" "rm" "-f" "51833641b4d4803b0ed501edc7e0c7286d3951d1daf7146a1551e728761b0ae2", kill_on_drop: false }`
[INFO] [stdout] 51833641b4d4803b0ed501edc7e0c7286d3951d1daf7146a1551e728761b0ae2
[INFO] running `Command { std: "docker" "create" "-v" "/var/lib/crater-agent-workspace/builds/worker-1-tc2/target:/opt/rustwide/target:rw,Z" "-v" "/var/lib/crater-agent-workspace/builds/worker-1-tc2/source:/opt/rustwide/workdir:ro,Z" "-v" "/var/lib/crater-agent-workspace/cargo-home:/opt/rustwide/cargo-home:ro,Z" "-v" "/var/lib/crater-agent-workspace/rustup-home:/opt/rustwide/rustup-home:ro,Z" "-e" "SOURCE_DIR=/opt/rustwide/workdir" "-e" "CARGO_TARGET_DIR=/opt/rustwide/target" "-e" "CARGO_INCREMENTAL=0" "-e" "RUST_BACKTRACE=full" "-e" "RUSTFLAGS=--cap-lints=warn" "-e" "RUSTDOCFLAGS=--cap-lints=warn" "-e" "CARGO_HOME=/opt/rustwide/cargo-home" "-e" "RUSTUP_HOME=/opt/rustwide/rustup-home" "-w" "/opt/rustwide/workdir" "-m" "1610612736" "--user" "0:0" "--network" "none" "ghcr.io/rust-lang/crates-build-env/linux@sha256:5ff2268d62e97bff2cde7d5815dd6ed5b47097566f13b8d0ca110b04b60e07ed" "/opt/rustwide/cargo-home/bin/cargo" "+beta-2023-04-20" "test" "--frozen" "--no-run" "--message-format=json", kill_on_drop: false }`
[INFO] [stdout] f620f3dca3af388e38f87e3dabb8fb041dbb1e2396b2421391e96e03d56c9b7d
[INFO] running `Command { std: "docker" "start" "-a" "f620f3dca3af388e38f87e3dabb8fb041dbb1e2396b2421391e96e03d56c9b7d", kill_on_drop: false }`
[INFO] [stderr]    Compiling static_assertions v1.1.0
[INFO] [stderr]    Compiling radium v1.0.0 (/opt/rustwide/workdir)
[INFO] [stderr]     Finished test [unoptimized + debuginfo] target(s) in 0.54s
[INFO] running `Command { std: "docker" "inspect" "f620f3dca3af388e38f87e3dabb8fb041dbb1e2396b2421391e96e03d56c9b7d", kill_on_drop: false }`
[INFO] running `Command { std: "docker" "rm" "-f" "f620f3dca3af388e38f87e3dabb8fb041dbb1e2396b2421391e96e03d56c9b7d", kill_on_drop: false }`
[INFO] [stdout] f620f3dca3af388e38f87e3dabb8fb041dbb1e2396b2421391e96e03d56c9b7d
[INFO] running `Command { std: "docker" "create" "-v" "/var/lib/crater-agent-workspace/builds/worker-1-tc2/target:/opt/rustwide/target:rw,Z" "-v" "/var/lib/crater-agent-workspace/builds/worker-1-tc2/source:/opt/rustwide/workdir:ro,Z" "-v" "/var/lib/crater-agent-workspace/cargo-home:/opt/rustwide/cargo-home:ro,Z" "-v" "/var/lib/crater-agent-workspace/rustup-home:/opt/rustwide/rustup-home:ro,Z" "-e" "SOURCE_DIR=/opt/rustwide/workdir" "-e" "CARGO_TARGET_DIR=/opt/rustwide/target" "-e" "CARGO_INCREMENTAL=0" "-e" "RUST_BACKTRACE=full" "-e" "RUSTFLAGS=--cap-lints=warn" "-e" "RUSTDOCFLAGS=--cap-lints=warn" "-e" "CARGO_HOME=/opt/rustwide/cargo-home" "-e" "RUSTUP_HOME=/opt/rustwide/rustup-home" "-w" "/opt/rustwide/workdir" "-m" "1610612736" "--user" "0:0" "--network" "none" "ghcr.io/rust-lang/crates-build-env/linux@sha256:5ff2268d62e97bff2cde7d5815dd6ed5b47097566f13b8d0ca110b04b60e07ed" "/opt/rustwide/cargo-home/bin/cargo" "+beta-2023-04-20" "test" "--frozen", kill_on_drop: false }`
[INFO] [stdout] f4e08dca6110cabc4f20b8d390debaaf94e96a29cff6dc161b284fcb4950a170
[INFO] running `Command { std: "docker" "start" "-a" "f4e08dca6110cabc4f20b8d390debaaf94e96a29cff6dc161b284fcb4950a170", kill_on_drop: false }`
[INFO] [stderr]     Finished test [unoptimized + debuginfo] target(s) in 0.00s
[INFO] [stderr]      Running unittests src/lib.rs (/opt/rustwide/target/debug/deps/radium-c75c3f7f1937a12f)
[INFO] [stdout] 
[INFO] [stdout] running 9 tests
[INFO] [stdout] test tests::absent_traits ... ok
[INFO] [stdout] test tests::always_alias ... ok
[INFO] [stdout] test tests::always_cell ... ok
[INFO] [stdout] test tests::maybe_atom ... ok
[INFO] [stdout] test tests::present_traits ... ok
[INFO] [stdout] test types::tests::atom_impls ... ok
[INFO] [stdout] test types::tests::isotope_atomic ... ok
[INFO] [stdout] test types::tests::isotope_impls ... ok
[INFO] [stdout] test types::tests::radon_impls ... ok
[INFO] [stdout] 
[INFO] [stdout] test result: ok. 9 passed; 0 failed; 0 ignored; 0 measured; 0 filtered out; finished in 0.00s
[INFO] [stdout] 
[INFO] [stderr]    Doc-tests radium
[INFO] [stdout] 
[INFO] [stdout] running 2 tests
[INFO] [stdout] test src/types.rs - types (line 21) ... FAILED
[INFO] [stdout] test src/types.rs - types::Radon (line 131) ... ok
[INFO] [stdout] 
[INFO] [stdout] failures:
[INFO] [stdout] 
[INFO] [stdout] ---- src/types.rs - types (line 21) stdout ----
[INFO] [stdout] error[E0599]: no function or associated item named `new` found for struct `radium::Atom` in the current scope
[INFO] [stdout]  --> src/types.rs:25:15
[INFO] [stdout]   |
[INFO] [stdout] 7 | let a = Atom::new(0usize);
[INFO] [stdout]   |               ^^^ function or associated item not found in `Atom<_>`
[INFO] [stdout]   |
[INFO] [stdout]   = help: items from traits can only be used if the trait is in scope
[INFO] [stdout] help: the following trait is implemented but not in scope; perhaps add a `use` for it:
[INFO] [stdout]   |
[INFO] [stdout] 2 + use crate::radium::Radium;
[INFO] [stdout]   |
[INFO] [stdout] 
[INFO] [stdout] error[E0599]: no function or associated item named `new` found for struct `radium::Isotope` in the current scope
[INFO] [stdout]  --> src/types.rs:27:18
[INFO] [stdout]   |
[INFO] [stdout] 9 | let b = Isotope::new(1usize);
[INFO] [stdout]   |                  ^^^ function or associated item not found in `Isotope<_>`
[INFO] [stdout]   |
[INFO] [stdout]   = help: items from traits can only be used if the trait is in scope
[INFO] [stdout] help: the following trait is implemented but not in scope; perhaps add a `use` for it:
[INFO] [stdout]   |
[INFO] [stdout] 2 + use crate::radium::Radium;
[INFO] [stdout]   |
[INFO] [stdout] 
[INFO] [stdout] error[E0599]: no function or associated item named `new` found for struct `radium::Radon` in the current scope
[INFO] [stdout]   --> src/types.rs:29:16
[INFO] [stdout]    |
[INFO] [stdout] 11 | let c = Radon::new(2usize);
[INFO] [stdout]    |                ^^^ function or associated item not found in `Radon<_>`
[INFO] [stdout]    |
[INFO] [stdout]    = help: items from traits can only be used if the trait is in scope
[INFO] [stdout] help: the following trait is implemented but not in scope; perhaps add a `use` for it:
[INFO] [stdout]    |
[INFO] [stdout] 2  + use crate::radium::Radium;
[INFO] [stdout]    |
[INFO] [stdout] 
[INFO] [stdout] error: aborting due to 3 previous errors
[INFO] [stdout] 
[INFO] [stdout] For more information about this error, try `rustc --explain E0599`.
[INFO] [stdout] Couldn't compile the test.
[INFO] [stdout] 
[INFO] [stdout] failures:
[INFO] [stdout]     src/types.rs - types (line 21)
[INFO] [stdout] 
[INFO] [stdout] test result: FAILED. 1 passed; 1 failed; 0 ignored; 0 measured; 0 filtered out; finished in 0.13s
[INFO] [stdout] 
[INFO] [stderr] error: doctest failed, to rerun pass `--doc`
[INFO] running `Command { std: "docker" "inspect" "f4e08dca6110cabc4f20b8d390debaaf94e96a29cff6dc161b284fcb4950a170", kill_on_drop: false }`
[INFO] running `Command { std: "docker" "rm" "-f" "f4e08dca6110cabc4f20b8d390debaaf94e96a29cff6dc161b284fcb4950a170", kill_on_drop: false }`
[INFO] [stdout] f4e08dca6110cabc4f20b8d390debaaf94e96a29cff6dc161b284fcb4950a170
