[INFO] fetching crate r3bl_tui 0.3.3...
[INFO] testing r3bl_tui-0.3.3 against 1.69.0 for beta-1.70-1
[INFO] extracting crate r3bl_tui 0.3.3 into /workspace/builds/worker-6-tc1/source
[INFO] validating manifest of crates.io crate r3bl_tui 0.3.3 on toolchain 1.69.0
[INFO] running `Command { std: CARGO_HOME="/workspace/cargo-home" RUSTUP_HOME="/workspace/rustup-home" "/workspace/cargo-home/bin/cargo" "+1.69.0" "metadata" "--manifest-path" "Cargo.toml" "--no-deps", kill_on_drop: false }`
[INFO] removed /workspace/builds/worker-6-tc1/source/rust-toolchain.toml
[INFO] started tweaking crates.io crate r3bl_tui 0.3.3
[INFO] finished tweaking crates.io crate r3bl_tui 0.3.3
[INFO] tweaked toml for crates.io crate r3bl_tui 0.3.3 written to /workspace/builds/worker-6-tc1/source/Cargo.toml
[INFO] crate crates.io crate r3bl_tui 0.3.3 already has a lockfile, it will not be regenerated
[INFO] running `Command { std: CARGO_HOME="/workspace/cargo-home" RUSTUP_HOME="/workspace/rustup-home" "/workspace/cargo-home/bin/cargo" "+1.69.0" "fetch" "--manifest-path" "Cargo.toml", kill_on_drop: false }`
[INFO] [stderr]  Downloading crates ...
[INFO] [stderr]   Downloaded get-size v0.1.3
[INFO] [stderr]   Downloaded r3bl_redux v0.2.2
[INFO] [stderr]   Downloaded get-size-derive v0.1.2
[INFO] [stderr]   Downloaded ansi_colours v1.2.1
[INFO] [stderr]   Downloaded reedline v0.16.0
[INFO] [stderr]   Downloaded r3bl_rs_utils_macro v0.9.2
[INFO] [stderr]   Downloaded r3bl_rs_utils_core v0.9.2
[INFO] [stderr]   Downloaded crossterm v0.24.0
[INFO] [stderr]   Downloaded regex-syntax v0.7.0
[INFO] [stderr]   Downloaded regex v1.8.0
[INFO] running `Command { std: "docker" "create" "-v" "/var/lib/crater-agent-workspace/builds/worker-6-tc1/target:/opt/rustwide/target:rw,Z" "-v" "/var/lib/crater-agent-workspace/builds/worker-6-tc1/source:/opt/rustwide/workdir:ro,Z" "-v" "/var/lib/crater-agent-workspace/cargo-home:/opt/rustwide/cargo-home:ro,Z" "-v" "/var/lib/crater-agent-workspace/rustup-home:/opt/rustwide/rustup-home:ro,Z" "-e" "SOURCE_DIR=/opt/rustwide/workdir" "-e" "CARGO_TARGET_DIR=/opt/rustwide/target" "-e" "CARGO_HOME=/opt/rustwide/cargo-home" "-e" "RUSTUP_HOME=/opt/rustwide/rustup-home" "-w" "/opt/rustwide/workdir" "-m" "1610612736" "--user" "0:0" "--network" "none" "ghcr.io/rust-lang/crates-build-env/linux@sha256:5ff2268d62e97bff2cde7d5815dd6ed5b47097566f13b8d0ca110b04b60e07ed" "/opt/rustwide/cargo-home/bin/cargo" "+1.69.0" "metadata" "--no-deps" "--format-version=1", kill_on_drop: false }`
[INFO] [stdout] 535f2f39afde69efefc18f469491e3776fc27e5ce0010c49277010a71dbbc34e
[INFO] running `Command { std: "docker" "start" "-a" "535f2f39afde69efefc18f469491e3776fc27e5ce0010c49277010a71dbbc34e", kill_on_drop: false }`
[INFO] running `Command { std: "docker" "inspect" "535f2f39afde69efefc18f469491e3776fc27e5ce0010c49277010a71dbbc34e", kill_on_drop: false }`
[INFO] running `Command { std: "docker" "rm" "-f" "535f2f39afde69efefc18f469491e3776fc27e5ce0010c49277010a71dbbc34e", kill_on_drop: false }`
[INFO] [stdout] 535f2f39afde69efefc18f469491e3776fc27e5ce0010c49277010a71dbbc34e
[INFO] running `Command { std: "docker" "create" "-v" "/var/lib/crater-agent-workspace/builds/worker-6-tc1/target:/opt/rustwide/target:rw,Z" "-v" "/var/lib/crater-agent-workspace/builds/worker-6-tc1/source:/opt/rustwide/workdir:ro,Z" "-v" "/var/lib/crater-agent-workspace/cargo-home:/opt/rustwide/cargo-home:ro,Z" "-v" "/var/lib/crater-agent-workspace/rustup-home:/opt/rustwide/rustup-home:ro,Z" "-e" "SOURCE_DIR=/opt/rustwide/workdir" "-e" "CARGO_TARGET_DIR=/opt/rustwide/target" "-e" "CARGO_INCREMENTAL=0" "-e" "RUST_BACKTRACE=full" "-e" "RUSTFLAGS=--cap-lints=warn" "-e" "RUSTDOCFLAGS=--cap-lints=warn" "-e" "CARGO_HOME=/opt/rustwide/cargo-home" "-e" "RUSTUP_HOME=/opt/rustwide/rustup-home" "-w" "/opt/rustwide/workdir" "-m" "1610612736" "--user" "0:0" "--network" "none" "ghcr.io/rust-lang/crates-build-env/linux@sha256:5ff2268d62e97bff2cde7d5815dd6ed5b47097566f13b8d0ca110b04b60e07ed" "/opt/rustwide/cargo-home/bin/cargo" "+1.69.0" "build" "--frozen" "--message-format=json", kill_on_drop: false }`
[INFO] [stdout] 5f6ec540a293e66df785a4fcab3b9671198146c27ccb883353a3fb08c2e0f2fa
[INFO] running `Command { std: "docker" "start" "-a" "5f6ec540a293e66df785a4fcab3b9671198146c27ccb883353a3fb08c2e0f2fa", kill_on_drop: false }`
[INFO] [stderr]    Compiling libc v0.2.142
[INFO] [stderr]    Compiling autocfg v1.1.0
[INFO] [stderr]    Compiling proc-macro2 v1.0.56
[INFO] [stderr]    Compiling quote v1.0.26
[INFO] [stderr]    Compiling unicode-ident v1.0.8
[INFO] [stderr]    Compiling cfg-if v1.0.0
[INFO] [stderr]    Compiling log v0.4.17
[INFO] [stderr]    Compiling futures-core v0.3.28
[INFO] [stderr]    Compiling pin-project-lite v0.2.9
[INFO] [stderr]    Compiling pkg-config v0.3.26
[INFO] [stderr]    Compiling cc v1.0.79
[INFO] [stderr]    Compiling once_cell v1.17.1
[INFO] [stderr]    Compiling itoa v1.0.6
[INFO] [stderr]    Compiling parking_lot_core v0.9.7
[INFO] [stderr]    Compiling scopeguard v1.1.0
[INFO] [stderr]    Compiling futures-task v0.3.28
[INFO] [stderr]    Compiling serde_derive v1.0.160
[INFO] [stderr]    Compiling smallvec v1.10.0
[INFO] [stderr]    Compiling serde v1.0.160
[INFO] [stderr]    Compiling bytes v1.4.0
[INFO] [stderr]    Compiling memchr v2.5.0
[INFO] [stderr]    Compiling futures-sink v0.3.28
[INFO] [stderr]    Compiling pin-utils v0.1.0
[INFO] [stderr]    Compiling bitflags v1.3.2
[INFO] [stderr]    Compiling fnv v1.0.7
[INFO] [stderr]    Compiling hashbrown v0.12.3
[INFO] [stderr]    Compiling tracing-core v0.1.30
[INFO] [stderr]    Compiling lock_api v0.4.9
[INFO] [stderr]    Compiling slab v0.4.8
[INFO] [stderr]    Compiling tokio v1.27.0
[INFO] [stderr]    Compiling indexmap v1.9.3
[INFO] [stderr]    Compiling syn v1.0.109
[INFO] [stderr]    Compiling foreign-types-shared v0.1.1
[INFO] [stderr]    Compiling openssl v0.10.51
[INFO] [stderr]    Compiling httparse v1.8.0
[INFO] [stderr]    Compiling foreign-types v0.3.2
[INFO] [stderr]    Compiling try-lock v0.2.4
[INFO] [stderr]    Compiling http v0.2.9
[INFO] [stderr]    Compiling futures-channel v0.3.28
[INFO] [stderr]    Compiling native-tls v0.2.11
[INFO] [stderr]    Compiling tracing v0.1.37
[INFO] [stderr]    Compiling ppv-lite86 v0.2.17
[INFO] [stderr]    Compiling want v0.3.0
[INFO] [stderr]    Compiling httpdate v1.0.2
[INFO] [stderr]    Compiling tinyvec_macros v0.1.1
[INFO] [stderr]    Compiling openssl-probe v0.1.5
[INFO] [stderr]    Compiling syn v2.0.15
[INFO] [stderr]    Compiling tower-service v0.3.2
[INFO] [stderr]    Compiling futures-util v0.3.28
[INFO] [stderr]    Compiling tinyvec v1.6.0
[INFO] [stderr]    Compiling num-integer v0.1.45
[INFO] [stderr]    Compiling ryu v1.0.13
[INFO] [stderr]    Compiling futures-io v0.3.28
[INFO] [stderr]    Compiling time-core v0.1.0
[INFO] [stderr]    Compiling openssl-sys v0.9.86
[INFO] [stderr]    Compiling percent-encoding v2.2.0
[INFO] [stderr]    Compiling serde_json v1.0.96
[INFO] [stderr]    Compiling time-macros v0.2.8
[INFO] [stderr]    Compiling form_urlencoded v1.1.0
[INFO] [stderr]    Compiling onig_sys v69.8.1
[INFO] [stderr]    Compiling num-traits v0.2.15
[INFO] [stderr]    Compiling base64 v0.21.0
[INFO] [stderr]    Compiling crc32fast v1.3.2
[INFO] [stderr]    Compiling http-body v0.4.5
[INFO] [stderr]    Compiling num_threads v0.1.6
[INFO] [stderr]    Compiling signal-hook v0.3.15
[INFO] [stderr]    Compiling signal-hook-registry v1.4.1
[INFO] [stderr]    Compiling mio v0.8.6
[INFO] [stderr]    Compiling socket2 v0.4.9
[INFO] [stderr]    Compiling num_cpus v1.15.0
[INFO] [stderr]    Compiling getrandom v0.2.9
[INFO] [stderr]    Compiling io-lifetimes v1.0.10
[INFO] [stderr]    Compiling unicode-bidi v0.3.13
[INFO] [stderr]    Compiling parking_lot v0.12.1
[INFO] [stderr]    Compiling rand_core v0.6.4
[INFO] [stderr]    Compiling unicode-normalization v0.1.22
[INFO] [stderr]    Compiling rand_chacha v0.3.1
[INFO] [stderr]    Compiling safemem v0.3.3
[INFO] [stderr]    Compiling adler v1.0.2
[INFO] [stderr]    Compiling rustix v0.37.13
[INFO] [stderr]    Compiling thiserror v1.0.40
[INFO] [stderr]    Compiling line-wrap v0.1.1
[INFO] [stderr]    Compiling miniz_oxide v0.6.2
[INFO] [stderr]    Compiling rand v0.8.5
[INFO] [stderr]    Compiling idna v0.3.0
[INFO] [stderr]    Compiling time v0.1.45
[INFO] [stderr]    Compiling quick-xml v0.28.2
[INFO] [stderr]    Compiling url v2.3.1
[INFO] [stderr]    Compiling encoding_rs v0.8.32
[INFO] [stderr]    Compiling linked-hash-map v0.5.6
[INFO] [stderr]    Compiling iana-time-zone v0.1.56
[INFO] [stderr]    Compiling bytemuck v1.13.1
[INFO] [stderr]    Compiling time v0.3.20
[INFO] [stderr]    Compiling same-file v1.0.6
[INFO] [stderr]    Compiling async-trait v0.1.68
[INFO] [stderr]    Compiling linux-raw-sys v0.3.3
[INFO] [stderr]    Compiling ipnet v2.7.2
[INFO] [stderr]    Compiling mime v0.3.17
[INFO] [stderr]    Compiling paste v1.0.12
[INFO] [stderr]    Compiling walkdir v2.3.3
[INFO] [stderr]    Compiling yaml-rust v0.4.5
[INFO] [stderr]    Compiling rgb v0.8.36
[INFO] [stderr]    Compiling signal-hook-mio v0.2.3
[INFO] [stderr]    Compiling flate2 v1.0.25
[INFO] [stderr]    Compiling yansi v0.5.1
[INFO] [stderr]    Compiling termcolor v1.1.3
[INFO] [stderr]    Compiling lazy_static v1.4.0
[INFO] [stderr]    Compiling regex-syntax v0.6.29
[INFO] [stderr]    Compiling diff v0.1.13
[INFO] [stderr]    Compiling siphasher v0.3.10
[INFO] [stderr]    Compiling minimal-lexical v0.2.1
[INFO] [stderr]    Compiling phf_shared v0.11.1
[INFO] [stderr]    Compiling pretty_assertions v1.3.0
[INFO] [stderr]    Compiling crossterm v0.26.1
[INFO] [stderr]    Compiling ansi_colours v1.2.1
[INFO] [stderr]    Compiling nom v7.1.3
[INFO] [stderr]    Compiling unicode-width v0.1.10
[INFO] [stderr]    Compiling unicode-segmentation v1.10.1
[INFO] [stderr]    Compiling ansi_term v0.12.1
[INFO] [stderr]    Compiling phf_generator v0.11.1
[INFO] [stderr]    Compiling rustversion v1.0.12
[INFO] [stderr]    Compiling simplelog v0.12.1
[INFO] [stderr]    Compiling chrono v0.4.24
[INFO] [stderr]    Compiling palette v0.6.1
[INFO] [stderr]    Compiling approx v0.5.1
[INFO] [stderr]    Compiling heck v0.4.1
[INFO] [stderr]    Compiling is-terminal v0.4.7
[INFO] [stderr]    Compiling concolor-query v0.3.3
[INFO] [stderr]    Compiling strum v0.24.1
[INFO] [stderr]    Compiling onig v6.4.0
[INFO] [stderr]    Compiling futures-macro v0.3.28
[INFO] [stderr]    Compiling tokio-macros v2.0.0
[INFO] [stderr]    Compiling openssl-macros v0.1.1
[INFO] [stderr]    Compiling thiserror-impl v1.0.40
[INFO] [stderr]    Compiling get-size-derive v0.1.2
[INFO] [stderr]    Compiling phf_macros v0.11.1
[INFO] [stderr]    Compiling strum_macros v0.24.3
[INFO] [stderr]    Compiling get-size v0.1.3
[INFO] [stderr]    Compiling phf v0.11.1
[INFO] [stderr]    Compiling futures-executor v0.3.28
[INFO] [stderr]    Compiling futures v0.3.28
[INFO] [stderr]    Compiling tokio-util v0.7.7
[INFO] [stderr]    Compiling tokio-native-tls v0.3.1
[INFO] [stderr]    Compiling h2 v0.3.18
[INFO] [stderr]    Compiling serde_urlencoded v0.7.1
[INFO] [stderr]    Compiling bincode v1.3.3
[INFO] [stderr]    Compiling plist v1.4.3
[INFO] [stderr]    Compiling toml v0.5.11
[INFO] [stderr]    Compiling syntect v5.0.0
[INFO] [stderr]    Compiling find-crate v0.6.3
[INFO] [stderr]    Compiling palette_derive v0.6.1
[INFO] [stderr]    Compiling hyper v0.14.26
[INFO] [stderr]    Compiling hyper-tls v0.5.0
[INFO] [stderr]    Compiling reqwest v0.11.16
[INFO] [stderr]    Compiling r3bl_rs_utils_core v0.9.2
[INFO] [stderr]    Compiling r3bl_rs_utils_macro v0.9.2
[INFO] [stderr]    Compiling r3bl_redux v0.2.2
[INFO] [stderr]    Compiling r3bl_tui v0.3.3 (/opt/rustwide/workdir)
[INFO] [stderr]     Finished dev [unoptimized + debuginfo] target(s) in 26.96s
[INFO] running `Command { std: "docker" "inspect" "5f6ec540a293e66df785a4fcab3b9671198146c27ccb883353a3fb08c2e0f2fa", kill_on_drop: false }`
[INFO] running `Command { std: "docker" "rm" "-f" "5f6ec540a293e66df785a4fcab3b9671198146c27ccb883353a3fb08c2e0f2fa", kill_on_drop: false }`
[INFO] [stdout] 5f6ec540a293e66df785a4fcab3b9671198146c27ccb883353a3fb08c2e0f2fa
[INFO] running `Command { std: "docker" "create" "-v" "/var/lib/crater-agent-workspace/builds/worker-6-tc1/target:/opt/rustwide/target:rw,Z" "-v" "/var/lib/crater-agent-workspace/builds/worker-6-tc1/source:/opt/rustwide/workdir:ro,Z" "-v" "/var/lib/crater-agent-workspace/cargo-home:/opt/rustwide/cargo-home:ro,Z" "-v" "/var/lib/crater-agent-workspace/rustup-home:/opt/rustwide/rustup-home:ro,Z" "-e" "SOURCE_DIR=/opt/rustwide/workdir" "-e" "CARGO_TARGET_DIR=/opt/rustwide/target" "-e" "CARGO_INCREMENTAL=0" "-e" "RUST_BACKTRACE=full" "-e" "RUSTFLAGS=--cap-lints=warn" "-e" "RUSTDOCFLAGS=--cap-lints=warn" "-e" "CARGO_HOME=/opt/rustwide/cargo-home" "-e" "RUSTUP_HOME=/opt/rustwide/rustup-home" "-w" "/opt/rustwide/workdir" "-m" "1610612736" "--user" "0:0" "--network" "none" "ghcr.io/rust-lang/crates-build-env/linux@sha256:5ff2268d62e97bff2cde7d5815dd6ed5b47097566f13b8d0ca110b04b60e07ed" "/opt/rustwide/cargo-home/bin/cargo" "+1.69.0" "test" "--frozen" "--no-run" "--message-format=json", kill_on_drop: false }`
[INFO] [stdout] 51aa46acca020d684325843352c940f04cd68a3f6b6981c723df86fdc993895d
[INFO] running `Command { std: "docker" "start" "-a" "51aa46acca020d684325843352c940f04cd68a3f6b6981c723df86fdc993895d", kill_on_drop: false }`
[INFO] [stderr]    Compiling version_check v0.9.4
[INFO] [stderr]    Compiling rustix v0.37.13
[INFO] [stderr]    Compiling aho-corasick v1.0.1
[INFO] [stderr]    Compiling regex-syntax v0.7.0
[INFO] [stderr]    Compiling vte_generate_state_changes v0.1.1
[INFO] [stderr]    Compiling arrayvec v0.5.2
[INFO] [stderr]    Compiling utf8parse v0.2.1
[INFO] [stderr]    Compiling either v1.8.1
[INFO] [stderr]    Compiling overload v0.1.1
[INFO] [stderr]    Compiling crossterm v0.24.0
[INFO] [stderr]    Compiling smawk v0.3.1
[INFO] [stderr]    Compiling nu-ansi-term v0.46.0
[INFO] [stderr]    Compiling itertools v0.10.5
[INFO] [stderr]    Compiling ahash v0.7.6
[INFO] [stderr]    Compiling vte v0.10.1
[INFO] [stderr]    Compiling hashbrown v0.12.3
[INFO] [stderr]    Compiling indexmap v1.9.3
[INFO] [stderr]    Compiling is-terminal v0.4.7
[INFO] [stderr]    Compiling strip-ansi-escapes v0.1.1
[INFO] [stderr]    Compiling h2 v0.3.18
[INFO] [stderr]    Compiling plist v1.4.3
[INFO] [stderr]    Compiling regex v1.8.0
[INFO] [stderr]    Compiling syntect v5.0.0
[INFO] [stderr]    Compiling fd-lock v3.0.12
[INFO] [stderr]    Compiling r3bl_rs_utils_core v0.9.2
[INFO] [stderr]    Compiling reedline v0.16.0
[INFO] [stderr]    Compiling unicode-linebreak v0.1.4
[INFO] [stderr]    Compiling hyper v0.14.26
[INFO] [stderr]    Compiling textwrap v0.16.0
[INFO] [stderr]    Compiling hyper-tls v0.5.0
[INFO] [stderr]    Compiling reqwest v0.11.16
[INFO] [stderr]    Compiling r3bl_rs_utils_macro v0.9.2
[INFO] [stderr]    Compiling r3bl_redux v0.2.2
[INFO] [stderr]    Compiling r3bl_tui v0.3.3 (/opt/rustwide/workdir)
[INFO] [stderr]     Finished test [unoptimized + debuginfo] target(s) in 24.47s
[INFO] running `Command { std: "docker" "inspect" "51aa46acca020d684325843352c940f04cd68a3f6b6981c723df86fdc993895d", kill_on_drop: false }`
[INFO] running `Command { std: "docker" "rm" "-f" "51aa46acca020d684325843352c940f04cd68a3f6b6981c723df86fdc993895d", kill_on_drop: false }`
[INFO] [stdout] 51aa46acca020d684325843352c940f04cd68a3f6b6981c723df86fdc993895d
[INFO] running `Command { std: "docker" "create" "-v" "/var/lib/crater-agent-workspace/builds/worker-6-tc1/target:/opt/rustwide/target:rw,Z" "-v" "/var/lib/crater-agent-workspace/builds/worker-6-tc1/source:/opt/rustwide/workdir:ro,Z" "-v" "/var/lib/crater-agent-workspace/cargo-home:/opt/rustwide/cargo-home:ro,Z" "-v" "/var/lib/crater-agent-workspace/rustup-home:/opt/rustwide/rustup-home:ro,Z" "-e" "SOURCE_DIR=/opt/rustwide/workdir" "-e" "CARGO_TARGET_DIR=/opt/rustwide/target" "-e" "CARGO_INCREMENTAL=0" "-e" "RUST_BACKTRACE=full" "-e" "RUSTFLAGS=--cap-lints=warn" "-e" "RUSTDOCFLAGS=--cap-lints=warn" "-e" "CARGO_HOME=/opt/rustwide/cargo-home" "-e" "RUSTUP_HOME=/opt/rustwide/rustup-home" "-w" "/opt/rustwide/workdir" "-m" "1610612736" "--user" "0:0" "--network" "none" "ghcr.io/rust-lang/crates-build-env/linux@sha256:5ff2268d62e97bff2cde7d5815dd6ed5b47097566f13b8d0ca110b04b60e07ed" "/opt/rustwide/cargo-home/bin/cargo" "+1.69.0" "test" "--frozen", kill_on_drop: false }`
[INFO] [stdout] a19064bf7e27b96722b7ca3551a6677b54287de0cabc62f4c65fd1beee71dbf5
[INFO] running `Command { std: "docker" "start" "-a" "a19064bf7e27b96722b7ca3551a6677b54287de0cabc62f4c65fd1beee71dbf5", kill_on_drop: false }`
[INFO] [stderr]     Finished test [unoptimized + debuginfo] target(s) in 0.16s
[INFO] [stderr]      Running unittests src/lib.rs (/opt/rustwide/target/debug/deps/r3bl_tui-15ab6f5d93e12284)
[INFO] [stdout] 
[INFO] [stdout] running 168 tests
[INFO] [stdout] test tui::color_wheel::detect_color_support::test_override ... ok
[INFO] [stdout] test tui::color_wheel::detect_color_support::test_color_support ... ok
[INFO] [stdout] test tui::color_wheel::ansi_256_color_gradients::ansi_256_gradients_test::test ... ok
[INFO] [stdout] test tui::color_wheel::styled_text::tests::clip_styled_texts::list_1_range_0_3 ... ok
[INFO] [stdout] test tui::color_wheel::styled_text::tests::clip_styled_texts::list_1_range_0_5 ... ok
[INFO] [stdout] test tui::color_wheel::color_wheel_impl::tests_color_wheel_rgb::test_things_that_change_global_color_support_override ... ok
[INFO] [stdout] test tui::color_wheel::styled_text::tests::clip_styled_texts::list_1_range_2_5 ... ok
[INFO] [stdout] test tui::color_wheel::styled_text::tests::test_create_styled_text_with_dsl ... ok
[INFO] [stdout] test tui::color_wheel::styled_text::tests::syntect_conversion ... ok
[INFO] [stdout] test tui::color_wheel::styled_text::tests::clip_styled_texts::list_1_range_2_8 ... ok
[INFO] [stdout] test tui::dialog::dialog_component::dialog_event::test_dialog_event::dialog_event_handles_enter ... ok
[INFO] [stdout] test tui::dialog::dialog_component::dialog_event::test_dialog_event::dialog_event_handles_esc ... ok
[INFO] [stdout] test tui::dialog::dialog_component::dialog_event::test_dialog_event::dialog_event_handles_modal_keypress ... ok
[INFO] [stdout] test tui::dialog::dialog_engine::dialog_engine_api::test_dialog_api_make_flex_box_for_dialog::make_flex_box_for_dialog_autocomplete_display_size_too_small ... ok
[INFO] [stdout] test tui::dialog::dialog_engine::dialog_engine_api::test_dialog_api_make_flex_box_for_dialog::make_flex_box_for_dialog_autocomplete ... ok
[INFO] [stdout] test tui::color_wheel::styled_text::tests::test_styled_text_renders_correctly ... ok
[INFO] [stdout] test tui::dialog::dialog_engine::dialog_engine_api::test_dialog_api_make_flex_box_for_dialog::make_flex_box_for_dialog_simple ... ok
[INFO] [stdout] test tui::dialog::dialog_engine::dialog_engine_api::test_dialog_api_make_flex_box_for_dialog::make_flex_box_for_dialog_simple_display_size_too_small ... ok
[INFO] [stdout] test tui::color_wheel::styled_text::tests::clip_styled_texts::list_3 ... ok
[INFO] [stdout] test tui::color_wheel::styled_text::tests::clip_styled_texts::list_2 ... ok
[INFO] [stdout] test tui::editor::test_editor::test_editor_ops::editor_empty_state ... ok
[INFO] [stdout] test tui::editor::test_editor::test_config_options::test_multiline_false ... ok
[INFO] [stdout] test tui::editor::test_editor::test_editor_ops::editor_move_caret_up_down ... ok
[INFO] [stdout] test tui::editor::test_editor::test_editor_ops::editor_move_caret_left_right ... ok
[INFO] [stdout] test tui::editor::test_editor::test_editor_ops::editor_backspace ... ok
[INFO] [stdout] test tui::editor::test_editor::test_editor_ops::editor_scroll_horizontal ... ok
[INFO] [stdout] test tui::editor::test_editor::test_editor_ops::editor_move_caret_home_end ... ok
[INFO] [stdout] test tui::layout::test_surface_2_col_simple::tests::test_surface_2_col_simple ... ok
[INFO] [stdout] test tui::md_parser::block::parse_block_code::tests::test_convert_from_code_block_into_lines ... ok
[INFO] [stdout] test tui::md_parser::block::parse_block_code::tests::test_parse_codeblock ... ok
[INFO] [stdout] test tui::layout::test_surface_2_col_complex::tests::test_surface_2_col_complex ... ok
[INFO] [stdout] test tui::md_parser::block::parse_block_code::tests::test_parse_codeblock_no_language ... ok
[INFO] [stdout] test tui::md_parser::block::parse_block_code::tests::test_parse_codeblock_split_by_eol ... ok
[INFO] [stdout] test tui::md_parser::block::parse_block_code::tests::test_parse_codeblock_trailing_extra ... ok
[INFO] [stdout] test tui::md_parser::block::parse_block_heading::tests::test_parse_header_tag ... ok
[INFO] [stdout] test tui::md_parser::block::parse_block_heading::tests::test_parse_header ... ok
[INFO] [stdout] test tui::md_parser::block::parse_block_heading::tests::test_parse_header_with_newline ... ok
[INFO] [stdout] test tui::md_parser::block::parse_block_heading::tests::test_parse_header_with_no_newline ... ok
[INFO] [stdout] test tui::md_parser::block::parse_block_markdown_text_until_eol::test::test_parse_block_markdown_text_no_eol ... ok
[INFO] [stdout] test tui::md_parser::block::parse_block_smart_list::tests_bullet_kinds::test_bullet_kinds ... ok
[INFO] [stdout] test tui::md_parser::block::parse_block_smart_list::tests_list_item_lines::test_one_line ... ok
[INFO] [stdout] test tui::md_parser::block::parse_block_markdown_text_until_eol::test::test_parse_block_markdown_text_with_eol ... ok
[INFO] [stdout] test tui::editor::test_editor::test_editor_ops::editor_insertion ... ok
[INFO] [stdout] test tui::md_parser::block::parse_block_smart_list::tests_list_item_lines::test_one_line_trailing_newline ... ok
[INFO] [stdout] test tui::md_parser::block::parse_block_smart_list::tests_list_item_lines::test_three_lines_last_is_empty ... ok
[INFO] [stdout] test tui::md_parser::block::parse_block_smart_list::tests_list_item_lines::test_two_lines ... ok
[INFO] [stdout] test tui::md_parser::block::parse_block_smart_list::tests_list_item_lines::test_three_lines ... ok
[INFO] [stdout] test tui::editor::test_editor::test_config_options::test_multiline_true ... ok
[INFO] [stdout] test tui::editor::test_editor::test_editor_ops::editor_move_caret_page_up_page_down ... ok
[INFO] [stdout] test tui::md_parser::block::parse_block_smart_list::tests_parse_block_smart_list::test_valid_ul_list_1 ... ok
[INFO] [stdout] test tui::md_parser::block::parse_block_smart_list::tests_parse_block_smart_list::test_parse_block_smart_list_with_checkbox ... ok
[INFO] [stdout] test tui::md_parser::block::parse_block_smart_list::tests_list_item_lines::test_two_lines_last_is_empty ... ok
[INFO] [stdout] test tui::md_parser::block::parse_block_smart_list::tests_parse_block_smart_list::test_valid_ol_list_1 ... ok
[INFO] [stdout] test tui::md_parser::block::parse_block_smart_list::tests_parse_indents::test_indent ... ok
[INFO] [stdout] test tui::md_parser::block::parse_block_smart_list::tests_parse_list_item::test_invalid_ol_list ... ok
[INFO] [stdout] test tui::md_parser::block::parse_block_smart_list::tests_parse_block_smart_list::test_with_unicode ... ok
[INFO] [stdout] test tui::md_parser::block::parse_block_smart_list::tests_parse_list_item::test_valid_ol_list ... ok
[INFO] [stdout] test tui::md_parser::block::parse_block_smart_list::tests_parse_list_item::test_valid_ul_list ... ok
[INFO] [stdout] test tui::md_parser::block::parse_block_smart_list::tests_parse_smart_lists_in_markdown::test_parse_valid_md_multiline_no_indent ... ok
[INFO] [stdout] test tui::md_parser::block::parse_block_smart_list::tests_parse_block_smart_list::test_valid_ul_list_2 ... ok
[INFO] [stdout] test tui::md_parser::block::parse_block_smart_list::tests_parse_list_item::test_invalid_ul_list ... ok
[INFO] [stdout] test tui::md_parser::block::parse_block_smart_list::tests_parse_smart_lists_in_markdown::test_parse_valid_md_no_indent ... ok
[INFO] [stdout] test tui::editor::test_editor::test_editor_ops::editor_insert_new_line ... ok
[INFO] [stdout] test tui::md_parser::convert_to_plain_text::to_plain_text_tests::test_fragment_to_plain_text ... ok
[INFO] [stdout] test tui::md_parser::block::parse_block_smart_list::tests_parse_block_smart_list::test_valid_ol_list_2 ... ok
[INFO] [stdout] test tui::md_parser::block::parse_block_smart_list::tests_parse_smart_lists_in_markdown::test_parse_valid_md_ul_with_indent ... ok
[INFO] [stdout] test tui::md_parser::block::parse_block_smart_list::tests_parse_smart_lists_in_markdown::test_parse_valid_md_ol_with_indent ... ok
[INFO] [stdout] test tui::md_parser::convert_to_plain_text::to_plain_text_tests::test_level_to_plain_text ... ok
[INFO] [stdout] test tui::md_parser::parse_element::tests_parse_element::test_parse_element_checkbox_into_str ... ok
[INFO] [stdout] test tui::md_parser::parse_element::tests_parse_element::test_parse_element_bold ... ok
[INFO] [stdout] test tui::md_parser::parse_element::tests_parse_element::test_parse_element_code ... ok
[INFO] [stdout] test tui::editor::test_editor::test_editor_ops::editor_delete ... ok
[INFO] [stdout] test tui::md_parser::parse_element::tests_parse_element::test_parse_element_bold_italic ... ok
[INFO] [stdout] test tui::md_parser::parse_element::tests_parse_element::test_parse_element_checkbox_into_bool ... ok
[INFO] [stdout] test tui::md_parser::parse_element::tests_parse_element::test_parse_element_plaintext_unicode ... ok
[INFO] [stdout] test tui::md_parser::parse_element::tests_parse_element::test_parse_element_image ... ok
[INFO] [stdout] test tui::editor::test_editor::test_editor_ops::editor_validate_caret_position_on_down ... ok
[INFO] [stdout] test tui::md_parser::parse_element::tests_parse_element::test_parse_element_italic ... ok
[INFO] [stdout] test tui::md_parser::parse_element::tests_parse_element::test_parse_element_link ... ok
[INFO] [stdout] test tui::md_parser::parse_metadata_kcsv::test_parse_tags_opt_eol::test_not_quoted_no_eol_err_whitespace ... ok
[INFO] [stdout] test tui::md_parser::parse_metadata_kcsv::test_parse_tags_opt_eol::test_not_quoted_with_eol ... ok
[INFO] [stdout] test tui::md_parser::parse_metadata_kcsv::test_parse_tags_opt_eol::test_not_quoted_no_eol ... ok
[INFO] [stdout] test tui::md_parser::parse_element::tests_parse_element::test_parse_element_markdown_inline ... ok
[INFO] [stdout] test tui::md_parser::parse_element::tests_parse_element::test_parse_element_plaintext ... ok
[INFO] [stdout] test tui::md_parser::parse_metadata_kcsv::test_parse_tags_opt_eol::test_not_quoted_with_eol_whitespace ... ok
[INFO] [stdout] test tui::md_parser::parse_metadata_kv::test_parse_title_no_eol::test_no_quoted_with_eol_title_with_postfix_content_2 ... ok
[INFO] [stdout] test tui::md_parser::parse_metadata_kv::test_parse_title_no_eol::test_no_quoted_with_eol_title_with_postfix_content_3 ... ok
[INFO] [stdout] test tui::md_parser::parse_metadata_kv::test_parse_title_no_eol::test_no_quoted_with_eol_title_with_postfix_content_1 ... ok
[INFO] [stdout] test tui::md_parser::parse_metadata_kcsv::test_parse_tags_opt_eol::test_not_quoted_with_postfix_content_1 ... ok
[INFO] [stdout] test tui::md_parser::parse_metadata_kv::test_parse_title_no_eol::test_no_quoted_no_eol_nested_title ... ok
[INFO] [stdout] test tui::md_parser::parse_metadata_kv::test_parse_title_no_eol::test_not_quoted_no_eol ... ok
[INFO] [stdout] test tui::md_parser::parse_metadata_kv::test_parse_title_no_eol::test_not_quoted_with_eol ... ok
[INFO] [stdout] test tui::md_parser::parser::tests::test_markdown_invalid ... ok
[INFO] [stdout] test tui::syntax_highlighting::md_parser_syn_hi::md_parser_syn_hi_impl::tests_style_us_span_lines_from::from_block::test_block_codeblock ... ok
[INFO] [stdout] test tui::syntax_highlighting::md_parser_syn_hi::md_parser_syn_hi_impl::tests_style_us_span_lines_from::from_block::test_block_text ... ok
[INFO] [stdout] test tui::syntax_highlighting::md_parser_syn_hi::md_parser_syn_hi_impl::tests_style_us_span_lines_from::from_block::test_block_metadata_tags ... ok
[INFO] [stdout] test tui::syntax_highlighting::md_parser_syn_hi::md_parser_syn_hi_impl::tests_style_us_span_lines_from::from_block::test_block_heading ... ok
[INFO] [stdout] test tui::syntax_highlighting::md_parser_syn_hi::md_parser_syn_hi_impl::tests_style_us_span_lines_from::from_fragment::test_bold_italic ... ok
[INFO] [stdout] test tui::syntax_highlighting::md_parser_syn_hi::md_parser_syn_hi_impl::tests_style_us_span_lines_from::from_fragment::test_bold ... ok
[INFO] [stdout] test tui::syntax_highlighting::md_parser_syn_hi::md_parser_syn_hi_impl::tests_style_us_span_lines_from::from_block::test_block_metadata_title ... ok
[INFO] [stdout] test tui::syntax_highlighting::md_parser_syn_hi::md_parser_syn_hi_impl::tests_style_us_span_lines_from::from_block::test_block_ul ... ok
[INFO] [stdout] test tui::syntax_highlighting::md_parser_syn_hi::md_parser_syn_hi_impl::tests_style_us_span_lines_from::from_fragment::test_checkbox_checked ... ok
[INFO] [stdout] test tui::md_parser::parser::tests::test_parse_markdown_valid ... ok
[INFO] [stdout] test tui::syntax_highlighting::md_parser_syn_hi::md_parser_syn_hi_impl::tests_style_us_span_lines_from::from_fragment::test_italic ... ok
[INFO] [stdout] test tui::syntax_highlighting::md_parser_syn_hi::md_parser_syn_hi_impl::tests_style_us_span_lines_from::from_fragment::test_checkbox_unchecked ... ok
[INFO] [stdout] test tui::syntax_highlighting::md_parser_syn_hi::md_parser_syn_hi_impl::tests_style_us_span_lines_from::from_fragment::test_plain ... ok
[INFO] [stdout] test tui::syntax_highlighting::md_parser_syn_hi::md_parser_syn_hi_impl::tests_style_us_span_lines_from::from_fragment::test_inline_code ... ok
[INFO] [stdout] test tui::syntax_highlighting::md_parser_syn_hi::md_parser_syn_hi_impl::tests_try_parse_and_highlight::from_vec_us ... ok
[INFO] [stdout] test tui::editor::test_editor::test_editor_ops::editor_scroll_vertical ... ok
[INFO] [stdout] test tui::syntax_highlighting::md_parser_syn_hi::md_parser_syn_hi_impl::tests_style_us_span_lines_from::from_block::test_block_ol ... ok
[INFO] [stdout] test tui::syntax_highlighting::pattern_matcher::tests::matches_start ... ok
[INFO] [stdout] test tui::syntax_highlighting::pattern_matcher::tests::matches_end ... ok
[INFO] [stdout] test tui::syntax_highlighting::pattern_matcher::tests::test_with_emoji ... ok
[INFO] [stdout] test tui::syntax_highlighting::pattern_matcher::tests::matches_first_occurrence ... ok
[INFO] [stdout] test tui::syntax_highlighting::pattern_matcher::tests::matches_occurrence_after_scroll_offset ... ok
[INFO] [stdout] test tui::terminal_lib_backends::modifier_keys_mask::test_bitflags::bitflags_test ... ok
[INFO] [stdout] test tui::terminal_lib_backends::offscreen_buffer::tests::test_offscreen_buffer_construction ... ok
[INFO] [stdout] test tui::terminal_lib_backends::offscreen_buffer::tests::test_offscreen_buffer_re_init ... ok
[INFO] [stdout] test tui::terminal_lib_backends::crossterm_backend::offscreen_buffer_paint_impl::tests::test_render_plain_text ... ok
[INFO] [stdout] test tui::editor::test_editor::test_editor_ops::editor_validate_caret_position_on_up ... ok
[INFO] [stdout] test tui::terminal_lib_backends::test_input_event::tests::test_copy_code_from_key_event ... ok
[INFO] [stdout] test tui::terminal_lib_backends::render_pipeline_to_offscreen_buffer::tests::test_print_plain_text_render_path_new_buffer_for_each_paint ... ok
[INFO] [stdout] test tui::terminal_lib_backends::render_pipeline_to_offscreen_buffer::tests::test_convert_non_zero_position ... ok
[INFO] [stdout] test tui::terminal_lib_backends::test_input_event::tests::test_convert_keyevent_into_input_event ... ok
[INFO] [stdout] test tui::terminal_lib_backends::test_input_event::tests::test_copy_modifiers_from_key_event ... ok
[INFO] [stdout] test tui::terminal_lib_backends::render_pipeline_to_offscreen_buffer::tests::test_convert ... ok
[INFO] [stdout] test tui::terminal_lib_backends::test_input_event::tests::test_input_event_matches_correctly ... ok
[INFO] [stdout] test tui::terminal_lib_backends::test_keypress::tests::test_keypress ... ok
[INFO] [stdout] test tui::terminal_lib_backends::render_pipeline_to_offscreen_buffer::tests::test_print_plain_text_render_path_reuse_buffer ... ok
[INFO] [stdout] test tui::terminal_lib_backends::test_keypress::tests::test_keypress_function_key ... ok
[INFO] [stdout] test tui::terminal_lib_backends::test_keypress::tests::test_keypress_special_key ... ok
[INFO] [stdout] test tui::terminal_lib_backends::test_mouse_input::tests::test_convert_mouse_event_mouse_click ... ok
[INFO] [stdout] test tui::terminal_lib_backends::test_mouse_input::tests::test_convert_mouse_event_mouse_drag ... ok
[INFO] [stdout] test tui::terminal_lib_backends::test_keypress::tests::test_keypress_character_key ... ok
[INFO] [stdout] test tui::terminal_lib_backends::test_mouse_input::tests::test_convert_mouse_event_mouse_moved ... ok
[INFO] [stdout] test tui::terminal_lib_backends::test_render_pipeline::tests::hoist_z_order_in_pipeline ... ok
[INFO] [stdout] test tui::terminal_lib_backends::test_render_pipeline::tests::merge_pipelines ... ok
[INFO] [stdout] test tui::terminal_lib_backends::test_render_pipeline::tests::render_pipeline_macro ... ok
[INFO] [stdout] test tui::terminal_window::manage_focus::has_focus::has_focus_tests::works_with_modal_id_when_id_is_set ... ok
[INFO] [stdout] test tui::terminal_window::manage_focus::has_focus::has_focus_tests::fails_with_modal_id_with_no_id_set ... ok
[INFO] [stdout] test tui::terminal_lib_backends::test_render_pipeline::tests::render_ops_macro ... ok
[INFO] [stdout] test tui::test_make_style_macro::tests::test_with_attrib ... ok
[INFO] [stdout] test tui::terminal_window::manage_focus::has_focus::has_focus_tests::works_with_normal_id ... ok
[INFO] [stdout] test tui::test_make_style_macro::tests::test_with_color_bg ... ok
[INFO] [stdout] test tui::test_make_style_macro::tests::test_with_color_fg ... ok
[INFO] [stdout] test tui::test_make_style_macro::tests::test_syntax_expansion_dsl ... ok
[INFO] [stdout] test tui::test_make_style_macro::tests::test_with_padding ... ok
[INFO] [stdout] test tui::test_style::tests::syntect_style_conversion ... ok
[INFO] [stdout] test tui::test_style::tests::test_stylesheet ... ok
[INFO] [stdout] test tui::test_tui_serde::tests::test_serde_position ... ok
[INFO] [stdout] test tui::test_make_style_macro::tests::test_syntax_expansion ... ok
[INFO] [stdout] test tui::test_make_style_macro::tests::test_with_nothing ... ok
[INFO] [stdout] test tui::test_style::tests::test_stylesheet_builder ... ok
[INFO] [stdout] test tui::test_tui_serde::tests::test_serde_size ... ok
[INFO] [stdout] test tui::test_style::tests::test_cascade_style ... ok
[INFO] [stdout] test tui::test_tui_serde::tests::test_serde_render_pipeline ... ok
[INFO] [stdout] test tui::test_tui_serde::tests::test_serde_tui_color_rgb ... ok
[INFO] [stdout] test tui::test_tui_serde::tests::test_serde_tui_color_simple ... ok
[INFO] [stdout] test tui::syntax_highlighting::test_r3bl_syntect_theme::syntect::load_theme ... ok
[INFO] [stdout] test tui::terminal_lib_backends::test_mouse_input::tests::test_convert_mouse_event_mouse_scroll ... ok
[INFO] [stdout] test tui::editor::test_editor::test_editor_ops::editor_scroll_right_horizontal_long_line_with_jumbo_emoji ... ok
[INFO] [stdout] test tui::dialog::dialog_engine::dialog_engine_api::test_dialog_engine_api_apply_event::apply_event_esc ... ok
[INFO] [stdout] test tui::dialog::dialog_engine::dialog_engine_api::test_dialog_engine_api_apply_event::apply_event_other_key ... ok
[INFO] [stdout] test tui::dialog::dialog_engine::dialog_engine_api::test_dialog_engine_api_apply_event::apply_event_enter ... ok
[INFO] [stdout] test tui::syntax_highlighting::md_parser_syn_hi::md_parser_syn_hi_impl::tests_style_us_span_lines_from::from_fragment::test_link ... FAILED
[INFO] [stdout] test tui::syntax_highlighting::md_parser_syn_hi::md_parser_syn_hi_impl::tests_style_us_span_lines_from::from_fragment::test_image ... FAILED
[INFO] [stdout] test tui::dialog::dialog_engine::dialog_engine_api::test_dialog_engine_api_render_engine::render_engine ... ok
[INFO] [stdout] test tui::syntax_highlighting::test_r3bl_syntect_theme::syntect::simple_md_highlight ... ok
[INFO] [stdout] 
[INFO] [stdout] failures:
[INFO] [stdout] 
[INFO] [stdout] ---- tui::syntax_highlighting::md_parser_syn_hi::md_parser_syn_hi_impl::tests_style_us_span_lines_from::from_fragment::test_link stdout ----
[INFO] [stdout] thread 'tui::syntax_highlighting::md_parser_syn_hi::md_parser_syn_hi_impl::tests_style_us_span_lines_from::from_fragment::test_link' panicked at 'assertion failed: `(left == right)`
[INFO] [stdout] 
[INFO] [stdout] [1mDiff[0m [31m< left[0m / [32mright >[0m :
[INFO] [stdout]  StyleUSSpan {
[INFO] [stdout] [31m<    style: Style { computed + dim | fg: Some([0m[1;48;5;52;31mwhite[0m[31m) | bg: Some(red) | padding: 0 },[0m
[INFO] [stdout] [32m>    style: Style { computed + dim | fg: Some([0m[1;48;5;22;32m193,179,208[0m[32m) | bg: Some(red) | padding: 0 },[0m
[INFO] [stdout]      text: UnicodeString {
[INFO] [stdout]          string: "[",
[INFO] [stdout]          vec_segment: [
[INFO] [stdout]              GraphemeClusterSegment {
[INFO] [stdout]                  string: "[",
[INFO] [stdout]                  byte_offset: 0,
[INFO] [stdout]                  unicode_width: ChUnit {
[INFO] [stdout]                      value: 1,
[INFO] [stdout]                  },
[INFO] [stdout]                  logical_index: 0,
[INFO] [stdout]                  byte_size: 1,
[INFO] [stdout]                  display_col_offset: ChUnit {
[INFO] [stdout]                      value: 0,
[INFO] [stdout]                  },
[INFO] [stdout]              },
[INFO] [stdout]          ],
[INFO] [stdout]          byte_size: 0,
[INFO] [stdout]          grapheme_cluster_segment_count: 0,
[INFO] [stdout]          display_width: ChUnit {
[INFO] [stdout]              value: 1,
[INFO] [stdout]          },
[INFO] [stdout]      },
[INFO] [stdout]  }
[INFO] [stdout] 
[INFO] [stdout] ', src/tui/syntax_highlighting/md_parser_syn_hi/md_parser_syn_hi_impl.rs:730:13
[INFO] [stdout] stack backtrace:
[INFO] [stdout]    0:     0x55f0e4d8ed6a - std::backtrace_rs::backtrace::libunwind::trace::ha9053a9a07ca49cb
[INFO] [stdout]                                at /rustc/84c898d65adf2f39a5a98507f1fe0ce10a2b8dbc/library/std/src/../../backtrace/src/backtrace/libunwind.rs:93:5
[INFO] [stdout]    1:     0x55f0e4d8ed6a - std::backtrace_rs::backtrace::trace_unsynchronized::h9c2852a457ad564e
[INFO] [stdout]                                at /rustc/84c898d65adf2f39a5a98507f1fe0ce10a2b8dbc/library/std/src/../../backtrace/src/backtrace/mod.rs:66:5
[INFO] [stdout]    2:     0x55f0e4d8ed6a - std::sys_common::backtrace::_print_fmt::h457936fbfaa0070f
[INFO] [stdout]                                at /rustc/84c898d65adf2f39a5a98507f1fe0ce10a2b8dbc/library/std/src/sys_common/backtrace.rs:65:5
[INFO] [stdout]    3:     0x55f0e4d8ed6a - <std::sys_common::backtrace::_print::DisplayBacktrace as core::fmt::Display>::fmt::h5779d7bf7f70cb0c
[INFO] [stdout]                                at /rustc/84c898d65adf2f39a5a98507f1fe0ce10a2b8dbc/library/std/src/sys_common/backtrace.rs:44:22
[INFO] [stdout]    4:     0x55f0e4db50ce - core::fmt::write::h5a4baaff1bcd3eb5
[INFO] [stdout]                                at /rustc/84c898d65adf2f39a5a98507f1fe0ce10a2b8dbc/library/core/src/fmt/mod.rs:1232:17
[INFO] [stdout]    5:     0x55f0e4d8bdf5 - std::io::Write::write_fmt::h478f79c628ef31d1
[INFO] [stdout]                                at /rustc/84c898d65adf2f39a5a98507f1fe0ce10a2b8dbc/library/std/src/io/mod.rs:1684:15
[INFO] [stdout]    6:     0x55f0e4d8eb35 - std::sys_common::backtrace::_print::h5fcdc36060f177e8
[INFO] [stdout]                                at /rustc/84c898d65adf2f39a5a98507f1fe0ce10a2b8dbc/library/std/src/sys_common/backtrace.rs:47:5
[INFO] [stdout]    7:     0x55f0e4d8eb35 - std::sys_common::backtrace::print::h54ca9458b876c8bf
[INFO] [stdout]                                at /rustc/84c898d65adf2f39a5a98507f1fe0ce10a2b8dbc/library/std/src/sys_common/backtrace.rs:34:9
[INFO] [stdout]    8:     0x55f0e4d908ff - std::panicking::default_hook::{{closure}}::hbe471161c7664ed6
[INFO] [stdout]                                at /rustc/84c898d65adf2f39a5a98507f1fe0ce10a2b8dbc/library/std/src/panicking.rs:271:22
[INFO] [stdout]    9:     0x55f0e4d905bf - std::panicking::default_hook::ha3500da57aa4ac4f
[INFO] [stdout]                                at /rustc/84c898d65adf2f39a5a98507f1fe0ce10a2b8dbc/library/std/src/panicking.rs:287:9
[INFO] [stdout]   10:     0x55f0e4a88ac7 - <alloc::boxed::Box<F,A> as core::ops::function::Fn<Args>>::call::hdf1b89dd137ece34
[INFO] [stdout]                                at /rustc/84c898d65adf2f39a5a98507f1fe0ce10a2b8dbc/library/alloc/src/boxed.rs:2001:9
[INFO] [stdout]   11:     0x55f0e4a88ac7 - test::test_main::{{closure}}::h9081a79f20e75698
[INFO] [stdout]                                at /rustc/84c898d65adf2f39a5a98507f1fe0ce10a2b8dbc/library/test/src/lib.rs:135:21
[INFO] [stdout]   12:     0x55f0e4d9102d - <alloc::boxed::Box<F,A> as core::ops::function::Fn<Args>>::call::h6507bddc3eebb4a5
[INFO] [stdout]                                at /rustc/84c898d65adf2f39a5a98507f1fe0ce10a2b8dbc/library/alloc/src/boxed.rs:2001:9
[INFO] [stdout]   13:     0x55f0e4d9102d - std::panicking::rust_panic_with_hook::h50c09d000dc561d2
[INFO] [stdout]                                at /rustc/84c898d65adf2f39a5a98507f1fe0ce10a2b8dbc/library/std/src/panicking.rs:696:13
[INFO] [stdout]   14:     0x55f0e4d90da9 - std::panicking::begin_panic_handler::{{closure}}::h9e2b2176e00e0d9c
[INFO] [stdout]                                at /rustc/84c898d65adf2f39a5a98507f1fe0ce10a2b8dbc/library/std/src/panicking.rs:583:13
[INFO] [stdout]   15:     0x55f0e4d8f1d6 - std::sys_common::backtrace::__rust_end_short_backtrace::h5739b8e512c09d02
[INFO] [stdout]                                at /rustc/84c898d65adf2f39a5a98507f1fe0ce10a2b8dbc/library/std/src/sys_common/backtrace.rs:150:18
[INFO] [stdout]   16:     0x55f0e4d90ab2 - rust_begin_unwind
[INFO] [stdout]                                at /rustc/84c898d65adf2f39a5a98507f1fe0ce10a2b8dbc/library/std/src/panicking.rs:579:5
[INFO] [stdout]   17:     0x55f0e4882413 - core::panicking::panic_fmt::hf33a1475b4dc5c3e
[INFO] [stdout]                                at /rustc/84c898d65adf2f39a5a98507f1fe0ce10a2b8dbc/library/core/src/panicking.rs:64:14
[INFO] [stdout]   18:     0x55f0e49ff640 - r3bl_tui::tui::syntax_highlighting::md_parser_syn_hi::md_parser_syn_hi_impl::tests_style_us_span_lines_from::from_fragment::test_link::h3d96c42836b1e835
[INFO] [stdout]                                at /opt/rustwide/workdir/src/tui/syntax_highlighting/md_parser_syn_hi/md_parser_syn_hi_impl.rs:730:13
[INFO] [stdout]   19:     0x55f0e49fece7 - r3bl_tui::tui::syntax_highlighting::md_parser_syn_hi::md_parser_syn_hi_impl::tests_style_us_span_lines_from::from_fragment::test_link::{{closure}}::he2783b729185eec8
[INFO] [stdout]                                at /opt/rustwide/workdir/src/tui/syntax_highlighting/md_parser_syn_hi/md_parser_syn_hi_impl.rs:717:24
[INFO] [stdout]   20:     0x55f0e48e9915 - core::ops::function::FnOnce::call_once::hc0a53f7545444a17
[INFO] [stdout]                                at /rustc/84c898d65adf2f39a5a98507f1fe0ce10a2b8dbc/library/core/src/ops/function.rs:250:5
[INFO] [stdout]   21:     0x55f0e4a8deaf - core::ops::function::FnOnce::call_once::h7d969581be7d0075
[INFO] [stdout]                                at /rustc/84c898d65adf2f39a5a98507f1fe0ce10a2b8dbc/library/core/src/ops/function.rs:250:5
[INFO] [stdout]   22:     0x55f0e4a8deaf - test::__rust_begin_short_backtrace::hca25a52684e56655
[INFO] [stdout]                                at /rustc/84c898d65adf2f39a5a98507f1fe0ce10a2b8dbc/library/test/src/lib.rs:656:18
[INFO] [stdout]   23:     0x55f0e4a5f4cc - test::run_test::{{closure}}::ha8ac744c4af1a4bb
[INFO] [stdout]                                at /rustc/84c898d65adf2f39a5a98507f1fe0ce10a2b8dbc/library/test/src/lib.rs:647:30
[INFO] [stdout]   24:     0x55f0e4a5f4cc - core::ops::function::FnOnce::call_once{{vtable.shim}}::h7b411a9ed45bdecf
[INFO] [stdout]                                at /rustc/84c898d65adf2f39a5a98507f1fe0ce10a2b8dbc/library/core/src/ops/function.rs:250:5
[INFO] [stdout]   25:     0x55f0e4a8ce76 - <alloc::boxed::Box<F,A> as core::ops::function::FnOnce<Args>>::call_once::hd05328869a8ed200
[INFO] [stdout]                                at /rustc/84c898d65adf2f39a5a98507f1fe0ce10a2b8dbc/library/alloc/src/boxed.rs:1987:9
[INFO] [stdout]   26:     0x55f0e4a8ce76 - <core::panic::unwind_safe::AssertUnwindSafe<F> as core::ops::function::FnOnce<()>>::call_once::h0c601ce20bd5b2be
[INFO] [stdout]                                at /rustc/84c898d65adf2f39a5a98507f1fe0ce10a2b8dbc/library/core/src/panic/unwind_safe.rs:271:9
[INFO] [stdout]   27:     0x55f0e4a8ce76 - std::panicking::try::do_call::ha4be5c164fe30854
[INFO] [stdout]                                at /rustc/84c898d65adf2f39a5a98507f1fe0ce10a2b8dbc/library/std/src/panicking.rs:487:40
[INFO] [stdout]   28:     0x55f0e4a8ce76 - std::panicking::try::h604546f3609af05f
[INFO] [stdout]                                at /rustc/84c898d65adf2f39a5a98507f1fe0ce10a2b8dbc/library/std/src/panicking.rs:451:19
[INFO] [stdout]   29:     0x55f0e4a8ce76 - std::panic::catch_unwind::h5bfa8afe44c9c2f9
[INFO] [stdout]                                at /rustc/84c898d65adf2f39a5a98507f1fe0ce10a2b8dbc/library/std/src/panic.rs:140:14
[INFO] [stdout]   30:     0x55f0e4a8ce76 - test::run_test_in_process::hd50dee55dd63e6aa
[INFO] [stdout]                                at /rustc/84c898d65adf2f39a5a98507f1fe0ce10a2b8dbc/library/test/src/lib.rs:679:27
[INFO] [stdout]   31:     0x55f0e4a8ce76 - test::run_test::run_test_inner::{{closure}}::h4aa0f433aa85cea8
[INFO] [stdout]                                at /rustc/84c898d65adf2f39a5a98507f1fe0ce10a2b8dbc/library/test/src/lib.rs:573:39
[INFO] [stdout]   32:     0x55f0e4a59b41 - test::run_test::run_test_inner::{{closure}}::had56431adf24b4d6
[INFO] [stdout]                                at /rustc/84c898d65adf2f39a5a98507f1fe0ce10a2b8dbc/library/test/src/lib.rs:600:37
[INFO] [stdout]   33:     0x55f0e4a59b41 - std::sys_common::backtrace::__rust_begin_short_backtrace::ha8d9890e0c73bf13
[INFO] [stdout]                                at /rustc/84c898d65adf2f39a5a98507f1fe0ce10a2b8dbc/library/std/src/sys_common/backtrace.rs:134:18
[INFO] [stdout]   34:     0x55f0e4a5f55b - std::thread::Builder::spawn_unchecked_::{{closure}}::{{closure}}::h251832bcb4a95327
[INFO] [stdout]                                at /rustc/84c898d65adf2f39a5a98507f1fe0ce10a2b8dbc/library/std/src/thread/mod.rs:560:17
[INFO] [stdout]   35:     0x55f0e4a5f55b - <core::panic::unwind_safe::AssertUnwindSafe<F> as core::ops::function::FnOnce<()>>::call_once::h8fdff598fa414831
[INFO] [stdout]                                at /rustc/84c898d65adf2f39a5a98507f1fe0ce10a2b8dbc/library/core/src/panic/unwind_safe.rs:271:9
[INFO] [stdout]   36:     0x55f0e4a5f55b - std::panicking::try::do_call::h455dd2f7764a950f
[INFO] [stdout]                                at /rustc/84c898d65adf2f39a5a98507f1fe0ce10a2b8dbc/library/std/src/panicking.rs:487:40
[INFO] [stdout]   37:     0x55f0e4a5f55b - std::panicking::try::had6f23b7b73ae72a
[INFO] [stdout]                                at /rustc/84c898d65adf2f39a5a98507f1fe0ce10a2b8dbc/library/std/src/panicking.rs:451:19
[INFO] [stdout]   38:     0x55f0e4a5f55b - std::panic::catch_unwind::ha6a5ca3915b4dad0
[INFO] [stdout]                                at /rustc/84c898d65adf2f39a5a98507f1fe0ce10a2b8dbc/library/std/src/panic.rs:140:14
[INFO] [stdout]   39:     0x55f0e4a5f55b - std::thread::Builder::spawn_unchecked_::{{closure}}::h883b72ef75da6231
[INFO] [stdout]                                at /rustc/84c898d65adf2f39a5a98507f1fe0ce10a2b8dbc/library/std/src/thread/mod.rs:559:30
[INFO] [stdout]   40:     0x55f0e4a5f55b - core::ops::function::FnOnce::call_once{{vtable.shim}}::hb7dff73dc8bd2ccb
[INFO] [stdout]                                at /rustc/84c898d65adf2f39a5a98507f1fe0ce10a2b8dbc/library/core/src/ops/function.rs:250:5
[INFO] [stdout]   41:     0x55f0e4d956c3 - <alloc::boxed::Box<F,A> as core::ops::function::FnOnce<Args>>::call_once::h39990b24eedef2ab
[INFO] [stdout]                                at /rustc/84c898d65adf2f39a5a98507f1fe0ce10a2b8dbc/library/alloc/src/boxed.rs:1987:9
[INFO] [stdout]   42:     0x55f0e4d956c3 - <alloc::boxed::Box<F,A> as core::ops::function::FnOnce<Args>>::call_once::h01a027258444143b
[INFO] [stdout]                                at /rustc/84c898d65adf2f39a5a98507f1fe0ce10a2b8dbc/library/alloc/src/boxed.rs:1987:9
[INFO] [stdout]   43:     0x55f0e4d956c3 - std::sys::unix::thread::Thread::new::thread_start::ha4f1cdd9c25884ba
[INFO] [stdout]                                at /rustc/84c898d65adf2f39a5a98507f1fe0ce10a2b8dbc/library/std/src/sys/unix/thread.rs:108:17
[INFO] [stdout]   44:     0x7f897ef8eb43 - <unknown>
[INFO] [stdout]   45:     0x7f897f01fbb4 - __clone
[INFO] [stdout]   46:                0x0 - <unknown>
[INFO] [stdout] 
[INFO] [stdout] ---- tui::syntax_highlighting::md_parser_syn_hi::md_parser_syn_hi_impl::tests_style_us_span_lines_from::from_fragment::test_image stdout ----
[INFO] [stdout] thread 'tui::syntax_highlighting::md_parser_syn_hi::md_parser_syn_hi_impl::tests_style_us_span_lines_from::from_fragment::test_image' panicked at 'assertion failed: `(left == right)`
[INFO] [stdout] 
[INFO] [stdout] [1mDiff[0m [31m< left[0m / [32mright >[0m :
[INFO] [stdout]  StyleUSSpan {
[INFO] [stdout] [31m<    style: Style { computed + dim | fg: Some([0m[1;48;5;52;31mwhite[0m[31m) | bg: Some(red) | padding: 0 },[0m
[INFO] [stdout] [32m>    style: Style { computed + dim | fg: Some([0m[1;48;5;22;32m193,179,208[0m[32m) | bg: Some(red) | padding: 0 },[0m
[INFO] [stdout]      text: UnicodeString {
[INFO] [stdout]          string: "![",
[INFO] [stdout]          vec_segment: [
[INFO] [stdout]              GraphemeClusterSegment {
[INFO] [stdout]                  string: "!",
[INFO] [stdout]                  byte_offset: 0,
[INFO] [stdout]                  unicode_width: ChUnit {
[INFO] [stdout]                      value: 1,
[INFO] [stdout]                  },
[INFO] [stdout]                  logical_index: 0,
[INFO] [stdout]                  byte_size: 1,
[INFO] [stdout]                  display_col_offset: ChUnit {
[INFO] [stdout]                      value: 0,
[INFO] [stdout]                  },
[INFO] [stdout]              },
[INFO] [stdout]              GraphemeClusterSegment {
[INFO] [stdout]                  string: "[",
[INFO] [stdout]                  byte_offset: 1,
[INFO] [stdout]                  unicode_width: ChUnit {
[INFO] [stdout]                      value: 1,
[INFO] [stdout]                  },
[INFO] [stdout]                  logical_index: 1,
[INFO] [stdout]                  byte_size: 1,
[INFO] [stdout]                  display_col_offset: ChUnit {
[INFO] [stdout]                      value: 1,
[INFO] [stdout]                  },
[INFO] [stdout]              },
[INFO] [stdout]          ],
[INFO] [stdout]          byte_size: 2,
[INFO] [stdout]          grapheme_cluster_segment_count: 2,
[INFO] [stdout]          display_width: ChUnit {
[INFO] [stdout]              value: 2,
[INFO] [stdout]          },
[INFO] [stdout]      },
[INFO] [stdout]  }
[INFO] [stdout] 
[INFO] [stdout] ', src/tui/syntax_highlighting/md_parser_syn_hi/md_parser_syn_hi_impl.rs:700:13
[INFO] [stdout] stack backtrace:
[INFO] [stdout]    0:     0x55f0e4d8ed6a - std::backtrace_rs::backtrace::libunwind::trace::ha9053a9a07ca49cb
[INFO] [stdout]                                at /rustc/84c898d65adf2f39a5a98507f1fe0ce10a2b8dbc/library/std/src/../../backtrace/src/backtrace/libunwind.rs:93:5
[INFO] [stdout]    1:     0x55f0e4d8ed6a - std::backtrace_rs::backtrace::trace_unsynchronized::h9c2852a457ad564e
[INFO] [stdout]                                at /rustc/84c898d65adf2f39a5a98507f1fe0ce10a2b8dbc/library/std/src/../../backtrace/src/backtrace/mod.rs:66:5
[INFO] [stdout]    2:     0x55f0e4d8ed6a - std::sys_common::backtrace::_print_fmt::h457936fbfaa0070f
[INFO] [stdout]                                at /rustc/84c898d65adf2f39a5a98507f1fe0ce10a2b8dbc/library/std/src/sys_common/backtrace.rs:65:5
[INFO] [stdout]    3:     0x55f0e4d8ed6a - <std::sys_common::backtrace::_print::DisplayBacktrace as core::fmt::Display>::fmt::h5779d7bf7f70cb0c
[INFO] [stdout]                                at /rustc/84c898d65adf2f39a5a98507f1fe0ce10a2b8dbc/library/std/src/sys_common/backtrace.rs:44:22
[INFO] [stdout]    4:     0x55f0e4db50ce - core::fmt::write::h5a4baaff1bcd3eb5
[INFO] [stdout]                                at /rustc/84c898d65adf2f39a5a98507f1fe0ce10a2b8dbc/library/core/src/fmt/mod.rs:1232:17
[INFO] [stdout]    5:     0x55f0e4d8bdf5 - std::io::Write::write_fmt::h478f79c628ef31d1
[INFO] [stdout]                                at /rustc/84c898d65adf2f39a5a98507f1fe0ce10a2b8dbc/library/std/src/io/mod.rs:1684:15
[INFO] [stdout]    6:     0x55f0e4d8eb35 - std::sys_common::backtrace::_print::h5fcdc36060f177e8
[INFO] [stdout]                                at /rustc/84c898d65adf2f39a5a98507f1fe0ce10a2b8dbc/library/std/src/sys_common/backtrace.rs:47:5
[INFO] [stdout]    7:     0x55f0e4d8eb35 - std::sys_common::backtrace::print::h54ca9458b876c8bf
[INFO] [stdout]                                at /rustc/84c898d65adf2f39a5a98507f1fe0ce10a2b8dbc/library/std/src/sys_common/backtrace.rs:34:9
[INFO] [stdout]    8:     0x55f0e4d908ff - std::panicking::default_hook::{{closure}}::hbe471161c7664ed6
[INFO] [stdout]                                at /rustc/84c898d65adf2f39a5a98507f1fe0ce10a2b8dbc/library/std/src/panicking.rs:271:22
[INFO] [stdout]    9:     0x55f0e4d905bf - std::panicking::default_hook::ha3500da57aa4ac4f
[INFO] [stdout]                                at /rustc/84c898d65adf2f39a5a98507f1fe0ce10a2b8dbc/library/std/src/panicking.rs:287:9
[INFO] [stdout]   10:     0x55f0e4a88ac7 - <alloc::boxed::Box<F,A> as core::ops::function::Fn<Args>>::call::hdf1b89dd137ece34
[INFO] [stdout]                                at /rustc/84c898d65adf2f39a5a98507f1fe0ce10a2b8dbc/library/alloc/src/boxed.rs:2001:9
[INFO] [stdout]   11:     0x55f0e4a88ac7 - test::test_main::{{closure}}::h9081a79f20e75698
[INFO] [stdout]                                at /rustc/84c898d65adf2f39a5a98507f1fe0ce10a2b8dbc/library/test/src/lib.rs:135:21
[INFO] [stdout]   12:     0x55f0e4d9102d - <alloc::boxed::Box<F,A> as core::ops::function::Fn<Args>>::call::h6507bddc3eebb4a5
[INFO] [stdout]                                at /rustc/84c898d65adf2f39a5a98507f1fe0ce10a2b8dbc/library/alloc/src/boxed.rs:2001:9
[INFO] [stdout]   13:     0x55f0e4d9102d - std::panicking::rust_panic_with_hook::h50c09d000dc561d2
[INFO] [stdout]                                at /rustc/84c898d65adf2f39a5a98507f1fe0ce10a2b8dbc/library/std/src/panicking.rs:696:13
[INFO] [stdout]   14:     0x55f0e4d90da9 - std::panicking::begin_panic_handler::{{closure}}::h9e2b2176e00e0d9c
[INFO] [stdout]                                at /rustc/84c898d65adf2f39a5a98507f1fe0ce10a2b8dbc/library/std/src/panicking.rs:583:13
[INFO] [stdout]   15:     0x55f0e4d8f1d6 - std::sys_common::backtrace::__rust_end_short_backtrace::h5739b8e512c09d02
[INFO] [stdout]                                at /rustc/84c898d65adf2f39a5a98507f1fe0ce10a2b8dbc/library/std/src/sys_common/backtrace.rs:150:18
[INFO] [stdout]   16:     0x55f0e4d90ab2 - rust_begin_unwind
[INFO] [stdout]                                at /rustc/84c898d65adf2f39a5a98507f1fe0ce10a2b8dbc/library/std/src/panicking.rs:579:5
[INFO] [stdout]   17:     0x55f0e4882413 - core::panicking::panic_fmt::hf33a1475b4dc5c3e
[INFO] [stdout]                                at /rustc/84c898d65adf2f39a5a98507f1fe0ce10a2b8dbc/library/core/src/panicking.rs:64:14
[INFO] [stdout]   18:     0x55f0e49fec9a - r3bl_tui::tui::syntax_highlighting::md_parser_syn_hi::md_parser_syn_hi_impl::tests_style_us_span_lines_from::from_fragment::test_image::h4015c61530c730a9
[INFO] [stdout]                                at /opt/rustwide/workdir/src/tui/syntax_highlighting/md_parser_syn_hi/md_parser_syn_hi_impl.rs:700:13
[INFO] [stdout]   19:     0x55f0e49fe3a7 - r3bl_tui::tui::syntax_highlighting::md_parser_syn_hi::md_parser_syn_hi_impl::tests_style_us_span_lines_from::from_fragment::test_image::{{closure}}::hf7ad9917e20ff103
[INFO] [stdout]                                at /opt/rustwide/workdir/src/tui/syntax_highlighting/md_parser_syn_hi/md_parser_syn_hi_impl.rs:687:25
[INFO] [stdout]   20:     0x55f0e48e80f5 - core::ops::function::FnOnce::call_once::h4bb7cde48d571867
[INFO] [stdout]                                at /rustc/84c898d65adf2f39a5a98507f1fe0ce10a2b8dbc/library/core/src/ops/function.rs:250:5
[INFO] [stdout]   21:     0x55f0e4a8deaf - core::ops::function::FnOnce::call_once::h7d969581be7d0075
[INFO] [stdout]                                at /rustc/84c898d65adf2f39a5a98507f1fe0ce10a2b8dbc/library/core/src/ops/function.rs:250:5
[INFO] [stdout]   22:     0x55f0e4a8deaf - test::__rust_begin_short_backtrace::hca25a52684e56655
[INFO] [stdout]                                at /rustc/84c898d65adf2f39a5a98507f1fe0ce10a2b8dbc/library/test/src/lib.rs:656:18
[INFO] [stdout]   23:     0x55f0e4a5f4cc - test::run_test::{{closure}}::ha8ac744c4af1a4bb
[INFO] [stdout]                                at /rustc/84c898d65adf2f39a5a98507f1fe0ce10a2b8dbc/library/test/src/lib.rs:647:30
[INFO] [stdout]   24:     0x55f0e4a5f4cc - core::ops::function::FnOnce::call_once{{vtable.shim}}::h7b411a9ed45bdecf
[INFO] [stdout]                                at /rustc/84c898d65adf2f39a5a98507f1fe0ce10a2b8dbc/library/core/src/ops/function.rs:250:5
[INFO] [stdout]   25:     0x55f0e4a8ce76 - <alloc::boxed::Box<F,A> as core::ops::function::FnOnce<Args>>::call_once::hd05328869a8ed200
[INFO] [stdout]                                at /rustc/84c898d65adf2f39a5a98507f1fe0ce10a2b8dbc/library/alloc/src/boxed.rs:1987:9
[INFO] [stdout]   26:     0x55f0e4a8ce76 - <core::panic::unwind_safe::AssertUnwindSafe<F> as core::ops::function::FnOnce<()>>::call_once::h0c601ce20bd5b2be
[INFO] [stdout]                                at /rustc/84c898d65adf2f39a5a98507f1fe0ce10a2b8dbc/library/core/src/panic/unwind_safe.rs:271:9
[INFO] [stdout]   27:     0x55f0e4a8ce76 - std::panicking::try::do_call::ha4be5c164fe30854
[INFO] [stdout]                                at /rustc/84c898d65adf2f39a5a98507f1fe0ce10a2b8dbc/library/std/src/panicking.rs:487:40
[INFO] [stdout]   28:     0x55f0e4a8ce76 - std::panicking::try::h604546f3609af05f
[INFO] [stdout]                                at /rustc/84c898d65adf2f39a5a98507f1fe0ce10a2b8dbc/library/std/src/panicking.rs:451:19
[INFO] [stdout]   29:     0x55f0e4a8ce76 - std::panic::catch_unwind::h5bfa8afe44c9c2f9
[INFO] [stdout]                                at /rustc/84c898d65adf2f39a5a98507f1fe0ce10a2b8dbc/library/std/src/panic.rs:140:14
[INFO] [stdout]   30:     0x55f0e4a8ce76 - test::run_test_in_process::hd50dee55dd63e6aa
[INFO] [stdout]                                at /rustc/84c898d65adf2f39a5a98507f1fe0ce10a2b8dbc/library/test/src/lib.rs:679:27
[INFO] [stdout]   31:     0x55f0e4a8ce76 - test::run_test::run_test_inner::{{closure}}::h4aa0f433aa85cea8
[INFO] [stdout]                                at /rustc/84c898d65adf2f39a5a98507f1fe0ce10a2b8dbc/library/test/src/lib.rs:573:39
[INFO] [stdout]   32:     0x55f0e4a59b41 - test::run_test::run_test_inner::{{closure}}::had56431adf24b4d6
[INFO] [stdout]                                at /rustc/84c898d65adf2f39a5a98507f1fe0ce10a2b8dbc/library/test/src/lib.rs:600:37
[INFO] [stdout]   33:     0x55f0e4a59b41 - std::sys_common::backtrace::__rust_begin_short_backtrace::ha8d9890e0c73bf13
[INFO] [stdout]                                at /rustc/84c898d65adf2f39a5a98507f1fe0ce10a2b8dbc/library/std/src/sys_common/backtrace.rs:134:18
[INFO] [stdout]   34:     0x55f0e4a5f55b - std::thread::Builder::spawn_unchecked_::{{closure}}::{{closure}}::h251832bcb4a95327
[INFO] [stdout]                                at /rustc/84c898d65adf2f39a5a98507f1fe0ce10a2b8dbc/library/std/src/thread/mod.rs:560:17
[INFO] [stdout]   35:     0x55f0e4a5f55b - <core::panic::unwind_safe::AssertUnwindSafe<F> as core::ops::function::FnOnce<()>>::call_once::h8fdff598fa414831
[INFO] [stdout]                                at /rustc/84c898d65adf2f39a5a98507f1fe0ce10a2b8dbc/library/core/src/panic/unwind_safe.rs:271:9
[INFO] [stdout]   36:     0x55f0e4a5f55b - std::panicking::try::do_call::h455dd2f7764a950f
[INFO] [stdout]                                at /rustc/84c898d65adf2f39a5a98507f1fe0ce10a2b8dbc/library/std/src/panicking.rs:487:40
[INFO] [stdout]   37:     0x55f0e4a5f55b - std::panicking::try::had6f23b7b73ae72a
[INFO] [stdout]                                at /rustc/84c898d65adf2f39a5a98507f1fe0ce10a2b8dbc/library/std/src/panicking.rs:451:19
[INFO] [stdout]   38:     0x55f0e4a5f55b - std::panic::catch_unwind::ha6a5ca3915b4dad0
[INFO] [stdout]                                at /rustc/84c898d65adf2f39a5a98507f1fe0ce10a2b8dbc/library/std/src/panic.rs:140:14
[INFO] [stdout]   39:     0x55f0e4a5f55b - std::thread::Builder::spawn_unchecked_::{{closure}}::h883b72ef75da6231
[INFO] [stdout]                                at /rustc/84c898d65adf2f39a5a98507f1fe0ce10a2b8dbc/library/std/src/thread/mod.rs:559:30
[INFO] [stdout]   40:     0x55f0e4a5f55b - core::ops::function::FnOnce::call_once{{vtable.shim}}::hb7dff73dc8bd2ccb
[INFO] [stdout]                                at /rustc/84c898d65adf2f39a5a98507f1fe0ce10a2b8dbc/library/core/src/ops/function.rs:250:5
[INFO] [stdout]   41:     0x55f0e4d956c3 - <alloc::boxed::Box<F,A> as core::ops::function::FnOnce<Args>>::call_once::h39990b24eedef2ab
[INFO] [stdout]                                at /rustc/84c898d65adf2f39a5a98507f1fe0ce10a2b8dbc/library/alloc/src/boxed.rs:1987:9
[INFO] [stdout]   42:     0x55f0e4d956c3 - <alloc::boxed::Box<F,A> as core::ops::function::FnOnce<Args>>::call_once::h01a027258444143b
[INFO] [stdout]                                at /rustc/84c898d65adf2f39a5a98507f1fe0ce10a2b8dbc/library/alloc/src/boxed.rs:1987:9
[INFO] [stdout]   43:     0x55f0e4d956c3 - std::sys::unix::thread::Thread::new::thread_start::ha4f1cdd9c25884ba
[INFO] [stdout]                                at /rustc/84c898d65adf2f39a5a98507f1fe0ce10a2b8dbc/library/std/src/sys/unix/thread.rs:108:17
[INFO] [stdout]   44:     0x7f897ef8eb43 - <unknown>
[INFO] [stdout]   45:     0x7f897f01fbb4 - __clone
[INFO] [stdout]   46:                0x0 - <unknown>
[INFO] [stdout] 
[INFO] [stdout] 
[INFO] [stdout] failures:
[INFO] [stdout]     tui::syntax_highlighting::md_parser_syn_hi::md_parser_syn_hi_impl::tests_style_us_span_lines_from::from_fragment::test_image
[INFO] [stdout]     tui::syntax_highlighting::md_parser_syn_hi::md_parser_syn_hi_impl::tests_style_us_span_lines_from::from_fragment::test_link
[INFO] [stdout] 
[INFO] [stdout] test result: FAILED. 166 passed; 2 failed; 0 ignored; 0 measured; 0 filtered out; finished in 0.18s
[INFO] [stdout] 
[INFO] [stderr] error: test failed, to rerun pass `--lib`
[INFO] running `Command { std: "docker" "inspect" "a19064bf7e27b96722b7ca3551a6677b54287de0cabc62f4c65fd1beee71dbf5", kill_on_drop: false }`
[INFO] running `Command { std: "docker" "rm" "-f" "a19064bf7e27b96722b7ca3551a6677b54287de0cabc62f4c65fd1beee71dbf5", kill_on_drop: false }`
[INFO] [stdout] a19064bf7e27b96722b7ca3551a6677b54287de0cabc62f4c65fd1beee71dbf5
