[INFO] fetching crate qvnt-qasm 0.2.0...
[INFO] testing qvnt-qasm-0.2.0 against 1.69.0 for beta-1.70-1
[INFO] extracting crate qvnt-qasm 0.2.0 into /workspace/builds/worker-1-tc1/source
[INFO] validating manifest of crates.io crate qvnt-qasm 0.2.0 on toolchain 1.69.0
[INFO] running `Command { std: CARGO_HOME="/workspace/cargo-home" RUSTUP_HOME="/workspace/rustup-home" "/workspace/cargo-home/bin/cargo" "+1.69.0" "metadata" "--manifest-path" "Cargo.toml" "--no-deps", kill_on_drop: false }`
[INFO] started tweaking crates.io crate qvnt-qasm 0.2.0
[INFO] finished tweaking crates.io crate qvnt-qasm 0.2.0
[INFO] tweaked toml for crates.io crate qvnt-qasm 0.2.0 written to /workspace/builds/worker-1-tc1/source/Cargo.toml
[INFO] crate crates.io crate qvnt-qasm 0.2.0 already has a lockfile, it will not be regenerated
[INFO] running `Command { std: CARGO_HOME="/workspace/cargo-home" RUSTUP_HOME="/workspace/rustup-home" "/workspace/cargo-home/bin/cargo" "+1.69.0" "fetch" "--manifest-path" "Cargo.toml", kill_on_drop: false }`
[INFO] [stderr] warning: file `/workspace/builds/worker-1-tc1/source/examples/main.rs` found to be present in multiple build targets:
[INFO] [stderr]   * `bin` target `main`
[INFO] [stderr]   * `example` target `main`
[INFO] [stderr]  Downloading crates ...
[INFO] [stderr]   Downloaded ucd-util v0.1.8
[INFO] running `Command { std: "docker" "create" "-v" "/var/lib/crater-agent-workspace/builds/worker-1-tc1/target:/opt/rustwide/target:rw,Z" "-v" "/var/lib/crater-agent-workspace/builds/worker-1-tc1/source:/opt/rustwide/workdir:ro,Z" "-v" "/var/lib/crater-agent-workspace/cargo-home:/opt/rustwide/cargo-home:ro,Z" "-v" "/var/lib/crater-agent-workspace/rustup-home:/opt/rustwide/rustup-home:ro,Z" "-e" "SOURCE_DIR=/opt/rustwide/workdir" "-e" "CARGO_TARGET_DIR=/opt/rustwide/target" "-e" "CARGO_HOME=/opt/rustwide/cargo-home" "-e" "RUSTUP_HOME=/opt/rustwide/rustup-home" "-w" "/opt/rustwide/workdir" "-m" "1610612736" "--user" "0:0" "--network" "none" "ghcr.io/rust-lang/crates-build-env/linux@sha256:5ff2268d62e97bff2cde7d5815dd6ed5b47097566f13b8d0ca110b04b60e07ed" "/opt/rustwide/cargo-home/bin/cargo" "+1.69.0" "metadata" "--no-deps" "--format-version=1", kill_on_drop: false }`
[INFO] [stdout] d163de455ddfa0ba78f8dd42bf351ba808f028b29ba2e487e02e57d9c6473bb1
[INFO] running `Command { std: "docker" "start" "-a" "d163de455ddfa0ba78f8dd42bf351ba808f028b29ba2e487e02e57d9c6473bb1", kill_on_drop: false }`
[INFO] running `Command { std: "docker" "inspect" "d163de455ddfa0ba78f8dd42bf351ba808f028b29ba2e487e02e57d9c6473bb1", kill_on_drop: false }`
[INFO] running `Command { std: "docker" "rm" "-f" "d163de455ddfa0ba78f8dd42bf351ba808f028b29ba2e487e02e57d9c6473bb1", kill_on_drop: false }`
[INFO] [stdout] d163de455ddfa0ba78f8dd42bf351ba808f028b29ba2e487e02e57d9c6473bb1
[INFO] running `Command { std: "docker" "create" "-v" "/var/lib/crater-agent-workspace/builds/worker-1-tc1/target:/opt/rustwide/target:rw,Z" "-v" "/var/lib/crater-agent-workspace/builds/worker-1-tc1/source:/opt/rustwide/workdir:ro,Z" "-v" "/var/lib/crater-agent-workspace/cargo-home:/opt/rustwide/cargo-home:ro,Z" "-v" "/var/lib/crater-agent-workspace/rustup-home:/opt/rustwide/rustup-home:ro,Z" "-e" "SOURCE_DIR=/opt/rustwide/workdir" "-e" "CARGO_TARGET_DIR=/opt/rustwide/target" "-e" "CARGO_INCREMENTAL=0" "-e" "RUST_BACKTRACE=full" "-e" "RUSTFLAGS=--cap-lints=warn" "-e" "RUSTDOCFLAGS=--cap-lints=warn" "-e" "CARGO_HOME=/opt/rustwide/cargo-home" "-e" "RUSTUP_HOME=/opt/rustwide/rustup-home" "-w" "/opt/rustwide/workdir" "-m" "1610612736" "--user" "0:0" "--network" "none" "ghcr.io/rust-lang/crates-build-env/linux@sha256:5ff2268d62e97bff2cde7d5815dd6ed5b47097566f13b8d0ca110b04b60e07ed" "/opt/rustwide/cargo-home/bin/cargo" "+1.69.0" "build" "--frozen" "--message-format=json", kill_on_drop: false }`
[INFO] [stdout] 2a8e84170cff63137bb6ca4fad64a11f2aa9c592aa6f6dd8ed42372d52b8cebd
[INFO] running `Command { std: "docker" "start" "-a" "2a8e84170cff63137bb6ca4fad64a11f2aa9c592aa6f6dd8ed42372d52b8cebd", kill_on_drop: false }`
[INFO] [stderr] warning: file `/opt/rustwide/workdir/examples/main.rs` found to be present in multiple build targets:
[INFO] [stderr]   * `bin` target `main`
[INFO] [stderr]   * `example` target `main`
[INFO] [stderr]     Blocking waiting for file lock on package cache
[INFO] [stderr]    Compiling memchr v2.4.1
[INFO] [stderr]    Compiling ucd-util v0.1.8
[INFO] [stderr]    Compiling regex v0.2.11
[INFO] [stderr]    Compiling utf8-ranges v1.0.4
[INFO] [stderr]    Compiling thread_local v0.3.6
[INFO] [stderr]    Compiling regex-syntax v0.5.6
[INFO] [stderr]    Compiling aho-corasick v0.6.10
[INFO] [stderr]    Compiling qvnt-qasm v0.2.0 (/opt/rustwide/workdir)
[INFO] [stderr]     Finished dev [unoptimized + debuginfo] target(s) in 5.59s
[INFO] running `Command { std: "docker" "inspect" "2a8e84170cff63137bb6ca4fad64a11f2aa9c592aa6f6dd8ed42372d52b8cebd", kill_on_drop: false }`
[INFO] running `Command { std: "docker" "rm" "-f" "2a8e84170cff63137bb6ca4fad64a11f2aa9c592aa6f6dd8ed42372d52b8cebd", kill_on_drop: false }`
[INFO] [stdout] 2a8e84170cff63137bb6ca4fad64a11f2aa9c592aa6f6dd8ed42372d52b8cebd
[INFO] running `Command { std: "docker" "create" "-v" "/var/lib/crater-agent-workspace/builds/worker-1-tc1/target:/opt/rustwide/target:rw,Z" "-v" "/var/lib/crater-agent-workspace/builds/worker-1-tc1/source:/opt/rustwide/workdir:ro,Z" "-v" "/var/lib/crater-agent-workspace/cargo-home:/opt/rustwide/cargo-home:ro,Z" "-v" "/var/lib/crater-agent-workspace/rustup-home:/opt/rustwide/rustup-home:ro,Z" "-e" "SOURCE_DIR=/opt/rustwide/workdir" "-e" "CARGO_TARGET_DIR=/opt/rustwide/target" "-e" "CARGO_INCREMENTAL=0" "-e" "RUST_BACKTRACE=full" "-e" "RUSTFLAGS=--cap-lints=warn" "-e" "RUSTDOCFLAGS=--cap-lints=warn" "-e" "CARGO_HOME=/opt/rustwide/cargo-home" "-e" "RUSTUP_HOME=/opt/rustwide/rustup-home" "-w" "/opt/rustwide/workdir" "-m" "1610612736" "--user" "0:0" "--network" "none" "ghcr.io/rust-lang/crates-build-env/linux@sha256:5ff2268d62e97bff2cde7d5815dd6ed5b47097566f13b8d0ca110b04b60e07ed" "/opt/rustwide/cargo-home/bin/cargo" "+1.69.0" "test" "--frozen" "--no-run" "--message-format=json", kill_on_drop: false }`
[INFO] [stdout] a4e7eb7d7a4e976c7b7ca087875a42778f29d7736fd71d54503a60c683e69a73
[INFO] running `Command { std: "docker" "start" "-a" "a4e7eb7d7a4e976c7b7ca087875a42778f29d7736fd71d54503a60c683e69a73", kill_on_drop: false }`
[INFO] [stderr] warning: file `/opt/rustwide/workdir/examples/main.rs` found to be present in multiple build targets:
[INFO] [stderr]   * `bin` target `main`
[INFO] [stderr]   * `example` target `main`
[INFO] [stderr]    Compiling glob v0.2.11
[INFO] [stderr]    Compiling qvnt-qasm v0.2.0 (/opt/rustwide/workdir)
[INFO] [stderr]     Finished test [unoptimized + debuginfo] target(s) in 1.33s
[INFO] running `Command { std: "docker" "inspect" "a4e7eb7d7a4e976c7b7ca087875a42778f29d7736fd71d54503a60c683e69a73", kill_on_drop: false }`
[INFO] running `Command { std: "docker" "rm" "-f" "a4e7eb7d7a4e976c7b7ca087875a42778f29d7736fd71d54503a60c683e69a73", kill_on_drop: false }`
[INFO] [stdout] a4e7eb7d7a4e976c7b7ca087875a42778f29d7736fd71d54503a60c683e69a73
[INFO] running `Command { std: "docker" "create" "-v" "/var/lib/crater-agent-workspace/builds/worker-1-tc1/target:/opt/rustwide/target:rw,Z" "-v" "/var/lib/crater-agent-workspace/builds/worker-1-tc1/source:/opt/rustwide/workdir:ro,Z" "-v" "/var/lib/crater-agent-workspace/cargo-home:/opt/rustwide/cargo-home:ro,Z" "-v" "/var/lib/crater-agent-workspace/rustup-home:/opt/rustwide/rustup-home:ro,Z" "-e" "SOURCE_DIR=/opt/rustwide/workdir" "-e" "CARGO_TARGET_DIR=/opt/rustwide/target" "-e" "CARGO_INCREMENTAL=0" "-e" "RUST_BACKTRACE=full" "-e" "RUSTFLAGS=--cap-lints=warn" "-e" "RUSTDOCFLAGS=--cap-lints=warn" "-e" "CARGO_HOME=/opt/rustwide/cargo-home" "-e" "RUSTUP_HOME=/opt/rustwide/rustup-home" "-w" "/opt/rustwide/workdir" "-m" "1610612736" "--user" "0:0" "--network" "none" "ghcr.io/rust-lang/crates-build-env/linux@sha256:5ff2268d62e97bff2cde7d5815dd6ed5b47097566f13b8d0ca110b04b60e07ed" "/opt/rustwide/cargo-home/bin/cargo" "+1.69.0" "test" "--frozen", kill_on_drop: false }`
[INFO] [stdout] d1de704fd27aaaac9d21d7b1cd7390f39970059b590ad75a9f2c1c1b6fbe8707
[INFO] running `Command { std: "docker" "start" "-a" "d1de704fd27aaaac9d21d7b1cd7390f39970059b590ad75a9f2c1c1b6fbe8707", kill_on_drop: false }`
[INFO] [stderr] warning: file `/opt/rustwide/workdir/examples/main.rs` found to be present in multiple build targets:
[INFO] [stderr]   * `bin` target `main`
[INFO] [stderr]   * `example` target `main`
[INFO] [stderr]     Finished test [unoptimized + debuginfo] target(s) in 0.01s
[INFO] [stderr]      Running unittests src/lib.rs (/opt/rustwide/target/debug/deps/qvnt_qasm-91105aecc08d0b6c)
[INFO] [stdout] 
[INFO] [stdout] running 5 tests
[INFO] [stdout] test lexer::is_letter_test ... ok
[INFO] [stdout] test token::lookup_ident_test ... ok
[INFO] [stdout] test parser::parser ... ok
[INFO] [stdout] test lexer::lexer_test ... ok
[INFO] [stdout] test pre_proc::lexer_test ... ok
[INFO] [stdout] 
[INFO] [stdout] test result: ok. 5 passed; 0 failed; 0 ignored; 0 measured; 0 filtered out; finished in 0.00s
[INFO] [stdout] 
[INFO] [stderr]      Running unittests examples/main.rs (/opt/rustwide/target/debug/deps/main-6ba189b75f00d23b)
[INFO] [stdout] 
[INFO] [stdout] running 0 tests
[INFO] [stdout] 
[INFO] [stdout] test result: ok. 0 passed; 0 failed; 0 ignored; 0 measured; 0 filtered out; finished in 0.00s
[INFO] [stdout] 
[INFO] [stderr]      Running tests/test_examples.rs (/opt/rustwide/target/debug/deps/test_examples-6a4a143fd21c566c)
[INFO] [stdout] 
[INFO] [stdout] running 1 test
[INFO] [stdout] test works_with_examples ... ok
[INFO] [stdout] 
[INFO] [stdout] test result: ok. 1 passed; 0 failed; 0 ignored; 0 measured; 0 filtered out; finished in 0.03s
[INFO] [stdout] 
[INFO] [stderr]    Doc-tests qvnt-qasm
[INFO] [stdout] 
[INFO] [stdout] running 9 tests
[INFO] [stdout] test src/lib.rs - (line 159) ... ignored
[INFO] [stdout] test src/lib.rs - (line 80) ... FAILED
[INFO] [stdout] test src/lib.rs - (line 56) ... FAILED
[INFO] [stdout] test src/error.rs - error::Error (line 11) ... FAILED
[INFO] [stdout] test src/lib.rs - process (line 201) - compile ... FAILED
[INFO] [stdout] test src/lib.rs - parse (line 316) ... FAILED
[INFO] [stdout] test src/lib.rs - lex (line 282) ... FAILED
[INFO] [stdout] test src/lib.rs - (line 20) - compile ... FAILED
[INFO] [stdout] test src/lib.rs - (line 134) - compile ... FAILED
[INFO] [stdout] 
[INFO] [stdout] failures:
[INFO] [stdout] 
[INFO] [stdout] ---- src/lib.rs - (line 80) stdout ----
[INFO] [stdout] error[E0463]: can't find crate for `qasm`
[INFO] [stdout]  --> src/lib.rs:80:1
[INFO] [stdout]   |
[INFO] [stdout] 2 | extern crate qasm;
[INFO] [stdout]   | ^^^^^^^^^^^^^^^^^^ can't find crate
[INFO] [stdout] 
[INFO] [stdout] error: aborting due to previous error
[INFO] [stdout] 
[INFO] [stdout] For more information about this error, try `rustc --explain E0463`.
[INFO] [stdout] Couldn't compile the test.
[INFO] [stdout] ---- src/lib.rs - (line 56) stdout ----
[INFO] [stdout] error[E0463]: can't find crate for `qasm`
[INFO] [stdout]  --> src/lib.rs:56:1
[INFO] [stdout]   |
[INFO] [stdout] 2 | extern crate qasm;
[INFO] [stdout]   | ^^^^^^^^^^^^^^^^^^ can't find crate
[INFO] [stdout] 
[INFO] [stdout] error: aborting due to previous error
[INFO] [stdout] 
[INFO] [stdout] For more information about this error, try `rustc --explain E0463`.
[INFO] [stdout] Couldn't compile the test.
[INFO] [stdout] ---- src/error.rs - error::Error (line 11) stdout ----
[INFO] [stdout] error[E0463]: can't find crate for `qasm`
[INFO] [stdout]  --> src/error.rs:11:1
[INFO] [stdout]   |
[INFO] [stdout] 2 | extern crate qasm;
[INFO] [stdout]   | ^^^^^^^^^^^^^^^^^^ can't find crate
[INFO] [stdout] 
[INFO] [stdout] error: aborting due to previous error
[INFO] [stdout] 
[INFO] [stdout] For more information about this error, try `rustc --explain E0463`.
[INFO] [stdout] Couldn't compile the test.
[INFO] [stdout] ---- src/lib.rs - process (line 201) stdout ----
[INFO] [stdout] error[E0463]: can't find crate for `qasm`
[INFO] [stdout]  --> src/lib.rs:201:1
[INFO] [stdout]   |
[INFO] [stdout] 2 | extern crate qasm;
[INFO] [stdout]   | ^^^^^^^^^^^^^^^^^^ can't find crate
[INFO] [stdout] 
[INFO] [stdout] error: aborting due to previous error
[INFO] [stdout] 
[INFO] [stdout] For more information about this error, try `rustc --explain E0463`.
[INFO] [stdout] Couldn't compile the test.
[INFO] [stdout] ---- src/lib.rs - parse (line 316) stdout ----
[INFO] [stdout] error[E0463]: can't find crate for `qasm`
[INFO] [stdout]  --> src/lib.rs:316:1
[INFO] [stdout]   |
[INFO] [stdout] 2 | extern crate qasm;
[INFO] [stdout]   | ^^^^^^^^^^^^^^^^^^ can't find crate
[INFO] [stdout] 
[INFO] [stdout] error: aborting due to previous error
[INFO] [stdout] 
[INFO] [stdout] For more information about this error, try `rustc --explain E0463`.
[INFO] [stdout] Couldn't compile the test.
[INFO] [stdout] ---- src/lib.rs - lex (line 282) stdout ----
[INFO] [stdout] error[E0463]: can't find crate for `qasm`
[INFO] [stdout]  --> src/lib.rs:282:1
[INFO] [stdout]   |
[INFO] [stdout] 2 | extern crate qasm;
[INFO] [stdout]   | ^^^^^^^^^^^^^^^^^^ can't find crate
[INFO] [stdout] 
[INFO] [stdout] error: aborting due to previous error
[INFO] [stdout] 
[INFO] [stdout] For more information about this error, try `rustc --explain E0463`.
[INFO] [stdout] Couldn't compile the test.
[INFO] [stdout] ---- src/lib.rs - (line 20) stdout ----
[INFO] [stdout] error[E0463]: can't find crate for `qasm`
[INFO] [stdout]  --> src/lib.rs:20:1
[INFO] [stdout]   |
[INFO] [stdout] 2 | extern crate qasm;
[INFO] [stdout]   | ^^^^^^^^^^^^^^^^^^ can't find crate
[INFO] [stdout] 
[INFO] [stdout] error: aborting due to previous error
[INFO] [stdout] 
[INFO] [stdout] For more information about this error, try `rustc --explain E0463`.
[INFO] [stdout] Couldn't compile the test.
[INFO] [stdout] ---- src/lib.rs - (line 134) stdout ----
[INFO] [stdout] error[E0277]: the trait bound `qasm::pre_proc::ProcStr<'_>: From<&String>` is not satisfied
[INFO] [stdout]    --> src/lib.rs:150:26
[INFO] [stdout]     |
[INFO] [stdout] 17  |     let mut tokens = lex(&processed_source);
[INFO] [stdout]     |                      --- ^^^^^^^^^^^^^^^^^ the trait `From<&String>` is not implemented for `qasm::pre_proc::ProcStr<'_>`
[INFO] [stdout]     |                      |
[INFO] [stdout]     |                      required by a bound introduced by this call
[INFO] [stdout]     |
[INFO] [stdout]     = help: the trait `From<&'t str>` is implemented for `qasm::pre_proc::ProcStr<'t>`
[INFO] [stdout] note: required by a bound in `lex`
[INFO] [stdout]    --> /opt/rustwide/workdir/src/lib.rs:299:28
[INFO] [stdout]     |
[INFO] [stdout] 299 |     pre_proc::ProcStr<'t>: From<P>,
[INFO] [stdout]     |                            ^^^^^^^ required by this bound in `lex`
[INFO] [stdout] 
[INFO] [stdout] error[E0308]: mismatched types
[INFO] [stdout]    --> src/lib.rs:151:21
[INFO] [stdout]     |
[INFO] [stdout] 18  |     let ast = parse(&mut tokens);
[INFO] [stdout]     |               ----- ^^^^^^^^^^^ expected `TokenTree<'_, _>`, found `&mut TokenTree<'_, ...>`
[INFO] [stdout]     |               |
[INFO] [stdout]     |               arguments to this function are incorrect
[INFO] [stdout]     |
[INFO] [stdout]    ::: /opt/rustwide/workdir/src/lib.rs:297:53
[INFO] [stdout]     |
[INFO] [stdout] 297 | pub fn lex<'t, P>(input: P) -> token::TokenTree<'t, impl Clone + Iterator<Item = Token<'t>>>
[INFO] [stdout]     |                                                     --------------------------------------- the found opaque type
[INFO] [stdout]     |
[INFO] [stdout]     = note:         expected struct `qasm::token::TokenTree<'_, _>`
[INFO] [stdout]             found mutable reference `&mut qasm::token::TokenTree<'_, impl Clone + Iterator<Item = Token<'_>>>`
[INFO] [stdout] note: function defined here
[INFO] [stdout]    --> /opt/rustwide/workdir/src/lib.rs:345:8
[INFO] [stdout]     |
[INFO] [stdout] 345 | pub fn parse<'t, I>(mut tokens: token::TokenTree<'t, I>) -> Result<Vec<AstNode<'t>>, Error>
[INFO] [stdout]     |        ^^^^^
[INFO] [stdout] help: consider removing the borrow
[INFO] [stdout]     |
[INFO] [stdout] 18  -     let ast = parse(&mut tokens);
[INFO] [stdout] 18  +     let ast = parse(tokens);
[INFO] [stdout]     |
[INFO] [stdout] 
[INFO] [stdout] error: aborting due to 2 previous errors
[INFO] [stdout] 
[INFO] [stdout] Some errors have detailed explanations: E0277, E0308.
[INFO] [stdout] For more information about an error, try `rustc --explain E0277`.
[INFO] [stdout] Couldn't compile the test.
[INFO] [stdout] 
[INFO] [stdout] failures:
[INFO] [stdout]     src/error.rs - error::Error (line 11)
[INFO] [stdout]     src/lib.rs - (line 134)
[INFO] [stdout]     src/lib.rs - (line 20)
[INFO] [stdout]     src/lib.rs - (line 56)
[INFO] [stdout]     src/lib.rs - (line 80)
[INFO] [stdout]     src/lib.rs - lex (line 282)
[INFO] [stdout]     src/lib.rs - parse (line 316)
[INFO] [stdout]     src/lib.rs - process (line 201)
[INFO] [stdout] 
[INFO] [stdout] test result: FAILED. 0 passed; 8 failed; 1 ignored; 0 measured; 0 filtered out; finished in 0.05s
[INFO] [stdout] 
[INFO] [stderr] error: doctest failed, to rerun pass `--doc`
[INFO] running `Command { std: "docker" "inspect" "d1de704fd27aaaac9d21d7b1cd7390f39970059b590ad75a9f2c1c1b6fbe8707", kill_on_drop: false }`
[INFO] running `Command { std: "docker" "rm" "-f" "d1de704fd27aaaac9d21d7b1cd7390f39970059b590ad75a9f2c1c1b6fbe8707", kill_on_drop: false }`
[INFO] [stdout] d1de704fd27aaaac9d21d7b1cd7390f39970059b590ad75a9f2c1c1b6fbe8707
