[INFO] fetching crate quickraw 0.1.6...
[INFO] testing quickraw-0.1.6 against 1.69.0 for beta-1.70-1
[INFO] extracting crate quickraw 0.1.6 into /workspace/builds/worker-2-tc1/source
[INFO] validating manifest of crates.io crate quickraw 0.1.6 on toolchain 1.69.0
[INFO] running `Command { std: CARGO_HOME="/workspace/cargo-home" RUSTUP_HOME="/workspace/rustup-home" "/workspace/cargo-home/bin/cargo" "+1.69.0" "metadata" "--manifest-path" "Cargo.toml" "--no-deps", kill_on_drop: false }`
[INFO] removed /workspace/builds/worker-2-tc1/source/.cargo/config.toml
[INFO] started tweaking crates.io crate quickraw 0.1.6
[INFO] finished tweaking crates.io crate quickraw 0.1.6
[INFO] tweaked toml for crates.io crate quickraw 0.1.6 written to /workspace/builds/worker-2-tc1/source/Cargo.toml
[INFO] crate crates.io crate quickraw 0.1.6 already has a lockfile, it will not be regenerated
[INFO] running `Command { std: CARGO_HOME="/workspace/cargo-home" RUSTUP_HOME="/workspace/rustup-home" "/workspace/cargo-home/bin/cargo" "+1.69.0" "fetch" "--manifest-path" "Cargo.toml", kill_on_drop: false }`
[INFO] [stderr]  Downloading crates ...
[INFO] [stderr]   Downloaded fn-util v0.1.0
[INFO] [stderr]   Downloaded quickexif v0.1.5
[INFO] [stderr]   Downloaded thiserror v1.0.36
[INFO] [stderr]   Downloaded proc-macro2 v1.0.44
[INFO] [stderr]   Downloaded thiserror-impl v1.0.36
[INFO] [stderr]   Downloaded syn v1.0.101
[INFO] running `Command { std: "docker" "create" "-v" "/var/lib/crater-agent-workspace/builds/worker-2-tc1/target:/opt/rustwide/target:rw,Z" "-v" "/var/lib/crater-agent-workspace/builds/worker-2-tc1/source:/opt/rustwide/workdir:ro,Z" "-v" "/var/lib/crater-agent-workspace/cargo-home:/opt/rustwide/cargo-home:ro,Z" "-v" "/var/lib/crater-agent-workspace/rustup-home:/opt/rustwide/rustup-home:ro,Z" "-e" "SOURCE_DIR=/opt/rustwide/workdir" "-e" "CARGO_TARGET_DIR=/opt/rustwide/target" "-e" "CARGO_HOME=/opt/rustwide/cargo-home" "-e" "RUSTUP_HOME=/opt/rustwide/rustup-home" "-w" "/opt/rustwide/workdir" "-m" "1610612736" "--user" "0:0" "--network" "none" "ghcr.io/rust-lang/crates-build-env/linux@sha256:5ff2268d62e97bff2cde7d5815dd6ed5b47097566f13b8d0ca110b04b60e07ed" "/opt/rustwide/cargo-home/bin/cargo" "+1.69.0" "metadata" "--no-deps" "--format-version=1", kill_on_drop: false }`
[INFO] [stdout] fe3d4bdb6216ef496e45bf093e4f309edc1326be5520b3daaaa2d4fbe2e35e22
[INFO] running `Command { std: "docker" "start" "-a" "fe3d4bdb6216ef496e45bf093e4f309edc1326be5520b3daaaa2d4fbe2e35e22", kill_on_drop: false }`
[INFO] running `Command { std: "docker" "inspect" "fe3d4bdb6216ef496e45bf093e4f309edc1326be5520b3daaaa2d4fbe2e35e22", kill_on_drop: false }`
[INFO] running `Command { std: "docker" "rm" "-f" "fe3d4bdb6216ef496e45bf093e4f309edc1326be5520b3daaaa2d4fbe2e35e22", kill_on_drop: false }`
[INFO] [stdout] fe3d4bdb6216ef496e45bf093e4f309edc1326be5520b3daaaa2d4fbe2e35e22
[INFO] running `Command { std: "docker" "create" "-v" "/var/lib/crater-agent-workspace/builds/worker-2-tc1/target:/opt/rustwide/target:rw,Z" "-v" "/var/lib/crater-agent-workspace/builds/worker-2-tc1/source:/opt/rustwide/workdir:ro,Z" "-v" "/var/lib/crater-agent-workspace/cargo-home:/opt/rustwide/cargo-home:ro,Z" "-v" "/var/lib/crater-agent-workspace/rustup-home:/opt/rustwide/rustup-home:ro,Z" "-e" "SOURCE_DIR=/opt/rustwide/workdir" "-e" "CARGO_TARGET_DIR=/opt/rustwide/target" "-e" "CARGO_INCREMENTAL=0" "-e" "RUST_BACKTRACE=full" "-e" "RUSTFLAGS=--cap-lints=warn" "-e" "RUSTDOCFLAGS=--cap-lints=warn" "-e" "CARGO_HOME=/opt/rustwide/cargo-home" "-e" "RUSTUP_HOME=/opt/rustwide/rustup-home" "-w" "/opt/rustwide/workdir" "-m" "1610612736" "--user" "0:0" "--network" "none" "ghcr.io/rust-lang/crates-build-env/linux@sha256:5ff2268d62e97bff2cde7d5815dd6ed5b47097566f13b8d0ca110b04b60e07ed" "/opt/rustwide/cargo-home/bin/cargo" "+1.69.0" "build" "--frozen" "--message-format=json", kill_on_drop: false }`
[INFO] [stdout] 1082765e1a64f611545c763ee7105883025a797b2a5669e1394dd9d71a5d0843
[INFO] running `Command { std: "docker" "start" "-a" "1082765e1a64f611545c763ee7105883025a797b2a5669e1394dd9d71a5d0843", kill_on_drop: false }`
[INFO] [stderr]    Compiling proc-macro2 v1.0.44
[INFO] [stderr]    Compiling unicode-ident v1.0.4
[INFO] [stderr]    Compiling quote v1.0.21
[INFO] [stderr]    Compiling libc v0.2.133
[INFO] [stderr]    Compiling syn v1.0.101
[INFO] [stderr]    Compiling ppv-lite86 v0.2.16
[INFO] [stderr]    Compiling proc-macro-hack v0.5.19
[INFO] [stderr]    Compiling thiserror v1.0.36
[INFO] [stderr]    Compiling once_cell v1.15.0
[INFO] [stderr]    Compiling phf_shared v0.10.0
[INFO] [stderr]    Compiling getrandom v0.2.7
[INFO] [stderr]    Compiling rand_core v0.6.4
[INFO] [stderr]    Compiling rand_chacha v0.3.1
[INFO] [stderr]    Compiling rand v0.8.5
[INFO] [stderr]    Compiling phf_generator v0.10.0
[INFO] [stderr]    Compiling thiserror-impl v1.0.36
[INFO] [stderr]    Compiling phf_macros v0.10.0
[INFO] [stderr]    Compiling fn-util v0.1.0
[INFO] [stderr]    Compiling phf v0.10.1
[INFO] [stderr]    Compiling quickexif v0.1.5
[INFO] [stderr]    Compiling quickraw v0.1.6 (/opt/rustwide/workdir)
[INFO] [stdout] warning: unnecessary parentheses around index expression
[INFO] [stdout]    --> src/maker/sony.rs:160:30
[INFO] [stdout]     |
[INFO] [stdout] 160 |             table[j] = table[(j - 1)] + (1 << i);
[INFO] [stdout]     |                              ^     ^
[INFO] [stdout]     |
[INFO] [stdout]     = note: `#[warn(unused_parens)]` on by default
[INFO] [stdout] help: remove these parentheses
[INFO] [stdout]     |
[INFO] [stdout] 160 -             table[j] = table[(j - 1)] + (1 << i);
[INFO] [stdout] 160 +             table[j] = table[j - 1] + (1 << i);
[INFO] [stdout]     |
[INFO] [stdout] 
[INFO] [stdout] 
[INFO] [stdout] warning: 1 warning emitted
[INFO] [stdout] 
[INFO] [stdout] 
[INFO] [stderr]     Finished dev [unoptimized + debuginfo] target(s) in 10.13s
[INFO] running `Command { std: "docker" "inspect" "1082765e1a64f611545c763ee7105883025a797b2a5669e1394dd9d71a5d0843", kill_on_drop: false }`
[INFO] running `Command { std: "docker" "rm" "-f" "1082765e1a64f611545c763ee7105883025a797b2a5669e1394dd9d71a5d0843", kill_on_drop: false }`
[INFO] [stdout] 1082765e1a64f611545c763ee7105883025a797b2a5669e1394dd9d71a5d0843
[INFO] running `Command { std: "docker" "create" "-v" "/var/lib/crater-agent-workspace/builds/worker-2-tc1/target:/opt/rustwide/target:rw,Z" "-v" "/var/lib/crater-agent-workspace/builds/worker-2-tc1/source:/opt/rustwide/workdir:ro,Z" "-v" "/var/lib/crater-agent-workspace/cargo-home:/opt/rustwide/cargo-home:ro,Z" "-v" "/var/lib/crater-agent-workspace/rustup-home:/opt/rustwide/rustup-home:ro,Z" "-e" "SOURCE_DIR=/opt/rustwide/workdir" "-e" "CARGO_TARGET_DIR=/opt/rustwide/target" "-e" "CARGO_INCREMENTAL=0" "-e" "RUST_BACKTRACE=full" "-e" "RUSTFLAGS=--cap-lints=warn" "-e" "RUSTDOCFLAGS=--cap-lints=warn" "-e" "CARGO_HOME=/opt/rustwide/cargo-home" "-e" "RUSTUP_HOME=/opt/rustwide/rustup-home" "-w" "/opt/rustwide/workdir" "-m" "1610612736" "--user" "0:0" "--network" "none" "ghcr.io/rust-lang/crates-build-env/linux@sha256:5ff2268d62e97bff2cde7d5815dd6ed5b47097566f13b8d0ca110b04b60e07ed" "/opt/rustwide/cargo-home/bin/cargo" "+1.69.0" "test" "--frozen" "--no-run" "--message-format=json", kill_on_drop: false }`
[INFO] [stdout] 3858d69959fa44840738e6b43d016c30b0cfde975a1d914077437a01488f69fd
[INFO] running `Command { std: "docker" "start" "-a" "3858d69959fa44840738e6b43d016c30b0cfde975a1d914077437a01488f69fd", kill_on_drop: false }`
[INFO] [stderr]    Compiling quickraw v0.1.6 (/opt/rustwide/workdir)
[INFO] [stdout] warning: unnecessary parentheses around index expression
[INFO] [stdout]    --> src/maker/sony.rs:160:30
[INFO] [stdout]     |
[INFO] [stdout] 160 |             table[j] = table[(j - 1)] + (1 << i);
[INFO] [stdout]     |                              ^     ^
[INFO] [stdout]     |
[INFO] [stdout]     = note: `#[warn(unused_parens)]` on by default
[INFO] [stdout] help: remove these parentheses
[INFO] [stdout]     |
[INFO] [stdout] 160 -             table[j] = table[(j - 1)] + (1 << i);
[INFO] [stdout] 160 +             table[j] = table[j - 1] + (1 << i);
[INFO] [stdout]     |
[INFO] [stdout] 
[INFO] [stdout] 
[INFO] [stdout] warning: 1 warning emitted
[INFO] [stdout] 
[INFO] [stdout] 
[INFO] [stdout] warning: unnecessary parentheses around index expression
[INFO] [stdout]    --> src/maker/sony.rs:160:30
[INFO] [stdout]     |
[INFO] [stdout] 160 |             table[j] = table[(j - 1)] + (1 << i);
[INFO] [stdout]     |                              ^     ^
[INFO] [stdout]     |
[INFO] [stdout]     = note: `#[warn(unused_parens)]` on by default
[INFO] [stdout] help: remove these parentheses
[INFO] [stdout]     |
[INFO] [stdout] 160 -             table[j] = table[(j - 1)] + (1 << i);
[INFO] [stdout] 160 +             table[j] = table[j - 1] + (1 << i);
[INFO] [stdout]     |
[INFO] [stdout] 
[INFO] [stdout] 
[INFO] [stdout] warning: 1 warning emitted
[INFO] [stdout] 
[INFO] [stdout] 
[INFO] [stderr]     Finished test [unoptimized + debuginfo] target(s) in 1.66s
[INFO] running `Command { std: "docker" "inspect" "3858d69959fa44840738e6b43d016c30b0cfde975a1d914077437a01488f69fd", kill_on_drop: false }`
[INFO] running `Command { std: "docker" "rm" "-f" "3858d69959fa44840738e6b43d016c30b0cfde975a1d914077437a01488f69fd", kill_on_drop: false }`
[INFO] [stdout] 3858d69959fa44840738e6b43d016c30b0cfde975a1d914077437a01488f69fd
[INFO] running `Command { std: "docker" "create" "-v" "/var/lib/crater-agent-workspace/builds/worker-2-tc1/target:/opt/rustwide/target:rw,Z" "-v" "/var/lib/crater-agent-workspace/builds/worker-2-tc1/source:/opt/rustwide/workdir:ro,Z" "-v" "/var/lib/crater-agent-workspace/cargo-home:/opt/rustwide/cargo-home:ro,Z" "-v" "/var/lib/crater-agent-workspace/rustup-home:/opt/rustwide/rustup-home:ro,Z" "-e" "SOURCE_DIR=/opt/rustwide/workdir" "-e" "CARGO_TARGET_DIR=/opt/rustwide/target" "-e" "CARGO_INCREMENTAL=0" "-e" "RUST_BACKTRACE=full" "-e" "RUSTFLAGS=--cap-lints=warn" "-e" "RUSTDOCFLAGS=--cap-lints=warn" "-e" "CARGO_HOME=/opt/rustwide/cargo-home" "-e" "RUSTUP_HOME=/opt/rustwide/rustup-home" "-w" "/opt/rustwide/workdir" "-m" "1610612736" "--user" "0:0" "--network" "none" "ghcr.io/rust-lang/crates-build-env/linux@sha256:5ff2268d62e97bff2cde7d5815dd6ed5b47097566f13b8d0ca110b04b60e07ed" "/opt/rustwide/cargo-home/bin/cargo" "+1.69.0" "test" "--frozen", kill_on_drop: false }`
[INFO] [stdout] 68f4bf2a3692491c4af68fb0b09038cadafec9be87d40c03bdbf5adc9c17f226
[INFO] running `Command { std: "docker" "start" "-a" "68f4bf2a3692491c4af68fb0b09038cadafec9be87d40c03bdbf5adc9c17f226", kill_on_drop: false }`
[INFO] [stderr] warning: unnecessary parentheses around index expression
[INFO] [stderr]    --> src/maker/sony.rs:160:30
[INFO] [stderr]     |
[INFO] [stderr] 160 |             table[j] = table[(j - 1)] + (1 << i);
[INFO] [stderr]     |                              ^     ^
[INFO] [stderr]     |
[INFO] [stderr]     = note: `#[warn(unused_parens)]` on by default
[INFO] [stderr] help: remove these parentheses
[INFO] [stderr]     |
[INFO] [stderr] 160 -             table[j] = table[(j - 1)] + (1 << i);
[INFO] [stderr] 160 +             table[j] = table[j - 1] + (1 << i);
[INFO] [stderr]     |
[INFO] [stderr] 
[INFO] [stdout] 
[INFO] [stderr] warning: `quickraw` (lib) generated 1 warning (run `cargo fix --lib -p quickraw` to apply 1 suggestion)
[INFO] [stdout] running 0 tests
[INFO] [stderr] warning: `quickraw` (lib test) generated 1 warning (1 duplicate)
[INFO] [stdout] 
[INFO] [stderr]     Finished test [unoptimized + debuginfo] target(s) in 0.05s
[INFO] [stdout] test result: ok. 0 passed; 0 failed; 0 ignored; 0 measured; 0 filtered out; finished in 0.00s
[INFO] [stderr]      Running unittests src/lib.rs (/opt/rustwide/target/debug/deps/quickraw-fd2111f7fd6e8c72)
[INFO] [stdout] 
[INFO] [stderr]    Doc-tests quickraw
[INFO] [stderr] warning: unnecessary parentheses around index expression
[INFO] [stderr]    --> /opt/rustwide/workdir/src/maker/sony.rs:160:30
[INFO] [stderr]     |
[INFO] [stderr] 160 |             table[j] = table[(j - 1)] + (1 << i);
[INFO] [stderr]     |                              ^     ^
[INFO] [stderr]     |
[INFO] [stderr]     = note: `#[warn(unused_parens)]` on by default
[INFO] [stderr] help: remove these parentheses
[INFO] [stderr]     |
[INFO] [stderr] 160 -             table[j] = table[(j - 1)] + (1 << i);
[INFO] [stderr] 160 +             table[j] = table[j - 1] + (1 << i);
[INFO] [stderr]     |
[INFO] [stderr] 
[INFO] [stderr] warning: 1 warning emitted
[INFO] [stderr] 
[INFO] [stdout] 
[INFO] [stdout] running 3 tests
[INFO] [stderr] error: doctest failed, to rerun pass `--doc`
[INFO] [stdout] test src/lib.rs - (line 18) - compile ... FAILED
[INFO] [stdout] test src/lib.rs - (line 26) - compile ... FAILED
[INFO] [stdout] test src/lib.rs - (line 7) - compile ... FAILED
[INFO] [stdout] 
[INFO] [stdout] failures:
[INFO] [stdout] 
[INFO] [stdout] ---- src/lib.rs - (line 18) stdout ----
[INFO] [stdout] error[E0433]: failed to resolve: use of undeclared type `Input`
[INFO] [stdout]  --> src/lib.rs:20:37
[INFO] [stdout]   |
[INFO] [stdout] 5 | let info = Export::export_exif_info(Input::ByFile("sample.ARW")).unwrap();
[INFO] [stdout]   |                                     ^^^^^ use of undeclared type `Input`
[INFO] [stdout]   |
[INFO] [stdout] help: consider importing this enum
[INFO] [stdout]   |
[INFO] [stdout] 2 | use quickraw::Input;
[INFO] [stdout]   |
[INFO] [stdout] 
[INFO] [stdout] error: aborting due to previous error
[INFO] [stdout] 
[INFO] [stdout] For more information about this error, try `rustc --explain E0433`.
[INFO] [stdout] Couldn't compile the test.
[INFO] [stdout] ---- src/lib.rs - (line 26) stdout ----
[INFO] [stdout] error[E0599]: no method named `export_image` found for struct `Export` in the current scope
[INFO] [stdout]   --> src/lib.rs:52:12
[INFO] [stdout]    |
[INFO] [stdout] 29 | export_job.export_image(92).unwrap();
[INFO] [stdout]    |            ^^^^^^^^^^^^ help: there is a method with a similar name: `export_16bit_image`
[INFO] [stdout] 
[INFO] [stdout] error: aborting due to previous error
[INFO] [stdout] 
[INFO] [stdout] For more information about this error, try `rustc --explain E0599`.
[INFO] [stdout] Couldn't compile the test.
[INFO] [stdout] ---- src/lib.rs - (line 7) stdout ----
[INFO] [stdout] error[E0599]: no function or associated item named `export_thumbnail_to_file` found for struct `Export` in the current scope
[INFO] [stdout]   --> src/lib.rs:14:19
[INFO] [stdout]    |
[INFO] [stdout] 10 | quickraw::Export::export_thumbnail_to_file("sample.ARW", "sample.thumbnail.jpg").unwrap();
[INFO] [stdout]    |                   ^^^^^^^^^^^^^^^^^^^^^^^^
[INFO] [stdout]    |                   |
[INFO] [stdout]    |                   function or associated item not found in `Export`
[INFO] [stdout]    |                   help: there is an associated function with a similar name: `export_thumbnail_data`
[INFO] [stdout] 
[INFO] [stdout] error: aborting due to previous error
[INFO] [stdout] 
[INFO] [stdout] For more information about this error, try `rustc --explain E0599`.
[INFO] [stdout] Couldn't compile the test.
[INFO] [stdout] 
[INFO] [stdout] failures:
[INFO] [stdout]     src/lib.rs - (line 18)
[INFO] [stdout]     src/lib.rs - (line 26)
[INFO] [stdout]     src/lib.rs - (line 7)
[INFO] [stdout] 
[INFO] [stdout] test result: FAILED. 0 passed; 3 failed; 0 ignored; 0 measured; 0 filtered out; finished in 0.08s
[INFO] [stdout] 
[INFO] running `Command { std: "docker" "inspect" "68f4bf2a3692491c4af68fb0b09038cadafec9be87d40c03bdbf5adc9c17f226", kill_on_drop: false }`
[INFO] running `Command { std: "docker" "rm" "-f" "68f4bf2a3692491c4af68fb0b09038cadafec9be87d40c03bdbf5adc9c17f226", kill_on_drop: false }`
[INFO] [stdout] 68f4bf2a3692491c4af68fb0b09038cadafec9be87d40c03bdbf5adc9c17f226
