[INFO] fetching crate quickner-cli 0.0.1-alpha.2...
[INFO] testing quickner-cli-0.0.1-alpha.2 against beta-2023-04-20 for beta-1.70-1
[INFO] extracting crate quickner-cli 0.0.1-alpha.2 into /workspace/builds/worker-7-tc2/source
[INFO] validating manifest of crates.io crate quickner-cli 0.0.1-alpha.2 on toolchain beta-2023-04-20
[INFO] running `Command { std: CARGO_HOME="/workspace/cargo-home" RUSTUP_HOME="/workspace/rustup-home" "/workspace/cargo-home/bin/cargo" "+beta-2023-04-20" "metadata" "--manifest-path" "Cargo.toml" "--no-deps", kill_on_drop: false }`
[INFO] started tweaking crates.io crate quickner-cli 0.0.1-alpha.2
[INFO] finished tweaking crates.io crate quickner-cli 0.0.1-alpha.2
[INFO] tweaked toml for crates.io crate quickner-cli 0.0.1-alpha.2 written to /workspace/builds/worker-7-tc2/source/Cargo.toml
[INFO] crate crates.io crate quickner-cli 0.0.1-alpha.2 already has a lockfile, it will not be regenerated
[INFO] running `Command { std: CARGO_HOME="/workspace/cargo-home" RUSTUP_HOME="/workspace/rustup-home" "/workspace/cargo-home/bin/cargo" "+beta-2023-04-20" "fetch" "--manifest-path" "Cargo.toml", kill_on_drop: false }`
[INFO] [stderr]     Blocking waiting for file lock on package cache
[INFO] [stderr]  Downloading crates ...
[INFO] [stderr]   Downloaded serde_json v1.0.92
[INFO] [stderr]   Downloaded nom8 v0.2.0
[INFO] [stderr]   Downloaded toml v0.7.1
[INFO] [stderr]   Downloaded toml_edit v0.19.1
[INFO] running `Command { std: "docker" "create" "-v" "/var/lib/crater-agent-workspace/builds/worker-7-tc2/target:/opt/rustwide/target:rw,Z" "-v" "/var/lib/crater-agent-workspace/builds/worker-7-tc2/source:/opt/rustwide/workdir:ro,Z" "-v" "/var/lib/crater-agent-workspace/cargo-home:/opt/rustwide/cargo-home:ro,Z" "-v" "/var/lib/crater-agent-workspace/rustup-home:/opt/rustwide/rustup-home:ro,Z" "-e" "SOURCE_DIR=/opt/rustwide/workdir" "-e" "CARGO_TARGET_DIR=/opt/rustwide/target" "-e" "CARGO_HOME=/opt/rustwide/cargo-home" "-e" "RUSTUP_HOME=/opt/rustwide/rustup-home" "-w" "/opt/rustwide/workdir" "-m" "1610612736" "--user" "0:0" "--network" "none" "ghcr.io/rust-lang/crates-build-env/linux@sha256:5ff2268d62e97bff2cde7d5815dd6ed5b47097566f13b8d0ca110b04b60e07ed" "/opt/rustwide/cargo-home/bin/cargo" "+beta-2023-04-20" "metadata" "--no-deps" "--format-version=1", kill_on_drop: false }`
[INFO] [stdout] a82ec833b9e207a320f57c7fc65451aba99b62a6a578bfbe8a64f406cdffba25
[INFO] running `Command { std: "docker" "start" "-a" "a82ec833b9e207a320f57c7fc65451aba99b62a6a578bfbe8a64f406cdffba25", kill_on_drop: false }`
[INFO] running `Command { std: "docker" "inspect" "a82ec833b9e207a320f57c7fc65451aba99b62a6a578bfbe8a64f406cdffba25", kill_on_drop: false }`
[INFO] running `Command { std: "docker" "rm" "-f" "a82ec833b9e207a320f57c7fc65451aba99b62a6a578bfbe8a64f406cdffba25", kill_on_drop: false }`
[INFO] [stdout] a82ec833b9e207a320f57c7fc65451aba99b62a6a578bfbe8a64f406cdffba25
[INFO] running `Command { std: "docker" "create" "-v" "/var/lib/crater-agent-workspace/builds/worker-7-tc2/target:/opt/rustwide/target:rw,Z" "-v" "/var/lib/crater-agent-workspace/builds/worker-7-tc2/source:/opt/rustwide/workdir:ro,Z" "-v" "/var/lib/crater-agent-workspace/cargo-home:/opt/rustwide/cargo-home:ro,Z" "-v" "/var/lib/crater-agent-workspace/rustup-home:/opt/rustwide/rustup-home:ro,Z" "-e" "SOURCE_DIR=/opt/rustwide/workdir" "-e" "CARGO_TARGET_DIR=/opt/rustwide/target" "-e" "CARGO_INCREMENTAL=0" "-e" "RUST_BACKTRACE=full" "-e" "RUSTFLAGS=--cap-lints=warn" "-e" "RUSTDOCFLAGS=--cap-lints=warn" "-e" "CARGO_HOME=/opt/rustwide/cargo-home" "-e" "RUSTUP_HOME=/opt/rustwide/rustup-home" "-w" "/opt/rustwide/workdir" "-m" "1610612736" "--user" "0:0" "--network" "none" "ghcr.io/rust-lang/crates-build-env/linux@sha256:5ff2268d62e97bff2cde7d5815dd6ed5b47097566f13b8d0ca110b04b60e07ed" "/opt/rustwide/cargo-home/bin/cargo" "+beta-2023-04-20" "build" "--frozen" "--message-format=json", kill_on_drop: false }`
[INFO] [stdout] 7e193a03937dc005840e8f8a5d8a12e239ea13aade6c9e81463838a2f01cf7a4
[INFO] running `Command { std: "docker" "start" "-a" "7e193a03937dc005840e8f8a5d8a12e239ea13aade6c9e81463838a2f01cf7a4", kill_on_drop: false }`
[INFO] [stderr]    Compiling proc-macro2 v1.0.51
[INFO] [stderr]    Compiling unicode-ident v1.0.6
[INFO] [stderr]    Compiling quote v1.0.23
[INFO] [stderr]    Compiling syn v1.0.107
[INFO] [stderr]    Compiling libc v0.2.139
[INFO] [stderr]    Compiling memchr v2.5.0
[INFO] [stderr]    Compiling serde_derive v1.0.152
[INFO] [stderr]    Compiling serde v1.0.152
[INFO] [stderr]    Compiling crossbeam-utils v0.8.14
[INFO] [stderr]    Compiling io-lifetimes v1.0.5
[INFO] [stderr]    Compiling rustix v0.36.8
[INFO] [stderr]    Compiling linux-raw-sys v0.1.4
[INFO] [stderr]    Compiling memoffset v0.7.1
[INFO] [stderr]    Compiling crossbeam-epoch v0.9.13
[INFO] [stderr]    Compiling indexmap v1.9.2
[INFO] [stderr]    Compiling rayon-core v1.10.2
[INFO] [stderr]    Compiling portable-atomic v0.3.19
[INFO] [stderr]    Compiling hashbrown v0.12.3
[INFO] [stderr]    Compiling unicode-width v0.1.10
[INFO] [stderr]    Compiling termcolor v1.2.0
[INFO] [stderr]    Compiling regex-automata v0.1.10
[INFO] [stderr]    Compiling heck v0.4.1
[INFO] [stderr]    Compiling serde_json v1.0.92
[INFO] [stderr]    Compiling regex-syntax v0.6.28
[INFO] [stderr]    Compiling os_str_bytes v6.4.1
[INFO] [stderr]    Compiling ryu v1.0.12
[INFO] [stderr]    Compiling once_cell v1.17.0
[INFO] [stderr]    Compiling strsim v0.10.0
[INFO] [stderr]    Compiling crossbeam-channel v0.5.6
[INFO] [stderr]    Compiling number_prefix v0.4.0
[INFO] [stderr]    Compiling aho-corasick v0.7.20
[INFO] [stderr]    Compiling nom8 v0.2.0
[INFO] [stderr]    Compiling clap_lex v0.3.1
[INFO] [stderr]    Compiling csv-core v0.1.10
[INFO] [stderr]    Compiling crossbeam-deque v0.8.2
[INFO] [stderr]    Compiling itoa v1.0.5
[INFO] [stderr]    Compiling itoa v0.4.8
[INFO] [stderr]    Compiling either v1.8.1
[INFO] [stderr]    Compiling proc-macro-error-attr v1.0.4
[INFO] [stderr]    Compiling num_cpus v1.15.0
[INFO] [stderr]    Compiling console v0.15.5
[INFO] [stderr]    Compiling regex v1.7.1
[INFO] [stderr]    Compiling indicatif v0.17.3
[INFO] [stderr]    Compiling rayon v1.6.1
[INFO] [stderr]    Compiling is-terminal v0.4.3
[INFO] [stderr]    Compiling env_logger v0.10.0
[INFO] [stderr]    Compiling proc-macro-error v1.0.4
[INFO] [stderr]    Compiling clap_derive v4.1.0
[INFO] [stderr]    Compiling clap v4.1.4
[INFO] [stderr]    Compiling toml_datetime v0.6.1
[INFO] [stderr]    Compiling serde_spanned v0.6.1
[INFO] [stderr]    Compiling bstr v0.2.17
[INFO] [stderr]    Compiling toml_edit v0.19.1
[INFO] [stderr]    Compiling csv v1.1.6
[INFO] [stderr]    Compiling toml v0.7.1
[INFO] [stderr]    Compiling quickner-cli v0.0.1-alpha.2 (/opt/rustwide/workdir)
[INFO] [stdout] warning: associated items `new`, `from_string`, and `annotate` are never used
[INFO] [stdout]   --> src/models.rs:49:12
[INFO] [stdout]    |
[INFO] [stdout] 48 | impl Annotation {
[INFO] [stdout]    | --------------- associated items in this implementation
[INFO] [stdout] 49 |     pub fn new(id: u32, text: String, label: Vec<(usize, usize, String)>) -> Self {
[INFO] [stdout]    |            ^^^
[INFO] [stdout] ...
[INFO] [stdout] 53 |     pub fn from_string(text: String) -> Self {
[INFO] [stdout]    |            ^^^^^^^^^^^
[INFO] [stdout] ...
[INFO] [stdout] 61 |     pub fn annotate(&mut self, entities: HashSet<Entity>) {
[INFO] [stdout]    |            ^^^^^^^^
[INFO] [stdout]    |
[INFO] [stdout]    = note: `#[warn(dead_code)]` on by default
[INFO] [stdout] 
[INFO] [stdout] 
[INFO] [stdout] warning: 1 warning emitted
[INFO] [stdout] 
[INFO] [stdout] 
[INFO] [stderr]     Finished dev [unoptimized + debuginfo] target(s) in 21.50s
[INFO] running `Command { std: "docker" "inspect" "7e193a03937dc005840e8f8a5d8a12e239ea13aade6c9e81463838a2f01cf7a4", kill_on_drop: false }`
[INFO] running `Command { std: "docker" "rm" "-f" "7e193a03937dc005840e8f8a5d8a12e239ea13aade6c9e81463838a2f01cf7a4", kill_on_drop: false }`
[INFO] [stdout] 7e193a03937dc005840e8f8a5d8a12e239ea13aade6c9e81463838a2f01cf7a4
[INFO] running `Command { std: "docker" "create" "-v" "/var/lib/crater-agent-workspace/builds/worker-7-tc2/target:/opt/rustwide/target:rw,Z" "-v" "/var/lib/crater-agent-workspace/builds/worker-7-tc2/source:/opt/rustwide/workdir:ro,Z" "-v" "/var/lib/crater-agent-workspace/cargo-home:/opt/rustwide/cargo-home:ro,Z" "-v" "/var/lib/crater-agent-workspace/rustup-home:/opt/rustwide/rustup-home:ro,Z" "-e" "SOURCE_DIR=/opt/rustwide/workdir" "-e" "CARGO_TARGET_DIR=/opt/rustwide/target" "-e" "CARGO_INCREMENTAL=0" "-e" "RUST_BACKTRACE=full" "-e" "RUSTFLAGS=--cap-lints=warn" "-e" "RUSTDOCFLAGS=--cap-lints=warn" "-e" "CARGO_HOME=/opt/rustwide/cargo-home" "-e" "RUSTUP_HOME=/opt/rustwide/rustup-home" "-w" "/opt/rustwide/workdir" "-m" "1610612736" "--user" "0:0" "--network" "none" "ghcr.io/rust-lang/crates-build-env/linux@sha256:5ff2268d62e97bff2cde7d5815dd6ed5b47097566f13b8d0ca110b04b60e07ed" "/opt/rustwide/cargo-home/bin/cargo" "+beta-2023-04-20" "test" "--frozen" "--no-run" "--message-format=json", kill_on_drop: false }`
[INFO] [stdout] 15d643039da1e546ef27d469b419da1cb651f6aaaf797b9ace507e9faa3abf57
[INFO] running `Command { std: "docker" "start" "-a" "15d643039da1e546ef27d469b419da1cb651f6aaaf797b9ace507e9faa3abf57", kill_on_drop: false }`
[INFO] [stderr]    Compiling quickner-cli v0.0.1-alpha.2 (/opt/rustwide/workdir)
[INFO] [stdout] warning: associated items `new`, `from_string`, and `annotate` are never used
[INFO] [stdout]   --> src/models.rs:49:12
[INFO] [stdout]    |
[INFO] [stdout] 48 | impl Annotation {
[INFO] [stdout]    | --------------- associated items in this implementation
[INFO] [stdout] 49 |     pub fn new(id: u32, text: String, label: Vec<(usize, usize, String)>) -> Self {
[INFO] [stdout]    |            ^^^
[INFO] [stdout] ...
[INFO] [stdout] 53 |     pub fn from_string(text: String) -> Self {
[INFO] [stdout]    |            ^^^^^^^^^^^
[INFO] [stdout] ...
[INFO] [stdout] 61 |     pub fn annotate(&mut self, entities: HashSet<Entity>) {
[INFO] [stdout]    |            ^^^^^^^^
[INFO] [stdout]    |
[INFO] [stdout]    = note: `#[warn(dead_code)]` on by default
[INFO] [stdout] 
[INFO] [stdout] 
[INFO] [stdout] warning: 1 warning emitted
[INFO] [stdout] 
[INFO] [stdout] 
[INFO] [stderr]     Finished test [unoptimized + debuginfo] target(s) in 1.09s
[INFO] running `Command { std: "docker" "inspect" "15d643039da1e546ef27d469b419da1cb651f6aaaf797b9ace507e9faa3abf57", kill_on_drop: false }`
[INFO] running `Command { std: "docker" "rm" "-f" "15d643039da1e546ef27d469b419da1cb651f6aaaf797b9ace507e9faa3abf57", kill_on_drop: false }`
[INFO] [stdout] 15d643039da1e546ef27d469b419da1cb651f6aaaf797b9ace507e9faa3abf57
[INFO] running `Command { std: "docker" "create" "-v" "/var/lib/crater-agent-workspace/builds/worker-7-tc2/target:/opt/rustwide/target:rw,Z" "-v" "/var/lib/crater-agent-workspace/builds/worker-7-tc2/source:/opt/rustwide/workdir:ro,Z" "-v" "/var/lib/crater-agent-workspace/cargo-home:/opt/rustwide/cargo-home:ro,Z" "-v" "/var/lib/crater-agent-workspace/rustup-home:/opt/rustwide/rustup-home:ro,Z" "-e" "SOURCE_DIR=/opt/rustwide/workdir" "-e" "CARGO_TARGET_DIR=/opt/rustwide/target" "-e" "CARGO_INCREMENTAL=0" "-e" "RUST_BACKTRACE=full" "-e" "RUSTFLAGS=--cap-lints=warn" "-e" "RUSTDOCFLAGS=--cap-lints=warn" "-e" "CARGO_HOME=/opt/rustwide/cargo-home" "-e" "RUSTUP_HOME=/opt/rustwide/rustup-home" "-w" "/opt/rustwide/workdir" "-m" "1610612736" "--user" "0:0" "--network" "none" "ghcr.io/rust-lang/crates-build-env/linux@sha256:5ff2268d62e97bff2cde7d5815dd6ed5b47097566f13b8d0ca110b04b60e07ed" "/opt/rustwide/cargo-home/bin/cargo" "+beta-2023-04-20" "test" "--frozen", kill_on_drop: false }`
[INFO] [stdout] 108a6012399cea804673bd43186e9a2f0e1cd3b99c5c9c0ba7608794a263e453
[INFO] running `Command { std: "docker" "start" "-a" "108a6012399cea804673bd43186e9a2f0e1cd3b99c5c9c0ba7608794a263e453", kill_on_drop: false }`
[INFO] [stderr] warning: associated items `new`, `from_string`, and `annotate` are never used
[INFO] [stderr]   --> src/models.rs:49:12
[INFO] [stderr]    |
[INFO] [stderr] 48 | impl Annotation {
[INFO] [stderr]    | --------------- associated items in this implementation
[INFO] [stderr] 49 |     pub fn new(id: u32, text: String, label: Vec<(usize, usize, String)>) -> Self {
[INFO] [stderr]    |            ^^^
[INFO] [stderr] ...
[INFO] [stderr] 53 |     pub fn from_string(text: String) -> Self {
[INFO] [stderr]    |            ^^^^^^^^^^^
[INFO] [stderr] ...
[INFO] [stderr] 61 |     pub fn annotate(&mut self, entities: HashSet<Entity>) {
[INFO] [stderr]    |            ^^^^^^^^
[INFO] [stderr]    |
[INFO] [stderr]    = note: `#[warn(dead_code)]` on by default
[INFO] [stderr] 
[INFO] [stderr] warning: `quickner-cli` (bin "quickner-cli" test) generated 1 warning
[INFO] [stderr]     Finished test [unoptimized + debuginfo] target(s) in 0.14s
[INFO] [stderr]      Running unittests src/lib.rs (/opt/rustwide/target/debug/deps/quickner-887a272bb8459dea)
[INFO] [stdout] 
[INFO] [stdout] running 0 tests
[INFO] [stdout] 
[INFO] [stdout] test result: ok. 0 passed; 0 failed; 0 ignored; 0 measured; 0 filtered out; finished in 0.00s
[INFO] [stdout] 
[INFO] [stderr]      Running unittests src/main.rs (/opt/rustwide/target/debug/deps/quickner_cli-13d67d5336f17bd6)
[INFO] [stdout] 
[INFO] [stderr]    Doc-tests quickner
[INFO] [stdout] running 0 tests
[INFO] [stdout] 
[INFO] [stdout] test result: ok. 0 passed; 0 failed; 0 ignored; 0 measured; 0 filtered out; finished in 0.00s
[INFO] [stdout] 
[INFO] [stdout] 
[INFO] [stdout] running 7 tests
[INFO] [stdout] test src/config.rs - config::Config (line 19) ... FAILED
[INFO] [stdout] test src/utils.rs - utils::get_progress_bar (line 82) ... FAILED
[INFO] [stdout] test src/utils.rs - utils::contains_punctuation (line 28) ... FAILED
[INFO] [stdout] test src/utils.rs - utils::contains_numbers (line 42) ... FAILED
[INFO] [stdout] test src/utils.rs - utils::is_alphanumeric (line 14) ... FAILED
[INFO] [stdout] test src/config.rs - config::Filters::is_valid (line 130) ... FAILED
[INFO] [stdout] test src/utils.rs - utils::contains_special_characters (line 62) ... FAILED
[INFO] [stdout] 
[INFO] [stdout] failures:
[INFO] [stdout] 
[INFO] [stdout] ---- src/config.rs - config::Config (line 19) stdout ----
[INFO] [stdout] error[E0432]: unresolved import `config`
[INFO] [stdout]  --> src/config.rs:20:5
[INFO] [stdout]   |
[INFO] [stdout] 3 | use config::Config;
[INFO] [stdout]   |     ^^^^^^ help: a similar path exists: `quickner::config`
[INFO] [stdout] 
[INFO] [stdout] error: aborting due to previous error
[INFO] [stdout] 
[INFO] [stdout] For more information about this error, try `rustc --explain E0432`.
[INFO] [stdout] Couldn't compile the test.
[INFO] [stdout] ---- src/utils.rs - utils::get_progress_bar (line 82) stdout ----
[INFO] [stdout] error[E0432]: unresolved import `utils`
[INFO] [stdout]  --> src/utils.rs:83:5
[INFO] [stdout]   |
[INFO] [stdout] 3 | use utils::get_progress_bar;
[INFO] [stdout]   |     ^^^^^ help: a similar path exists: `quickner::utils`
[INFO] [stdout] 
[INFO] [stdout] error: aborting due to previous error
[INFO] [stdout] 
[INFO] [stdout] For more information about this error, try `rustc --explain E0432`.
[INFO] [stdout] Couldn't compile the test.
[INFO] [stdout] ---- src/utils.rs - utils::contains_punctuation (line 28) stdout ----
[INFO] [stdout] error[E0432]: unresolved import `utils`
[INFO] [stdout]  --> src/utils.rs:29:5
[INFO] [stdout]   |
[INFO] [stdout] 3 | use utils::contains_punctuation;
[INFO] [stdout]   |     ^^^^^ help: a similar path exists: `quickner::utils`
[INFO] [stdout] 
[INFO] [stdout] error: aborting due to previous error
[INFO] [stdout] 
[INFO] [stdout] For more information about this error, try `rustc --explain E0432`.
[INFO] [stdout] Couldn't compile the test.
[INFO] [stdout] ---- src/utils.rs - utils::contains_numbers (line 42) stdout ----
[INFO] [stdout] error[E0432]: unresolved import `utils`
[INFO] [stdout]  --> src/utils.rs:43:5
[INFO] [stdout]   |
[INFO] [stdout] 3 | use utils::contains_numbers;
[INFO] [stdout]   |     ^^^^^ help: a similar path exists: `quickner::utils`
[INFO] [stdout] 
[INFO] [stdout] error[E0425]: cannot find value `text` in this scope
[INFO] [stdout]  --> src/utils.rs:45:29
[INFO] [stdout]   |
[INFO] [stdout] 5 | assert_eq!(contains_numbers(text), false);
[INFO] [stdout]   |                             ^^^^ not found in this scope
[INFO] [stdout] 
[INFO] [stdout] error[E0425]: cannot find value `text` in this scope
[INFO] [stdout]  --> src/utils.rs:47:29
[INFO] [stdout]   |
[INFO] [stdout] 7 | assert_eq!(contains_numbers(text), true);
[INFO] [stdout]   |                             ^^^^ not found in this scope
[INFO] [stdout] 
[INFO] [stdout] error: aborting due to 3 previous errors
[INFO] [stdout] 
[INFO] [stdout] Some errors have detailed explanations: E0425, E0432.
[INFO] [stdout] For more information about an error, try `rustc --explain E0425`.
[INFO] [stdout] Couldn't compile the test.
[INFO] [stdout] ---- src/utils.rs - utils::is_alphanumeric (line 14) stdout ----
[INFO] [stdout] error[E0432]: unresolved import `utils`
[INFO] [stdout]  --> src/utils.rs:15:5
[INFO] [stdout]   |
[INFO] [stdout] 3 | use utils::is_alphanumeric;
[INFO] [stdout]   |     ^^^^^ help: a similar path exists: `quickner::utils`
[INFO] [stdout] 
[INFO] [stdout] error: aborting due to previous error
[INFO] [stdout] 
[INFO] [stdout] For more information about this error, try `rustc --explain E0432`.
[INFO] [stdout] Couldn't compile the test.
[INFO] [stdout] ---- src/config.rs - config::Filters::is_valid (line 130) stdout ----
[INFO] [stdout] error[E0432]: unresolved import `utils`
[INFO] [stdout]  --> src/config.rs:131:5
[INFO] [stdout]   |
[INFO] [stdout] 3 | use utils::is_valid;
[INFO] [stdout]   |     ^^^^^ help: a similar path exists: `quickner::utils`
[INFO] [stdout] 
[INFO] [stdout] error[E0425]: cannot find value `config` in this scope
[INFO] [stdout]  --> src/config.rs:133:21
[INFO] [stdout]   |
[INFO] [stdout] 5 | assert_eq!(is_valid(config, text), true);
[INFO] [stdout]   |                     ^^^^^^ not found in this scope
[INFO] [stdout] 
[INFO] [stdout] error: aborting due to 2 previous errors
[INFO] [stdout] 
[INFO] [stdout] Some errors have detailed explanations: E0425, E0432.
[INFO] [stdout] For more information about an error, try `rustc --explain E0425`.
[INFO] [stdout] Couldn't compile the test.
[INFO] [stdout] ---- src/utils.rs - utils::contains_special_characters (line 62) stdout ----
[INFO] [stdout] error[E0432]: unresolved import `utils`
[INFO] [stdout]  --> src/utils.rs:63:5
[INFO] [stdout]   |
[INFO] [stdout] 3 | use utils::contains_special_characters;
[INFO] [stdout]   |     ^^^^^ help: a similar path exists: `quickner::utils`
[INFO] [stdout] 
[INFO] [stdout] error[E0425]: cannot find value `text` in this scope
[INFO] [stdout]  --> src/utils.rs:65:40
[INFO] [stdout]   |
[INFO] [stdout] 5 | assert_eq!(contains_special_characters(text), false);
[INFO] [stdout]   |                                        ^^^^ not found in this scope
[INFO] [stdout] 
[INFO] [stdout] error[E0425]: cannot find value `text` in this scope
[INFO] [stdout]  --> src/utils.rs:67:40
[INFO] [stdout]   |
[INFO] [stdout] 7 | assert_eq!(contains_special_characters(text), true);
[INFO] [stdout]   |                                        ^^^^ not found in this scope
[INFO] [stdout] 
[INFO] [stdout] error: aborting due to 3 previous errors
[INFO] [stdout] 
[INFO] [stdout] Some errors have detailed explanations: E0425, E0432.
[INFO] [stdout] For more information about an error, try `rustc --explain E0425`.
[INFO] [stdout] Couldn't compile the test.
[INFO] [stdout] 
[INFO] [stdout] failures:
[INFO] [stdout]     src/config.rs - config::Config (line 19)
[INFO] [stdout]     src/config.rs - config::Filters::is_valid (line 130)
[INFO] [stdout]     src/utils.rs - utils::contains_numbers (line 42)
[INFO] [stdout]     src/utils.rs - utils::contains_punctuation (line 28)
[INFO] [stdout]     src/utils.rs - utils::contains_special_characters (line 62)
[INFO] [stdout]     src/utils.rs - utils::get_progress_bar (line 82)
[INFO] [stdout]     src/utils.rs - utils::is_alphanumeric (line 14)
[INFO] [stdout] 
[INFO] [stdout] test result: FAILED. 0 passed; 7 failed; 0 ignored; 0 measured; 0 filtered out; finished in 0.17s
[INFO] [stdout] 
[INFO] [stderr] error: doctest failed, to rerun pass `--doc`
[INFO] running `Command { std: "docker" "inspect" "108a6012399cea804673bd43186e9a2f0e1cd3b99c5c9c0ba7608794a263e453", kill_on_drop: false }`
[INFO] running `Command { std: "docker" "rm" "-f" "108a6012399cea804673bd43186e9a2f0e1cd3b99c5c9c0ba7608794a263e453", kill_on_drop: false }`
[INFO] [stdout] 108a6012399cea804673bd43186e9a2f0e1cd3b99c5c9c0ba7608794a263e453
