[INFO] fetching crate query_map 0.6.0...
[INFO] testing query_map-0.6.0 against 1.69.0 for beta-1.70-1
[INFO] extracting crate query_map 0.6.0 into /workspace/builds/worker-1-tc1/source
[INFO] validating manifest of crates.io crate query_map 0.6.0 on toolchain 1.69.0
[INFO] running `Command { std: CARGO_HOME="/workspace/cargo-home" RUSTUP_HOME="/workspace/rustup-home" "/workspace/cargo-home/bin/cargo" "+1.69.0" "metadata" "--manifest-path" "Cargo.toml" "--no-deps", kill_on_drop: false }`
[INFO] started tweaking crates.io crate query_map 0.6.0
[INFO] finished tweaking crates.io crate query_map 0.6.0
[INFO] tweaked toml for crates.io crate query_map 0.6.0 written to /workspace/builds/worker-1-tc1/source/Cargo.toml
[INFO] running `Command { std: CARGO_HOME="/workspace/cargo-home" RUSTUP_HOME="/workspace/rustup-home" __CARGO_TEST_CHANNEL_OVERRIDE_DO_NOT_USE_THIS="nightly" "/workspace/cargo-home/bin/cargo" "+1.69.0" "generate-lockfile" "--manifest-path" "Cargo.toml" "-Zno-index-update", kill_on_drop: false }`
[INFO] running `Command { std: CARGO_HOME="/workspace/cargo-home" RUSTUP_HOME="/workspace/rustup-home" "/workspace/cargo-home/bin/cargo" "+1.69.0" "fetch" "--manifest-path" "Cargo.toml", kill_on_drop: false }`
[INFO] running `Command { std: "docker" "create" "-v" "/var/lib/crater-agent-workspace/builds/worker-1-tc1/target:/opt/rustwide/target:rw,Z" "-v" "/var/lib/crater-agent-workspace/builds/worker-1-tc1/source:/opt/rustwide/workdir:ro,Z" "-v" "/var/lib/crater-agent-workspace/cargo-home:/opt/rustwide/cargo-home:ro,Z" "-v" "/var/lib/crater-agent-workspace/rustup-home:/opt/rustwide/rustup-home:ro,Z" "-e" "SOURCE_DIR=/opt/rustwide/workdir" "-e" "CARGO_TARGET_DIR=/opt/rustwide/target" "-e" "CARGO_HOME=/opt/rustwide/cargo-home" "-e" "RUSTUP_HOME=/opt/rustwide/rustup-home" "-w" "/opt/rustwide/workdir" "-m" "1610612736" "--user" "0:0" "--network" "none" "ghcr.io/rust-lang/crates-build-env/linux@sha256:5ff2268d62e97bff2cde7d5815dd6ed5b47097566f13b8d0ca110b04b60e07ed" "/opt/rustwide/cargo-home/bin/cargo" "+1.69.0" "metadata" "--no-deps" "--format-version=1", kill_on_drop: false }`
[INFO] [stdout] 05d37a377c548c3379e8c230455ac1089025533843f82e9ae0fab47fbd360300
[INFO] running `Command { std: "docker" "start" "-a" "05d37a377c548c3379e8c230455ac1089025533843f82e9ae0fab47fbd360300", kill_on_drop: false }`
[INFO] running `Command { std: "docker" "inspect" "05d37a377c548c3379e8c230455ac1089025533843f82e9ae0fab47fbd360300", kill_on_drop: false }`
[INFO] running `Command { std: "docker" "rm" "-f" "05d37a377c548c3379e8c230455ac1089025533843f82e9ae0fab47fbd360300", kill_on_drop: false }`
[INFO] [stdout] 05d37a377c548c3379e8c230455ac1089025533843f82e9ae0fab47fbd360300
[INFO] running `Command { std: "docker" "create" "-v" "/var/lib/crater-agent-workspace/builds/worker-1-tc1/target:/opt/rustwide/target:rw,Z" "-v" "/var/lib/crater-agent-workspace/builds/worker-1-tc1/source:/opt/rustwide/workdir:ro,Z" "-v" "/var/lib/crater-agent-workspace/cargo-home:/opt/rustwide/cargo-home:ro,Z" "-v" "/var/lib/crater-agent-workspace/rustup-home:/opt/rustwide/rustup-home:ro,Z" "-e" "SOURCE_DIR=/opt/rustwide/workdir" "-e" "CARGO_TARGET_DIR=/opt/rustwide/target" "-e" "CARGO_INCREMENTAL=0" "-e" "RUST_BACKTRACE=full" "-e" "RUSTFLAGS=--cap-lints=warn" "-e" "RUSTDOCFLAGS=--cap-lints=warn" "-e" "CARGO_HOME=/opt/rustwide/cargo-home" "-e" "RUSTUP_HOME=/opt/rustwide/rustup-home" "-w" "/opt/rustwide/workdir" "-m" "1610612736" "--user" "0:0" "--network" "none" "ghcr.io/rust-lang/crates-build-env/linux@sha256:5ff2268d62e97bff2cde7d5815dd6ed5b47097566f13b8d0ca110b04b60e07ed" "/opt/rustwide/cargo-home/bin/cargo" "+1.69.0" "build" "--frozen" "--message-format=json", kill_on_drop: false }`
[INFO] [stdout] f45b799fd0b88f65a31cd9e2e8ada49a5cb9d3e8eaec2ed68fba4bb494639c1c
[INFO] running `Command { std: "docker" "start" "-a" "f45b799fd0b88f65a31cd9e2e8ada49a5cb9d3e8eaec2ed68fba4bb494639c1c", kill_on_drop: false }`
[INFO] [stderr]    Compiling query_map v0.6.0 (/opt/rustwide/workdir)
[INFO] [stderr]     Finished dev [unoptimized + debuginfo] target(s) in 0.22s
[INFO] running `Command { std: "docker" "inspect" "f45b799fd0b88f65a31cd9e2e8ada49a5cb9d3e8eaec2ed68fba4bb494639c1c", kill_on_drop: false }`
[INFO] running `Command { std: "docker" "rm" "-f" "f45b799fd0b88f65a31cd9e2e8ada49a5cb9d3e8eaec2ed68fba4bb494639c1c", kill_on_drop: false }`
[INFO] [stdout] f45b799fd0b88f65a31cd9e2e8ada49a5cb9d3e8eaec2ed68fba4bb494639c1c
[INFO] running `Command { std: "docker" "create" "-v" "/var/lib/crater-agent-workspace/builds/worker-1-tc1/target:/opt/rustwide/target:rw,Z" "-v" "/var/lib/crater-agent-workspace/builds/worker-1-tc1/source:/opt/rustwide/workdir:ro,Z" "-v" "/var/lib/crater-agent-workspace/cargo-home:/opt/rustwide/cargo-home:ro,Z" "-v" "/var/lib/crater-agent-workspace/rustup-home:/opt/rustwide/rustup-home:ro,Z" "-e" "SOURCE_DIR=/opt/rustwide/workdir" "-e" "CARGO_TARGET_DIR=/opt/rustwide/target" "-e" "CARGO_INCREMENTAL=0" "-e" "RUST_BACKTRACE=full" "-e" "RUSTFLAGS=--cap-lints=warn" "-e" "RUSTDOCFLAGS=--cap-lints=warn" "-e" "CARGO_HOME=/opt/rustwide/cargo-home" "-e" "RUSTUP_HOME=/opt/rustwide/rustup-home" "-w" "/opt/rustwide/workdir" "-m" "1610612736" "--user" "0:0" "--network" "none" "ghcr.io/rust-lang/crates-build-env/linux@sha256:5ff2268d62e97bff2cde7d5815dd6ed5b47097566f13b8d0ca110b04b60e07ed" "/opt/rustwide/cargo-home/bin/cargo" "+1.69.0" "test" "--frozen" "--no-run" "--message-format=json", kill_on_drop: false }`
[INFO] [stdout] 3a6208fb7b5997570bc4661f013a9d2fc0cd4e023bb65ffd3f5d005ed6cb9872
[INFO] running `Command { std: "docker" "start" "-a" "3a6208fb7b5997570bc4661f013a9d2fc0cd4e023bb65ffd3f5d005ed6cb9872", kill_on_drop: false }`
[INFO] [stderr]    Compiling serde v1.0.160
[INFO] [stderr]    Compiling serde_json v1.0.96
[INFO] [stderr]    Compiling ryu v1.0.13
[INFO] [stderr]    Compiling query_map v0.6.0 (/opt/rustwide/workdir)
[INFO] [stderr]     Finished test [unoptimized + debuginfo] target(s) in 4.86s
[INFO] running `Command { std: "docker" "inspect" "3a6208fb7b5997570bc4661f013a9d2fc0cd4e023bb65ffd3f5d005ed6cb9872", kill_on_drop: false }`
[INFO] running `Command { std: "docker" "rm" "-f" "3a6208fb7b5997570bc4661f013a9d2fc0cd4e023bb65ffd3f5d005ed6cb9872", kill_on_drop: false }`
[INFO] [stdout] 3a6208fb7b5997570bc4661f013a9d2fc0cd4e023bb65ffd3f5d005ed6cb9872
[INFO] running `Command { std: "docker" "create" "-v" "/var/lib/crater-agent-workspace/builds/worker-1-tc1/target:/opt/rustwide/target:rw,Z" "-v" "/var/lib/crater-agent-workspace/builds/worker-1-tc1/source:/opt/rustwide/workdir:ro,Z" "-v" "/var/lib/crater-agent-workspace/cargo-home:/opt/rustwide/cargo-home:ro,Z" "-v" "/var/lib/crater-agent-workspace/rustup-home:/opt/rustwide/rustup-home:ro,Z" "-e" "SOURCE_DIR=/opt/rustwide/workdir" "-e" "CARGO_TARGET_DIR=/opt/rustwide/target" "-e" "CARGO_INCREMENTAL=0" "-e" "RUST_BACKTRACE=full" "-e" "RUSTFLAGS=--cap-lints=warn" "-e" "RUSTDOCFLAGS=--cap-lints=warn" "-e" "CARGO_HOME=/opt/rustwide/cargo-home" "-e" "RUSTUP_HOME=/opt/rustwide/rustup-home" "-w" "/opt/rustwide/workdir" "-m" "1610612736" "--user" "0:0" "--network" "none" "ghcr.io/rust-lang/crates-build-env/linux@sha256:5ff2268d62e97bff2cde7d5815dd6ed5b47097566f13b8d0ca110b04b60e07ed" "/opt/rustwide/cargo-home/bin/cargo" "+1.69.0" "test" "--frozen", kill_on_drop: false }`
[INFO] [stdout] f3644bac6b2874d33d4a9c4ed8d6b754066e31e2e11616017e76938f4c34bf0a
[INFO] running `Command { std: "docker" "start" "-a" "f3644bac6b2874d33d4a9c4ed8d6b754066e31e2e11616017e76938f4c34bf0a", kill_on_drop: false }`
[INFO] [stderr]     Finished test [unoptimized + debuginfo] target(s) in 0.01s
[INFO] [stderr]      Running unittests src/lib.rs (/opt/rustwide/target/debug/deps/query_map-1860ba9f7cfc4cdf)
[INFO] [stdout] 
[INFO] [stdout] running 5 tests
[INFO] [stdout] test tests::str_map_default_is_empty ... ok
[INFO] [stdout] test tests::test_map_all ... ok
[INFO] [stdout] test tests::test_map_first ... ok
[INFO] [stdout] test tests::test_map_from_string_string ... ok
[INFO] [stdout] test tests::test_map_iter ... ok
[INFO] [stdout] 
[INFO] [stdout] test result: ok. 5 passed; 0 failed; 0 ignored; 0 measured; 0 filtered out; finished in 0.00s
[INFO] [stdout] 
[INFO] [stderr]    Doc-tests query_map
[INFO] [stdout] 
[INFO] [stdout] running 3 tests
[INFO] [stdout] test src/lib.rs - (line 31) ... ignored
[INFO] [stdout] test src/lib.rs - (line 52) ... FAILED
[INFO] [stdout] test src/lib.rs - (line 17) ... ok
[INFO] [stdout] 
[INFO] [stdout] failures:
[INFO] [stdout] 
[INFO] [stdout] ---- src/lib.rs - (line 52) stdout ----
[INFO] [stdout] error[E0277]: the trait bound `QueryMap: FromStr` is not satisfied
[INFO] [stdout]  --> src/lib.rs:56:16
[INFO] [stdout]   |
[INFO] [stdout] 7 | let map = data.parse::<QueryMap>().unwrap();
[INFO] [stdout]   |                ^^^^^ the trait `FromStr` is not implemented for `QueryMap`
[INFO] [stdout]   |
[INFO] [stdout]   = help: the following other types implement trait `FromStr`:
[INFO] [stdout]             IpAddr
[INFO] [stdout]             Ipv4Addr
[INFO] [stdout]             Ipv6Addr
[INFO] [stdout]             NonZeroI128
[INFO] [stdout]             NonZeroI16
[INFO] [stdout]             NonZeroI32
[INFO] [stdout]             NonZeroI64
[INFO] [stdout]             NonZeroI8
[INFO] [stdout]           and 29 others
[INFO] [stdout] 
[INFO] [stdout] error: aborting due to previous error
[INFO] [stdout] 
[INFO] [stdout] For more information about this error, try `rustc --explain E0277`.
[INFO] [stdout] Couldn't compile the test.
[INFO] [stdout] 
[INFO] [stdout] failures:
[INFO] [stdout]     src/lib.rs - (line 52)
[INFO] [stdout] 
[INFO] [stdout] test result: FAILED. 1 passed; 1 failed; 1 ignored; 0 measured; 0 filtered out; finished in 0.18s
[INFO] [stdout] 
[INFO] [stderr] error: doctest failed, to rerun pass `--doc`
[INFO] running `Command { std: "docker" "inspect" "f3644bac6b2874d33d4a9c4ed8d6b754066e31e2e11616017e76938f4c34bf0a", kill_on_drop: false }`
[INFO] running `Command { std: "docker" "rm" "-f" "f3644bac6b2874d33d4a9c4ed8d6b754066e31e2e11616017e76938f4c34bf0a", kill_on_drop: false }`
[INFO] [stdout] f3644bac6b2874d33d4a9c4ed8d6b754066e31e2e11616017e76938f4c34bf0a
