[INFO] fetching crate quadkey 0.1.0...
[INFO] testing quadkey-0.1.0 against beta-2023-04-20 for beta-1.70-1
[INFO] extracting crate quadkey 0.1.0 into /workspace/builds/worker-0-tc2/source
[INFO] validating manifest of crates.io crate quadkey 0.1.0 on toolchain beta-2023-04-20
[INFO] running `Command { std: CARGO_HOME="/workspace/cargo-home" RUSTUP_HOME="/workspace/rustup-home" "/workspace/cargo-home/bin/cargo" "+beta-2023-04-20" "metadata" "--manifest-path" "Cargo.toml" "--no-deps", kill_on_drop: false }`
[INFO] started tweaking crates.io crate quadkey 0.1.0
[INFO] finished tweaking crates.io crate quadkey 0.1.0
[INFO] tweaked toml for crates.io crate quadkey 0.1.0 written to /workspace/builds/worker-0-tc2/source/Cargo.toml
[INFO] running `Command { std: CARGO_HOME="/workspace/cargo-home" RUSTUP_HOME="/workspace/rustup-home" __CARGO_TEST_CHANNEL_OVERRIDE_DO_NOT_USE_THIS="nightly" "/workspace/cargo-home/bin/cargo" "+beta-2023-04-20" "generate-lockfile" "--manifest-path" "Cargo.toml" "-Zno-index-update", kill_on_drop: false }`
[INFO] running `Command { std: CARGO_HOME="/workspace/cargo-home" RUSTUP_HOME="/workspace/rustup-home" "/workspace/cargo-home/bin/cargo" "+beta-2023-04-20" "fetch" "--manifest-path" "Cargo.toml", kill_on_drop: false }`
[INFO] running `Command { std: "docker" "create" "-v" "/var/lib/crater-agent-workspace/builds/worker-0-tc2/target:/opt/rustwide/target:rw,Z" "-v" "/var/lib/crater-agent-workspace/builds/worker-0-tc2/source:/opt/rustwide/workdir:ro,Z" "-v" "/var/lib/crater-agent-workspace/cargo-home:/opt/rustwide/cargo-home:ro,Z" "-v" "/var/lib/crater-agent-workspace/rustup-home:/opt/rustwide/rustup-home:ro,Z" "-e" "SOURCE_DIR=/opt/rustwide/workdir" "-e" "CARGO_TARGET_DIR=/opt/rustwide/target" "-e" "CARGO_HOME=/opt/rustwide/cargo-home" "-e" "RUSTUP_HOME=/opt/rustwide/rustup-home" "-w" "/opt/rustwide/workdir" "-m" "1610612736" "--user" "0:0" "--network" "none" "ghcr.io/rust-lang/crates-build-env/linux@sha256:5ff2268d62e97bff2cde7d5815dd6ed5b47097566f13b8d0ca110b04b60e07ed" "/opt/rustwide/cargo-home/bin/cargo" "+beta-2023-04-20" "metadata" "--no-deps" "--format-version=1", kill_on_drop: false }`
[INFO] [stdout] a328d9d2866c9a40d6e0871fb6224674c40c20258c67543771b05fad9cd3be32
[INFO] running `Command { std: "docker" "start" "-a" "a328d9d2866c9a40d6e0871fb6224674c40c20258c67543771b05fad9cd3be32", kill_on_drop: false }`
[INFO] running `Command { std: "docker" "inspect" "a328d9d2866c9a40d6e0871fb6224674c40c20258c67543771b05fad9cd3be32", kill_on_drop: false }`
[INFO] running `Command { std: "docker" "rm" "-f" "a328d9d2866c9a40d6e0871fb6224674c40c20258c67543771b05fad9cd3be32", kill_on_drop: false }`
[INFO] [stdout] a328d9d2866c9a40d6e0871fb6224674c40c20258c67543771b05fad9cd3be32
[INFO] running `Command { std: "docker" "create" "-v" "/var/lib/crater-agent-workspace/builds/worker-0-tc2/target:/opt/rustwide/target:rw,Z" "-v" "/var/lib/crater-agent-workspace/builds/worker-0-tc2/source:/opt/rustwide/workdir:ro,Z" "-v" "/var/lib/crater-agent-workspace/cargo-home:/opt/rustwide/cargo-home:ro,Z" "-v" "/var/lib/crater-agent-workspace/rustup-home:/opt/rustwide/rustup-home:ro,Z" "-e" "SOURCE_DIR=/opt/rustwide/workdir" "-e" "CARGO_TARGET_DIR=/opt/rustwide/target" "-e" "CARGO_INCREMENTAL=0" "-e" "RUST_BACKTRACE=full" "-e" "RUSTFLAGS=--cap-lints=warn" "-e" "RUSTDOCFLAGS=--cap-lints=warn" "-e" "CARGO_HOME=/opt/rustwide/cargo-home" "-e" "RUSTUP_HOME=/opt/rustwide/rustup-home" "-w" "/opt/rustwide/workdir" "-m" "1610612736" "--user" "0:0" "--network" "none" "ghcr.io/rust-lang/crates-build-env/linux@sha256:5ff2268d62e97bff2cde7d5815dd6ed5b47097566f13b8d0ca110b04b60e07ed" "/opt/rustwide/cargo-home/bin/cargo" "+beta-2023-04-20" "build" "--frozen" "--message-format=json", kill_on_drop: false }`
[INFO] [stdout] a83882a3444ebd75ebd2c30cdb29179cd4d3bf575fb951cb5cfbd814b913529f
[INFO] running `Command { std: "docker" "start" "-a" "a83882a3444ebd75ebd2c30cdb29179cd4d3bf575fb951cb5cfbd814b913529f", kill_on_drop: false }`
[INFO] [stderr]    Compiling quadkey v0.1.0 (/opt/rustwide/workdir)
[INFO] [stderr]     Finished dev [unoptimized + debuginfo] target(s) in 0.15s
[INFO] running `Command { std: "docker" "inspect" "a83882a3444ebd75ebd2c30cdb29179cd4d3bf575fb951cb5cfbd814b913529f", kill_on_drop: false }`
[INFO] running `Command { std: "docker" "rm" "-f" "a83882a3444ebd75ebd2c30cdb29179cd4d3bf575fb951cb5cfbd814b913529f", kill_on_drop: false }`
[INFO] [stdout] a83882a3444ebd75ebd2c30cdb29179cd4d3bf575fb951cb5cfbd814b913529f
[INFO] running `Command { std: "docker" "create" "-v" "/var/lib/crater-agent-workspace/builds/worker-0-tc2/target:/opt/rustwide/target:rw,Z" "-v" "/var/lib/crater-agent-workspace/builds/worker-0-tc2/source:/opt/rustwide/workdir:ro,Z" "-v" "/var/lib/crater-agent-workspace/cargo-home:/opt/rustwide/cargo-home:ro,Z" "-v" "/var/lib/crater-agent-workspace/rustup-home:/opt/rustwide/rustup-home:ro,Z" "-e" "SOURCE_DIR=/opt/rustwide/workdir" "-e" "CARGO_TARGET_DIR=/opt/rustwide/target" "-e" "CARGO_INCREMENTAL=0" "-e" "RUST_BACKTRACE=full" "-e" "RUSTFLAGS=--cap-lints=warn" "-e" "RUSTDOCFLAGS=--cap-lints=warn" "-e" "CARGO_HOME=/opt/rustwide/cargo-home" "-e" "RUSTUP_HOME=/opt/rustwide/rustup-home" "-w" "/opt/rustwide/workdir" "-m" "1610612736" "--user" "0:0" "--network" "none" "ghcr.io/rust-lang/crates-build-env/linux@sha256:5ff2268d62e97bff2cde7d5815dd6ed5b47097566f13b8d0ca110b04b60e07ed" "/opt/rustwide/cargo-home/bin/cargo" "+beta-2023-04-20" "test" "--frozen" "--no-run" "--message-format=json", kill_on_drop: false }`
[INFO] [stdout] 62806e91ed5b65ec90755e06c65ccc33174fe437e71ea9d9bc2c079c9296dd7a
[INFO] running `Command { std: "docker" "start" "-a" "62806e91ed5b65ec90755e06c65ccc33174fe437e71ea9d9bc2c079c9296dd7a", kill_on_drop: false }`
[INFO] [stderr]    Compiling quadkey v0.1.0 (/opt/rustwide/workdir)
[INFO] [stderr]     Finished test [unoptimized + debuginfo] target(s) in 0.29s
[INFO] running `Command { std: "docker" "inspect" "62806e91ed5b65ec90755e06c65ccc33174fe437e71ea9d9bc2c079c9296dd7a", kill_on_drop: false }`
[INFO] running `Command { std: "docker" "rm" "-f" "62806e91ed5b65ec90755e06c65ccc33174fe437e71ea9d9bc2c079c9296dd7a", kill_on_drop: false }`
[INFO] [stdout] 62806e91ed5b65ec90755e06c65ccc33174fe437e71ea9d9bc2c079c9296dd7a
[INFO] running `Command { std: "docker" "create" "-v" "/var/lib/crater-agent-workspace/builds/worker-0-tc2/target:/opt/rustwide/target:rw,Z" "-v" "/var/lib/crater-agent-workspace/builds/worker-0-tc2/source:/opt/rustwide/workdir:ro,Z" "-v" "/var/lib/crater-agent-workspace/cargo-home:/opt/rustwide/cargo-home:ro,Z" "-v" "/var/lib/crater-agent-workspace/rustup-home:/opt/rustwide/rustup-home:ro,Z" "-e" "SOURCE_DIR=/opt/rustwide/workdir" "-e" "CARGO_TARGET_DIR=/opt/rustwide/target" "-e" "CARGO_INCREMENTAL=0" "-e" "RUST_BACKTRACE=full" "-e" "RUSTFLAGS=--cap-lints=warn" "-e" "RUSTDOCFLAGS=--cap-lints=warn" "-e" "CARGO_HOME=/opt/rustwide/cargo-home" "-e" "RUSTUP_HOME=/opt/rustwide/rustup-home" "-w" "/opt/rustwide/workdir" "-m" "1610612736" "--user" "0:0" "--network" "none" "ghcr.io/rust-lang/crates-build-env/linux@sha256:5ff2268d62e97bff2cde7d5815dd6ed5b47097566f13b8d0ca110b04b60e07ed" "/opt/rustwide/cargo-home/bin/cargo" "+beta-2023-04-20" "test" "--frozen", kill_on_drop: false }`
[INFO] [stdout] fd0ae6a1cec79ba12ade427d7795139d2ad7c4f42d31904381dd2a08160a0637
[INFO] running `Command { std: "docker" "start" "-a" "fd0ae6a1cec79ba12ade427d7795139d2ad7c4f42d31904381dd2a08160a0637", kill_on_drop: false }`
[INFO] [stderr]     Finished test [unoptimized + debuginfo] target(s) in 0.00s
[INFO] [stderr]      Running unittests src/lib.rs (/opt/rustwide/target/debug/deps/quadkey-7e39a44956e35f22)
[INFO] [stdout] 
[INFO] [stdout] running 6 tests
[INFO] [stdout] test tests::it_converts_from_u64 ... ok
[INFO] [stdout] test tests::it_converts_from_string ... ok
[INFO] [stdout] test tests::it_converts_tile_to_u64 ... ok
[INFO] [stdout] test tests::it_converts_tile_to_string ... ok
[INFO] [stdout] test tests::it_get_binary_zoom_level ... ok
[INFO] [stdout] test tests::it_round_trips_from_string ... ok
[INFO] [stdout] 
[INFO] [stdout] test result: ok. 6 passed; 0 failed; 0 ignored; 0 measured; 0 filtered out; finished in 0.00s
[INFO] [stdout] 
[INFO] [stderr]    Doc-tests quadkey
[INFO] [stdout] 
[INFO] [stdout] running 5 tests
[INFO] [stdout] test src/lib.rs - tile_to_u64 (line 16) ... FAILED
[INFO] [stdout] test src/lib.rs - str_to_tile (line 119) ... FAILED
[INFO] [stdout] test src/lib.rs - tile_to_str (line 89) ... FAILED
[INFO] [stdout] test src/lib.rs - u64_to_tile (line 45) ... FAILED
[INFO] [stdout] test src/lib.rs - u64_zoom_level (line 75) ... FAILED
[INFO] [stdout] 
[INFO] [stdout] failures:
[INFO] [stdout] 
[INFO] [stdout] ---- src/lib.rs - tile_to_u64 (line 16) stdout ----
[INFO] [stdout] error: expected `;`, found `}`
[INFO] [stdout]  --> src/lib.rs:17:32
[INFO] [stdout]   |
[INFO] [stdout] 3 | let qk = tile_to_u64(29, 50, 7)
[INFO] [stdout]   |                                ^ help: add `;` here
[INFO] [stdout] 4 | // 0b0010110101100100000000000000000000000000000000000000000000000111
[INFO] [stdout] 5 | } _doctest_main_src_lib_rs_16_0() }
[INFO] [stdout]   | - unexpected token
[INFO] [stdout] 
[INFO] [stdout] error[E0425]: cannot find function `tile_to_u64` in this scope
[INFO] [stdout]  --> src/lib.rs:17:10
[INFO] [stdout]   |
[INFO] [stdout] 3 | let qk = tile_to_u64(29, 50, 7)
[INFO] [stdout]   |          ^^^^^^^^^^^ not found in this scope
[INFO] [stdout]   |
[INFO] [stdout] help: consider importing this function
[INFO] [stdout]   |
[INFO] [stdout] 2 + use quadkey::tile_to_u64;
[INFO] [stdout]   |
[INFO] [stdout] 
[INFO] [stdout] error: aborting due to 2 previous errors
[INFO] [stdout] 
[INFO] [stdout] For more information about this error, try `rustc --explain E0425`.
[INFO] [stdout] Couldn't compile the test.
[INFO] [stdout] ---- src/lib.rs - str_to_tile (line 119) stdout ----
[INFO] [stdout] error: expected `;`, found `}`
[INFO] [stdout]  --> src/lib.rs:120:35
[INFO] [stdout]   |
[INFO] [stdout] 3 | let tile = str_to_tile("00001033") 
[INFO] [stdout]   |                                   ^ help: add `;` here
[INFO] [stdout] 4 | // Tile { x:11, y:3, z:8 }
[INFO] [stdout] 5 | } _doctest_main_src_lib_rs_119_0() }
[INFO] [stdout]   | - unexpected token
[INFO] [stdout] 
[INFO] [stdout] error[E0425]: cannot find function `str_to_tile` in this scope
[INFO] [stdout]  --> src/lib.rs:120:12
[INFO] [stdout]   |
[INFO] [stdout] 3 | let tile = str_to_tile("00001033") 
[INFO] [stdout]   |            ^^^^^^^^^^^ not found in this scope
[INFO] [stdout]   |
[INFO] [stdout] help: consider importing this function
[INFO] [stdout]   |
[INFO] [stdout] 2 + use quadkey::str_to_tile;
[INFO] [stdout]   |
[INFO] [stdout] 
[INFO] [stdout] error: aborting due to 2 previous errors
[INFO] [stdout] 
[INFO] [stdout] For more information about this error, try `rustc --explain E0425`.
[INFO] [stdout] Couldn't compile the test.
[INFO] [stdout] ---- src/lib.rs - tile_to_str (line 89) stdout ----
[INFO] [stdout] error: expected `;`, found `}`
[INFO] [stdout]  --> src/lib.rs:90:31
[INFO] [stdout]   |
[INFO] [stdout] 3 | let qk = tile_to_str(11, 3, 8) 
[INFO] [stdout]   |                               ^ help: add `;` here
[INFO] [stdout] 4 | // "00001033"
[INFO] [stdout] 5 | } _doctest_main_src_lib_rs_89_0() }
[INFO] [stdout]   | - unexpected token
[INFO] [stdout] 
[INFO] [stdout] error[E0425]: cannot find function `tile_to_str` in this scope
[INFO] [stdout]  --> src/lib.rs:90:10
[INFO] [stdout]   |
[INFO] [stdout] 3 | let qk = tile_to_str(11, 3, 8) 
[INFO] [stdout]   |          ^^^^^^^^^^^ not found in this scope
[INFO] [stdout]   |
[INFO] [stdout] help: consider importing this function
[INFO] [stdout]   |
[INFO] [stdout] 2 + use quadkey::tile_to_str;
[INFO] [stdout]   |
[INFO] [stdout] 
[INFO] [stdout] error: aborting due to 2 previous errors
[INFO] [stdout] 
[INFO] [stdout] For more information about this error, try `rustc --explain E0425`.
[INFO] [stdout] Couldn't compile the test.
[INFO] [stdout] ---- src/lib.rs - u64_to_tile (line 45) stdout ----
[INFO] [stdout] error: expected `;`, found `}`
[INFO] [stdout]  --> src/lib.rs:46:91
[INFO] [stdout]   |
[INFO] [stdout] 3 | let tile = u64_to_tile(0b0010110101100100000000000000000000000000000000000000000000000111)
[INFO] [stdout]   |                                                                                           ^ help: add `;` here
[INFO] [stdout] 4 | // Tile { x: 29, y: 50, z: 7 }
[INFO] [stdout] 5 | } _doctest_main_src_lib_rs_45_0() }
[INFO] [stdout]   | - unexpected token
[INFO] [stdout] 
[INFO] [stdout] error[E0425]: cannot find function `u64_to_tile` in this scope
[INFO] [stdout]  --> src/lib.rs:46:12
[INFO] [stdout]   |
[INFO] [stdout] 3 | let tile = u64_to_tile(0b0010110101100100000000000000000000000000000000000000000000000111)
[INFO] [stdout]   |            ^^^^^^^^^^^ not found in this scope
[INFO] [stdout]   |
[INFO] [stdout] help: consider importing this function
[INFO] [stdout]   |
[INFO] [stdout] 2 + use quadkey::u64_to_tile;
[INFO] [stdout]   |
[INFO] [stdout] 
[INFO] [stdout] error: aborting due to 2 previous errors
[INFO] [stdout] 
[INFO] [stdout] For more information about this error, try `rustc --explain E0425`.
[INFO] [stdout] Couldn't compile the test.
[INFO] [stdout] ---- src/lib.rs - u64_zoom_level (line 75) stdout ----
[INFO] [stdout] error: expected `;`, found `}`
[INFO] [stdout]  --> src/lib.rs:76:94
[INFO] [stdout]   |
[INFO] [stdout] 3 | let zoom = u64_zoom_level(0b0010110101100100000000000000000000000000000000000000000000000111)
[INFO] [stdout]   |                                                                                              ^ help: add `;` here
[INFO] [stdout] 4 | // 7
[INFO] [stdout] 5 | } _doctest_main_src_lib_rs_75_0() }
[INFO] [stdout]   | - unexpected token
[INFO] [stdout] 
[INFO] [stdout] error[E0425]: cannot find function `u64_zoom_level` in this scope
[INFO] [stdout]  --> src/lib.rs:76:12
[INFO] [stdout]   |
[INFO] [stdout] 3 | let zoom = u64_zoom_level(0b0010110101100100000000000000000000000000000000000000000000000111)
[INFO] [stdout]   |            ^^^^^^^^^^^^^^ not found in this scope
[INFO] [stdout]   |
[INFO] [stdout] help: consider importing this function
[INFO] [stdout]   |
[INFO] [stdout] 2 + use quadkey::u64_zoom_level;
[INFO] [stdout]   |
[INFO] [stdout] 
[INFO] [stdout] error: aborting due to 2 previous errors
[INFO] [stdout] 
[INFO] [stdout] For more information about this error, try `rustc --explain E0425`.
[INFO] [stdout] Couldn't compile the test.
[INFO] [stdout] 
[INFO] [stdout] failures:
[INFO] [stdout]     src/lib.rs - str_to_tile (line 119)
[INFO] [stdout]     src/lib.rs - tile_to_str (line 89)
[INFO] [stdout]     src/lib.rs - tile_to_u64 (line 16)
[INFO] [stdout]     src/lib.rs - u64_to_tile (line 45)
[INFO] [stdout]     src/lib.rs - u64_zoom_level (line 75)
[INFO] [stdout] 
[INFO] [stdout] test result: FAILED. 0 passed; 5 failed; 0 ignored; 0 measured; 0 filtered out; finished in 0.05s
[INFO] [stdout] 
[INFO] [stderr] error: doctest failed, to rerun pass `--doc`
[INFO] running `Command { std: "docker" "inspect" "fd0ae6a1cec79ba12ade427d7795139d2ad7c4f42d31904381dd2a08160a0637", kill_on_drop: false }`
[INFO] running `Command { std: "docker" "rm" "-f" "fd0ae6a1cec79ba12ade427d7795139d2ad7c4f42d31904381dd2a08160a0637", kill_on_drop: false }`
[INFO] [stdout] fd0ae6a1cec79ba12ade427d7795139d2ad7c4f42d31904381dd2a08160a0637
