[INFO] fetching crate qrencode 0.14.0...
[INFO] testing qrencode-0.14.0 against 1.69.0 for beta-1.70-1
[INFO] extracting crate qrencode 0.14.0 into /workspace/builds/worker-6-tc1/source
[INFO] validating manifest of crates.io crate qrencode 0.14.0 on toolchain 1.69.0
[INFO] running `Command { std: CARGO_HOME="/workspace/cargo-home" RUSTUP_HOME="/workspace/rustup-home" "/workspace/cargo-home/bin/cargo" "+1.69.0" "metadata" "--manifest-path" "Cargo.toml" "--no-deps", kill_on_drop: false }`
[INFO] started tweaking crates.io crate qrencode 0.14.0
[INFO] removed 0 missing examples
[INFO] finished tweaking crates.io crate qrencode 0.14.0
[INFO] tweaked toml for crates.io crate qrencode 0.14.0 written to /workspace/builds/worker-6-tc1/source/Cargo.toml
[INFO] crate crates.io crate qrencode 0.14.0 already has a lockfile, it will not be regenerated
[INFO] running `Command { std: CARGO_HOME="/workspace/cargo-home" RUSTUP_HOME="/workspace/rustup-home" "/workspace/cargo-home/bin/cargo" "+1.69.0" "fetch" "--manifest-path" "Cargo.toml", kill_on_drop: false }`
[INFO] [stderr]  Downloading crates ...
[INFO] [stderr]   Downloaded exr v1.5.3
[INFO] [stderr]   Downloaded zune-inflate v0.2.50
[INFO] running `Command { std: "docker" "create" "-v" "/var/lib/crater-agent-workspace/builds/worker-6-tc1/target:/opt/rustwide/target:rw,Z" "-v" "/var/lib/crater-agent-workspace/builds/worker-6-tc1/source:/opt/rustwide/workdir:ro,Z" "-v" "/var/lib/crater-agent-workspace/cargo-home:/opt/rustwide/cargo-home:ro,Z" "-v" "/var/lib/crater-agent-workspace/rustup-home:/opt/rustwide/rustup-home:ro,Z" "-e" "SOURCE_DIR=/opt/rustwide/workdir" "-e" "CARGO_TARGET_DIR=/opt/rustwide/target" "-e" "CARGO_HOME=/opt/rustwide/cargo-home" "-e" "RUSTUP_HOME=/opt/rustwide/rustup-home" "-w" "/opt/rustwide/workdir" "-m" "1610612736" "--user" "0:0" "--network" "none" "ghcr.io/rust-lang/crates-build-env/linux@sha256:5ff2268d62e97bff2cde7d5815dd6ed5b47097566f13b8d0ca110b04b60e07ed" "/opt/rustwide/cargo-home/bin/cargo" "+1.69.0" "metadata" "--no-deps" "--format-version=1", kill_on_drop: false }`
[INFO] [stdout] 6f3cadbfd51bbe4611f7002cfb78de9721ba174ae537ffac9f3e15f2e46e2fa7
[INFO] running `Command { std: "docker" "start" "-a" "6f3cadbfd51bbe4611f7002cfb78de9721ba174ae537ffac9f3e15f2e46e2fa7", kill_on_drop: false }`
[INFO] running `Command { std: "docker" "inspect" "6f3cadbfd51bbe4611f7002cfb78de9721ba174ae537ffac9f3e15f2e46e2fa7", kill_on_drop: false }`
[INFO] running `Command { std: "docker" "rm" "-f" "6f3cadbfd51bbe4611f7002cfb78de9721ba174ae537ffac9f3e15f2e46e2fa7", kill_on_drop: false }`
[INFO] [stdout] 6f3cadbfd51bbe4611f7002cfb78de9721ba174ae537ffac9f3e15f2e46e2fa7
[INFO] running `Command { std: "docker" "create" "-v" "/var/lib/crater-agent-workspace/builds/worker-6-tc1/target:/opt/rustwide/target:rw,Z" "-v" "/var/lib/crater-agent-workspace/builds/worker-6-tc1/source:/opt/rustwide/workdir:ro,Z" "-v" "/var/lib/crater-agent-workspace/cargo-home:/opt/rustwide/cargo-home:ro,Z" "-v" "/var/lib/crater-agent-workspace/rustup-home:/opt/rustwide/rustup-home:ro,Z" "-e" "SOURCE_DIR=/opt/rustwide/workdir" "-e" "CARGO_TARGET_DIR=/opt/rustwide/target" "-e" "CARGO_INCREMENTAL=0" "-e" "RUST_BACKTRACE=full" "-e" "RUSTFLAGS=--cap-lints=warn" "-e" "RUSTDOCFLAGS=--cap-lints=warn" "-e" "CARGO_HOME=/opt/rustwide/cargo-home" "-e" "RUSTUP_HOME=/opt/rustwide/rustup-home" "-w" "/opt/rustwide/workdir" "-m" "1610612736" "--user" "0:0" "--network" "none" "ghcr.io/rust-lang/crates-build-env/linux@sha256:5ff2268d62e97bff2cde7d5815dd6ed5b47097566f13b8d0ca110b04b60e07ed" "/opt/rustwide/cargo-home/bin/cargo" "+1.69.0" "build" "--frozen" "--message-format=json", kill_on_drop: false }`
[INFO] [stdout] adeddc933bfdb38d68454807fbb336b94c2ec3750c3668ebaf3ab0e2f926d63f
[INFO] running `Command { std: "docker" "start" "-a" "adeddc933bfdb38d68454807fbb336b94c2ec3750c3668ebaf3ab0e2f926d63f", kill_on_drop: false }`
[INFO] [stderr]    Compiling autocfg v1.1.0
[INFO] [stderr]    Compiling color_quant v1.1.0
[INFO] [stderr]    Compiling bytemuck v1.13.1
[INFO] [stderr]    Compiling byteorder v1.4.3
[INFO] [stderr]    Compiling checked_int_cast v1.0.0
[INFO] [stderr]    Compiling num-traits v0.2.15
[INFO] [stderr]    Compiling num-integer v0.1.45
[INFO] [stderr]    Compiling num-rational v0.4.1
[INFO] [stderr]    Compiling image v0.24.5
[INFO] [stderr]    Compiling qrencode v0.14.0 (/opt/rustwide/workdir)
[INFO] [stderr]     Finished dev [unoptimized + debuginfo] target(s) in 8.98s
[INFO] running `Command { std: "docker" "inspect" "adeddc933bfdb38d68454807fbb336b94c2ec3750c3668ebaf3ab0e2f926d63f", kill_on_drop: false }`
[INFO] running `Command { std: "docker" "rm" "-f" "adeddc933bfdb38d68454807fbb336b94c2ec3750c3668ebaf3ab0e2f926d63f", kill_on_drop: false }`
[INFO] [stdout] adeddc933bfdb38d68454807fbb336b94c2ec3750c3668ebaf3ab0e2f926d63f
[INFO] running `Command { std: "docker" "create" "-v" "/var/lib/crater-agent-workspace/builds/worker-6-tc1/target:/opt/rustwide/target:rw,Z" "-v" "/var/lib/crater-agent-workspace/builds/worker-6-tc1/source:/opt/rustwide/workdir:ro,Z" "-v" "/var/lib/crater-agent-workspace/cargo-home:/opt/rustwide/cargo-home:ro,Z" "-v" "/var/lib/crater-agent-workspace/rustup-home:/opt/rustwide/rustup-home:ro,Z" "-e" "SOURCE_DIR=/opt/rustwide/workdir" "-e" "CARGO_TARGET_DIR=/opt/rustwide/target" "-e" "CARGO_INCREMENTAL=0" "-e" "RUST_BACKTRACE=full" "-e" "RUSTFLAGS=--cap-lints=warn" "-e" "RUSTDOCFLAGS=--cap-lints=warn" "-e" "CARGO_HOME=/opt/rustwide/cargo-home" "-e" "RUSTUP_HOME=/opt/rustwide/rustup-home" "-w" "/opt/rustwide/workdir" "-m" "1610612736" "--user" "0:0" "--network" "none" "ghcr.io/rust-lang/crates-build-env/linux@sha256:5ff2268d62e97bff2cde7d5815dd6ed5b47097566f13b8d0ca110b04b60e07ed" "/opt/rustwide/cargo-home/bin/cargo" "+1.69.0" "test" "--frozen" "--no-run" "--message-format=json", kill_on_drop: false }`
[INFO] [stdout] a393997e14fad87f76b73d8190c9c17ff09e851c161da6bc54f6e78aded84c4e
[INFO] running `Command { std: "docker" "start" "-a" "a393997e14fad87f76b73d8190c9c17ff09e851c161da6bc54f6e78aded84c4e", kill_on_drop: false }`
[INFO] [stderr]    Compiling cfg-if v1.0.0
[INFO] [stderr]    Compiling libc v0.2.139
[INFO] [stderr]    Compiling scopeguard v1.1.0
[INFO] [stderr]    Compiling crossbeam-utils v0.8.15
[INFO] [stderr]    Compiling memoffset v0.8.0
[INFO] [stderr]    Compiling proc-macro2 v1.0.51
[INFO] [stderr]    Compiling crossbeam-epoch v0.9.14
[INFO] [stderr]    Compiling unicode-ident v1.0.6
[INFO] [stderr]    Compiling quote v1.0.23
[INFO] [stderr]    Compiling syn v1.0.109
[INFO] [stderr]    Compiling lock_api v0.4.9
[INFO] [stderr]    Compiling rayon-core v1.10.2
[INFO] [stderr]    Compiling crc32fast v1.3.2
[INFO] [stderr]    Compiling adler v1.0.2
[INFO] [stderr]    Compiling futures-core v0.3.26
[INFO] [stderr]    Compiling crossbeam-channel v0.5.7
[INFO] [stderr]    Compiling miniz_oxide v0.6.2
[INFO] [stderr]    Compiling num_cpus v1.15.0
[INFO] [stderr]    Compiling crossbeam-deque v0.8.3
[INFO] [stderr]    Compiling getrandom v0.2.8
[INFO] [stderr]    Compiling either v1.8.1
[INFO] [stderr]    Compiling flate2 v1.0.25
[INFO] [stderr]    Compiling nanorand v0.7.0
[INFO] [stderr]    Compiling spin v0.9.5
[INFO] [stderr]    Compiling weezl v0.1.7
[INFO] [stderr]    Compiling futures-sink v0.3.26
[INFO] [stderr]    Compiling simd-adler32 v0.3.4
[INFO] [stderr]    Compiling threadpool v1.8.1
[INFO] [stderr]    Compiling lebe v0.5.2
[INFO] [stderr]    Compiling rayon v1.6.1
[INFO] [stderr]    Compiling zune-inflate v0.2.50
[INFO] [stderr]    Compiling bit_field v0.10.2
[INFO] [stderr]    Compiling smallvec v1.10.0
[INFO] [stderr]    Compiling bitflags v1.3.2
[INFO] [stderr]    Compiling half v2.2.1
[INFO] [stderr]    Compiling png v0.17.7
[INFO] [stderr]    Compiling gif v0.11.4
[INFO] [stderr]    Compiling scoped_threadpool v0.1.9
[INFO] [stderr]    Compiling jpeg-decoder v0.3.0
[INFO] [stderr]    Compiling pin-project-internal v1.0.12
[INFO] [stderr]    Compiling tiff v0.8.1
[INFO] [stderr]    Compiling pin-project v1.0.12
[INFO] [stderr]    Compiling flume v0.10.14
[INFO] [stderr]    Compiling exr v1.5.3
[INFO] [stderr]    Compiling image v0.24.5
[INFO] [stderr]    Compiling qrencode v0.14.0 (/opt/rustwide/workdir)
[INFO] [stderr]     Finished test [unoptimized + debuginfo] target(s) in 37.21s
[INFO] running `Command { std: "docker" "inspect" "a393997e14fad87f76b73d8190c9c17ff09e851c161da6bc54f6e78aded84c4e", kill_on_drop: false }`
[INFO] running `Command { std: "docker" "rm" "-f" "a393997e14fad87f76b73d8190c9c17ff09e851c161da6bc54f6e78aded84c4e", kill_on_drop: false }`
[INFO] [stdout] a393997e14fad87f76b73d8190c9c17ff09e851c161da6bc54f6e78aded84c4e
[INFO] running `Command { std: "docker" "create" "-v" "/var/lib/crater-agent-workspace/builds/worker-6-tc1/target:/opt/rustwide/target:rw,Z" "-v" "/var/lib/crater-agent-workspace/builds/worker-6-tc1/source:/opt/rustwide/workdir:ro,Z" "-v" "/var/lib/crater-agent-workspace/cargo-home:/opt/rustwide/cargo-home:ro,Z" "-v" "/var/lib/crater-agent-workspace/rustup-home:/opt/rustwide/rustup-home:ro,Z" "-e" "SOURCE_DIR=/opt/rustwide/workdir" "-e" "CARGO_TARGET_DIR=/opt/rustwide/target" "-e" "CARGO_INCREMENTAL=0" "-e" "RUST_BACKTRACE=full" "-e" "RUSTFLAGS=--cap-lints=warn" "-e" "RUSTDOCFLAGS=--cap-lints=warn" "-e" "CARGO_HOME=/opt/rustwide/cargo-home" "-e" "RUSTUP_HOME=/opt/rustwide/rustup-home" "-w" "/opt/rustwide/workdir" "-m" "1610612736" "--user" "0:0" "--network" "none" "ghcr.io/rust-lang/crates-build-env/linux@sha256:5ff2268d62e97bff2cde7d5815dd6ed5b47097566f13b8d0ca110b04b60e07ed" "/opt/rustwide/cargo-home/bin/cargo" "+1.69.0" "test" "--frozen", kill_on_drop: false }`
[INFO] [stdout] 0639be42fa922c6e54765a0160bcc5b70020ac2913b97e857c9057fd89629993
[INFO] running `Command { std: "docker" "start" "-a" "0639be42fa922c6e54765a0160bcc5b70020ac2913b97e857c9057fd89629993", kill_on_drop: false }`
[INFO] [stderr]     Finished test [unoptimized + debuginfo] target(s) in 0.09s
[INFO] [stderr]      Running unittests src/lib.rs (/opt/rustwide/target/debug/deps/qrencode-eade61f8b6b6202a)
[INFO] [stdout] 
[INFO] [stdout] running 104 tests
[INFO] [stdout] test bits::alphanumeric_tests::test_data_too_long ... ok
[INFO] [stdout] test bits::alphanumeric_tests::test_micro_qr_unsupported ... ok
[INFO] [stdout] test bits::byte_tests::test_data_too_long ... ok
[INFO] [stdout] test bits::byte_tests::test ... ok
[INFO] [stdout] test bits::eci_tests::test_899 ... ok
[INFO] [stdout] test bits::alphanumeric_tests::test_iso_18004_2006_example ... ok
[INFO] [stdout] test bits::encode_auto_tests::test_alpha_h ... ok
[INFO] [stdout] test bits::eci_tests::test_invalid_designator ... ok
[INFO] [stdout] test bits::eci_tests::test_999999 ... ok
[INFO] [stdout] test bits::encode_tests::test_alphanumeric ... ok
[INFO] [stdout] test bits::encode_auto_tests::test_alpha_q ... ok
[INFO] [stdout] test bits::encode_auto_tests::test_find_min_version ... ok
[INFO] [stdout] test bits::encode_auto_tests::test_mixed ... ok
[INFO] [stdout] test bits::encode_tests::test_auto_mode_switch ... ok
[INFO] [stdout] test bits::eci_tests::test_unsupported_character_set ... ok
[INFO] [stdout] test bits::encode_tests::test_too_long ... ok
[INFO] [stdout] test bits::finish_tests::test_micro_version_1_full_byte_padding ... ok
[INFO] [stdout] test bits::eci_tests::test_9 ... ok
[INFO] [stdout] test bits::finish_tests::test_micro_version_1_half_byte_padding ... ok
[INFO] [stdout] test bits::finish_tests::test_no_padding ... ok
[INFO] [stdout] test bits::finish_tests::test_hello_world ... ok
[INFO] [stdout] test bits::kanji_tests::test_micro_qr_unsupported ... ok
[INFO] [stdout] test bits::numeric_tests::test_data_too_long_error ... ok
[INFO] [stdout] test bits::numeric_tests::test_iso_18004_2000_example_2 ... ok
[INFO] [stdout] test bits::kanji_tests::test_iso_18004_example ... ok
[INFO] [stdout] test bits::kanji_tests::test_data_too_long ... ok
[INFO] [stdout] test bits::finish_tests::test_no_terminator ... ok
[INFO] [stdout] test canvas::alignment_pattern_tests::test_draw_alignment_patterns_7 ... ok
[INFO] [stdout] test canvas::all_functional_patterns_tests::test_all_functional_patterns_micro_qr ... ok
[INFO] [stdout] test canvas::all_functional_patterns_tests::test_all_functional_patterns_qr ... ok
[INFO] [stdout] test canvas::all_functional_patterns_tests::test_is_functional_micro ... ok
[INFO] [stdout] test canvas::all_functional_patterns_tests::test_is_functional_qr_1 ... ok
[INFO] [stdout] test canvas::all_functional_patterns_tests::test_is_functional_qr_3 ... ok
[INFO] [stdout] test canvas::all_functional_patterns_tests::test_is_functional_qr_7 ... ok
[INFO] [stdout] test bits::byte_tests::test_micro_qr_unsupported ... ok
[INFO] [stdout] test canvas::alignment_pattern_tests::test_draw_alignment_patterns_1 ... ok
[INFO] [stdout] test bits::finish_tests::test_too_long ... ok
[INFO] [stdout] test canvas::alignment_pattern_tests::test_draw_alignment_patterns_3 ... ok
[INFO] [stdout] test canvas::basic_canvas_tests::test_index ... ok
[INFO] [stdout] test canvas::data_iter_tests::test_micro_qr ... ok
[INFO] [stdout] test canvas::basic_canvas_tests::test_debug_str ... ok
[INFO] [stdout] test canvas::data_iter_tests::test_qr ... ok
[INFO] [stdout] test canvas::data_iter_tests::test_micro_qr_2 ... ok
[INFO] [stdout] test canvas::draw_codewords_test::test_micro_qr_1 ... ok
[INFO] [stdout] test canvas::draw_version_info_tests::test_draw_reserved_format_info_patterns_micro_qr ... ok
[INFO] [stdout] test canvas::draw_version_info_tests::test_draw_reserved_format_info_patterns_qr ... ok
[INFO] [stdout] test canvas::draw_codewords_test::test_qr_2 ... ok
[INFO] [stdout] test bits::numeric_tests::test_iso_18004_2006_example_1 ... ok
[INFO] [stdout] test bits::numeric_tests::test_iso_18004_2006_example_2 ... ok
[INFO] [stdout] test bits::test_push_number ... ok
[INFO] [stdout] test canvas::draw_version_info_tests::test_draw_version_info_1 ... ok
[INFO] [stdout] test canvas::mask_tests::test_apply_mask_qr ... ok
[INFO] [stdout] test canvas::mask_tests::test_draw_format_info_patterns_micro_qr ... ok
[INFO] [stdout] test canvas::mask_tests::test_draw_format_info_patterns_qr ... ok
[INFO] [stdout] test canvas::finder_pattern_tests::test_qr ... ok
[INFO] [stdout] test canvas::penalty_tests::test_penalty_score_balance ... ok
[INFO] [stdout] test canvas::penalty_tests::test_penalty_score_block ... ok
[INFO] [stdout] test canvas::penalty_tests::test_penalty_score_adjacent ... ok
[INFO] [stdout] test canvas::draw_version_info_tests::test_draw_number ... ok
[INFO] [stdout] test canvas::penalty_tests::test_penalty_score_finder ... ok
[INFO] [stdout] test canvas::penalty_tests::check_penalty_canvas ... ok
[INFO] [stdout] test canvas::penalty_tests::test_penalty_score_light_sides ... ok
[INFO] [stdout] test canvas::timing_pattern_tests::test_draw_timing_patterns_micro_qr ... ok
[INFO] [stdout] test canvas::timing_pattern_tests::test_draw_timing_patterns_qr ... ok
[INFO] [stdout] test ec::construct_codewords_test::test_add_ec_simple ... ok
[INFO] [stdout] test ec::ec_tests::test_poly_mod_1 ... ok
[INFO] [stdout] test ec::ec_tests::test_poly_mod_2 ... ok
[INFO] [stdout] test ec::ec_tests::test_poly_mod_3 ... ok
[INFO] [stdout] test ec::max_allowed_errors_test::test_high_versions ... ok
[INFO] [stdout] test ec::max_allowed_errors_test::test_low_versions ... ok
[INFO] [stdout] test ec::test_interleave ... ok
[INFO] [stdout] test ec::construct_codewords_test::test_add_ec_complex ... ok
[INFO] [stdout] test canvas::draw_version_info_tests::test_draw_version_info_7 ... ok
[INFO] [stdout] test canvas::finder_pattern_tests::test_micro_qr ... ok
[INFO] [stdout] test optimize::optimize_tests::test_example_3 ... ok
[INFO] [stdout] test optimize::optimize_tests::test_example_2 ... ok
[INFO] [stdout] test optimize::optimize_tests::test_example_4 ... ok
[INFO] [stdout] test optimize::parse_tests::test_not_kanji_1 ... ok
[INFO] [stdout] test optimize::parse_tests::test_not_kanji_2 ... ok
[INFO] [stdout] test optimize::optimize_tests::test_annex_j_guideline_1a ... ok
[INFO] [stdout] test optimize::optimize_tests::test_annex_j_guideline_1b ... ok
[INFO] [stdout] test optimize::optimize_tests::test_annex_j_guideline_1c ... ok
[INFO] [stdout] test optimize::optimize_tests::test_example_1 ... ok
[INFO] [stdout] test optimize::parse_tests::test_not_kanji_3 ... ok
[INFO] [stdout] test render::image::render_tests::test_render_resized_max ... ok
[INFO] [stdout] test render::image::render_tests::test_render_resized_min ... ok
[INFO] [stdout] test render::image::render_tests::test_render_rgba_unsized ... ok
[INFO] [stdout] test render::string::test_render_to_string ... ok
[INFO] [stdout] test render::unicode::integration_render_utf8_1x2 ... ok
[INFO] [stdout] test render::unicode::integration_render_utf8_1x2_inverted ... ok
[INFO] [stdout] test render::unicode::test_render_to_utf8_string ... ok
[INFO] [stdout] test svg_tests::test_annex_i_micro_qr_as_svg ... ok
[INFO] [stdout] test optimize::parse_tests::test_not_kanji_4 ... ok
[INFO] [stdout] test optimize::parse_tests::test_parse_shift_jis_example_1 ... ok
[INFO] [stdout] test render::image::render_tests::test_render_luma8_unsized ... ok
[INFO] [stdout] test optimize::parse_tests::test_parse_utf_8 ... ok
[INFO] [stdout] test optimize::parse_tests::test_parse_1 ... ok
[INFO] [stdout] test types::mode_tests::test_max ... ok
[INFO] [stdout] test types::mode_tests::test_mode_order ... ok
[INFO] [stdout] test svg_tests::test_annex_i_qr_as_svg ... ok
[INFO] [stdout] test tests::test_annex_i_micro_qr ... ok
[INFO] [stdout] test tests::test_annex_i_qr ... ok
[INFO] [stdout] test image_tests::test_annex_i_micro_qr_as_image ... ok
[INFO] [stdout] test image_tests::test_annex_i_qr_as_image ... ok
[INFO] [stdout] 
[INFO] [stdout] test result: ok. 104 passed; 0 failed; 0 ignored; 0 measured; 0 filtered out; finished in 0.08s
[INFO] [stdout] 
[INFO] [stderr]      Running unittests src/bin/qrencode.rs (/opt/rustwide/target/debug/deps/qrencode-2806c337e6f1f80a)
[INFO] [stderr]    Doc-tests qrencode
[INFO] [stdout] 
[INFO] [stdout] running 0 tests
[INFO] [stdout] 
[INFO] [stdout] test result: ok. 0 passed; 0 failed; 0 ignored; 0 measured; 0 filtered out; finished in 0.00s
[INFO] [stdout] 
[INFO] [stdout] 
[INFO] [stdout] running 20 tests
[INFO] [stdout] test src/bits.rs - bits::Bits::push_fnc1_second_position (line 627) ... ignored
[INFO] [stdout] test src/bits.rs - bits::Bits::push_fnc1_first_position (line 590) ... ok
[INFO] [stdout] test src/lib.rs - (line 5) ... FAILED
[INFO] [stdout] test src/canvas.rs - canvas (line 3) ... ok
[INFO] [stdout] test src/canvas.rs - canvas::Module::mask (line 51) ... ok
[INFO] [stdout] test src/bits.rs - bits::Bits::push_eci_designator (line 227) ... ok
[INFO] [stdout] test src/optimize.rs - optimize::EcsIter (line 46) ... ignored
[INFO] [stdout] test src/lib.rs - QrCode::new (line 68) ... ok
[INFO] [stdout] test src/lib.rs - QrCode::render (line 229) ... ok
[INFO] [stdout] test src/bits.rs - bits::Bits::push_fnc1_second_position (line 614) ... ok
[INFO] [stdout] test src/lib.rs - QrCode::with_bits (line 134) ... ok
[INFO] [stdout] test src/optimize.rs - optimize::Parser<'a>::new (line 94) ... FAILED
[INFO] [stdout] test src/lib.rs - QrCode::with_version (line 107) ... ok
[INFO] [stdout] test src/lib.rs - QrCode::with_error_correction_level (line 85) ... ok
[INFO] [stdout] test src/types.rs - types::Mode::data_bits_count (line 251) ... ok
[INFO] [stdout] test src/lib.rs - QrCode::with_version (line 101) ... ok
[INFO] [stdout] test src/render/svg.rs - render::svg (line 5) ... ok
[INFO] [stdout] test src/types.rs - types::Mode::length_bits_count (line 213) ... ok
[INFO] [stdout] test src/types.rs - types::Color::select (line 68) ... ok
[INFO] [stdout] test src/types.rs - types::Mode::max (line 268) ... ok
[INFO] [stdout] 
[INFO] [stdout] failures:
[INFO] [stdout] 
[INFO] [stdout] ---- src/lib.rs - (line 5) stdout ----
[INFO] [stdout] error: linking with `cc` failed: exit status: 1
[INFO] [stdout]   |
[INFO] [stdout]   = note: LC_ALL="C" PATH="/opt/rustwide/rustup-home/toolchains/1.69.0-x86_64-unknown-linux-gnu/lib/rustlib/x86_64-unknown-linux-gnu/bin:/opt/rustwide/cargo-home/bin:/usr/local/sbin:/usr/local/bin:/usr/sbin:/usr/bin:/sbin:/bin" VSLANG="1033" "cc" "-m64" "/tmp/rustcNpODAr/symbols.o" "/tmp/rustdoctestSMilKt/rust_out.rust_out.5bfee551-cgu.0.rcgu.o" "/tmp/rustdoctestSMilKt/rust_out.j00p4ncf7xg64kg.rcgu.o" "-Wl,--as-needed" "-L" "/opt/rustwide/target/debug/deps" "-L" "/opt/rustwide/target/debug/deps" "-L" "/opt/rustwide/rustup-home/toolchains/1.69.0-x86_64-unknown-linux-gnu/lib/rustlib/x86_64-unknown-linux-gnu/lib" "-Wl,-Bstatic" "/opt/rustwide/target/debug/deps/libqrencode-4cf6b6ff232891d8.rlib" "/opt/rustwide/target/debug/deps/libimage-d8f1b2b020f52f9a.rlib" "/opt/rustwide/target/debug/deps/libbytemuck-e34ceb31b250cef5.rlib" "/opt/rustwide/target/debug/deps/libpng-0a62def810c93694.rlib" "/opt/rustwide/target/debug/deps/libbitflags-82cc2d155c6eb112.rlib" "/opt/rustwide/target/debug/deps/libexr-34e3575b1139335d.rlib" "/opt/rustwide/target/debug/deps/libflume-6980b0db49dc8a7a.rlib" "/opt/rustwide/target/debug/deps/libspin-0fc6acfc324af402.rlib" "/opt/rustwide/target/debug/deps/liblock_api-68f9f4627da435ce.rlib" "/opt/rustwide/target/debug/deps/libpin_project-7163aff02a2bac18.rlib" "/opt/rustwide/target/debug/deps/libfutures_sink-ae12f3363b069540.rlib" "/opt/rustwide/target/debug/deps/libfutures_core-aaf5c29d00f77962.rlib" "/opt/rustwide/target/debug/deps/libnanorand-ea71f2eeabf40b24.rlib" "/opt/rustwide/target/debug/deps/libgetrandom-ef78e3c6f6424d19.rlib" "/opt/rustwide/target/debug/deps/libthreadpool-9324bc89aa3d65ef.rlib" "/opt/rustwide/target/debug/deps/libzune_inflate-49b20a7c7b08950e.rlib" "/opt/rustwide/target/debug/deps/libsimd_adler32-dd9a962de6180aae.rlib" "/opt/rustwide/target/debug/deps/libbit_field-f8dac3ca5bbf9a37.rlib" "/opt/rustwide/target/debug/deps/liblebe-e0db7848fd0bd84d.rlib" "/opt/rustwide/target/debug/deps/libhalf-0ae4fd77684753d1.rlib" "/opt/rustwide/target/debug/deps/libsmallvec-22f2447eab0ca59b.rlib" "/opt/rustwide/target/debug/deps/libscoped_threadpool-4f6c1420c01fda30.rlib" "/opt/rustwide/target/debug/deps/libnum_rational-43cf7dc1504f1785.rlib" "/opt/rustwide/target/debug/deps/libnum_integer-8c06f5afb834bef5.rlib" "/opt/rustwide/target/debug/deps/libgif-a18efa9c08b73864.rlib" "/opt/rustwide/target/debug/deps/libcolor_quant-c4e6a74fd65e1c69.rlib" "/opt/rustwide/target/debug/deps/libbyteorder-50c19e9bd62c942c.rlib" "/opt/rustwide/target/debug/deps/libnum_traits-b237925f6bfbb7f7.rlib" "/opt/rustwide/target/debug/deps/libtiff-f6a3baef40e1c473.rlib" "/opt/rustwide/target/debug/deps/libflate2-038c389e777e2585.rlib" "/opt/rustwide/target/debug/deps/libminiz_oxide-cc55475cd2d98179.rlib" "/opt/rustwide/target/debug/deps/libadler-478247d24f5486f3.rlib" "/opt/rustwide/target/debug/deps/libcrc32fast-104e9b895f0c2d44.rlib" "/opt/rustwide/target/debug/deps/libweezl-b8d0d3d3ea86fdd3.rlib" "/opt/rustwide/target/debug/deps/libjpeg_decoder-268b1ddfd754300e.rlib" "/opt/rustwide/target/debug/deps/librayon-5a89c08e9f93f9c3.rlib" "/opt/rustwide/target/debug/deps/librayon_core-a2303f2b1efd1dcb.rlib" "/opt/rustwide/target/debug/deps/libnum_cpus-0881820fe5e7de80.rlib" "/opt/rustwide/target/debug/deps/liblibc-d81809097c4281db.rlib" "/opt/rustwide/target/debug/deps/libcrossbeam_deque-c88c73a8dbd1207f.rlib" "/opt/rustwide/target/debug/deps/libcrossbeam_epoch-ce14d878c6b46754.rlib" "/opt/rustwide/target/debug/deps/libmemoffset-cc94e166f136fd4e.rlib" "/opt/rustwide/target/debug/deps/libscopeguard-f471875f675163b5.rlib" "/opt/rustwide/target/debug/deps/libcrossbeam_channel-7ddbbaf4e6c2ef2b.rlib" "/opt/rustwide/target/debug/deps/libcrossbeam_utils-3546b3b1c787b86b.rlib" "/opt/rustwide/target/debug/deps/libcfg_if-e5e118dd7d121aaa.rlib" "/opt/rustwide/target/debug/deps/libeither-e407352f1a2e3c73.rlib" "/opt/rustwide/target/debug/deps/libchecked_int_cast-ee8aee7c2136c9ef.rlib" "/opt/rustwide/rustup-home/toolchains/1.69.0-x86_64-unknown-linux-gnu/lib/rustlib/x86_64-unknown-linux-gnu/lib/libstd-89bc084783fdc439.rlib" "/opt/rustwide/rustup-home/toolchains/1.69.0-x86_64-unknown-linux-gnu/lib/rustlib/x86_64-unknown-linux-gnu/lib/libpanic_unwind-8bee4b287d4367c1.rlib" "/opt/rustwide/rustup-home/toolchains/1.69.0-x86_64-unknown-linux-gnu/lib/rustlib/x86_64-unknown-linux-gnu/lib/libobject-d61707aed80694c0.rlib" "/opt/rustwide/rustup-home/toolchains/1.69.0-x86_64-unknown-linux-gnu/lib/rustlib/x86_64-unknown-linux-gnu/lib/libmemchr-d85366256f22345b.rlib" "/opt/rustwide/rustup-home/toolchains/1.69.0-x86_64-unknown-linux-gnu/lib/rustlib/x86_64-unknown-linux-gnu/lib/libaddr2line-96069b86b8a8cae9.rlib" "/opt/rustwide/rustup-home/toolchains/1.69.0-x86_64-unknown-linux-gnu/lib/rustlib/x86_64-unknown-linux-gnu/lib/libgimli-d19d53abf68dfa6c.rlib" "/opt/rustwide/rustup-home/toolchains/1.69.0-x86_64-unknown-linux-gnu/lib/rustlib/x86_64-unknown-linux-gnu/lib/librustc_demangle-787cbccd19d64ac6.rlib" "/opt/rustwide/rustup-home/toolchains/1.69.0-x86_64-unknown-linux-gnu/lib/rustlib/x86_64-unknown-linux-gnu/lib/libstd_detect-b3837a36b830e0d0.rlib" "/opt/rustwide/rustup-home/toolchains/1.69.0-x86_64-unknown-linux-gnu/lib/rustlib/x86_64-unknown-linux-gnu/lib/libhashbrown-e3deb0e7e3f04966.rlib" "/opt/rustwide/rustup-home/toolchains/1.69.0-x86_64-unknown-linux-gnu/lib/rustlib/x86_64-unknown-linux-gnu/lib/libminiz_oxide-dabbb79c9815def4.rlib" "/opt/rustwide/rustup-home/toolchains/1.69.0-x86_64-unknown-linux-gnu/lib/rustlib/x86_64-unknown-linux-gnu/lib/libadler-305b01f34c9409f2.rlib" "/opt/rustwide/rustup-home/toolchains/1.69.0-x86_64-unknown-linux-gnu/lib/rustlib/x86_64-unknown-linux-gnu/lib/librustc_std_workspace_alloc-f833521df6074e73.rlib" "/opt/rustwide/rustup-home/toolchains/1.69.0-x86_64-unknown-linux-gnu/lib/rustlib/x86_64-unknown-linux-gnu/lib/libunwind-9ac333113350d171.rlib" "/opt/rustwide/rustup-home/toolchains/1.69.0-x86_64-unknown-linux-gnu/lib/rustlib/x86_64-unknown-linux-gnu/lib/libcfg_if-1c126114322d0eee.rlib" "/opt/rustwide/rustup-home/toolchains/1.69.0-x86_64-unknown-linux-gnu/lib/rustlib/x86_64-unknown-linux-gnu/lib/liblibc-bad9164fdeeecf92.rlib" "/opt/rustwide/rustup-home/toolchains/1.69.0-x86_64-unknown-linux-gnu/lib/rustlib/x86_64-unknown-linux-gnu/lib/liballoc-f9374b1e480fa681.rlib" "/opt/rustwide/rustup-home/toolchains/1.69.0-x86_64-unknown-linux-gnu/lib/rustlib/x86_64-unknown-linux-gnu/lib/librustc_std_workspace_core-207f06e41d9603af.rlib" "/opt/rustwide/rustup-home/toolchains/1.69.0-x86_64-unknown-linux-gnu/lib/rustlib/x86_64-unknown-linux-gnu/lib/libcore-7e2768e66e984e85.rlib" "/opt/rustwide/rustup-home/toolchains/1.69.0-x86_64-unknown-linux-gnu/lib/rustlib/x86_64-unknown-linux-gnu/lib/libcompiler_builtins-957b4aff41f8cd46.rlib" "-Wl,-Bdynamic" "-lgcc_s" "-lutil" "-lrt" "-lpthread" "-lm" "-ldl" "-lc" "-Wl,--eh-frame-hdr" "-Wl,-z,noexecstack" "-L" "/opt/rustwide/rustup-home/toolchains/1.69.0-x86_64-unknown-linux-gnu/lib/rustlib/x86_64-unknown-linux-gnu/lib" "-o" "/tmp/rustdoctestSMilKt/rust_out" "-Wl,--gc-sections" "-pie" "-Wl,-z,relro,-z,now" "-nodefaultlibs"
[INFO] [stdout]   = note: collect2: fatal error: ld terminated with signal 9 [Killed]
[INFO] [stdout]           compilation terminated.
[INFO] [stdout]           
[INFO] [stdout] 
[INFO] [stdout] error: aborting due to previous error
[INFO] [stdout] 
[INFO] [stdout] Couldn't compile the test.
[INFO] [stdout] ---- src/optimize.rs - optimize::Parser<'a>::new (line 94) stdout ----
[INFO] [stdout] error: linking with `cc` failed: exit status: 1
[INFO] [stdout]   |
[INFO] [stdout]   = note: LC_ALL="C" PATH="/opt/rustwide/rustup-home/toolchains/1.69.0-x86_64-unknown-linux-gnu/lib/rustlib/x86_64-unknown-linux-gnu/bin:/opt/rustwide/cargo-home/bin:/usr/local/sbin:/usr/local/bin:/usr/sbin:/usr/bin:/sbin:/bin" VSLANG="1033" "cc" "-m64" "/tmp/rustclBZusb/symbols.o" "/tmp/rustdoctestQwyOvf/rust_out.rust_out.5bfee551-cgu.0.rcgu.o" "/tmp/rustdoctestQwyOvf/rust_out.j00p4ncf7xg64kg.rcgu.o" "-Wl,--as-needed" "-L" "/opt/rustwide/target/debug/deps" "-L" "/opt/rustwide/target/debug/deps" "-L" "/opt/rustwide/rustup-home/toolchains/1.69.0-x86_64-unknown-linux-gnu/lib/rustlib/x86_64-unknown-linux-gnu/lib" "-Wl,-Bstatic" "/opt/rustwide/target/debug/deps/libqrencode-4cf6b6ff232891d8.rlib" "/opt/rustwide/target/debug/deps/libimage-d8f1b2b020f52f9a.rlib" "/opt/rustwide/target/debug/deps/libbytemuck-e34ceb31b250cef5.rlib" "/opt/rustwide/target/debug/deps/libpng-0a62def810c93694.rlib" "/opt/rustwide/target/debug/deps/libbitflags-82cc2d155c6eb112.rlib" "/opt/rustwide/target/debug/deps/libexr-34e3575b1139335d.rlib" "/opt/rustwide/target/debug/deps/libflume-6980b0db49dc8a7a.rlib" "/opt/rustwide/target/debug/deps/libspin-0fc6acfc324af402.rlib" "/opt/rustwide/target/debug/deps/liblock_api-68f9f4627da435ce.rlib" "/opt/rustwide/target/debug/deps/libpin_project-7163aff02a2bac18.rlib" "/opt/rustwide/target/debug/deps/libfutures_sink-ae12f3363b069540.rlib" "/opt/rustwide/target/debug/deps/libfutures_core-aaf5c29d00f77962.rlib" "/opt/rustwide/target/debug/deps/libnanorand-ea71f2eeabf40b24.rlib" "/opt/rustwide/target/debug/deps/libgetrandom-ef78e3c6f6424d19.rlib" "/opt/rustwide/target/debug/deps/libthreadpool-9324bc89aa3d65ef.rlib" "/opt/rustwide/target/debug/deps/libzune_inflate-49b20a7c7b08950e.rlib" "/opt/rustwide/target/debug/deps/libsimd_adler32-dd9a962de6180aae.rlib" "/opt/rustwide/target/debug/deps/libbit_field-f8dac3ca5bbf9a37.rlib" "/opt/rustwide/target/debug/deps/liblebe-e0db7848fd0bd84d.rlib" "/opt/rustwide/target/debug/deps/libhalf-0ae4fd77684753d1.rlib" "/opt/rustwide/target/debug/deps/libsmallvec-22f2447eab0ca59b.rlib" "/opt/rustwide/target/debug/deps/libscoped_threadpool-4f6c1420c01fda30.rlib" "/opt/rustwide/target/debug/deps/libnum_rational-43cf7dc1504f1785.rlib" "/opt/rustwide/target/debug/deps/libnum_integer-8c06f5afb834bef5.rlib" "/opt/rustwide/target/debug/deps/libgif-a18efa9c08b73864.rlib" "/opt/rustwide/target/debug/deps/libcolor_quant-c4e6a74fd65e1c69.rlib" "/opt/rustwide/target/debug/deps/libbyteorder-50c19e9bd62c942c.rlib" "/opt/rustwide/target/debug/deps/libnum_traits-b237925f6bfbb7f7.rlib" "/opt/rustwide/target/debug/deps/libtiff-f6a3baef40e1c473.rlib" "/opt/rustwide/target/debug/deps/libflate2-038c389e777e2585.rlib" "/opt/rustwide/target/debug/deps/libminiz_oxide-cc55475cd2d98179.rlib" "/opt/rustwide/target/debug/deps/libadler-478247d24f5486f3.rlib" "/opt/rustwide/target/debug/deps/libcrc32fast-104e9b895f0c2d44.rlib" "/opt/rustwide/target/debug/deps/libweezl-b8d0d3d3ea86fdd3.rlib" "/opt/rustwide/target/debug/deps/libjpeg_decoder-268b1ddfd754300e.rlib" "/opt/rustwide/target/debug/deps/librayon-5a89c08e9f93f9c3.rlib" "/opt/rustwide/target/debug/deps/librayon_core-a2303f2b1efd1dcb.rlib" "/opt/rustwide/target/debug/deps/libnum_cpus-0881820fe5e7de80.rlib" "/opt/rustwide/target/debug/deps/liblibc-d81809097c4281db.rlib" "/opt/rustwide/target/debug/deps/libcrossbeam_deque-c88c73a8dbd1207f.rlib" "/opt/rustwide/target/debug/deps/libcrossbeam_epoch-ce14d878c6b46754.rlib" "/opt/rustwide/target/debug/deps/libmemoffset-cc94e166f136fd4e.rlib" "/opt/rustwide/target/debug/deps/libscopeguard-f471875f675163b5.rlib" "/opt/rustwide/target/debug/deps/libcrossbeam_channel-7ddbbaf4e6c2ef2b.rlib" "/opt/rustwide/target/debug/deps/libcrossbeam_utils-3546b3b1c787b86b.rlib" "/opt/rustwide/target/debug/deps/libcfg_if-e5e118dd7d121aaa.rlib" "/opt/rustwide/target/debug/deps/libeither-e407352f1a2e3c73.rlib" "/opt/rustwide/target/debug/deps/libchecked_int_cast-ee8aee7c2136c9ef.rlib" "/opt/rustwide/rustup-home/toolchains/1.69.0-x86_64-unknown-linux-gnu/lib/rustlib/x86_64-unknown-linux-gnu/lib/libstd-89bc084783fdc439.rlib" "/opt/rustwide/rustup-home/toolchains/1.69.0-x86_64-unknown-linux-gnu/lib/rustlib/x86_64-unknown-linux-gnu/lib/libpanic_unwind-8bee4b287d4367c1.rlib" "/opt/rustwide/rustup-home/toolchains/1.69.0-x86_64-unknown-linux-gnu/lib/rustlib/x86_64-unknown-linux-gnu/lib/libobject-d61707aed80694c0.rlib" "/opt/rustwide/rustup-home/toolchains/1.69.0-x86_64-unknown-linux-gnu/lib/rustlib/x86_64-unknown-linux-gnu/lib/libmemchr-d85366256f22345b.rlib" "/opt/rustwide/rustup-home/toolchains/1.69.0-x86_64-unknown-linux-gnu/lib/rustlib/x86_64-unknown-linux-gnu/lib/libaddr2line-96069b86b8a8cae9.rlib" "/opt/rustwide/rustup-home/toolchains/1.69.0-x86_64-unknown-linux-gnu/lib/rustlib/x86_64-unknown-linux-gnu/lib/libgimli-d19d53abf68dfa6c.rlib" "/opt/rustwide/rustup-home/toolchains/1.69.0-x86_64-unknown-linux-gnu/lib/rustlib/x86_64-unknown-linux-gnu/lib/librustc_demangle-787cbccd19d64ac6.rlib" "/opt/rustwide/rustup-home/toolchains/1.69.0-x86_64-unknown-linux-gnu/lib/rustlib/x86_64-unknown-linux-gnu/lib/libstd_detect-b3837a36b830e0d0.rlib" "/opt/rustwide/rustup-home/toolchains/1.69.0-x86_64-unknown-linux-gnu/lib/rustlib/x86_64-unknown-linux-gnu/lib/libhashbrown-e3deb0e7e3f04966.rlib" "/opt/rustwide/rustup-home/toolchains/1.69.0-x86_64-unknown-linux-gnu/lib/rustlib/x86_64-unknown-linux-gnu/lib/libminiz_oxide-dabbb79c9815def4.rlib" "/opt/rustwide/rustup-home/toolchains/1.69.0-x86_64-unknown-linux-gnu/lib/rustlib/x86_64-unknown-linux-gnu/lib/libadler-305b01f34c9409f2.rlib" "/opt/rustwide/rustup-home/toolchains/1.69.0-x86_64-unknown-linux-gnu/lib/rustlib/x86_64-unknown-linux-gnu/lib/librustc_std_workspace_alloc-f833521df6074e73.rlib" "/opt/rustwide/rustup-home/toolchains/1.69.0-x86_64-unknown-linux-gnu/lib/rustlib/x86_64-unknown-linux-gnu/lib/libunwind-9ac333113350d171.rlib" "/opt/rustwide/rustup-home/toolchains/1.69.0-x86_64-unknown-linux-gnu/lib/rustlib/x86_64-unknown-linux-gnu/lib/libcfg_if-1c126114322d0eee.rlib" "/opt/rustwide/rustup-home/toolchains/1.69.0-x86_64-unknown-linux-gnu/lib/rustlib/x86_64-unknown-linux-gnu/lib/liblibc-bad9164fdeeecf92.rlib" "/opt/rustwide/rustup-home/toolchains/1.69.0-x86_64-unknown-linux-gnu/lib/rustlib/x86_64-unknown-linux-gnu/lib/liballoc-f9374b1e480fa681.rlib" "/opt/rustwide/rustup-home/toolchains/1.69.0-x86_64-unknown-linux-gnu/lib/rustlib/x86_64-unknown-linux-gnu/lib/librustc_std_workspace_core-207f06e41d9603af.rlib" "/opt/rustwide/rustup-home/toolchains/1.69.0-x86_64-unknown-linux-gnu/lib/rustlib/x86_64-unknown-linux-gnu/lib/libcore-7e2768e66e984e85.rlib" "/opt/rustwide/rustup-home/toolchains/1.69.0-x86_64-unknown-linux-gnu/lib/rustlib/x86_64-unknown-linux-gnu/lib/libcompiler_builtins-957b4aff41f8cd46.rlib" "-Wl,-Bdynamic" "-lgcc_s" "-lutil" "-lrt" "-lpthread" "-lm" "-ldl" "-lc" "-Wl,--eh-frame-hdr" "-Wl,-z,noexecstack" "-L" "/opt/rustwide/rustup-home/toolchains/1.69.0-x86_64-unknown-linux-gnu/lib/rustlib/x86_64-unknown-linux-gnu/lib" "-o" "/tmp/rustdoctestQwyOvf/rust_out" "-Wl,--gc-sections" "-pie" "-Wl,-z,relro,-z,now" "-nodefaultlibs"
[INFO] [stdout]   = note: collect2: fatal error: ld terminated with signal 9 [Killed]
[INFO] [stdout]           compilation terminated.
[INFO] [stdout]           
[INFO] [stdout] 
[INFO] [stdout] error: aborting due to previous error
[INFO] [stdout] 
[INFO] [stdout] Couldn't compile the test.
[INFO] [stdout] 
[INFO] [stdout] failures:
[INFO] [stdout]     src/lib.rs - (line 5)
[INFO] [stdout]     src/optimize.rs - optimize::Parser<'a>::new (line 94)
[INFO] [stdout] 
[INFO] [stdout] test result: FAILED. 16 passed; 2 failed; 2 ignored; 0 measured; 0 filtered out; finished in 12.17s
[INFO] [stdout] 
[INFO] [stderr] error: doctest failed, to rerun pass `--doc`
[INFO] running `Command { std: "docker" "inspect" "0639be42fa922c6e54765a0160bcc5b70020ac2913b97e857c9057fd89629993", kill_on_drop: false }`
[INFO] running `Command { std: "docker" "rm" "-f" "0639be42fa922c6e54765a0160bcc5b70020ac2913b97e857c9057fd89629993", kill_on_drop: false }`
[INFO] [stdout] 0639be42fa922c6e54765a0160bcc5b70020ac2913b97e857c9057fd89629993
