[INFO] fetching crate qiniu-upload-manager 0.2.2...
[INFO] testing qiniu-upload-manager-0.2.2 against beta-2023-04-20 for beta-1.70-1
[INFO] extracting crate qiniu-upload-manager 0.2.2 into /workspace/builds/worker-0-tc2/source
[INFO] validating manifest of crates.io crate qiniu-upload-manager 0.2.2 on toolchain beta-2023-04-20
[INFO] running `Command { std: CARGO_HOME="/workspace/cargo-home" RUSTUP_HOME="/workspace/rustup-home" "/workspace/cargo-home/bin/cargo" "+beta-2023-04-20" "metadata" "--manifest-path" "Cargo.toml" "--no-deps", kill_on_drop: false }`
[INFO] started tweaking crates.io crate qiniu-upload-manager 0.2.2
[INFO] removed 0 missing examples
[INFO] finished tweaking crates.io crate qiniu-upload-manager 0.2.2
[INFO] tweaked toml for crates.io crate qiniu-upload-manager 0.2.2 written to /workspace/builds/worker-0-tc2/source/Cargo.toml
[INFO] crate crates.io crate qiniu-upload-manager 0.2.2 already has a lockfile, it will not be regenerated
[INFO] running `Command { std: CARGO_HOME="/workspace/cargo-home" RUSTUP_HOME="/workspace/rustup-home" "/workspace/cargo-home/bin/cargo" "+beta-2023-04-20" "fetch" "--manifest-path" "Cargo.toml", kill_on_drop: false }`
[INFO] [stderr]     Updating crates.io index
[INFO] [stderr]  Downloading crates ...
[INFO] [stderr]   Downloaded qiniu-credential v0.2.2
[INFO] [stderr]   Downloaded fs4 v0.6.2
[INFO] [stderr]   Downloaded trust-dns-proto v0.22.0
[INFO] [stderr]   Downloaded async-std-resolver v0.21.2
[INFO] [stderr]   Downloaded rustix v0.35.13
[INFO] [stderr]   Downloaded nickel v0.11.0
[INFO] [stderr]   Downloaded defer-lite v1.0.0
[INFO] [stderr]   Downloaded modifier v0.1.0
[INFO] [stderr]   Downloaded dns-lookup v1.0.8
[INFO] [stderr]   Downloaded flurry v0.3.1
[INFO] [stderr]   Downloaded io-lifetimes v0.7.5
[INFO] [stderr]   Downloaded trust-dns-resolver v0.22.0
[INFO] [stderr]   Downloaded trust-dns-resolver v0.21.2
[INFO] [stderr]   Downloaded toml v0.2.1
[INFO] [stderr]   Downloaded plugin v0.2.6
[INFO] [stderr]   Downloaded enum-as-inner v0.4.0
[INFO] [stderr]   Downloaded curl-sys v0.4.59+curl-7.86.0
[INFO] [stderr]   Downloaded ipipe v0.9.0
[INFO] [stderr]   Downloaded c-ares v7.5.2
[INFO] [stderr]   Downloaded c-ares-resolver v7.4.1
[INFO] [stderr]   Downloaded trust-dns-proto v0.21.2
[INFO] [stderr]   Downloaded maybe-owned v0.3.4
[INFO] [stderr]   Downloaded enum-as-inner v0.5.1
[INFO] [stderr]   Downloaded ipconfig v0.3.1
[INFO] [stderr]   Downloaded tiny_http v0.6.4
[INFO] [stderr]   Downloaded qiniu-isahc v0.2.2
[INFO] [stderr]   Downloaded qiniu-utils v0.2.2
[INFO] [stderr]   Downloaded smart-default v0.6.0
[INFO] [stderr]   Downloaded iron v0.6.1
[INFO] [stderr]   Downloaded groupable v0.2.0
[INFO] [stderr]   Downloaded mustache v0.9.0
[INFO] [stderr]   Downloaded metadeps v1.1.2
[INFO] [stderr]   Downloaded c-types v2.0.2
[INFO] [stderr]   Downloaded qiniu-reqwest v0.2.2
[INFO] [stderr]   Downloaded qiniu-http v0.2.2
[INFO] [stderr]   Downloaded qiniu-ureq v0.2.2
[INFO] [stderr]   Downloaded qiniu-http-client v0.2.2
[INFO] [stderr]   Downloaded qiniu-apis v0.2.2
[INFO] [stderr]   Downloaded duplicate v0.2.9
[INFO] [stderr]   Downloaded assert-impl v0.1.3
[INFO] [stderr]   Downloaded dyn-clonable-impl v0.9.0
[INFO] [stderr]   Downloaded dyn-clonable v0.9.0
[INFO] [stderr]   Downloaded qiniu-upload-token v0.2.2
[INFO] [stderr]   Downloaded smallstr v0.3.0
[INFO] [stderr]   Downloaded text_io v0.1.12
[INFO] [stderr]   Downloaded ascii v0.8.7
[INFO] [stderr]   Downloaded chunked_transfer v0.3.1
[INFO] [stderr]   Downloaded c-ares-sys v5.3.4
[INFO] running `Command { std: "docker" "create" "-v" "/var/lib/crater-agent-workspace/builds/worker-0-tc2/target:/opt/rustwide/target:rw,Z" "-v" "/var/lib/crater-agent-workspace/builds/worker-0-tc2/source:/opt/rustwide/workdir:ro,Z" "-v" "/var/lib/crater-agent-workspace/cargo-home:/opt/rustwide/cargo-home:ro,Z" "-v" "/var/lib/crater-agent-workspace/rustup-home:/opt/rustwide/rustup-home:ro,Z" "-e" "SOURCE_DIR=/opt/rustwide/workdir" "-e" "CARGO_TARGET_DIR=/opt/rustwide/target" "-e" "CARGO_HOME=/opt/rustwide/cargo-home" "-e" "RUSTUP_HOME=/opt/rustwide/rustup-home" "-w" "/opt/rustwide/workdir" "-m" "1610612736" "--user" "0:0" "--network" "none" "ghcr.io/rust-lang/crates-build-env/linux@sha256:5ff2268d62e97bff2cde7d5815dd6ed5b47097566f13b8d0ca110b04b60e07ed" "/opt/rustwide/cargo-home/bin/cargo" "+beta-2023-04-20" "metadata" "--no-deps" "--format-version=1", kill_on_drop: false }`
[INFO] [stdout] f0af69b28715872912b98eadb3e953eaca2452b363e357e0004545a61c814f4d
[INFO] running `Command { std: "docker" "start" "-a" "f0af69b28715872912b98eadb3e953eaca2452b363e357e0004545a61c814f4d", kill_on_drop: false }`
[INFO] running `Command { std: "docker" "inspect" "f0af69b28715872912b98eadb3e953eaca2452b363e357e0004545a61c814f4d", kill_on_drop: false }`
[INFO] running `Command { std: "docker" "rm" "-f" "f0af69b28715872912b98eadb3e953eaca2452b363e357e0004545a61c814f4d", kill_on_drop: false }`
[INFO] [stdout] f0af69b28715872912b98eadb3e953eaca2452b363e357e0004545a61c814f4d
[INFO] running `Command { std: "docker" "create" "-v" "/var/lib/crater-agent-workspace/builds/worker-0-tc2/target:/opt/rustwide/target:rw,Z" "-v" "/var/lib/crater-agent-workspace/builds/worker-0-tc2/source:/opt/rustwide/workdir:ro,Z" "-v" "/var/lib/crater-agent-workspace/cargo-home:/opt/rustwide/cargo-home:ro,Z" "-v" "/var/lib/crater-agent-workspace/rustup-home:/opt/rustwide/rustup-home:ro,Z" "-e" "SOURCE_DIR=/opt/rustwide/workdir" "-e" "CARGO_TARGET_DIR=/opt/rustwide/target" "-e" "CARGO_INCREMENTAL=0" "-e" "RUST_BACKTRACE=full" "-e" "RUSTFLAGS=--cap-lints=warn" "-e" "RUSTDOCFLAGS=--cap-lints=warn" "-e" "CARGO_HOME=/opt/rustwide/cargo-home" "-e" "RUSTUP_HOME=/opt/rustwide/rustup-home" "-w" "/opt/rustwide/workdir" "-m" "1610612736" "--user" "0:0" "--network" "none" "ghcr.io/rust-lang/crates-build-env/linux@sha256:5ff2268d62e97bff2cde7d5815dd6ed5b47097566f13b8d0ca110b04b60e07ed" "/opt/rustwide/cargo-home/bin/cargo" "+beta-2023-04-20" "build" "--frozen" "--message-format=json", kill_on_drop: false }`
[INFO] [stdout] bc7b2f54d32fdfe3607609dcf16247ec743f548f95d71351058c23a56ddde200
[INFO] running `Command { std: "docker" "start" "-a" "bc7b2f54d32fdfe3607609dcf16247ec743f548f95d71351058c23a56ddde200", kill_on_drop: false }`
[INFO] [stderr]    Compiling version_check v0.9.4
[INFO] [stderr]    Compiling proc-macro2 v1.0.49
[INFO] [stderr]    Compiling libc v0.2.139
[INFO] [stderr]    Compiling unicode-ident v1.0.6
[INFO] [stderr]    Compiling quote v1.0.23
[INFO] [stderr]    Compiling syn v1.0.107
[INFO] [stderr]    Compiling typenum v1.16.0
[INFO] [stderr]    Compiling once_cell v1.16.0
[INFO] [stderr]    Compiling cc v1.0.78
[INFO] [stderr]    Compiling serde_derive v1.0.151
[INFO] [stderr]    Compiling crossbeam-utils v0.8.14
[INFO] [stderr]    Compiling serde v1.0.151
[INFO] [stderr]    Compiling smallvec v1.10.0
[INFO] [stderr]    Compiling semver v1.0.16
[INFO] [stderr]    Compiling tinyvec_macros v0.1.0
[INFO] [stderr]    Compiling itoa v1.0.5
[INFO] [stderr]    Compiling tinyvec v1.6.0
[INFO] [stderr]    Compiling num-traits v0.2.15
[INFO] [stderr]    Compiling smallstr v0.3.0
[INFO] [stderr]    Compiling bytes v1.3.0
[INFO] [stderr]    Compiling anyhow v1.0.68
[INFO] [stderr]    Compiling log v0.4.17
[INFO] [stderr]    Compiling getrandom v0.1.16
[INFO] [stderr]    Compiling generic-array v0.14.6
[INFO] [stderr]    Compiling proc-macro-error-attr v1.0.4
[INFO] [stderr]    Compiling proc-macro-error v1.0.4
[INFO] [stderr]    Compiling value-bag v1.0.0-alpha.9
[INFO] [stderr]    Compiling unicase v2.6.0
[INFO] [stderr]    Compiling memchr v2.5.0
[INFO] [stderr]    Compiling http v0.2.8
[INFO] [stderr]    Compiling num-integer v0.1.45
[INFO] [stderr]    Compiling rustc_version v0.4.0
[INFO] [stderr]    Compiling memoffset v0.7.1
[INFO] [stderr]    Compiling cpufeatures v0.2.5
[INFO] [stderr]    Compiling opaque-debug v0.3.0
[INFO] [stderr]    Compiling unicode-bidi v0.3.8
[INFO] [stderr]    Compiling assert-impl v0.1.3
[INFO] [stderr]    Compiling io-lifetimes v0.7.5
[INFO] [stderr]    Compiling rustls v0.20.7
[INFO] [stderr]    Compiling unicode-normalization v0.1.22
[INFO] [stderr]    Compiling subtle v2.4.1
[INFO] [stderr]    Compiling qiniu-http v0.2.2
[INFO] [stderr]    Compiling ring v0.16.20
[INFO] [stderr]    Compiling miniz_oxide v0.6.2
[INFO] [stderr]    Compiling lock_api v0.4.9
[INFO] [stderr]    Compiling crossbeam-epoch v0.9.13
[INFO] [stderr]    Compiling thiserror v1.0.38
[INFO] [stderr]    Compiling parking_lot_core v0.9.5
[INFO] [stderr]    Compiling serde_json v1.0.91
[INFO] [stderr]    Compiling dyn-clone v1.0.10
[INFO] [stderr]    Compiling mime v0.3.16
[INFO] [stderr]    Compiling idna v0.3.0
[INFO] [stderr]    Compiling rustix v0.35.13
[INFO] [stderr]    Compiling flate2 v1.0.25
[INFO] [stderr]    Compiling rand_core v0.5.1
[INFO] [stderr]    Compiling mime_guess v2.0.4
[INFO] [stderr]    Compiling crossbeam-channel v0.5.6
[INFO] [stderr]    Compiling num-rational v0.3.2
[INFO] [stderr]    Compiling linux-raw-sys v0.0.46
[INFO] [stderr]    Compiling convert_case v0.4.0
[INFO] [stderr]    Compiling digest v0.9.0
[INFO] [stderr]    Compiling block-buffer v0.9.0
[INFO] [stderr]    Compiling crypto-mac v0.11.1
[INFO] [stderr]    Compiling url v2.3.1
[INFO] [stderr]    Compiling hashbrown v0.12.3
[INFO] [stderr]    Compiling crossbeam-queue v0.3.8
[INFO] [stderr]    Compiling chunked_transfer v1.4.0
[INFO] [stderr]    Compiling sha-1 v0.9.8
[INFO] [stderr]    Compiling hmac v0.11.0
[INFO] [stderr]    Compiling ryu v1.0.12
[INFO] [stderr]    Compiling rand_chacha v0.2.2
[INFO] [stderr]    Compiling block-buffer v0.10.3
[INFO] [stderr]    Compiling crypto-common v0.1.6
[INFO] [stderr]    Compiling aho-corasick v0.7.20
[INFO] [stderr]    Compiling time v0.1.45
[INFO] [stderr]    Compiling socket2 v0.4.7
[INFO] [stderr]    Compiling dirs-sys v0.3.7
[INFO] [stderr]    Compiling indexmap v1.9.2
[INFO] [stderr]    Compiling iana-time-zone v0.1.53
[INFO] [stderr]    Compiling regex-syntax v0.6.28
[INFO] [stderr]    Compiling rayon-core v1.10.1
[INFO] [stderr]    Compiling dirs v3.0.2
[INFO] [stderr]    Compiling chrono v0.4.23
[INFO] [stderr]    Compiling dns-lookup v1.0.8
[INFO] [stderr]    Compiling dashmap v5.4.0
[INFO] [stderr]    Compiling crossbeam-deque v0.8.2
[INFO] [stderr]    Compiling digest v0.10.6
[INFO] [stderr]    Compiling rand v0.7.3
[INFO] [stderr]    Compiling md-5 v0.9.1
[INFO] [stderr]    Compiling num_cpus v1.15.0
[INFO] [stderr]    Compiling tap v1.0.1
[INFO] [stderr]    Compiling ipnet v2.7.0
[INFO] [stderr]    Compiling hex v0.4.3
[INFO] [stderr]    Compiling maybe-owned v0.3.4
[INFO] [stderr]    Compiling either v1.8.0
[INFO] [stderr]    Compiling md-5 v0.10.5
[INFO] [stderr]    Compiling sha-1 v0.10.1
[INFO] [stderr]    Compiling os_str_bytes v6.4.1
[INFO] [stderr]    Compiling fs4 v0.6.2
[INFO] [stderr]    Compiling rayon v1.6.1
[INFO] [stderr]    Compiling regex v1.7.0
[INFO] [stderr]    Compiling ctor v0.1.26
[INFO] [stderr]    Compiling auto_impl v1.0.1
[INFO] [stderr]    Compiling dyn-clonable-impl v0.9.0
[INFO] [stderr]    Compiling thiserror-impl v1.0.38
[INFO] [stderr]    Compiling duplicate v0.2.9
[INFO] [stderr]    Compiling smart-default v0.6.0
[INFO] [stderr]    Compiling webpki v0.22.0
[INFO] [stderr]    Compiling sct v0.7.0
[INFO] [stderr]    Compiling webpki-roots v0.22.6
[INFO] [stderr]    Compiling dyn-clonable v0.9.0
[INFO] [stderr]    Compiling ureq v2.5.0
[INFO] [stderr]    Compiling qiniu-utils v0.2.2
[INFO] [stderr]    Compiling qiniu-credential v0.2.2
[INFO] [stderr]    Compiling qiniu-ureq v0.2.2
[INFO] [stderr]    Compiling qiniu-upload-token v0.2.2
[INFO] [stderr]    Compiling qiniu-http-client v0.2.2
[INFO] [stderr]    Compiling qiniu-apis v0.2.2
[INFO] [stderr]    Compiling qiniu-upload-manager v0.2.2 (/opt/rustwide/workdir)
[INFO] [stderr]     Finished dev [unoptimized + debuginfo] target(s) in 24.60s
[INFO] running `Command { std: "docker" "inspect" "bc7b2f54d32fdfe3607609dcf16247ec743f548f95d71351058c23a56ddde200", kill_on_drop: false }`
[INFO] running `Command { std: "docker" "rm" "-f" "bc7b2f54d32fdfe3607609dcf16247ec743f548f95d71351058c23a56ddde200", kill_on_drop: false }`
[INFO] [stdout] bc7b2f54d32fdfe3607609dcf16247ec743f548f95d71351058c23a56ddde200
[INFO] running `Command { std: "docker" "create" "-v" "/var/lib/crater-agent-workspace/builds/worker-0-tc2/target:/opt/rustwide/target:rw,Z" "-v" "/var/lib/crater-agent-workspace/builds/worker-0-tc2/source:/opt/rustwide/workdir:ro,Z" "-v" "/var/lib/crater-agent-workspace/cargo-home:/opt/rustwide/cargo-home:ro,Z" "-v" "/var/lib/crater-agent-workspace/rustup-home:/opt/rustwide/rustup-home:ro,Z" "-e" "SOURCE_DIR=/opt/rustwide/workdir" "-e" "CARGO_TARGET_DIR=/opt/rustwide/target" "-e" "CARGO_INCREMENTAL=0" "-e" "RUST_BACKTRACE=full" "-e" "RUSTFLAGS=--cap-lints=warn" "-e" "RUSTDOCFLAGS=--cap-lints=warn" "-e" "CARGO_HOME=/opt/rustwide/cargo-home" "-e" "RUSTUP_HOME=/opt/rustwide/rustup-home" "-w" "/opt/rustwide/workdir" "-m" "1610612736" "--user" "0:0" "--network" "none" "ghcr.io/rust-lang/crates-build-env/linux@sha256:5ff2268d62e97bff2cde7d5815dd6ed5b47097566f13b8d0ca110b04b60e07ed" "/opt/rustwide/cargo-home/bin/cargo" "+beta-2023-04-20" "test" "--frozen" "--no-run" "--message-format=json", kill_on_drop: false }`
[INFO] [stdout] 75b33a3d4ddfd21a6d3b41009c1336980f95124d65027fb2a5dd1837412c7fd0
[INFO] running `Command { std: "docker" "start" "-a" "75b33a3d4ddfd21a6d3b41009c1336980f95124d65027fb2a5dd1837412c7fd0", kill_on_drop: false }`
[INFO] [stderr]    Compiling autocfg v0.1.8
[INFO] [stderr]    Compiling unicase v1.4.2
[INFO] [stderr]    Compiling futures-core v0.3.25
[INFO] [stderr]    Compiling fastrand v1.8.0
[INFO] [stderr]    Compiling siphasher v0.2.3
[INFO] [stderr]    Compiling rand_os v0.1.3
[INFO] [stderr]    Compiling rand_isaac v0.1.1
[INFO] [stderr]    Compiling rand_xorshift v0.1.1
[INFO] [stderr]    Compiling rand_hc v0.1.0
[INFO] [stderr]    Compiling rand_jitter v0.1.4
[INFO] [stderr]    Compiling log v0.3.9
[INFO] [stderr]    Compiling event-listener v2.5.3
[INFO] [stderr]    Compiling parking v2.0.0
[INFO] [stderr]    Compiling futures-io v0.3.25
[INFO] [stderr]    Compiling pin-project-lite v0.2.9
[INFO] [stderr]    Compiling traitobject v0.1.0
[INFO] [stderr]    Compiling rand_pcg v0.1.2
[INFO] [stderr]    Compiling rand_chacha v0.1.1
[INFO] [stderr]    Compiling rand v0.6.5
[INFO] [stderr]    Compiling matches v0.1.9
[INFO] [stderr]    Compiling waker-fn v1.1.0
[INFO] [stderr]    Compiling concurrent-queue v2.0.0
[INFO] [stderr]    Compiling slab v0.4.7
[INFO] [stderr]    Compiling percent-encoding v1.0.1
[INFO] [stderr]    Compiling idna v0.1.5
[INFO] [stderr]    Compiling httparse v1.8.0
[INFO] [stderr]    Compiling safemem v0.3.3
[INFO] [stderr]    Compiling mime v0.2.6
[INFO] [stderr]    Compiling unsafe-any v0.4.2
[INFO] [stderr]    Compiling crossbeam-utils v0.7.2
[INFO] [stderr]    Compiling memoffset v0.5.6
[INFO] [stderr]    Compiling polling v2.5.2
[INFO] [stderr]    Compiling futures-lite v1.12.0
[INFO] [stderr]    Compiling base64 v0.9.3
[INFO] [stderr]    Compiling typemap v0.3.3
[INFO] [stderr]    Compiling getrandom v0.2.8
[INFO] [stderr]    Compiling crossbeam-epoch v0.8.2
[INFO] [stderr]    Compiling phf_shared v0.7.24
[INFO] [stderr]    Compiling async-io v1.12.0
[INFO] [stderr]    Compiling url v1.7.2
[INFO] [stderr]    Compiling typeable v0.1.2
[INFO] [stderr]    Compiling phf v0.7.24
[INFO] [stderr]    Compiling async-task v4.3.0
[INFO] [stderr]    Compiling language-tags v0.2.2
[INFO] [stderr]    Compiling rand_core v0.6.4
[INFO] [stderr]    Compiling plugin v0.2.6
[INFO] [stderr]    Compiling async-channel v1.8.0
[INFO] [stderr]    Compiling parking_lot_core v0.7.3
[INFO] [stderr]    Compiling atty v0.2.14
[INFO] [stderr]    Compiling unicode-width v0.1.10
[INFO] [stderr]    Compiling unicode-segmentation v1.10.0
[INFO] [stderr]    Compiling modifier v0.1.0
[INFO] [stderr]    Compiling atomic-waker v1.0.0
[INFO] [stderr]    Compiling textwrap v0.11.0
[INFO] [stderr]    Compiling rand_chacha v0.3.1
[INFO] [stderr]    Compiling mustache v0.9.0
[INFO] [stderr]    Compiling chunked_transfer v0.3.1
[INFO] [stderr]    Compiling parking_lot v0.10.2
[INFO] [stderr]    Compiling ahash v0.3.8
[INFO] [stderr]    Compiling ascii v0.8.7
[INFO] [stderr]    Compiling hyper v0.10.16
[INFO] [stderr]    Compiling async-lock v2.6.0
[INFO] [stderr]    Compiling ansi_term v0.12.1
[INFO] [stderr]    Compiling phf_generator v0.7.24
[INFO] [stderr]    Compiling heck v0.3.3
[INFO] [stderr]    Compiling groupable v0.2.0
[INFO] [stderr]    Compiling phf_codegen v0.7.24
[INFO] [stderr]    Compiling remove_dir_all v0.5.3
[INFO] [stderr]    Compiling blocking v1.3.0
[INFO] [stderr]    Compiling async-executor v1.5.0
[INFO] [stderr]    Compiling clap v2.34.0
[INFO] [stderr]    Compiling mime_guess v1.8.8
[INFO] [stderr]    Compiling tempfile v3.3.0
[INFO] [stderr]    Compiling tiny_http v0.6.4
[INFO] [stderr]    Compiling structopt-derive v0.4.18
[INFO] [stderr]    Compiling rand v0.8.5
[INFO] [stderr]    Compiling buf_redux v0.8.4
[INFO] [stderr]    Compiling kv-log-macro v1.0.7
[INFO] [stderr]    Compiling flurry v0.3.1
[INFO] [stderr]    Compiling async-global-executor v2.3.1
[INFO] [stderr]    Compiling nix v0.19.1
[INFO] [stderr]    Compiling async-attributes v1.1.2
[INFO] [stderr]    Compiling twoway v0.1.8
[INFO] [stderr]    Compiling rand v0.5.6
[INFO] [stderr]    Compiling termcolor v1.1.3
[INFO] [stderr]    Compiling humantime v2.1.0
[INFO] [stderr]    Compiling defer-lite v1.0.0
[INFO] [stderr]    Compiling text_io v0.1.12
[INFO] [stderr]    Compiling env_logger v0.9.3
[INFO] [stderr]    Compiling async-std v1.12.0
[INFO] [stderr]    Compiling nickel v0.11.0
[INFO] [stderr]    Compiling iron v0.6.1
[INFO] [stderr]    Compiling multipart v0.18.0
[INFO] [stderr]    Compiling structopt v0.3.26
[INFO] [stderr]    Compiling ipipe v0.9.0
[INFO] [stderr]    Compiling qiniu-upload-manager v0.2.2 (/opt/rustwide/workdir)
[INFO] [stderr]     Finished test [unoptimized + debuginfo] target(s) in 15.46s
[INFO] [stderr] warning: the following packages contain code that will be rejected by a future version of Rust: buf_redux v0.8.4, multipart v0.18.0, traitobject v0.1.0
[INFO] [stderr] note: to see what the problems were, use the option `--future-incompat-report`, or run `cargo report future-incompatibilities --id 1`
[INFO] running `Command { std: "docker" "inspect" "75b33a3d4ddfd21a6d3b41009c1336980f95124d65027fb2a5dd1837412c7fd0", kill_on_drop: false }`
[INFO] running `Command { std: "docker" "rm" "-f" "75b33a3d4ddfd21a6d3b41009c1336980f95124d65027fb2a5dd1837412c7fd0", kill_on_drop: false }`
[INFO] [stdout] 75b33a3d4ddfd21a6d3b41009c1336980f95124d65027fb2a5dd1837412c7fd0
[INFO] running `Command { std: "docker" "create" "-v" "/var/lib/crater-agent-workspace/builds/worker-0-tc2/target:/opt/rustwide/target:rw,Z" "-v" "/var/lib/crater-agent-workspace/builds/worker-0-tc2/source:/opt/rustwide/workdir:ro,Z" "-v" "/var/lib/crater-agent-workspace/cargo-home:/opt/rustwide/cargo-home:ro,Z" "-v" "/var/lib/crater-agent-workspace/rustup-home:/opt/rustwide/rustup-home:ro,Z" "-e" "SOURCE_DIR=/opt/rustwide/workdir" "-e" "CARGO_TARGET_DIR=/opt/rustwide/target" "-e" "CARGO_INCREMENTAL=0" "-e" "RUST_BACKTRACE=full" "-e" "RUSTFLAGS=--cap-lints=warn" "-e" "RUSTDOCFLAGS=--cap-lints=warn" "-e" "CARGO_HOME=/opt/rustwide/cargo-home" "-e" "RUSTUP_HOME=/opt/rustwide/rustup-home" "-w" "/opt/rustwide/workdir" "-m" "1610612736" "--user" "0:0" "--network" "none" "ghcr.io/rust-lang/crates-build-env/linux@sha256:5ff2268d62e97bff2cde7d5815dd6ed5b47097566f13b8d0ca110b04b60e07ed" "/opt/rustwide/cargo-home/bin/cargo" "+beta-2023-04-20" "test" "--frozen", kill_on_drop: false }`
[INFO] [stdout] 17b17b3d94a668968cf2a556a6aac4888c5a2ff62235df715c2d6911cc755491
[INFO] running `Command { std: "docker" "start" "-a" "17b17b3d94a668968cf2a556a6aac4888c5a2ff62235df715c2d6911cc755491", kill_on_drop: false }`
[INFO] [stderr]     Finished test [unoptimized + debuginfo] target(s) in 0.21s
[INFO] [stderr] warning: the following packages contain code that will be rejected by a future version of Rust: buf_redux v0.8.4, multipart v0.18.0, traitobject v0.1.0
[INFO] [stderr] note: to see what the problems were, use the option `--future-incompat-report`, or run `cargo report future-incompatibilities --id 1`
[INFO] [stderr]      Running unittests src/lib.rs (/opt/rustwide/target/debug/deps/qiniu_upload_manager-e8c73b001681df1b)
[INFO] [stdout] 
[INFO] [stdout] running 9 tests
[INFO] [stdout] test single_part_uploader::form_uploader::tests::test_sync_form_upload ... ok
[INFO] [stdout] test resumable_recorder::file::tests::test_file_system_resumable_recorder ... ok
[INFO] [stdout] test data_source::file::tests::test_sync_seekable_file_data_source ... ok
[INFO] [stdout] test multi_parts_uploader::v1::tests::with_recovery::test_sync_multi_parts_v1_upload_with_recovery ... ok
[INFO] [stdout] test multi_parts_uploader::v2::tests::with_recovery::test_sync_multi_parts_v2_upload_with_recovery ... ok
[INFO] [stdout] test multi_parts_uploader::progress::tests::test_progresses ... ok
[INFO] [stdout] test data_source::tests::test_sync_data_source_reader ... ok
[INFO] [stdout] test multi_parts_uploader::v2::tests::test_sync_multi_parts_v2_upload ... ok
[INFO] [stdout] test multi_parts_uploader::v1::tests::test_sync_multi_parts_v1_upload ... ok
[INFO] [stdout] 
[INFO] [stdout] test result: ok. 9 passed; 0 failed; 0 ignored; 0 measured; 0 filtered out; finished in 5.64s
[INFO] [stdout] 
[INFO] [stderr]    Doc-tests qiniu-upload-manager
[INFO] [stdout] 
[INFO] [stdout] running 10 tests
[INFO] [stdout] test src/single_part_uploader/form_uploader.rs - single_part_uploader::form_uploader::FormUploader (line 62) ... FAILED
[INFO] [stdout] test src/scheduler/serial_multi_parts_uploader_scheduler.rs - scheduler::serial_multi_parts_uploader_scheduler::SerialMultiPartsUploaderScheduler (line 60) ... FAILED
[INFO] [stdout] test src/auto_uploader.rs - auto_uploader::AutoUploader (line 64) ... FAILED
[INFO] [stdout] test src/lib.rs - (line 96) ... FAILED
[INFO] [stdout] test src/scheduler/concurrent_multi_parts_uploader_scheduler.rs - scheduler::concurrent_multi_parts_uploader_scheduler::ConcurrentMultiPartsUploaderScheduler (line 73) ... FAILED
[INFO] [stdout] test src/scheduler/concurrent_multi_parts_uploader_scheduler.rs - scheduler::concurrent_multi_parts_uploader_scheduler::ConcurrentMultiPartsUploaderScheduler (line 43) ... ok
[INFO] [stdout] test src/scheduler/serial_multi_parts_uploader_scheduler.rs - scheduler::serial_multi_parts_uploader_scheduler::SerialMultiPartsUploaderScheduler (line 31) ... ok
[INFO] [stdout] test src/single_part_uploader/form_uploader.rs - single_part_uploader::form_uploader::FormUploader (line 38) ... ok
[INFO] [stdout] test src/lib.rs - (line 71) ... ok
[INFO] [stdout] test src/auto_uploader.rs - auto_uploader::AutoUploader (line 39) ... ok
[INFO] [stdout] 
[INFO] [stdout] failures:
[INFO] [stdout] 
[INFO] [stdout] ---- src/single_part_uploader/form_uploader.rs - single_part_uploader::form_uploader::FormUploader (line 62) stdout ----
[INFO] [stdout] error[E0599]: no method named `async_upload_path` found for struct `FormUploader` in the current scope
[INFO] [stdout]   --> src/single_part_uploader/form_uploader.rs:79:10
[INFO] [stdout]    |
[INFO] [stdout] 20 | uploader.async_upload_path("/home/qiniu/test.png", params).await?;
[INFO] [stdout]    |          ^^^^^^^^^^^^^^^^^ method not found in `FormUploader`
[INFO] [stdout] 
[INFO] [stdout] error: aborting due to previous error
[INFO] [stdout] 
[INFO] [stdout] For more information about this error, try `rustc --explain E0599`.
[INFO] [stdout] Couldn't compile the test.
[INFO] [stdout] ---- src/scheduler/serial_multi_parts_uploader_scheduler.rs - scheduler::serial_multi_parts_uploader_scheduler::SerialMultiPartsUploaderScheduler (line 60) stdout ----
[INFO] [stdout] error[E0599]: no method named `async_upload_path` found for struct `SerialMultiPartsUploaderScheduler` in the current scope
[INFO] [stdout]   --> src/scheduler/serial_multi_parts_uploader_scheduler.rs:82:11
[INFO] [stdout]    |
[INFO] [stdout] 25 | scheduler.async_upload_path("/home/qiniu/test.png", params).await?;
[INFO] [stdout]    |           ^^^^^^^^^^^^^^^^^ method not found in `SerialMultiPartsUploaderScheduler<MultiPartsV2Uploader>`
[INFO] [stdout] 
[INFO] [stdout] error: aborting due to previous error
[INFO] [stdout] 
[INFO] [stdout] For more information about this error, try `rustc --explain E0599`.
[INFO] [stdout] Couldn't compile the test.
[INFO] [stdout] ---- src/auto_uploader.rs - auto_uploader::AutoUploader (line 64) stdout ----
[INFO] [stdout] error[E0599]: no method named `async_upload_path` found for struct `AutoUploader` in the current scope
[INFO] [stdout]   --> src/auto_uploader.rs:82:10
[INFO] [stdout]    |
[INFO] [stdout] 21 | uploader.async_upload_path("/home/qiniu/test.png", params).await?;
[INFO] [stdout]    |          ^^^^^^^^^^^^^^^^^ help: there is a method with a similar name: `upload_path`
[INFO] [stdout] 
[INFO] [stdout] error: aborting due to previous error
[INFO] [stdout] 
[INFO] [stdout] For more information about this error, try `rustc --explain E0599`.
[INFO] [stdout] Couldn't compile the test.
[INFO] [stdout] ---- src/lib.rs - (line 96) stdout ----
[INFO] [stdout] error[E0599]: no method named `async_upload_path` found for struct `AutoUploader` in the current scope
[INFO] [stdout]   --> src/lib.rs:114:10
[INFO] [stdout]    |
[INFO] [stdout] 21 | uploader.async_upload_path("/home/qiniu/test.png", params).await?;
[INFO] [stdout]    |          ^^^^^^^^^^^^^^^^^ help: there is a method with a similar name: `upload_path`
[INFO] [stdout] 
[INFO] [stdout] error: aborting due to previous error
[INFO] [stdout] 
[INFO] [stdout] For more information about this error, try `rustc --explain E0599`.
[INFO] [stdout] Couldn't compile the test.
[INFO] [stdout] ---- src/scheduler/concurrent_multi_parts_uploader_scheduler.rs - scheduler::concurrent_multi_parts_uploader_scheduler::ConcurrentMultiPartsUploaderScheduler (line 73) stdout ----
[INFO] [stdout] error[E0599]: no method named `async_upload_path` found for struct `ConcurrentMultiPartsUploaderScheduler` in the current scope
[INFO] [stdout]   --> src/scheduler/concurrent_multi_parts_uploader_scheduler.rs:96:11
[INFO] [stdout]    |
[INFO] [stdout] 26 | scheduler.async_upload_path("/home/qiniu/test.png", params).await?;
[INFO] [stdout]    |           ^^^^^^^^^^^^^^^^^ method not found in `ConcurrentMultiPartsUploaderScheduler<MultiPartsV2Uploader>`
[INFO] [stdout] 
[INFO] [stdout] error: aborting due to previous error
[INFO] [stdout] 
[INFO] [stdout] For more information about this error, try `rustc --explain E0599`.
[INFO] [stdout] Couldn't compile the test.
[INFO] [stdout] 
[INFO] [stdout] failures:
[INFO] [stdout]     src/auto_uploader.rs - auto_uploader::AutoUploader (line 64)
[INFO] [stdout]     src/lib.rs - (line 96)
[INFO] [stdout]     src/scheduler/concurrent_multi_parts_uploader_scheduler.rs - scheduler::concurrent_multi_parts_uploader_scheduler::ConcurrentMultiPartsUploaderScheduler (line 73)
[INFO] [stdout]     src/scheduler/serial_multi_parts_uploader_scheduler.rs - scheduler::serial_multi_parts_uploader_scheduler::SerialMultiPartsUploaderScheduler (line 60)
[INFO] [stdout]     src/single_part_uploader/form_uploader.rs - single_part_uploader::form_uploader::FormUploader (line 62)
[INFO] [stdout] 
[INFO] [stdout] test result: FAILED. 5 passed; 5 failed; 0 ignored; 0 measured; 0 filtered out; finished in 0.37s
[INFO] [stdout] 
[INFO] [stderr] error: doctest failed, to rerun pass `--doc`
[INFO] running `Command { std: "docker" "inspect" "17b17b3d94a668968cf2a556a6aac4888c5a2ff62235df715c2d6911cc755491", kill_on_drop: false }`
[INFO] running `Command { std: "docker" "rm" "-f" "17b17b3d94a668968cf2a556a6aac4888c5a2ff62235df715c2d6911cc755491", kill_on_drop: false }`
[INFO] [stdout] 17b17b3d94a668968cf2a556a6aac4888c5a2ff62235df715c2d6911cc755491
