[INFO] fetching crate qinetic_utils_macros 0.1.0...
[INFO] testing qinetic_utils_macros-0.1.0 against beta-2023-04-20 for beta-1.70-1
[INFO] extracting crate qinetic_utils_macros 0.1.0 into /workspace/builds/worker-2-tc2/source
[INFO] validating manifest of crates.io crate qinetic_utils_macros 0.1.0 on toolchain beta-2023-04-20
[INFO] running `Command { std: CARGO_HOME="/workspace/cargo-home" RUSTUP_HOME="/workspace/rustup-home" "/workspace/cargo-home/bin/cargo" "+beta-2023-04-20" "metadata" "--manifest-path" "Cargo.toml" "--no-deps", kill_on_drop: false }`
[INFO] started tweaking crates.io crate qinetic_utils_macros 0.1.0
[INFO] finished tweaking crates.io crate qinetic_utils_macros 0.1.0
[INFO] tweaked toml for crates.io crate qinetic_utils_macros 0.1.0 written to /workspace/builds/worker-2-tc2/source/Cargo.toml
[INFO] running `Command { std: CARGO_HOME="/workspace/cargo-home" RUSTUP_HOME="/workspace/rustup-home" __CARGO_TEST_CHANNEL_OVERRIDE_DO_NOT_USE_THIS="nightly" "/workspace/cargo-home/bin/cargo" "+beta-2023-04-20" "generate-lockfile" "--manifest-path" "Cargo.toml" "-Zno-index-update", kill_on_drop: false }`
[INFO] running `Command { std: CARGO_HOME="/workspace/cargo-home" RUSTUP_HOME="/workspace/rustup-home" "/workspace/cargo-home/bin/cargo" "+beta-2023-04-20" "fetch" "--manifest-path" "Cargo.toml", kill_on_drop: false }`
[INFO] running `Command { std: "docker" "create" "-v" "/var/lib/crater-agent-workspace/builds/worker-2-tc2/target:/opt/rustwide/target:rw,Z" "-v" "/var/lib/crater-agent-workspace/builds/worker-2-tc2/source:/opt/rustwide/workdir:ro,Z" "-v" "/var/lib/crater-agent-workspace/cargo-home:/opt/rustwide/cargo-home:ro,Z" "-v" "/var/lib/crater-agent-workspace/rustup-home:/opt/rustwide/rustup-home:ro,Z" "-e" "SOURCE_DIR=/opt/rustwide/workdir" "-e" "CARGO_TARGET_DIR=/opt/rustwide/target" "-e" "CARGO_HOME=/opt/rustwide/cargo-home" "-e" "RUSTUP_HOME=/opt/rustwide/rustup-home" "-w" "/opt/rustwide/workdir" "-m" "1610612736" "--user" "0:0" "--network" "none" "ghcr.io/rust-lang/crates-build-env/linux@sha256:5ff2268d62e97bff2cde7d5815dd6ed5b47097566f13b8d0ca110b04b60e07ed" "/opt/rustwide/cargo-home/bin/cargo" "+beta-2023-04-20" "metadata" "--no-deps" "--format-version=1", kill_on_drop: false }`
[INFO] [stdout] c2ef146c57391aaa862f16770360e1e4ba055a000482165acee841fd77e63163
[INFO] running `Command { std: "docker" "start" "-a" "c2ef146c57391aaa862f16770360e1e4ba055a000482165acee841fd77e63163", kill_on_drop: false }`
[INFO] running `Command { std: "docker" "inspect" "c2ef146c57391aaa862f16770360e1e4ba055a000482165acee841fd77e63163", kill_on_drop: false }`
[INFO] running `Command { std: "docker" "rm" "-f" "c2ef146c57391aaa862f16770360e1e4ba055a000482165acee841fd77e63163", kill_on_drop: false }`
[INFO] [stdout] c2ef146c57391aaa862f16770360e1e4ba055a000482165acee841fd77e63163
[INFO] running `Command { std: "docker" "create" "-v" "/var/lib/crater-agent-workspace/builds/worker-2-tc2/target:/opt/rustwide/target:rw,Z" "-v" "/var/lib/crater-agent-workspace/builds/worker-2-tc2/source:/opt/rustwide/workdir:ro,Z" "-v" "/var/lib/crater-agent-workspace/cargo-home:/opt/rustwide/cargo-home:ro,Z" "-v" "/var/lib/crater-agent-workspace/rustup-home:/opt/rustwide/rustup-home:ro,Z" "-e" "SOURCE_DIR=/opt/rustwide/workdir" "-e" "CARGO_TARGET_DIR=/opt/rustwide/target" "-e" "CARGO_INCREMENTAL=0" "-e" "RUST_BACKTRACE=full" "-e" "RUSTFLAGS=--cap-lints=warn" "-e" "RUSTDOCFLAGS=--cap-lints=warn" "-e" "CARGO_HOME=/opt/rustwide/cargo-home" "-e" "RUSTUP_HOME=/opt/rustwide/rustup-home" "-w" "/opt/rustwide/workdir" "-m" "1610612736" "--user" "0:0" "--network" "none" "ghcr.io/rust-lang/crates-build-env/linux@sha256:5ff2268d62e97bff2cde7d5815dd6ed5b47097566f13b8d0ca110b04b60e07ed" "/opt/rustwide/cargo-home/bin/cargo" "+beta-2023-04-20" "build" "--frozen" "--message-format=json", kill_on_drop: false }`
[INFO] [stdout] b13b3bf2778e0f4ea1952ace2e88b9d685e1303d3e28448f7af89529220d8fec
[INFO] running `Command { std: "docker" "start" "-a" "b13b3bf2778e0f4ea1952ace2e88b9d685e1303d3e28448f7af89529220d8fec", kill_on_drop: false }`
[INFO] [stderr]    Compiling proc-macro2 v1.0.56
[INFO] [stderr]    Compiling serde v1.0.160
[INFO] [stderr]    Compiling unicode-ident v1.0.8
[INFO] [stderr]    Compiling syn v1.0.109
[INFO] [stderr]    Compiling quote v1.0.26
[INFO] [stderr]    Compiling toml v0.5.11
[INFO] [stderr]    Compiling qinetic_utils_macros v0.1.0 (/opt/rustwide/workdir)
[INFO] [stderr]     Finished dev [unoptimized + debuginfo] target(s) in 5.87s
[INFO] running `Command { std: "docker" "inspect" "b13b3bf2778e0f4ea1952ace2e88b9d685e1303d3e28448f7af89529220d8fec", kill_on_drop: false }`
[INFO] running `Command { std: "docker" "rm" "-f" "b13b3bf2778e0f4ea1952ace2e88b9d685e1303d3e28448f7af89529220d8fec", kill_on_drop: false }`
[INFO] [stdout] b13b3bf2778e0f4ea1952ace2e88b9d685e1303d3e28448f7af89529220d8fec
[INFO] running `Command { std: "docker" "create" "-v" "/var/lib/crater-agent-workspace/builds/worker-2-tc2/target:/opt/rustwide/target:rw,Z" "-v" "/var/lib/crater-agent-workspace/builds/worker-2-tc2/source:/opt/rustwide/workdir:ro,Z" "-v" "/var/lib/crater-agent-workspace/cargo-home:/opt/rustwide/cargo-home:ro,Z" "-v" "/var/lib/crater-agent-workspace/rustup-home:/opt/rustwide/rustup-home:ro,Z" "-e" "SOURCE_DIR=/opt/rustwide/workdir" "-e" "CARGO_TARGET_DIR=/opt/rustwide/target" "-e" "CARGO_INCREMENTAL=0" "-e" "RUST_BACKTRACE=full" "-e" "RUSTFLAGS=--cap-lints=warn" "-e" "RUSTDOCFLAGS=--cap-lints=warn" "-e" "CARGO_HOME=/opt/rustwide/cargo-home" "-e" "RUSTUP_HOME=/opt/rustwide/rustup-home" "-w" "/opt/rustwide/workdir" "-m" "1610612736" "--user" "0:0" "--network" "none" "ghcr.io/rust-lang/crates-build-env/linux@sha256:5ff2268d62e97bff2cde7d5815dd6ed5b47097566f13b8d0ca110b04b60e07ed" "/opt/rustwide/cargo-home/bin/cargo" "+beta-2023-04-20" "test" "--frozen" "--no-run" "--message-format=json", kill_on_drop: false }`
[INFO] [stdout] 85b2d9a038e54ed1b2bc438a57c4af8a6cbc854b63ef1c482bc72b91b17cd78c
[INFO] running `Command { std: "docker" "start" "-a" "85b2d9a038e54ed1b2bc438a57c4af8a6cbc854b63ef1c482bc72b91b17cd78c", kill_on_drop: false }`
[INFO] [stderr]    Compiling qinetic_utils_macros v0.1.0 (/opt/rustwide/workdir)
[INFO] [stderr]     Finished test [unoptimized + debuginfo] target(s) in 0.22s
[INFO] running `Command { std: "docker" "inspect" "85b2d9a038e54ed1b2bc438a57c4af8a6cbc854b63ef1c482bc72b91b17cd78c", kill_on_drop: false }`
[INFO] running `Command { std: "docker" "rm" "-f" "85b2d9a038e54ed1b2bc438a57c4af8a6cbc854b63ef1c482bc72b91b17cd78c", kill_on_drop: false }`
[INFO] [stdout] 85b2d9a038e54ed1b2bc438a57c4af8a6cbc854b63ef1c482bc72b91b17cd78c
[INFO] running `Command { std: "docker" "create" "-v" "/var/lib/crater-agent-workspace/builds/worker-2-tc2/target:/opt/rustwide/target:rw,Z" "-v" "/var/lib/crater-agent-workspace/builds/worker-2-tc2/source:/opt/rustwide/workdir:ro,Z" "-v" "/var/lib/crater-agent-workspace/cargo-home:/opt/rustwide/cargo-home:ro,Z" "-v" "/var/lib/crater-agent-workspace/rustup-home:/opt/rustwide/rustup-home:ro,Z" "-e" "SOURCE_DIR=/opt/rustwide/workdir" "-e" "CARGO_TARGET_DIR=/opt/rustwide/target" "-e" "CARGO_INCREMENTAL=0" "-e" "RUST_BACKTRACE=full" "-e" "RUSTFLAGS=--cap-lints=warn" "-e" "RUSTDOCFLAGS=--cap-lints=warn" "-e" "CARGO_HOME=/opt/rustwide/cargo-home" "-e" "RUSTUP_HOME=/opt/rustwide/rustup-home" "-w" "/opt/rustwide/workdir" "-m" "1610612736" "--user" "0:0" "--network" "none" "ghcr.io/rust-lang/crates-build-env/linux@sha256:5ff2268d62e97bff2cde7d5815dd6ed5b47097566f13b8d0ca110b04b60e07ed" "/opt/rustwide/cargo-home/bin/cargo" "+beta-2023-04-20" "test" "--frozen", kill_on_drop: false }`
[INFO] [stdout] d5389acb144aaac93de96d730709db1585cedc0dafafba9054af3a12ceed6355
[INFO] running `Command { std: "docker" "start" "-a" "d5389acb144aaac93de96d730709db1585cedc0dafafba9054af3a12ceed6355", kill_on_drop: false }`
[INFO] [stderr]     Blocking waiting for file lock on package cache
[INFO] [stderr]     Finished test [unoptimized + debuginfo] target(s) in 0.55s
[INFO] [stderr]      Running unittests src/lib.rs (/opt/rustwide/target/debug/deps/qinetic_utils_macros-f77ef126f5046f25)
[INFO] [stdout] 
[INFO] [stdout] running 0 tests
[INFO] [stdout] 
[INFO] [stdout] test result: ok. 0 passed; 0 failed; 0 ignored; 0 measured; 0 filtered out; finished in 0.00s
[INFO] [stdout] 
[INFO] [stderr]    Doc-tests qinetic_utils_macros
[INFO] [stdout] 
[INFO] [stdout] running 2 tests
[INFO] [stdout] test src/manifest.rs - manifest::Manifest (line 11) ... FAILED
[INFO] [stdout] test src/manifest.rs - manifest::Manifest::get_path (line 24) ... FAILED
[INFO] [stdout] 
[INFO] [stdout] failures:
[INFO] [stdout] 
[INFO] [stdout] ---- src/manifest.rs - manifest::Manifest (line 11) stdout ----
[INFO] [stdout] error[E0433]: failed to resolve: use of undeclared crate or module `qinetic_utils`
[INFO] [stdout]  --> src/manifest.rs:12:5
[INFO] [stdout]   |
[INFO] [stdout] 3 | use qinetic_utils::prelude::*;
[INFO] [stdout]   |     ^^^^^^^^^^^^^ use of undeclared crate or module `qinetic_utils`
[INFO] [stdout] 
[INFO] [stdout] error[E0433]: failed to resolve: use of undeclared type `Manifest`
[INFO] [stdout]  --> src/manifest.rs:14:1
[INFO] [stdout]   |
[INFO] [stdout] 5 | Manifest::get_path("qinetic_utils")
[INFO] [stdout]   | ^^^^^^^^ use of undeclared type `Manifest`
[INFO] [stdout]   |
[INFO] [stdout] help: consider importing this struct
[INFO] [stdout]   |
[INFO] [stdout] 2 + use qinetic_utils_macros::manifest::Manifest;
[INFO] [stdout]   |
[INFO] [stdout] 
[INFO] [stdout] error: aborting due to 2 previous errors
[INFO] [stdout] 
[INFO] [stdout] For more information about this error, try `rustc --explain E0433`.
[INFO] [stdout] Couldn't compile the test.
[INFO] [stdout] ---- src/manifest.rs - manifest::Manifest::get_path (line 24) stdout ----
[INFO] [stdout] error[E0433]: failed to resolve: use of undeclared crate or module `qinetic_utils`
[INFO] [stdout]  --> src/manifest.rs:25:5
[INFO] [stdout]   |
[INFO] [stdout] 3 | use qinetic_utils::prelude::*;
[INFO] [stdout]   |     ^^^^^^^^^^^^^ use of undeclared crate or module `qinetic_utils`
[INFO] [stdout] 
[INFO] [stdout] error[E0433]: failed to resolve: use of undeclared type `Manifest`
[INFO] [stdout]  --> src/manifest.rs:27:1
[INFO] [stdout]   |
[INFO] [stdout] 5 | Manifest::get_path("qinetic_utils");
[INFO] [stdout]   | ^^^^^^^^ use of undeclared type `Manifest`
[INFO] [stdout]   |
[INFO] [stdout] help: consider importing this struct
[INFO] [stdout]   |
[INFO] [stdout] 2 + use qinetic_utils_macros::manifest::Manifest;
[INFO] [stdout]   |
[INFO] [stdout] 
[INFO] [stdout] error: aborting due to 2 previous errors
[INFO] [stdout] 
[INFO] [stdout] For more information about this error, try `rustc --explain E0433`.
[INFO] [stdout] Couldn't compile the test.
[INFO] [stdout] 
[INFO] [stdout] failures:
[INFO] [stdout]     src/manifest.rs - manifest::Manifest (line 11)
[INFO] [stdout]     src/manifest.rs - manifest::Manifest::get_path (line 24)
[INFO] [stdout] 
[INFO] [stdout] test result: FAILED. 0 passed; 2 failed; 0 ignored; 0 measured; 0 filtered out; finished in 0.05s
[INFO] [stdout] 
[INFO] [stderr] error: doctest failed, to rerun pass `--doc`
[INFO] running `Command { std: "docker" "inspect" "d5389acb144aaac93de96d730709db1585cedc0dafafba9054af3a12ceed6355", kill_on_drop: false }`
[INFO] running `Command { std: "docker" "rm" "-f" "d5389acb144aaac93de96d730709db1585cedc0dafafba9054af3a12ceed6355", kill_on_drop: false }`
[INFO] [stdout] d5389acb144aaac93de96d730709db1585cedc0dafafba9054af3a12ceed6355
