[INFO] fetching crate pufferfish 0.1.1...
[INFO] testing pufferfish-0.1.1 against 1.69.0 for beta-1.70-1
[INFO] extracting crate pufferfish 0.1.1 into /workspace/builds/worker-2-tc1/source
[INFO] validating manifest of crates.io crate pufferfish 0.1.1 on toolchain 1.69.0
[INFO] running `Command { std: CARGO_HOME="/workspace/cargo-home" RUSTUP_HOME="/workspace/rustup-home" "/workspace/cargo-home/bin/cargo" "+1.69.0" "metadata" "--manifest-path" "Cargo.toml" "--no-deps", kill_on_drop: false }`
[INFO] started tweaking crates.io crate pufferfish 0.1.1
[INFO] removed 0 missing examples
[INFO] finished tweaking crates.io crate pufferfish 0.1.1
[INFO] tweaked toml for crates.io crate pufferfish 0.1.1 written to /workspace/builds/worker-2-tc1/source/Cargo.toml
[INFO] crate crates.io crate pufferfish 0.1.1 already has a lockfile, it will not be regenerated
[INFO] running `Command { std: CARGO_HOME="/workspace/cargo-home" RUSTUP_HOME="/workspace/rustup-home" "/workspace/cargo-home/bin/cargo" "+1.69.0" "fetch" "--manifest-path" "Cargo.toml", kill_on_drop: false }`
[INFO] [stderr]  Downloading crates ...
[INFO] [stderr]   Downloaded fugu v0.1.0
[INFO] [stderr]   Downloaded etagere v0.2.7
[INFO] [stderr]   Downloaded version-compare v0.1.0
[INFO] [stderr]   Downloaded png-decoder v0.1.0
[INFO] running `Command { std: "docker" "create" "-v" "/var/lib/crater-agent-workspace/builds/worker-2-tc1/target:/opt/rustwide/target:rw,Z" "-v" "/var/lib/crater-agent-workspace/builds/worker-2-tc1/source:/opt/rustwide/workdir:ro,Z" "-v" "/var/lib/crater-agent-workspace/cargo-home:/opt/rustwide/cargo-home:ro,Z" "-v" "/var/lib/crater-agent-workspace/rustup-home:/opt/rustwide/rustup-home:ro,Z" "-e" "SOURCE_DIR=/opt/rustwide/workdir" "-e" "CARGO_TARGET_DIR=/opt/rustwide/target" "-e" "CARGO_HOME=/opt/rustwide/cargo-home" "-e" "RUSTUP_HOME=/opt/rustwide/rustup-home" "-w" "/opt/rustwide/workdir" "-m" "1610612736" "--user" "0:0" "--network" "none" "ghcr.io/rust-lang/crates-build-env/linux@sha256:97d61d7686bf65f8ecb15491ab51835e82dc9176a96a831f143a431b191fc501" "/opt/rustwide/cargo-home/bin/cargo" "+1.69.0" "metadata" "--no-deps" "--format-version=1", kill_on_drop: false }`
[INFO] [stdout] 061ec8d196d351a0e50977d3a3c63718f3f86e07bf68d3af173759622f807fb3
[INFO] running `Command { std: "docker" "start" "-a" "061ec8d196d351a0e50977d3a3c63718f3f86e07bf68d3af173759622f807fb3", kill_on_drop: false }`
[INFO] running `Command { std: "docker" "inspect" "061ec8d196d351a0e50977d3a3c63718f3f86e07bf68d3af173759622f807fb3", kill_on_drop: false }`
[INFO] running `Command { std: "docker" "rm" "-f" "061ec8d196d351a0e50977d3a3c63718f3f86e07bf68d3af173759622f807fb3", kill_on_drop: false }`
[INFO] [stdout] 061ec8d196d351a0e50977d3a3c63718f3f86e07bf68d3af173759622f807fb3
[INFO] running `Command { std: "docker" "create" "-v" "/var/lib/crater-agent-workspace/builds/worker-2-tc1/target:/opt/rustwide/target:rw,Z" "-v" "/var/lib/crater-agent-workspace/builds/worker-2-tc1/source:/opt/rustwide/workdir:ro,Z" "-v" "/var/lib/crater-agent-workspace/cargo-home:/opt/rustwide/cargo-home:ro,Z" "-v" "/var/lib/crater-agent-workspace/rustup-home:/opt/rustwide/rustup-home:ro,Z" "-e" "SOURCE_DIR=/opt/rustwide/workdir" "-e" "CARGO_TARGET_DIR=/opt/rustwide/target" "-e" "CARGO_INCREMENTAL=0" "-e" "RUST_BACKTRACE=full" "-e" "RUSTFLAGS=--cap-lints=warn" "-e" "RUSTDOCFLAGS=--cap-lints=warn" "-e" "CARGO_HOME=/opt/rustwide/cargo-home" "-e" "RUSTUP_HOME=/opt/rustwide/rustup-home" "-w" "/opt/rustwide/workdir" "-m" "1610612736" "--user" "0:0" "--network" "none" "ghcr.io/rust-lang/crates-build-env/linux@sha256:97d61d7686bf65f8ecb15491ab51835e82dc9176a96a831f143a431b191fc501" "/opt/rustwide/cargo-home/bin/cargo" "+1.69.0" "build" "--frozen" "--message-format=json", kill_on_drop: false }`
[INFO] [stdout] 05ac70ccd96ade779842d8a0e37017e90eea7a6f7a5c39472f2ac67411247ece
[INFO] running `Command { std: "docker" "start" "-a" "05ac70ccd96ade779842d8a0e37017e90eea7a6f7a5c39472f2ac67411247ece", kill_on_drop: false }`
[INFO] [stderr]    Compiling proc-macro2 v1.0.39
[INFO] [stderr]    Compiling unicode-ident v1.0.0
[INFO] [stderr]    Compiling syn v1.0.95
[INFO] [stderr]    Compiling serde v1.0.137
[INFO] [stderr]    Compiling version-compare v0.1.0
[INFO] [stderr]    Compiling once_cell v1.12.0
[INFO] [stderr]    Compiling sdl2 v0.35.2
[INFO] [stderr]    Compiling svg_fmt v0.4.1
[INFO] [stderr]    Compiling ttf-parser v0.15.0
[INFO] [stderr]    Compiling glow v0.11.2
[INFO] [stderr]    Compiling cmake v0.1.48
[INFO] [stderr]    Compiling num-traits v0.2.15
[INFO] [stderr]    Compiling miniz_oxide v0.4.4
[INFO] [stderr]    Compiling getrandom v0.2.6
[INFO] [stderr]    Compiling ahash v0.7.6
[INFO] [stderr]    Compiling hashbrown v0.11.2
[INFO] [stderr]    Compiling sdl2-sys v0.35.2
[INFO] [stderr]    Compiling quote v1.0.18
[INFO] [stderr]    Compiling fontdue v0.7.2
[INFO] [stderr]    Compiling fugu v0.1.0
[INFO] [stderr]    Compiling euclid v0.22.7
[INFO] [stderr]    Compiling etagere v0.2.7
[INFO] [stderr]    Compiling thiserror-impl v1.0.31
[INFO] [stderr]    Compiling toml v0.5.9
[INFO] [stderr]    Compiling thiserror v1.0.31
[INFO] [stderr]    Compiling proc-macro-crate v1.1.3
[INFO] [stderr]    Compiling num_enum_derive v0.5.7
[INFO] [stderr]    Compiling num_enum v0.5.7
[INFO] [stderr]    Compiling png-decoder v0.1.0
[INFO] [stderr]    Compiling pufferfish v0.1.1 (/opt/rustwide/workdir)
[INFO] [stdout] warning: unused return value of `Box::<T>::from_raw` that must be used
[INFO] [stdout]   --> src/app.rs:77:17
[INFO] [stdout]    |
[INFO] [stdout] 77 |                 Box::from_raw(v.as_ptr());
[INFO] [stdout]    |                 ^^^^^^^^^^^^^^^^^^^^^^^^^
[INFO] [stdout]    |
[INFO] [stdout]    = note: call `drop(Box::from_raw(ptr))` if you intend to drop the `Box`
[INFO] [stdout]    = note: `#[warn(unused_must_use)]` on by default
[INFO] [stdout] 
[INFO] [stdout] 
[INFO] [stdout] warning: unused return value of `Box::<T>::from_raw` that must be used
[INFO] [stdout]    --> src/app.rs:118:17
[INFO] [stdout]     |
[INFO] [stdout] 118 |                 Box::from_raw(v.as_ptr());
[INFO] [stdout]     |                 ^^^^^^^^^^^^^^^^^^^^^^^^^
[INFO] [stdout]     |
[INFO] [stdout]     = note: call `drop(Box::from_raw(ptr))` if you intend to drop the `Box`
[INFO] [stdout] 
[INFO] [stdout] 
[INFO] [stdout] warning: 2 warnings emitted
[INFO] [stdout] 
[INFO] [stdout] 
[INFO] [stderr]     Finished dev [unoptimized + debuginfo] target(s) in 35.96s
[INFO] running `Command { std: "docker" "inspect" "05ac70ccd96ade779842d8a0e37017e90eea7a6f7a5c39472f2ac67411247ece", kill_on_drop: false }`
[INFO] running `Command { std: "docker" "rm" "-f" "05ac70ccd96ade779842d8a0e37017e90eea7a6f7a5c39472f2ac67411247ece", kill_on_drop: false }`
[INFO] [stdout] 05ac70ccd96ade779842d8a0e37017e90eea7a6f7a5c39472f2ac67411247ece
[INFO] running `Command { std: "docker" "create" "-v" "/var/lib/crater-agent-workspace/builds/worker-2-tc1/target:/opt/rustwide/target:rw,Z" "-v" "/var/lib/crater-agent-workspace/builds/worker-2-tc1/source:/opt/rustwide/workdir:ro,Z" "-v" "/var/lib/crater-agent-workspace/cargo-home:/opt/rustwide/cargo-home:ro,Z" "-v" "/var/lib/crater-agent-workspace/rustup-home:/opt/rustwide/rustup-home:ro,Z" "-e" "SOURCE_DIR=/opt/rustwide/workdir" "-e" "CARGO_TARGET_DIR=/opt/rustwide/target" "-e" "CARGO_INCREMENTAL=0" "-e" "RUST_BACKTRACE=full" "-e" "RUSTFLAGS=--cap-lints=warn" "-e" "RUSTDOCFLAGS=--cap-lints=warn" "-e" "CARGO_HOME=/opt/rustwide/cargo-home" "-e" "RUSTUP_HOME=/opt/rustwide/rustup-home" "-w" "/opt/rustwide/workdir" "-m" "1610612736" "--user" "0:0" "--network" "none" "ghcr.io/rust-lang/crates-build-env/linux@sha256:97d61d7686bf65f8ecb15491ab51835e82dc9176a96a831f143a431b191fc501" "/opt/rustwide/cargo-home/bin/cargo" "+1.69.0" "test" "--frozen" "--no-run" "--message-format=json", kill_on_drop: false }`
[INFO] [stdout] 19cf80edd436cefe0d0a7912b20c34868ec746f34c6d8f77481d88d02402e8d8
[INFO] running `Command { std: "docker" "start" "-a" "19cf80edd436cefe0d0a7912b20c34868ec746f34c6d8f77481d88d02402e8d8", kill_on_drop: false }`
[INFO] [stderr]    Compiling pufferfish v0.1.1 (/opt/rustwide/workdir)
[INFO] [stdout] warning: unused return value of `Box::<T>::from_raw` that must be used
[INFO] [stdout]   --> src/app.rs:77:17
[INFO] [stdout]    |
[INFO] [stdout] 77 |                 Box::from_raw(v.as_ptr());
[INFO] [stdout]    |                 ^^^^^^^^^^^^^^^^^^^^^^^^^
[INFO] [stdout]    |
[INFO] [stdout]    = note: call `drop(Box::from_raw(ptr))` if you intend to drop the `Box`
[INFO] [stdout]    = note: `#[warn(unused_must_use)]` on by default
[INFO] [stdout] 
[INFO] [stdout] 
[INFO] [stdout] warning: unused return value of `Box::<T>::from_raw` that must be used
[INFO] [stdout]    --> src/app.rs:118:17
[INFO] [stdout]     |
[INFO] [stdout] 118 |                 Box::from_raw(v.as_ptr());
[INFO] [stdout]     |                 ^^^^^^^^^^^^^^^^^^^^^^^^^
[INFO] [stdout]     |
[INFO] [stdout]     = note: call `drop(Box::from_raw(ptr))` if you intend to drop the `Box`
[INFO] [stdout] 
[INFO] [stdout] 
[INFO] [stdout] warning: 2 warnings emitted
[INFO] [stdout] 
[INFO] [stdout] 
[INFO] [stdout] warning: unused return value of `Box::<T>::from_raw` that must be used
[INFO] [stdout]   --> src/app.rs:77:17
[INFO] [stdout]    |
[INFO] [stdout] 77 |                 Box::from_raw(v.as_ptr());
[INFO] [stdout]    |                 ^^^^^^^^^^^^^^^^^^^^^^^^^
[INFO] [stdout]    |
[INFO] [stdout]    = note: call `drop(Box::from_raw(ptr))` if you intend to drop the `Box`
[INFO] [stdout]    = note: `#[warn(unused_must_use)]` on by default
[INFO] [stdout] 
[INFO] [stdout] 
[INFO] [stdout] warning: unused return value of `Box::<T>::from_raw` that must be used
[INFO] [stdout]    --> src/app.rs:118:17
[INFO] [stdout]     |
[INFO] [stdout] 118 |                 Box::from_raw(v.as_ptr());
[INFO] [stdout]     |                 ^^^^^^^^^^^^^^^^^^^^^^^^^
[INFO] [stdout]     |
[INFO] [stdout]     = note: call `drop(Box::from_raw(ptr))` if you intend to drop the `Box`
[INFO] [stdout] 
[INFO] [stdout] 
[INFO] [stdout] warning: 2 warnings emitted
[INFO] [stdout] 
[INFO] [stdout] 
[INFO] [stderr]     Finished test [unoptimized + debuginfo] target(s) in 0.67s
[INFO] running `Command { std: "docker" "inspect" "19cf80edd436cefe0d0a7912b20c34868ec746f34c6d8f77481d88d02402e8d8", kill_on_drop: false }`
[INFO] running `Command { std: "docker" "rm" "-f" "19cf80edd436cefe0d0a7912b20c34868ec746f34c6d8f77481d88d02402e8d8", kill_on_drop: false }`
[INFO] [stdout] 19cf80edd436cefe0d0a7912b20c34868ec746f34c6d8f77481d88d02402e8d8
[INFO] running `Command { std: "docker" "create" "-v" "/var/lib/crater-agent-workspace/builds/worker-2-tc1/target:/opt/rustwide/target:rw,Z" "-v" "/var/lib/crater-agent-workspace/builds/worker-2-tc1/source:/opt/rustwide/workdir:ro,Z" "-v" "/var/lib/crater-agent-workspace/cargo-home:/opt/rustwide/cargo-home:ro,Z" "-v" "/var/lib/crater-agent-workspace/rustup-home:/opt/rustwide/rustup-home:ro,Z" "-e" "SOURCE_DIR=/opt/rustwide/workdir" "-e" "CARGO_TARGET_DIR=/opt/rustwide/target" "-e" "CARGO_INCREMENTAL=0" "-e" "RUST_BACKTRACE=full" "-e" "RUSTFLAGS=--cap-lints=warn" "-e" "RUSTDOCFLAGS=--cap-lints=warn" "-e" "CARGO_HOME=/opt/rustwide/cargo-home" "-e" "RUSTUP_HOME=/opt/rustwide/rustup-home" "-w" "/opt/rustwide/workdir" "-m" "1610612736" "--user" "0:0" "--network" "none" "ghcr.io/rust-lang/crates-build-env/linux@sha256:97d61d7686bf65f8ecb15491ab51835e82dc9176a96a831f143a431b191fc501" "/opt/rustwide/cargo-home/bin/cargo" "+1.69.0" "test" "--frozen", kill_on_drop: false }`
[INFO] [stdout] ebf06264179c0ba0c32215f4ba339d35c6c102181e7fe5defbef83e272265e81
[INFO] running `Command { std: "docker" "start" "-a" "ebf06264179c0ba0c32215f4ba339d35c6c102181e7fe5defbef83e272265e81", kill_on_drop: false }`
[INFO] [stderr] warning: unused return value of `Box::<T>::from_raw` that must be used
[INFO] [stderr]   --> src/app.rs:77:17
[INFO] [stderr]    |
[INFO] [stderr] 77 |                 Box::from_raw(v.as_ptr());
[INFO] [stderr]    |                 ^^^^^^^^^^^^^^^^^^^^^^^^^
[INFO] [stderr]    |
[INFO] [stderr]    = note: call `drop(Box::from_raw(ptr))` if you intend to drop the `Box`
[INFO] [stderr]    = note: `#[warn(unused_must_use)]` on by default
[INFO] [stderr] 
[INFO] [stderr] warning: unused return value of `Box::<T>::from_raw` that must be used
[INFO] [stderr]    --> src/app.rs:118:17
[INFO] [stderr]     |
[INFO] [stderr] 118 |                 Box::from_raw(v.as_ptr());
[INFO] [stderr]     |                 ^^^^^^^^^^^^^^^^^^^^^^^^^
[INFO] [stderr]     |
[INFO] [stderr]     = note: call `drop(Box::from_raw(ptr))` if you intend to drop the `Box`
[INFO] [stderr] 
[INFO] [stderr] warning: `pufferfish` (lib) generated 2 warnings
[INFO] [stderr] warning: `pufferfish` (lib test) generated 2 warnings (2 duplicates)
[INFO] [stderr]     Finished test [unoptimized + debuginfo] target(s) in 0.03s
[INFO] [stderr]      Running unittests src/lib.rs (/opt/rustwide/target/debug/deps/pufferfish-9cb9491c9ecbcaa4)
[INFO] [stdout] 
[INFO] [stdout] running 0 tests
[INFO] [stdout] 
[INFO] [stdout] test result: ok. 0 passed; 0 failed; 0 ignored; 0 measured; 0 filtered out; finished in 0.00s
[INFO] [stdout] 
[INFO] [stderr]    Doc-tests pufferfish
[INFO] [stdout] 
[INFO] [stdout] running 1 test
[INFO] [stdout] test src/lib.rs - (line 29) ... FAILED
[INFO] [stdout] 
[INFO] [stdout] failures:
[INFO] [stdout] 
[INFO] [stdout] ---- src/lib.rs - (line 29) stdout ----
[INFO] [stdout] error[E0599]: no function or associated item named `new` found for struct `State` in the current scope
[INFO] [stdout]   --> src/lib.rs:40:27
[INFO] [stdout]    |
[INFO] [stdout] 6  | struct State {
[INFO] [stdout]    | ------------ function or associated item `new` not found for this struct
[INFO] [stdout] ...
[INFO] [stdout] 13 |         .add_state(State::new()) // Add your state
[INFO] [stdout]    |                           ^^^ function or associated item not found in `State`
[INFO] [stdout] 
[INFO] [stdout] error: aborting due to previous error
[INFO] [stdout] 
[INFO] [stdout] For more information about this error, try `rustc --explain E0599`.
[INFO] [stdout] Couldn't compile the test.
[INFO] [stdout] 
[INFO] [stdout] failures:
[INFO] [stdout]     src/lib.rs - (line 29)
[INFO] [stdout] 
[INFO] [stdout] test result: FAILED. 0 passed; 1 failed; 0 ignored; 0 measured; 0 filtered out; finished in 0.06s
[INFO] [stdout] 
[INFO] [stderr] error: doctest failed, to rerun pass `--doc`
[INFO] running `Command { std: "docker" "inspect" "ebf06264179c0ba0c32215f4ba339d35c6c102181e7fe5defbef83e272265e81", kill_on_drop: false }`
[INFO] running `Command { std: "docker" "rm" "-f" "ebf06264179c0ba0c32215f4ba339d35c6c102181e7fe5defbef83e272265e81", kill_on_drop: false }`
[INFO] [stdout] ebf06264179c0ba0c32215f4ba339d35c6c102181e7fe5defbef83e272265e81
