[INFO] fetching crate proto-builder-trait 0.5.1...
[INFO] testing proto-builder-trait-0.5.1 against beta-2023-04-20 for beta-1.70-1
[INFO] extracting crate proto-builder-trait 0.5.1 into /workspace/builds/worker-7-tc2/source
[INFO] validating manifest of crates.io crate proto-builder-trait 0.5.1 on toolchain beta-2023-04-20
[INFO] running `Command { std: CARGO_HOME="/workspace/cargo-home" RUSTUP_HOME="/workspace/rustup-home" "/workspace/cargo-home/bin/cargo" "+beta-2023-04-20" "metadata" "--manifest-path" "Cargo.toml" "--no-deps", kill_on_drop: false }`
[INFO] started tweaking crates.io crate proto-builder-trait 0.5.1
[INFO] finished tweaking crates.io crate proto-builder-trait 0.5.1
[INFO] tweaked toml for crates.io crate proto-builder-trait 0.5.1 written to /workspace/builds/worker-7-tc2/source/Cargo.toml
[INFO] running `Command { std: CARGO_HOME="/workspace/cargo-home" RUSTUP_HOME="/workspace/rustup-home" __CARGO_TEST_CHANNEL_OVERRIDE_DO_NOT_USE_THIS="nightly" "/workspace/cargo-home/bin/cargo" "+beta-2023-04-20" "generate-lockfile" "--manifest-path" "Cargo.toml" "-Zno-index-update", kill_on_drop: false }`
[INFO] running `Command { std: CARGO_HOME="/workspace/cargo-home" RUSTUP_HOME="/workspace/rustup-home" "/workspace/cargo-home/bin/cargo" "+beta-2023-04-20" "fetch" "--manifest-path" "Cargo.toml", kill_on_drop: false }`
[INFO] [stderr]  Downloading crates ...
[INFO] [stderr]   Downloaded insta v1.29.0
[INFO] running `Command { std: "docker" "create" "-v" "/var/lib/crater-agent-workspace/builds/worker-7-tc2/target:/opt/rustwide/target:rw,Z" "-v" "/var/lib/crater-agent-workspace/builds/worker-7-tc2/source:/opt/rustwide/workdir:ro,Z" "-v" "/var/lib/crater-agent-workspace/cargo-home:/opt/rustwide/cargo-home:ro,Z" "-v" "/var/lib/crater-agent-workspace/rustup-home:/opt/rustwide/rustup-home:ro,Z" "-e" "SOURCE_DIR=/opt/rustwide/workdir" "-e" "CARGO_TARGET_DIR=/opt/rustwide/target" "-e" "CARGO_HOME=/opt/rustwide/cargo-home" "-e" "RUSTUP_HOME=/opt/rustwide/rustup-home" "-w" "/opt/rustwide/workdir" "-m" "1610612736" "--user" "0:0" "--network" "none" "ghcr.io/rust-lang/crates-build-env/linux@sha256:5ff2268d62e97bff2cde7d5815dd6ed5b47097566f13b8d0ca110b04b60e07ed" "/opt/rustwide/cargo-home/bin/cargo" "+beta-2023-04-20" "metadata" "--no-deps" "--format-version=1", kill_on_drop: false }`
[INFO] [stdout] a6d60b82e7814173127405fd7cc17c9917d7a7c6d7b9021cb417fc63ffcbf768
[INFO] running `Command { std: "docker" "start" "-a" "a6d60b82e7814173127405fd7cc17c9917d7a7c6d7b9021cb417fc63ffcbf768", kill_on_drop: false }`
[INFO] running `Command { std: "docker" "inspect" "a6d60b82e7814173127405fd7cc17c9917d7a7c6d7b9021cb417fc63ffcbf768", kill_on_drop: false }`
[INFO] running `Command { std: "docker" "rm" "-f" "a6d60b82e7814173127405fd7cc17c9917d7a7c6d7b9021cb417fc63ffcbf768", kill_on_drop: false }`
[INFO] [stdout] a6d60b82e7814173127405fd7cc17c9917d7a7c6d7b9021cb417fc63ffcbf768
[INFO] running `Command { std: "docker" "create" "-v" "/var/lib/crater-agent-workspace/builds/worker-7-tc2/target:/opt/rustwide/target:rw,Z" "-v" "/var/lib/crater-agent-workspace/builds/worker-7-tc2/source:/opt/rustwide/workdir:ro,Z" "-v" "/var/lib/crater-agent-workspace/cargo-home:/opt/rustwide/cargo-home:ro,Z" "-v" "/var/lib/crater-agent-workspace/rustup-home:/opt/rustwide/rustup-home:ro,Z" "-e" "SOURCE_DIR=/opt/rustwide/workdir" "-e" "CARGO_TARGET_DIR=/opt/rustwide/target" "-e" "CARGO_INCREMENTAL=0" "-e" "RUST_BACKTRACE=full" "-e" "RUSTFLAGS=--cap-lints=warn" "-e" "RUSTDOCFLAGS=--cap-lints=warn" "-e" "CARGO_HOME=/opt/rustwide/cargo-home" "-e" "RUSTUP_HOME=/opt/rustwide/rustup-home" "-w" "/opt/rustwide/workdir" "-m" "1610612736" "--user" "0:0" "--network" "none" "ghcr.io/rust-lang/crates-build-env/linux@sha256:5ff2268d62e97bff2cde7d5815dd6ed5b47097566f13b8d0ca110b04b60e07ed" "/opt/rustwide/cargo-home/bin/cargo" "+beta-2023-04-20" "build" "--frozen" "--message-format=json", kill_on_drop: false }`
[INFO] [stdout] 5b1bdc384e1a0637eee28cd00d174618cb83a7ccf69b88974b990d8f6a29c1aa
[INFO] running `Command { std: "docker" "start" "-a" "5b1bdc384e1a0637eee28cd00d174618cb83a7ccf69b88974b990d8f6a29c1aa", kill_on_drop: false }`
[INFO] [stderr]    Compiling proc-macro2 v1.0.56
[INFO] [stderr]    Compiling unicode-ident v1.0.8
[INFO] [stderr]    Compiling libc v0.2.142
[INFO] [stderr]    Compiling syn v1.0.109
[INFO] [stderr]    Compiling anyhow v1.0.71
[INFO] [stderr]    Compiling either v1.8.1
[INFO] [stderr]    Compiling io-lifetimes v1.0.10
[INFO] [stderr]    Compiling rustix v0.37.18
[INFO] [stderr]    Compiling bytes v1.4.0
[INFO] [stderr]    Compiling linux-raw-sys v0.3.6
[INFO] [stderr]    Compiling prettyplease v0.1.25
[INFO] [stderr]    Compiling quote v1.0.26
[INFO] [stderr]    Compiling indexmap v1.9.3
[INFO] [stderr]    Compiling regex-syntax v0.7.1
[INFO] [stderr]    Compiling fastrand v1.9.0
[INFO] [stderr]    Compiling fixedbitset v0.4.2
[INFO] [stderr]    Compiling itertools v0.10.5
[INFO] [stderr]    Compiling heck v0.4.1
[INFO] [stderr]    Compiling multimap v0.8.3
[INFO] [stderr]    Compiling petgraph v0.6.3
[INFO] [stderr]    Compiling regex v1.8.1
[INFO] [stderr]    Compiling which v4.4.0
[INFO] [stderr]    Compiling prost-derive v0.11.9
[INFO] [stderr]    Compiling tempfile v3.5.0
[INFO] [stderr]    Compiling prost v0.11.9
[INFO] [stderr]    Compiling prost-types v0.11.9
[INFO] [stderr]    Compiling prost-build v0.11.9
[INFO] [stderr]    Compiling tonic-build v0.8.4
[INFO] [stderr]    Compiling proto-builder-trait v0.5.1 (/opt/rustwide/workdir)
[INFO] [stderr]     Finished dev [unoptimized + debuginfo] target(s) in 7.19s
[INFO] running `Command { std: "docker" "inspect" "5b1bdc384e1a0637eee28cd00d174618cb83a7ccf69b88974b990d8f6a29c1aa", kill_on_drop: false }`
[INFO] running `Command { std: "docker" "rm" "-f" "5b1bdc384e1a0637eee28cd00d174618cb83a7ccf69b88974b990d8f6a29c1aa", kill_on_drop: false }`
[INFO] [stdout] 5b1bdc384e1a0637eee28cd00d174618cb83a7ccf69b88974b990d8f6a29c1aa
[INFO] running `Command { std: "docker" "create" "-v" "/var/lib/crater-agent-workspace/builds/worker-7-tc2/target:/opt/rustwide/target:rw,Z" "-v" "/var/lib/crater-agent-workspace/builds/worker-7-tc2/source:/opt/rustwide/workdir:ro,Z" "-v" "/var/lib/crater-agent-workspace/cargo-home:/opt/rustwide/cargo-home:ro,Z" "-v" "/var/lib/crater-agent-workspace/rustup-home:/opt/rustwide/rustup-home:ro,Z" "-e" "SOURCE_DIR=/opt/rustwide/workdir" "-e" "CARGO_TARGET_DIR=/opt/rustwide/target" "-e" "CARGO_INCREMENTAL=0" "-e" "RUST_BACKTRACE=full" "-e" "RUSTFLAGS=--cap-lints=warn" "-e" "RUSTDOCFLAGS=--cap-lints=warn" "-e" "CARGO_HOME=/opt/rustwide/cargo-home" "-e" "RUSTUP_HOME=/opt/rustwide/rustup-home" "-w" "/opt/rustwide/workdir" "-m" "1610612736" "--user" "0:0" "--network" "none" "ghcr.io/rust-lang/crates-build-env/linux@sha256:5ff2268d62e97bff2cde7d5815dd6ed5b47097566f13b8d0ca110b04b60e07ed" "/opt/rustwide/cargo-home/bin/cargo" "+beta-2023-04-20" "test" "--frozen" "--no-run" "--message-format=json", kill_on_drop: false }`
[INFO] [stdout] 79383097016a24f68ba90af510a2bfaf95f4ab86ed1d4a89f88250c9193246e8
[INFO] running `Command { std: "docker" "start" "-a" "79383097016a24f68ba90af510a2bfaf95f4ab86ed1d4a89f88250c9193246e8", kill_on_drop: false }`
[INFO] [stderr]    Compiling linked-hash-map v0.5.6
[INFO] [stderr]    Compiling console v0.15.5
[INFO] [stderr]    Compiling similar v2.2.1
[INFO] [stderr]    Compiling yaml-rust v0.4.5
[INFO] [stderr]    Compiling insta v1.29.0
[INFO] [stderr]    Compiling proto-builder-trait v0.5.1 (/opt/rustwide/workdir)
[INFO] [stderr]     Finished test [unoptimized + debuginfo] target(s) in 3.39s
[INFO] running `Command { std: "docker" "inspect" "79383097016a24f68ba90af510a2bfaf95f4ab86ed1d4a89f88250c9193246e8", kill_on_drop: false }`
[INFO] running `Command { std: "docker" "rm" "-f" "79383097016a24f68ba90af510a2bfaf95f4ab86ed1d4a89f88250c9193246e8", kill_on_drop: false }`
[INFO] [stdout] 79383097016a24f68ba90af510a2bfaf95f4ab86ed1d4a89f88250c9193246e8
[INFO] running `Command { std: "docker" "create" "-v" "/var/lib/crater-agent-workspace/builds/worker-7-tc2/target:/opt/rustwide/target:rw,Z" "-v" "/var/lib/crater-agent-workspace/builds/worker-7-tc2/source:/opt/rustwide/workdir:ro,Z" "-v" "/var/lib/crater-agent-workspace/cargo-home:/opt/rustwide/cargo-home:ro,Z" "-v" "/var/lib/crater-agent-workspace/rustup-home:/opt/rustwide/rustup-home:ro,Z" "-e" "SOURCE_DIR=/opt/rustwide/workdir" "-e" "CARGO_TARGET_DIR=/opt/rustwide/target" "-e" "CARGO_INCREMENTAL=0" "-e" "RUST_BACKTRACE=full" "-e" "RUSTFLAGS=--cap-lints=warn" "-e" "RUSTDOCFLAGS=--cap-lints=warn" "-e" "CARGO_HOME=/opt/rustwide/cargo-home" "-e" "RUSTUP_HOME=/opt/rustwide/rustup-home" "-w" "/opt/rustwide/workdir" "-m" "1610612736" "--user" "0:0" "--network" "none" "ghcr.io/rust-lang/crates-build-env/linux@sha256:5ff2268d62e97bff2cde7d5815dd6ed5b47097566f13b8d0ca110b04b60e07ed" "/opt/rustwide/cargo-home/bin/cargo" "+beta-2023-04-20" "test" "--frozen", kill_on_drop: false }`
[INFO] [stdout] 5a60047be5699842840d7dac6ea46ad4573f43408d6d989e15d39ab7ce5fb498
[INFO] running `Command { std: "docker" "start" "-a" "5a60047be5699842840d7dac6ea46ad4573f43408d6d989e15d39ab7ce5fb498", kill_on_drop: false }`
[INFO] [stderr]     Finished test [unoptimized + debuginfo] target(s) in 0.03s
[INFO] [stderr]      Running unittests src/lib.rs (/opt/rustwide/target/debug/deps/proto_builder_trait-96532d5c83b030ff)
[INFO] [stdout] 
[INFO] [stdout] running 2 tests
[INFO] [stdout] test prost::tests::test_prost_build_with_extra_attributes_should_work ... FAILED
[INFO] [stdout] test tonic::tests::test_tonic_build_with_extra_attributes_should_work ... FAILED
[INFO] [stdout] 
[INFO] [stdout] failures:
[INFO] [stdout] 
[INFO] [stdout] ---- prost::tests::test_prost_build_with_extra_attributes_should_work stdout ----
[INFO] [stdout] ━━━━━━━━━━━━━━━━━━━━━━━━━━━━━━━ Snapshot Summary ━━━━━━━━━━━━━━━━━━━━━━━━━━━━━━━
[INFO] [stdout] Snapshot: prost_build_with_extra_attributes_should_work
[INFO] [stdout] Source: src/prost.rs:188
[INFO] [stdout] ────────────────────────────────────────────────────────────────────────────────
[INFO] [stdout] Expression: fs::read_to_string(filename).unwrap()
[INFO] [stdout] ────────────────────────────────────────────────────────────────────────────────
[INFO] [stdout] -old snapshot
[INFO] [stdout] +new results
[INFO] [stdout] ────────────┬───────────────────────────────────────────────────────────────────
[INFO] [stdout]     3     3 │ #[serde_with::skip_serializing_none]␊
[INFO] [stdout]     4     4 │ #[derive(derive_builder::Builder)]␊
[INFO] [stdout]     5     5 │ #[builder(setter(into, strip_option), default)]␊
[INFO] [stdout]     6     6 │ #[builder(build_fn(name = "private_build"))]␊
[INFO] [stdout]           7 │+#[allow(clippy::derive_partial_eq_without_eq)]␊
[INFO] [stdout]     7     8 │ #[derive(Clone, PartialEq, ::prost::Message)]␊
[INFO] [stdout]     8     9 │ pub struct Todo {␊
[INFO] [stdout]     9       │-    #[prost(string, tag="1")]␊
[INFO] [stdout]          10 │+    #[prost(string, tag = "1")]␊
[INFO] [stdout]    10    11 │     pub id: ::prost::alloc::string::String,␊
[INFO] [stdout]    11       │-    #[prost(string, tag="2")]␊
[INFO] [stdout]          12 │+    #[prost(string, tag = "2")]␊
[INFO] [stdout]    12    13 │     pub title: ::prost::alloc::string::String,␊
[INFO] [stdout]    13       │-    #[prost(string, tag="3")]␊
[INFO] [stdout]          14 │+    #[prost(string, tag = "3")]␊
[INFO] [stdout]    14    15 │     pub description: ::prost::alloc::string::String,␊
[INFO] [stdout]    15       │-    #[prost(enumeration="TodoStatus", tag="4")]␊
[INFO] [stdout]          16 │+    #[prost(enumeration = "TodoStatus", tag = "4")]␊
[INFO] [stdout]    16    17 │     #[serde_as(as = "DisplayFromStr")]␊
[INFO] [stdout]    17    18 │     pub status: i32,␊
[INFO] [stdout]    18       │-    #[prost(message, optional, tag="5")]␊
[INFO] [stdout]          19 │+    #[prost(message, optional, tag = "5")]␊
[INFO] [stdout]    19    20 │     #[serde_as(as = "DisplayFromStr")]␊
[INFO] [stdout]    20    21 │     #[derive(Copy)]␊
[INFO] [stdout]    21    22 │     pub created_at: ::core::option::Option<::prost_types::Timestamp>,␊
[INFO] [stdout]    22       │-    #[prost(message, optional, tag="6")]␊
[INFO] [stdout]          23 │+    #[prost(message, optional, tag = "6")]␊
[INFO] [stdout]    23    24 │     #[derive(Copy)]␊
[INFO] [stdout]    24    25 │     pub updated_at: ::core::option::Option<::prost_types::Timestamp>,␊
[INFO] [stdout]    25    26 │ }␊
[INFO] [stdout]          27 │+#[allow(clippy::derive_partial_eq_without_eq)]␊
[INFO] [stdout]    26    28 │ #[derive(Clone, PartialEq, ::prost::Message)]␊
[INFO] [stdout]    27    29 │ pub struct GetTodosRequest {␊
[INFO] [stdout]    28       │-    #[prost(string, repeated, tag="1")]␊
[INFO] [stdout]          30 │+    #[prost(string, repeated, tag = "1")]␊
[INFO] [stdout]    29    31 │     pub id: ::prost::alloc::vec::Vec<::prost::alloc::string::String>,␊
[INFO] [stdout]    30    32 │ }␊
[INFO] [stdout]          33 │+#[allow(clippy::derive_partial_eq_without_eq)]␊
[INFO] [stdout]    31    34 │ #[derive(Clone, PartialEq, ::prost::Message)]␊
[INFO] [stdout]    32    35 │ pub struct CreateTodoRequest {␊
[INFO] [stdout]    33       │-    #[prost(string, tag="1")]␊
[INFO] [stdout]          36 │+    #[prost(string, tag = "1")]␊
[INFO] [stdout]    34    37 │     pub title: ::prost::alloc::string::String,␊
[INFO] [stdout]    35       │-    #[prost(string, tag="2")]␊
[INFO] [stdout]          38 │+    #[prost(string, tag = "2")]␊
[INFO] [stdout]    36    39 │     pub description: ::prost::alloc::string::String,␊
[INFO] [stdout]    37    40 │ }␊
[INFO] [stdout]          41 │+#[allow(clippy::derive_partial_eq_without_eq)]␊
[INFO] [stdout]    38    42 │ #[derive(Clone, PartialEq, ::prost::Message)]␊
[INFO] [stdout]    39    43 │ pub struct DeleteTodoRequest {␊
[INFO] [stdout]    40       │-    #[prost(string, tag="1")]␊
[INFO] [stdout]          44 │+    #[prost(string, tag = "1")]␊
[INFO] [stdout]    41    45 │     pub id: ::prost::alloc::string::String,␊
[INFO] [stdout]    42    46 │ }␊
[INFO] [stdout]          47 │+#[allow(clippy::derive_partial_eq_without_eq)]␊
[INFO] [stdout]    43    48 │ #[derive(Clone, PartialEq, ::prost::Message)]␊
[INFO] [stdout]    44       │-pub struct DeleteTodoResponse {␊
[INFO] [stdout]    45       │-}␊
[INFO] [stdout]          49 │+pub struct DeleteTodoResponse {}␊
[INFO] [stdout]    46    50 │ #[derive(serde::Serialize, serde::Deserialize)]␊
[INFO] [stdout]    47    51 │ #[serde(rename_all = "camelCase")]␊
[INFO] [stdout]    48    52 │ #[derive(sqlx::Type)]␊
[INFO] [stdout]    49       │-#[derive(strum::EnumString, strum::Display,strum::EnumIter)]␊
[INFO] [stdout]          53 │+#[derive(strum::EnumString, strum::Display, strum::EnumIter)]␊
[INFO] [stdout]    50    54 │ #[strum(ascii_case_insensitive, serialize_all = "snake_case")]␊
[INFO] [stdout]    51    55 │ #[derive(Clone, Copy, Debug, PartialEq, Eq, Hash, PartialOrd, Ord, ::prost::Enumeration)]␊
[INFO] [stdout]    52    56 │ #[repr(i32)]␊
[INFO] [stdout]    53    57 │ pub enum TodoStatus {␊
[INFO] [stdout] ┈┈┈┈┈┈┈┈┈┈┈┈┼┈┈┈┈┈┈┈┈┈┈┈┈┈┈┈┈┈┈┈┈┈┈┈┈┈┈┈┈┈┈┈┈┈┈┈┈┈┈┈┈┈┈┈┈┈┈┈┈┈┈┈┈┈┈┈┈┈┈┈┈┈┈┈┈┈┈┈
[INFO] [stdout]    64    68 │             TodoStatus::Doing => "TODO_STATUS_DOING",␊
[INFO] [stdout]    65    69 │             TodoStatus::Done => "TODO_STATUS_DONE",␊
[INFO] [stdout]    66    70 │         }␊
[INFO] [stdout]    67    71 │     }␊
[INFO] [stdout]    68       │-}
[INFO] [stdout]          72 │+    /// Creates an enum from field names used in the ProtoBuf definition.␊
[INFO] [stdout]          73 │+    pub fn from_str_name(value: &str) -> ::core::option::Option<Self> {␊
[INFO] [stdout]          74 │+        match value {␊
[INFO] [stdout]          75 │+            "TODO_STATUS_DOING" => Some(Self::Doing),␊
[INFO] [stdout]          76 │+            "TODO_STATUS_DONE" => Some(Self::Done),␊
[INFO] [stdout]          77 │+            _ => None,␊
[INFO] [stdout]          78 │+        }␊
[INFO] [stdout]          79 │+    }␊
[INFO] [stdout]          80 │+}␊
[INFO] [stdout] ────────────┴───────────────────────────────────────────────────────────────────
[INFO] [stdout] thread 'prost::tests::test_prost_build_with_extra_attributes_should_work' panicked at 'called `Result::unwrap()` on an `Err` value: Os { code: 30, kind: ReadOnlyFilesystem, message: "Read-only file system" }', src/prost.rs:188:9
[INFO] [stdout] stack backtrace:
[INFO] [stdout]    0:     0x5654a669075a - std::backtrace_rs::backtrace::libunwind::trace::h2f05d0192276a8f6
[INFO] [stdout]                                at /rustc/1b7dd2252b99671ce5d1cb9664c5f8636329436d/library/std/src/../../backtrace/src/backtrace/libunwind.rs:93:5
[INFO] [stdout]    1:     0x5654a669075a - std::backtrace_rs::backtrace::trace_unsynchronized::hedc23dff7a1af150
[INFO] [stdout]                                at /rustc/1b7dd2252b99671ce5d1cb9664c5f8636329436d/library/std/src/../../backtrace/src/backtrace/mod.rs:66:5
[INFO] [stdout]    2:     0x5654a669075a - std::sys_common::backtrace::_print_fmt::h17541ef7592f3ce2
[INFO] [stdout]                                at /rustc/1b7dd2252b99671ce5d1cb9664c5f8636329436d/library/std/src/sys_common/backtrace.rs:65:5
[INFO] [stdout]    3:     0x5654a669075a - <std::sys_common::backtrace::_print::DisplayBacktrace as core::fmt::Display>::fmt::h20f75df5ab0c0792
[INFO] [stdout]                                at /rustc/1b7dd2252b99671ce5d1cb9664c5f8636329436d/library/std/src/sys_common/backtrace.rs:44:22
[INFO] [stdout]    4:     0x5654a66b889f - core::fmt::write::h78109e6f466b3af6
[INFO] [stdout]                                at /rustc/1b7dd2252b99671ce5d1cb9664c5f8636329436d/library/core/src/fmt/mod.rs:1254:17
[INFO] [stdout]    5:     0x5654a668cc45 - std::io::Write::write_fmt::hd24bfb68a1b35a25
[INFO] [stdout]                                at /rustc/1b7dd2252b99671ce5d1cb9664c5f8636329436d/library/std/src/io/mod.rs:1698:15
[INFO] [stdout]    6:     0x5654a6690525 - std::sys_common::backtrace::_print::h8dac57a9f8fbf9a5
[INFO] [stdout]                                at /rustc/1b7dd2252b99671ce5d1cb9664c5f8636329436d/library/std/src/sys_common/backtrace.rs:47:5
[INFO] [stdout]    7:     0x5654a6690525 - std::sys_common::backtrace::print::hf9ecbf41d1aa712f
[INFO] [stdout]                                at /rustc/1b7dd2252b99671ce5d1cb9664c5f8636329436d/library/std/src/sys_common/backtrace.rs:34:9
[INFO] [stdout]    8:     0x5654a669225e - std::panicking::default_hook::{{closure}}::h04c07acfc84ca028
[INFO] [stdout]                                at /rustc/1b7dd2252b99671ce5d1cb9664c5f8636329436d/library/std/src/panicking.rs:269:22
[INFO] [stdout]    9:     0x5654a6691f91 - std::panicking::default_hook::h01f6bb23e1eceb2c
[INFO] [stdout]                                at /rustc/1b7dd2252b99671ce5d1cb9664c5f8636329436d/library/std/src/panicking.rs:285:9
[INFO] [stdout]   10:     0x5654a636830b - <alloc::boxed::Box<F,A> as core::ops::function::Fn<Args>>::call::h87fe9f7b2fd49e4c
[INFO] [stdout]                                at /rustc/1b7dd2252b99671ce5d1cb9664c5f8636329436d/library/alloc/src/boxed.rs:1987:9
[INFO] [stdout]   11:     0x5654a636830b - test::test_main::{{closure}}::he94d679243a7531b
[INFO] [stdout]                                at /rustc/1b7dd2252b99671ce5d1cb9664c5f8636329436d/library/test/src/lib.rs:134:21
[INFO] [stdout]   12:     0x5654a6692944 - <alloc::boxed::Box<F,A> as core::ops::function::Fn<Args>>::call::h3f2d6d8b14c4769f
[INFO] [stdout]                                at /rustc/1b7dd2252b99671ce5d1cb9664c5f8636329436d/library/alloc/src/boxed.rs:1987:9
[INFO] [stdout]   13:     0x5654a6692944 - std::panicking::rust_panic_with_hook::h2bb3722bbaf2f6df
[INFO] [stdout]                                at /rustc/1b7dd2252b99671ce5d1cb9664c5f8636329436d/library/std/src/panicking.rs:695:13
[INFO] [stdout]   14:     0x5654a66926b9 - std::panicking::begin_panic_handler::{{closure}}::h91bc7f36a4be011b
[INFO] [stdout]                                at /rustc/1b7dd2252b99671ce5d1cb9664c5f8636329436d/library/std/src/panicking.rs:582:13
[INFO] [stdout]   15:     0x5654a6690bc6 - std::sys_common::backtrace::__rust_end_short_backtrace::h8b3d3717114f9e59
[INFO] [stdout]                                at /rustc/1b7dd2252b99671ce5d1cb9664c5f8636329436d/library/std/src/sys_common/backtrace.rs:150:18
[INFO] [stdout]   16:     0x5654a6692412 - rust_begin_unwind
[INFO] [stdout]                                at /rustc/1b7dd2252b99671ce5d1cb9664c5f8636329436d/library/std/src/panicking.rs:578:5
[INFO] [stdout]   17:     0x5654a61b2a33 - core::panicking::panic_fmt::hfd368e3fbdabea26
[INFO] [stdout]                                at /rustc/1b7dd2252b99671ce5d1cb9664c5f8636329436d/library/core/src/panicking.rs:67:14
[INFO] [stdout]   18:     0x5654a61b2fd3 - core::result::unwrap_failed::he54eb4b2f125b26f
[INFO] [stdout]                                at /rustc/1b7dd2252b99671ce5d1cb9664c5f8636329436d/library/core/src/result.rs:1687:5
[INFO] [stdout]   19:     0x5654a61b89cc - core::result::Result<T,E>::unwrap::hff7b081709955327
[INFO] [stdout]                                at /rustc/1b7dd2252b99671ce5d1cb9664c5f8636329436d/library/core/src/result.rs:1089:23
[INFO] [stdout]   20:     0x5654a61bf2d5 - proto_builder_trait::prost::tests::test_prost_build_with_extra_attributes_should_work::h2e64663e654816f7
[INFO] [stdout]                                at /opt/rustwide/workdir/src/prost.rs:188:9
[INFO] [stdout]   21:     0x5654a61bec17 - proto_builder_trait::prost::tests::test_prost_build_with_extra_attributes_should_work::{{closure}}::h276b34f8bac4d0eb
[INFO] [stdout]                                at /opt/rustwide/workdir/src/prost.rs:155:61
[INFO] [stdout]   22:     0x5654a61c1a55 - core::ops::function::FnOnce::call_once::h4abeeb11711b3bb4
[INFO] [stdout]                                at /rustc/1b7dd2252b99671ce5d1cb9664c5f8636329436d/library/core/src/ops/function.rs:250:5
[INFO] [stdout]   23:     0x5654a636d1df - core::ops::function::FnOnce::call_once::ha6a70e79f7481a7e
[INFO] [stdout]                                at /rustc/1b7dd2252b99671ce5d1cb9664c5f8636329436d/library/core/src/ops/function.rs:250:5
[INFO] [stdout]   24:     0x5654a636d1df - test::__rust_begin_short_backtrace::hce33033019b61e69
[INFO] [stdout]                                at /rustc/1b7dd2252b99671ce5d1cb9664c5f8636329436d/library/test/src/lib.rs:655:18
[INFO] [stdout]   25:     0x5654a633a9cc - test::run_test::{{closure}}::h858d3528838ae3e5
[INFO] [stdout]                                at /rustc/1b7dd2252b99671ce5d1cb9664c5f8636329436d/library/test/src/lib.rs:646:30
[INFO] [stdout]   26:     0x5654a633a9cc - core::ops::function::FnOnce::call_once{{vtable.shim}}::he8ac2b00f01ae79e
[INFO] [stdout]                                at /rustc/1b7dd2252b99671ce5d1cb9664c5f8636329436d/library/core/src/ops/function.rs:250:5
[INFO] [stdout]   27:     0x5654a636c2b6 - <alloc::boxed::Box<F,A> as core::ops::function::FnOnce<Args>>::call_once::h8093d25b522725ef
[INFO] [stdout]                                at /rustc/1b7dd2252b99671ce5d1cb9664c5f8636329436d/library/alloc/src/boxed.rs:1973:9
[INFO] [stdout]   28:     0x5654a636c2b6 - <core::panic::unwind_safe::AssertUnwindSafe<F> as core::ops::function::FnOnce<()>>::call_once::h5c334c204e4a3913
[INFO] [stdout]                                at /rustc/1b7dd2252b99671ce5d1cb9664c5f8636329436d/library/core/src/panic/unwind_safe.rs:271:9
[INFO] [stdout]   29:     0x5654a636c2b6 - std::panicking::try::do_call::ha8b740c7b9478074
[INFO] [stdout]                                at /rustc/1b7dd2252b99671ce5d1cb9664c5f8636329436d/library/std/src/panicking.rs:485:40
[INFO] [stdout]   30:     0x5654a636c2b6 - std::panicking::try::h5d34f63d0e41b64e
[INFO] [stdout]                                at /rustc/1b7dd2252b99671ce5d1cb9664c5f8636329436d/library/std/src/panicking.rs:449:19
[INFO] [stdout]   31:     0x5654a636c2b6 - std::panic::catch_unwind::hcfbb511e1aa7fc67
[INFO] [stdout]                                at /rustc/1b7dd2252b99671ce5d1cb9664c5f8636329436d/library/std/src/panic.rs:140:14
[INFO] [stdout]   32:     0x5654a636c2b6 - test::run_test_in_process::h9abda90f802eaf21
[INFO] [stdout]                                at /rustc/1b7dd2252b99671ce5d1cb9664c5f8636329436d/library/test/src/lib.rs:678:27
[INFO] [stdout]   33:     0x5654a636c2b6 - test::run_test::run_test_inner::{{closure}}::h0f058de91f6c6edf
[INFO] [stdout]                                at /rustc/1b7dd2252b99671ce5d1cb9664c5f8636329436d/library/test/src/lib.rs:572:39
[INFO] [stdout]   34:     0x5654a63351d5 - test::run_test::run_test_inner::{{closure}}::h5ca48a4c59c6c1fb
[INFO] [stdout]                                at /rustc/1b7dd2252b99671ce5d1cb9664c5f8636329436d/library/test/src/lib.rs:599:37
[INFO] [stdout]   35:     0x5654a63351d5 - std::sys_common::backtrace::__rust_begin_short_backtrace::h32bd51e1495d4a33
[INFO] [stdout]                                at /rustc/1b7dd2252b99671ce5d1cb9664c5f8636329436d/library/std/src/sys_common/backtrace.rs:134:18
[INFO] [stdout]   36:     0x5654a633a711 - std::thread::Builder::spawn_unchecked_::{{closure}}::{{closure}}::hc086fae9b128b2db
[INFO] [stdout]                                at /rustc/1b7dd2252b99671ce5d1cb9664c5f8636329436d/library/std/src/thread/mod.rs:526:17
[INFO] [stdout]   37:     0x5654a633a711 - <core::panic::unwind_safe::AssertUnwindSafe<F> as core::ops::function::FnOnce<()>>::call_once::hb66571888d270d43
[INFO] [stdout]                                at /rustc/1b7dd2252b99671ce5d1cb9664c5f8636329436d/library/core/src/panic/unwind_safe.rs:271:9
[INFO] [stdout]   38:     0x5654a633a711 - std::panicking::try::do_call::h4fa2ef4f6e51fecf
[INFO] [stdout]                                at /rustc/1b7dd2252b99671ce5d1cb9664c5f8636329436d/library/std/src/panicking.rs:485:40
[INFO] [stdout]   39:     0x5654a633a711 - std::panicking::try::h1e9e22b8584489b5
[INFO] [stdout]                                at /rustc/1b7dd2252b99671ce5d1cb9664c5f8636329436d/library/std/src/panicking.rs:449:19
[INFO] [stdout]   40:     0x5654a633a711 - std::panic::catch_unwind::h44698a3de0e0769e
[INFO] [stdout]                                at /rustc/1b7dd2252b99671ce5d1cb9664c5f8636329436d/library/std/src/panic.rs:140:14
[INFO] [stdout]   41:     0x5654a633a711 - std::thread::Builder::spawn_unchecked_::{{closure}}::h50153abde3fe239e
[INFO] [stdout]                                at /rustc/1b7dd2252b99671ce5d1cb9664c5f8636329436d/library/std/src/thread/mod.rs:525:30
[INFO] [stdout]   42:     0x5654a633a711 - core::ops::function::FnOnce::call_once{{vtable.shim}}::hbe5bbf6f38394364
[INFO] [stdout]                                at /rustc/1b7dd2252b99671ce5d1cb9664c5f8636329436d/library/core/src/ops/function.rs:250:5
[INFO] [stdout]   43:     0x5654a66980d5 - <alloc::boxed::Box<F,A> as core::ops::function::FnOnce<Args>>::call_once::h0d83cb2920a49046
[INFO] [stdout]                                at /rustc/1b7dd2252b99671ce5d1cb9664c5f8636329436d/library/alloc/src/boxed.rs:1973:9
[INFO] [stdout]   44:     0x5654a66980d5 - <alloc::boxed::Box<F,A> as core::ops::function::FnOnce<Args>>::call_once::hbe0a008aa7d9ef59
[INFO] [stdout]                                at /rustc/1b7dd2252b99671ce5d1cb9664c5f8636329436d/library/alloc/src/boxed.rs:1973:9
[INFO] [stdout]   45:     0x5654a66980d5 - std::sys::unix::thread::Thread::new::thread_start::h3a466996bdf6b1f9
[INFO] [stdout]                                at /rustc/1b7dd2252b99671ce5d1cb9664c5f8636329436d/library/std/src/sys/unix/thread.rs:108:17
[INFO] [stdout]   46:     0x7fcf487a3b43 - <unknown>
[INFO] [stdout]   47:     0x7fcf48834bb4 - __clone
[INFO] [stdout]   48:                0x0 - <unknown>
[INFO] [stdout] 
[INFO] [stdout] ---- tonic::tests::test_tonic_build_with_extra_attributes_should_work stdout ----
[INFO] [stdout] cargo:rerun-if-changed=fixtures/protos/todo.proto
[INFO] [stdout] cargo:rerun-if-changed=fixtures/protos
[INFO] [stdout] ━━━━━━━━━━━━━━━━━━━━━━━━━━━━━━━ Snapshot Summary ━━━━━━━━━━━━━━━━━━━━━━━━━━━━━━━
[INFO] [stdout] Snapshot: tonic_build_with_extra_attributes_should_work
[INFO] [stdout] Source: src/tonic.rs:159
[INFO] [stdout] ────────────────────────────────────────────────────────────────────────────────
[INFO] [stdout] Expression: fs::read_to_string(filename).unwrap()
[INFO] [stdout] ────────────────────────────────────────────────────────────────────────────────
[INFO] [stdout] -old snapshot
[INFO] [stdout] +new results
[INFO] [stdout] ────────────┬───────────────────────────────────────────────────────────────────
[INFO] [stdout]     3     3 │ #[serde_with::skip_serializing_none]␊
[INFO] [stdout]     4     4 │ #[derive(derive_builder::Builder)]␊
[INFO] [stdout]     5     5 │ #[builder(setter(into, strip_option), default)]␊
[INFO] [stdout]     6     6 │ #[builder(build_fn(name = "private_build"))]␊
[INFO] [stdout]           7 │+#[allow(clippy::derive_partial_eq_without_eq)]␊
[INFO] [stdout]     7     8 │ #[derive(Clone, PartialEq, ::prost::Message)]␊
[INFO] [stdout]     8     9 │ pub struct Todo {␊
[INFO] [stdout]     9       │-    #[prost(string, tag="1")]␊
[INFO] [stdout]          10 │+    #[prost(string, tag = "1")]␊
[INFO] [stdout]    10    11 │     pub id: ::prost::alloc::string::String,␊
[INFO] [stdout]    11       │-    #[prost(string, tag="2")]␊
[INFO] [stdout]          12 │+    #[prost(string, tag = "2")]␊
[INFO] [stdout]    12    13 │     pub title: ::prost::alloc::string::String,␊
[INFO] [stdout]    13       │-    #[prost(string, tag="3")]␊
[INFO] [stdout]          14 │+    #[prost(string, tag = "3")]␊
[INFO] [stdout]    14    15 │     pub description: ::prost::alloc::string::String,␊
[INFO] [stdout]    15       │-    #[prost(enumeration="TodoStatus", tag="4")]␊
[INFO] [stdout]          16 │+    #[prost(enumeration = "TodoStatus", tag = "4")]␊
[INFO] [stdout]    16    17 │     #[serde_as(as = "DisplayFromStr")]␊
[INFO] [stdout]    17    18 │     pub status: i32,␊
[INFO] [stdout]    18       │-    #[prost(message, optional, tag="5")]␊
[INFO] [stdout]          19 │+    #[prost(message, optional, tag = "5")]␊
[INFO] [stdout]    19    20 │     #[serde_as(as = "DisplayFromStr")]␊
[INFO] [stdout]    20    21 │     #[derive(Copy)]␊
[INFO] [stdout]    21    22 │     pub created_at: ::core::option::Option<::prost_types::Timestamp>,␊
[INFO] [stdout]    22       │-    #[prost(message, optional, tag="6")]␊
[INFO] [stdout]          23 │+    #[prost(message, optional, tag = "6")]␊
[INFO] [stdout]    23    24 │     #[derive(Copy)]␊
[INFO] [stdout]    24    25 │     pub updated_at: ::core::option::Option<::prost_types::Timestamp>,␊
[INFO] [stdout]    25    26 │ }␊
[INFO] [stdout]          27 │+#[allow(clippy::derive_partial_eq_without_eq)]␊
[INFO] [stdout]    26    28 │ #[derive(Clone, PartialEq, ::prost::Message)]␊
[INFO] [stdout]    27    29 │ pub struct GetTodosRequest {␊
[INFO] [stdout]    28       │-    #[prost(string, repeated, tag="1")]␊
[INFO] [stdout]          30 │+    #[prost(string, repeated, tag = "1")]␊
[INFO] [stdout]    29    31 │     pub id: ::prost::alloc::vec::Vec<::prost::alloc::string::String>,␊
[INFO] [stdout]    30    32 │ }␊
[INFO] [stdout]          33 │+#[allow(clippy::derive_partial_eq_without_eq)]␊
[INFO] [stdout]    31    34 │ #[derive(Clone, PartialEq, ::prost::Message)]␊
[INFO] [stdout]    32    35 │ pub struct CreateTodoRequest {␊
[INFO] [stdout]    33       │-    #[prost(string, tag="1")]␊
[INFO] [stdout]          36 │+    #[prost(string, tag = "1")]␊
[INFO] [stdout]    34    37 │     pub title: ::prost::alloc::string::String,␊
[INFO] [stdout]    35       │-    #[prost(string, tag="2")]␊
[INFO] [stdout]          38 │+    #[prost(string, tag = "2")]␊
[INFO] [stdout]    36    39 │     pub description: ::prost::alloc::string::String,␊
[INFO] [stdout]    37    40 │ }␊
[INFO] [stdout]          41 │+#[allow(clippy::derive_partial_eq_without_eq)]␊
[INFO] [stdout]    38    42 │ #[derive(Clone, PartialEq, ::prost::Message)]␊
[INFO] [stdout]    39    43 │ pub struct DeleteTodoRequest {␊
[INFO] [stdout]    40       │-    #[prost(string, tag="1")]␊
[INFO] [stdout]          44 │+    #[prost(string, tag = "1")]␊
[INFO] [stdout]    41    45 │     pub id: ::prost::alloc::string::String,␊
[INFO] [stdout]    42    46 │ }␊
[INFO] [stdout]          47 │+#[allow(clippy::derive_partial_eq_without_eq)]␊
[INFO] [stdout]    43    48 │ #[derive(Clone, PartialEq, ::prost::Message)]␊
[INFO] [stdout]    44       │-pub struct DeleteTodoResponse {␊
[INFO] [stdout]    45       │-}␊
[INFO] [stdout]          49 │+pub struct DeleteTodoResponse {}␊
[INFO] [stdout]    46    50 │ #[derive(serde::Serialize, serde::Deserialize)]␊
[INFO] [stdout]    47    51 │ #[serde(rename_all = "camelCase")]␊
[INFO] [stdout]    48    52 │ #[derive(sqlx::Type)]␊
[INFO] [stdout]    49    53 │ #[derive(strum::EnumString, strum::Display, strum::EnumIter)]␊
[INFO] [stdout] ┈┈┈┈┈┈┈┈┈┈┈┈┼┈┈┈┈┈┈┈┈┈┈┈┈┈┈┈┈┈┈┈┈┈┈┈┈┈┈┈┈┈┈┈┈┈┈┈┈┈┈┈┈┈┈┈┈┈┈┈┈┈┈┈┈┈┈┈┈┈┈┈┈┈┈┈┈┈┈┈
[INFO] [stdout]    64    68 │             TodoStatus::Doing => "TODO_STATUS_DOING",␊
[INFO] [stdout]    65    69 │             TodoStatus::Done => "TODO_STATUS_DONE",␊
[INFO] [stdout]    66    70 │         }␊
[INFO] [stdout]    67    71 │     }␊
[INFO] [stdout]          72 │+    /// Creates an enum from field names used in the ProtoBuf definition.␊
[INFO] [stdout]          73 │+    pub fn from_str_name(value: &str) -> ::core::option::Option<Self> {␊
[INFO] [stdout]          74 │+        match value {␊
[INFO] [stdout]          75 │+            "TODO_STATUS_DOING" => Some(Self::Doing),␊
[INFO] [stdout]          76 │+            "TODO_STATUS_DONE" => Some(Self::Done),␊
[INFO] [stdout]          77 │+            _ => None,␊
[INFO] [stdout]          78 │+        }␊
[INFO] [stdout]          79 │+    }␊
[INFO] [stdout]    68    80 │ }␊
[INFO] [stdout]    69    81 │ /// Generated client implementations.␊
[INFO] [stdout]    70    82 │ pub mod todo_service_client {␊
[INFO] [stdout]    71    83 │     #![allow(unused_variables, dead_code, missing_docs, clippy::let_unit_value)]␊
[INFO] [stdout] ┈┈┈┈┈┈┈┈┈┈┈┈┼┈┈┈┈┈┈┈┈┈┈┈┈┈┈┈┈┈┈┈┈┈┈┈┈┈┈┈┈┈┈┈┈┈┈┈┈┈┈┈┈┈┈┈┈┈┈┈┈┈┈┈┈┈┈┈┈┈┈┈┈┈┈┈┈┈┈┈
[INFO] [stdout]   219   231 │ /// Generated server implementations.␊
[INFO] [stdout]   220   232 │ pub mod todo_service_server {␊
[INFO] [stdout]   221   233 │     #![allow(unused_variables, dead_code, missing_docs, clippy::let_unit_value)]␊
[INFO] [stdout]   222   234 │     use tonic::codegen::*;␊
[INFO] [stdout]   223       │-    ///Generated trait containing gRPC methods that should be implemented for use with TodoServiceServer.␊
[INFO] [stdout]         235 │+    /// Generated trait containing gRPC methods that should be implemented for use with TodoServiceServer.␊
[INFO] [stdout]   224   236 │     #[async_trait]␊
[INFO] [stdout]   225   237 │     pub trait TodoService: Send + Sync + 'static {␊
[INFO] [stdout]   226       │-        ///Server streaming response type for the GetTodos method.␊
[INFO] [stdout]         238 │+        /// Server streaming response type for the GetTodos method.␊
[INFO] [stdout]   227   239 │         type GetTodosStream: futures_core::Stream<␊
[INFO] [stdout]   228   240 │                 Item = Result<super::Todo, tonic::Status>,␊
[INFO] [stdout]   229   241 │             >␊
[INFO] [stdout]   230   242 │             + Send␊
[INFO] [stdout] ┈┈┈┈┈┈┈┈┈┈┈┈┼┈┈┈┈┈┈┈┈┈┈┈┈┈┈┈┈┈┈┈┈┈┈┈┈┈┈┈┈┈┈┈┈┈┈┈┈┈┈┈┈┈┈┈┈┈┈┈┈┈┈┈┈┈┈┈┈┈┈┈┈┈┈┈┈┈┈┈
[INFO] [stdout]   493   505 │     }␊
[INFO] [stdout]   494   506 │     impl<T: TodoService> tonic::server::NamedService for TodoServiceServer<T> {␊
[INFO] [stdout]   495   507 │         const NAME: &'static str = "todo.TodoService";␊
[INFO] [stdout]   496   508 │     }␊
[INFO] [stdout]   497       │-}
[INFO] [stdout]         509 │+}␊
[INFO] [stdout] ────────────┴───────────────────────────────────────────────────────────────────
[INFO] [stdout] thread 'tonic::tests::test_tonic_build_with_extra_attributes_should_work' panicked at 'called `Result::unwrap()` on an `Err` value: Os { code: 30, kind: ReadOnlyFilesystem, message: "Read-only file system" }', src/tonic.rs:159:9
[INFO] [stdout] stack backtrace:
[INFO] [stdout]    0:     0x5654a669075a - std::backtrace_rs::backtrace::libunwind::trace::h2f05d0192276a8f6
[INFO] [stdout]                                at /rustc/1b7dd2252b99671ce5d1cb9664c5f8636329436d/library/std/src/../../backtrace/src/backtrace/libunwind.rs:93:5
[INFO] [stdout]    1:     0x5654a669075a - std::backtrace_rs::backtrace::trace_unsynchronized::hedc23dff7a1af150
[INFO] [stdout]                                at /rustc/1b7dd2252b99671ce5d1cb9664c5f8636329436d/library/std/src/../../backtrace/src/backtrace/mod.rs:66:5
[INFO] [stdout]    2:     0x5654a669075a - std::sys_common::backtrace::_print_fmt::h17541ef7592f3ce2
[INFO] [stdout]                                at /rustc/1b7dd2252b99671ce5d1cb9664c5f8636329436d/library/std/src/sys_common/backtrace.rs:65:5
[INFO] [stdout]    3:     0x5654a669075a - <std::sys_common::backtrace::_print::DisplayBacktrace as core::fmt::Display>::fmt::h20f75df5ab0c0792
[INFO] [stdout]                                at /rustc/1b7dd2252b99671ce5d1cb9664c5f8636329436d/library/std/src/sys_common/backtrace.rs:44:22
[INFO] [stdout]    4:     0x5654a66b889f - core::fmt::write::h78109e6f466b3af6
[INFO] [stdout]                                at /rustc/1b7dd2252b99671ce5d1cb9664c5f8636329436d/library/core/src/fmt/mod.rs:1254:17
[INFO] [stdout]    5:     0x5654a668cc45 - std::io::Write::write_fmt::hd24bfb68a1b35a25
[INFO] [stdout]                                at /rustc/1b7dd2252b99671ce5d1cb9664c5f8636329436d/library/std/src/io/mod.rs:1698:15
[INFO] [stdout]    6:     0x5654a6690525 - std::sys_common::backtrace::_print::h8dac57a9f8fbf9a5
[INFO] [stdout]                                at /rustc/1b7dd2252b99671ce5d1cb9664c5f8636329436d/library/std/src/sys_common/backtrace.rs:47:5
[INFO] [stdout]    7:     0x5654a6690525 - std::sys_common::backtrace::print::hf9ecbf41d1aa712f
[INFO] [stdout]                                at /rustc/1b7dd2252b99671ce5d1cb9664c5f8636329436d/library/std/src/sys_common/backtrace.rs:34:9
[INFO] [stdout]    8:     0x5654a669225e - std::panicking::default_hook::{{closure}}::h04c07acfc84ca028
[INFO] [stdout]                                at /rustc/1b7dd2252b99671ce5d1cb9664c5f8636329436d/library/std/src/panicking.rs:269:22
[INFO] [stdout]    9:     0x5654a6691f91 - std::panicking::default_hook::h01f6bb23e1eceb2c
[INFO] [stdout]                                at /rustc/1b7dd2252b99671ce5d1cb9664c5f8636329436d/library/std/src/panicking.rs:285:9
[INFO] [stdout]   10:     0x5654a636830b - <alloc::boxed::Box<F,A> as core::ops::function::Fn<Args>>::call::h87fe9f7b2fd49e4c
[INFO] [stdout]                                at /rustc/1b7dd2252b99671ce5d1cb9664c5f8636329436d/library/alloc/src/boxed.rs:1987:9
[INFO] [stdout]   11:     0x5654a636830b - test::test_main::{{closure}}::he94d679243a7531b
[INFO] [stdout]                                at /rustc/1b7dd2252b99671ce5d1cb9664c5f8636329436d/library/test/src/lib.rs:134:21
[INFO] [stdout]   12:     0x5654a6692944 - <alloc::boxed::Box<F,A> as core::ops::function::Fn<Args>>::call::h3f2d6d8b14c4769f
[INFO] [stdout]                                at /rustc/1b7dd2252b99671ce5d1cb9664c5f8636329436d/library/alloc/src/boxed.rs:1987:9
[INFO] [stdout]   13:     0x5654a6692944 - std::panicking::rust_panic_with_hook::h2bb3722bbaf2f6df
[INFO] [stdout]                                at /rustc/1b7dd2252b99671ce5d1cb9664c5f8636329436d/library/std/src/panicking.rs:695:13
[INFO] [stdout]   14:     0x5654a66926b9 - std::panicking::begin_panic_handler::{{closure}}::h91bc7f36a4be011b
[INFO] [stdout]                                at /rustc/1b7dd2252b99671ce5d1cb9664c5f8636329436d/library/std/src/panicking.rs:582:13
[INFO] [stdout]   15:     0x5654a6690bc6 - std::sys_common::backtrace::__rust_end_short_backtrace::h8b3d3717114f9e59
[INFO] [stdout]                                at /rustc/1b7dd2252b99671ce5d1cb9664c5f8636329436d/library/std/src/sys_common/backtrace.rs:150:18
[INFO] [stdout]   16:     0x5654a6692412 - rust_begin_unwind
[INFO] [stdout]                                at /rustc/1b7dd2252b99671ce5d1cb9664c5f8636329436d/library/std/src/panicking.rs:578:5
[INFO] [stdout]   17:     0x5654a61b2a33 - core::panicking::panic_fmt::hfd368e3fbdabea26
[INFO] [stdout]                                at /rustc/1b7dd2252b99671ce5d1cb9664c5f8636329436d/library/core/src/panicking.rs:67:14
[INFO] [stdout]   18:     0x5654a61b2fd3 - core::result::unwrap_failed::he54eb4b2f125b26f
[INFO] [stdout]                                at /rustc/1b7dd2252b99671ce5d1cb9664c5f8636329436d/library/core/src/result.rs:1687:5
[INFO] [stdout]   19:     0x5654a61b89cc - core::result::Result<T,E>::unwrap::hff7b081709955327
[INFO] [stdout]                                at /rustc/1b7dd2252b99671ce5d1cb9664c5f8636329436d/library/core/src/result.rs:1089:23
[INFO] [stdout]   20:     0x5654a61c2c03 - proto_builder_trait::tonic::tests::test_tonic_build_with_extra_attributes_should_work::h460499a9a8dd7635
[INFO] [stdout]                                at /opt/rustwide/workdir/src/tonic.rs:159:9
[INFO] [stdout]   21:     0x5654a61c2527 - proto_builder_trait::tonic::tests::test_tonic_build_with_extra_attributes_should_work::{{closure}}::hb4ec5312ff57a067
[INFO] [stdout]                                at /opt/rustwide/workdir/src/tonic.rs:126:61
[INFO] [stdout]   22:     0x5654a61c1b85 - core::ops::function::FnOnce::call_once::hb6ef9141c6c54208
[INFO] [stdout]                                at /rustc/1b7dd2252b99671ce5d1cb9664c5f8636329436d/library/core/src/ops/function.rs:250:5
[INFO] [stdout]   23:     0x5654a636d1df - core::ops::function::FnOnce::call_once::ha6a70e79f7481a7e
[INFO] [stdout]                                at /rustc/1b7dd2252b99671ce5d1cb9664c5f8636329436d/library/core/src/ops/function.rs:250:5
[INFO] [stdout]   24:     0x5654a636d1df - test::__rust_begin_short_backtrace::hce33033019b61e69
[INFO] [stdout]                                at /rustc/1b7dd2252b99671ce5d1cb9664c5f8636329436d/library/test/src/lib.rs:655:18
[INFO] [stdout]   25:     0x5654a633a9cc - test::run_test::{{closure}}::h858d3528838ae3e5
[INFO] [stdout]                                at /rustc/1b7dd2252b99671ce5d1cb9664c5f8636329436d/library/test/src/lib.rs:646:30
[INFO] [stdout]   26:     0x5654a633a9cc - core::ops::function::FnOnce::call_once{{vtable.shim}}::he8ac2b00f01ae79e
[INFO] [stdout]                                at /rustc/1b7dd2252b99671ce5d1cb9664c5f8636329436d/library/core/src/ops/function.rs:250:5
[INFO] [stdout]   27:     0x5654a636c2b6 - <alloc::boxed::Box<F,A> as core::ops::function::FnOnce<Args>>::call_once::h8093d25b522725ef
[INFO] [stdout]                                at /rustc/1b7dd2252b99671ce5d1cb9664c5f8636329436d/library/alloc/src/boxed.rs:1973:9
[INFO] [stdout]   28:     0x5654a636c2b6 - <core::panic::unwind_safe::AssertUnwindSafe<F> as core::ops::function::FnOnce<()>>::call_once::h5c334c204e4a3913
[INFO] [stdout]                                at /rustc/1b7dd2252b99671ce5d1cb9664c5f8636329436d/library/core/src/panic/unwind_safe.rs:271:9
[INFO] [stdout]   29:     0x5654a636c2b6 - std::panicking::try::do_call::ha8b740c7b9478074
[INFO] [stdout]                                at /rustc/1b7dd2252b99671ce5d1cb9664c5f8636329436d/library/std/src/panicking.rs:485:40
[INFO] [stdout]   30:     0x5654a636c2b6 - std::panicking::try::h5d34f63d0e41b64e
[INFO] [stdout]                                at /rustc/1b7dd2252b99671ce5d1cb9664c5f8636329436d/library/std/src/panicking.rs:449:19
[INFO] [stdout]   31:     0x5654a636c2b6 - std::panic::catch_unwind::hcfbb511e1aa7fc67
[INFO] [stdout]                                at /rustc/1b7dd2252b99671ce5d1cb9664c5f8636329436d/library/std/src/panic.rs:140:14
[INFO] [stdout]   32:     0x5654a636c2b6 - test::run_test_in_process::h9abda90f802eaf21
[INFO] [stdout]                                at /rustc/1b7dd2252b99671ce5d1cb9664c5f8636329436d/library/test/src/lib.rs:678:27
[INFO] [stdout]   33:     0x5654a636c2b6 - test::run_test::run_test_inner::{{closure}}::h0f058de91f6c6edf
[INFO] [stdout]                                at /rustc/1b7dd2252b99671ce5d1cb9664c5f8636329436d/library/test/src/lib.rs:572:39
[INFO] [stdout]   34:     0x5654a63351d5 - test::run_test::run_test_inner::{{closure}}::h5ca48a4c59c6c1fb
[INFO] [stdout]                                at /rustc/1b7dd2252b99671ce5d1cb9664c5f8636329436d/library/test/src/lib.rs:599:37
[INFO] [stdout]   35:     0x5654a63351d5 - std::sys_common::backtrace::__rust_begin_short_backtrace::h32bd51e1495d4a33
[INFO] [stdout]                                at /rustc/1b7dd2252b99671ce5d1cb9664c5f8636329436d/library/std/src/sys_common/backtrace.rs:134:18
[INFO] [stdout]   36:     0x5654a633a711 - std::thread::Builder::spawn_unchecked_::{{closure}}::{{closure}}::hc086fae9b128b2db
[INFO] [stdout]                                at /rustc/1b7dd2252b99671ce5d1cb9664c5f8636329436d/library/std/src/thread/mod.rs:526:17
[INFO] [stdout]   37:     0x5654a633a711 - <core::panic::unwind_safe::AssertUnwindSafe<F> as core::ops::function::FnOnce<()>>::call_once::hb66571888d270d43
[INFO] [stdout]                                at /rustc/1b7dd2252b99671ce5d1cb9664c5f8636329436d/library/core/src/panic/unwind_safe.rs:271:9
[INFO] [stdout]   38:     0x5654a633a711 - std::panicking::try::do_call::h4fa2ef4f6e51fecf
[INFO] [stdout]                                at /rustc/1b7dd2252b99671ce5d1cb9664c5f8636329436d/library/std/src/panicking.rs:485:40
[INFO] [stdout]   39:     0x5654a633a711 - std::panicking::try::h1e9e22b8584489b5
[INFO] [stdout]                                at /rustc/1b7dd2252b99671ce5d1cb9664c5f8636329436d/library/std/src/panicking.rs:449:19
[INFO] [stdout]   40:     0x5654a633a711 - std::panic::catch_unwind::h44698a3de0e0769e
[INFO] [stdout]                                at /rustc/1b7dd2252b99671ce5d1cb9664c5f8636329436d/library/std/src/panic.rs:140:14
[INFO] [stdout]   41:     0x5654a633a711 - std::thread::Builder::spawn_unchecked_::{{closure}}::h50153abde3fe239e
[INFO] [stdout]                                at /rustc/1b7dd2252b99671ce5d1cb9664c5f8636329436d/library/std/src/thread/mod.rs:525:30
[INFO] [stdout]   42:     0x5654a633a711 - core::ops::function::FnOnce::call_once{{vtable.shim}}::hbe5bbf6f38394364
[INFO] [stdout]                                at /rustc/1b7dd2252b99671ce5d1cb9664c5f8636329436d/library/core/src/ops/function.rs:250:5
[INFO] [stdout]   43:     0x5654a66980d5 - <alloc::boxed::Box<F,A> as core::ops::function::FnOnce<Args>>::call_once::h0d83cb2920a49046
[INFO] [stdout]                                at /rustc/1b7dd2252b99671ce5d1cb9664c5f8636329436d/library/alloc/src/boxed.rs:1973:9
[INFO] [stdout]   44:     0x5654a66980d5 - <alloc::boxed::Box<F,A> as core::ops::function::FnOnce<Args>>::call_once::hbe0a008aa7d9ef59
[INFO] [stdout]                                at /rustc/1b7dd2252b99671ce5d1cb9664c5f8636329436d/library/alloc/src/boxed.rs:1973:9
[INFO] [stdout]   45:     0x5654a66980d5 - std::sys::unix::thread::Thread::new::thread_start::h3a466996bdf6b1f9
[INFO] [stdout]                                at /rustc/1b7dd2252b99671ce5d1cb9664c5f8636329436d/library/std/src/sys/unix/thread.rs:108:17
[INFO] [stdout]   46:     0x7fcf487a3b43 - <unknown>
[INFO] [stdout]   47:     0x7fcf48834bb4 - __clone
[INFO] [stdout]   48:                0x0 - <unknown>
[INFO] [stdout] 
[INFO] [stdout] 
[INFO] [stdout] failures:
[INFO] [stdout]     prost::tests::test_prost_build_with_extra_attributes_should_work
[INFO] [stdout]     tonic::tests::test_tonic_build_with_extra_attributes_should_work
[INFO] [stdout] 
[INFO] [stdout] test result: FAILED. 0 passed; 2 failed; 0 ignored; 0 measured; 0 filtered out; finished in 0.76s
[INFO] [stdout] 
[INFO] [stderr] error: test failed, to rerun pass `--lib`
[INFO] running `Command { std: "docker" "inspect" "5a60047be5699842840d7dac6ea46ad4573f43408d6d989e15d39ab7ce5fb498", kill_on_drop: false }`
[INFO] running `Command { std: "docker" "rm" "-f" "5a60047be5699842840d7dac6ea46ad4573f43408d6d989e15d39ab7ce5fb498", kill_on_drop: false }`
[INFO] [stdout] 5a60047be5699842840d7dac6ea46ad4573f43408d6d989e15d39ab7ce5fb498
