[INFO] fetching crate prost-build 0.11.9...
[INFO] testing prost-build-0.11.9 against 1.69.0 for beta-1.70-1
[INFO] extracting crate prost-build 0.11.9 into /workspace/builds/worker-0-tc1/source
[INFO] validating manifest of crates.io crate prost-build 0.11.9 on toolchain 1.69.0
[INFO] running `Command { std: CARGO_HOME="/workspace/cargo-home" RUSTUP_HOME="/workspace/rustup-home" "/workspace/cargo-home/bin/cargo" "+1.69.0" "metadata" "--manifest-path" "Cargo.toml" "--no-deps", kill_on_drop: false }`
[INFO] started tweaking crates.io crate prost-build 0.11.9
[INFO] finished tweaking crates.io crate prost-build 0.11.9
[INFO] tweaked toml for crates.io crate prost-build 0.11.9 written to /workspace/builds/worker-0-tc1/source/Cargo.toml
[INFO] running `Command { std: CARGO_HOME="/workspace/cargo-home" RUSTUP_HOME="/workspace/rustup-home" __CARGO_TEST_CHANNEL_OVERRIDE_DO_NOT_USE_THIS="nightly" "/workspace/cargo-home/bin/cargo" "+1.69.0" "generate-lockfile" "--manifest-path" "Cargo.toml" "-Zno-index-update", kill_on_drop: false }`
[INFO] running `Command { std: CARGO_HOME="/workspace/cargo-home" RUSTUP_HOME="/workspace/rustup-home" "/workspace/cargo-home/bin/cargo" "+1.69.0" "fetch" "--manifest-path" "Cargo.toml", kill_on_drop: false }`
[INFO] running `Command { std: "docker" "create" "-v" "/var/lib/crater-agent-workspace/builds/worker-0-tc1/target:/opt/rustwide/target:rw,Z" "-v" "/var/lib/crater-agent-workspace/builds/worker-0-tc1/source:/opt/rustwide/workdir:ro,Z" "-v" "/var/lib/crater-agent-workspace/cargo-home:/opt/rustwide/cargo-home:ro,Z" "-v" "/var/lib/crater-agent-workspace/rustup-home:/opt/rustwide/rustup-home:ro,Z" "-e" "SOURCE_DIR=/opt/rustwide/workdir" "-e" "CARGO_TARGET_DIR=/opt/rustwide/target" "-e" "CARGO_HOME=/opt/rustwide/cargo-home" "-e" "RUSTUP_HOME=/opt/rustwide/rustup-home" "-w" "/opt/rustwide/workdir" "-m" "1610612736" "--user" "0:0" "--network" "none" "ghcr.io/rust-lang/crates-build-env/linux@sha256:5ff2268d62e97bff2cde7d5815dd6ed5b47097566f13b8d0ca110b04b60e07ed" "/opt/rustwide/cargo-home/bin/cargo" "+1.69.0" "metadata" "--no-deps" "--format-version=1", kill_on_drop: false }`
[INFO] [stdout] 04998678b1a4ae8bf54164970e92ba095de6a485f6e48e9e2e07d5719031276c
[INFO] running `Command { std: "docker" "start" "-a" "04998678b1a4ae8bf54164970e92ba095de6a485f6e48e9e2e07d5719031276c", kill_on_drop: false }`
[INFO] running `Command { std: "docker" "inspect" "04998678b1a4ae8bf54164970e92ba095de6a485f6e48e9e2e07d5719031276c", kill_on_drop: false }`
[INFO] running `Command { std: "docker" "rm" "-f" "04998678b1a4ae8bf54164970e92ba095de6a485f6e48e9e2e07d5719031276c", kill_on_drop: false }`
[INFO] [stdout] 04998678b1a4ae8bf54164970e92ba095de6a485f6e48e9e2e07d5719031276c
[INFO] running `Command { std: "docker" "create" "-v" "/var/lib/crater-agent-workspace/builds/worker-0-tc1/target:/opt/rustwide/target:rw,Z" "-v" "/var/lib/crater-agent-workspace/builds/worker-0-tc1/source:/opt/rustwide/workdir:ro,Z" "-v" "/var/lib/crater-agent-workspace/cargo-home:/opt/rustwide/cargo-home:ro,Z" "-v" "/var/lib/crater-agent-workspace/rustup-home:/opt/rustwide/rustup-home:ro,Z" "-e" "SOURCE_DIR=/opt/rustwide/workdir" "-e" "CARGO_TARGET_DIR=/opt/rustwide/target" "-e" "CARGO_INCREMENTAL=0" "-e" "RUST_BACKTRACE=full" "-e" "RUSTFLAGS=--cap-lints=warn" "-e" "RUSTDOCFLAGS=--cap-lints=warn" "-e" "CARGO_HOME=/opt/rustwide/cargo-home" "-e" "RUSTUP_HOME=/opt/rustwide/rustup-home" "-w" "/opt/rustwide/workdir" "-m" "1610612736" "--user" "0:0" "--network" "none" "ghcr.io/rust-lang/crates-build-env/linux@sha256:5ff2268d62e97bff2cde7d5815dd6ed5b47097566f13b8d0ca110b04b60e07ed" "/opt/rustwide/cargo-home/bin/cargo" "+1.69.0" "build" "--frozen" "--message-format=json", kill_on_drop: false }`
[INFO] [stdout] ddcea7153abd529627c033c00aa152fe6860a77edf5431d8dd381ad75758e554
[INFO] running `Command { std: "docker" "start" "-a" "ddcea7153abd529627c033c00aa152fe6860a77edf5431d8dd381ad75758e554", kill_on_drop: false }`
[INFO] [stderr]    Compiling unicode-ident v1.0.8
[INFO] [stderr]    Compiling proc-macro2 v1.0.56
[INFO] [stderr]    Compiling libc v0.2.142
[INFO] [stderr]    Compiling quote v1.0.26
[INFO] [stderr]    Compiling anyhow v1.0.71
[INFO] [stderr]    Compiling syn v1.0.109
[INFO] [stderr]    Compiling either v1.8.1
[INFO] [stderr]    Compiling io-lifetimes v1.0.10
[INFO] [stderr]    Compiling rustix v0.37.18
[INFO] [stderr]    Compiling log v0.4.17
[INFO] [stderr]    Compiling prettyplease v0.1.25
[INFO] [stderr]    Compiling indexmap v1.9.3
[INFO] [stderr]    Compiling itertools v0.10.5
[INFO] [stderr]    Compiling linux-raw-sys v0.3.6
[INFO] [stderr]    Compiling bytes v1.4.0
[INFO] [stderr]    Compiling fastrand v1.9.0
[INFO] [stderr]    Compiling regex-syntax v0.7.1
[INFO] [stderr]    Compiling multimap v0.8.3
[INFO] [stderr]    Compiling heck v0.4.1
[INFO] [stderr]    Compiling petgraph v0.6.3
[INFO] [stderr]    Compiling regex v1.8.1
[INFO] [stderr]    Compiling which v4.4.0
[INFO] [stderr]    Compiling prost-derive v0.11.9
[INFO] [stderr]    Compiling tempfile v3.5.0
[INFO] [stderr]    Compiling prost v0.11.9
[INFO] [stderr]    Compiling prost-types v0.11.9
[INFO] [stderr]    Compiling prost-build v0.11.9 (/opt/rustwide/workdir)
[INFO] [stderr]     Finished dev [unoptimized + debuginfo] target(s) in 10.92s
[INFO] running `Command { std: "docker" "inspect" "ddcea7153abd529627c033c00aa152fe6860a77edf5431d8dd381ad75758e554", kill_on_drop: false }`
[INFO] running `Command { std: "docker" "rm" "-f" "ddcea7153abd529627c033c00aa152fe6860a77edf5431d8dd381ad75758e554", kill_on_drop: false }`
[INFO] [stdout] ddcea7153abd529627c033c00aa152fe6860a77edf5431d8dd381ad75758e554
[INFO] running `Command { std: "docker" "create" "-v" "/var/lib/crater-agent-workspace/builds/worker-0-tc1/target:/opt/rustwide/target:rw,Z" "-v" "/var/lib/crater-agent-workspace/builds/worker-0-tc1/source:/opt/rustwide/workdir:ro,Z" "-v" "/var/lib/crater-agent-workspace/cargo-home:/opt/rustwide/cargo-home:ro,Z" "-v" "/var/lib/crater-agent-workspace/rustup-home:/opt/rustwide/rustup-home:ro,Z" "-e" "SOURCE_DIR=/opt/rustwide/workdir" "-e" "CARGO_TARGET_DIR=/opt/rustwide/target" "-e" "CARGO_INCREMENTAL=0" "-e" "RUST_BACKTRACE=full" "-e" "RUSTFLAGS=--cap-lints=warn" "-e" "RUSTDOCFLAGS=--cap-lints=warn" "-e" "CARGO_HOME=/opt/rustwide/cargo-home" "-e" "RUSTUP_HOME=/opt/rustwide/rustup-home" "-w" "/opt/rustwide/workdir" "-m" "1610612736" "--user" "0:0" "--network" "none" "ghcr.io/rust-lang/crates-build-env/linux@sha256:5ff2268d62e97bff2cde7d5815dd6ed5b47097566f13b8d0ca110b04b60e07ed" "/opt/rustwide/cargo-home/bin/cargo" "+1.69.0" "test" "--frozen" "--no-run" "--message-format=json", kill_on_drop: false }`
[INFO] [stdout] c517edd683d362a6a0d91eca6fc3c6bd015c5550f4b518f29e3cfd76e65d957a
[INFO] running `Command { std: "docker" "start" "-a" "c517edd683d362a6a0d91eca6fc3c6bd015c5550f4b518f29e3cfd76e65d957a", kill_on_drop: false }`
[INFO] [stderr]    Compiling env_logger v0.8.4
[INFO] [stderr]    Compiling prost-build v0.11.9 (/opt/rustwide/workdir)
[INFO] [stderr]     Finished test [unoptimized + debuginfo] target(s) in 3.29s
[INFO] running `Command { std: "docker" "inspect" "c517edd683d362a6a0d91eca6fc3c6bd015c5550f4b518f29e3cfd76e65d957a", kill_on_drop: false }`
[INFO] running `Command { std: "docker" "rm" "-f" "c517edd683d362a6a0d91eca6fc3c6bd015c5550f4b518f29e3cfd76e65d957a", kill_on_drop: false }`
[INFO] [stdout] c517edd683d362a6a0d91eca6fc3c6bd015c5550f4b518f29e3cfd76e65d957a
[INFO] running `Command { std: "docker" "create" "-v" "/var/lib/crater-agent-workspace/builds/worker-0-tc1/target:/opt/rustwide/target:rw,Z" "-v" "/var/lib/crater-agent-workspace/builds/worker-0-tc1/source:/opt/rustwide/workdir:ro,Z" "-v" "/var/lib/crater-agent-workspace/cargo-home:/opt/rustwide/cargo-home:ro,Z" "-v" "/var/lib/crater-agent-workspace/rustup-home:/opt/rustwide/rustup-home:ro,Z" "-e" "SOURCE_DIR=/opt/rustwide/workdir" "-e" "CARGO_TARGET_DIR=/opt/rustwide/target" "-e" "CARGO_INCREMENTAL=0" "-e" "RUST_BACKTRACE=full" "-e" "RUSTFLAGS=--cap-lints=warn" "-e" "RUSTDOCFLAGS=--cap-lints=warn" "-e" "CARGO_HOME=/opt/rustwide/cargo-home" "-e" "RUSTUP_HOME=/opt/rustwide/rustup-home" "-w" "/opt/rustwide/workdir" "-m" "1610612736" "--user" "0:0" "--network" "none" "ghcr.io/rust-lang/crates-build-env/linux@sha256:5ff2268d62e97bff2cde7d5815dd6ed5b47097566f13b8d0ca110b04b60e07ed" "/opt/rustwide/cargo-home/bin/cargo" "+1.69.0" "test" "--frozen", kill_on_drop: false }`
[INFO] [stdout] 07660ac9379f0ea3433b7dd2d810d3fbc53ef82a0ac910edbe0fae8ec6da2221
[INFO] running `Command { std: "docker" "start" "-a" "07660ac9379f0ea3433b7dd2d810d3fbc53ef82a0ac910edbe0fae8ec6da2221", kill_on_drop: false }`
[INFO] [stderr]     Finished test [unoptimized + debuginfo] target(s) in 0.03s
[INFO] [stderr]      Running unittests src/lib.rs (/opt/rustwide/target/debug/deps/prost_build-ee38313c2aaf3289)
[INFO] [stdout] 
[INFO] [stdout] running 24 tests
[INFO] [stdout] test code_generator::tests::test_strip_enum_prefix ... ok
[INFO] [stdout] test code_generator::tests::test_unescape_c_escape_string ... ok
[INFO] [stdout] test ast::tests::test_codeblocks ... ok
[INFO] [stdout] test extern_paths::tests::test_extern_paths ... ok
[INFO] [stdout] test extern_paths::tests::test_well_known_types ... ok
[INFO] [stdout] test ident::tests::test_to_snake_non_raw_keyword ... ok
[INFO] [stdout] test ident::tests::test_to_snake ... ok
[INFO] [stdout] test ident::tests::test_to_snake_raw_keyword ... ok
[INFO] [stdout] test ident::tests::test_to_upper_camel ... ok
[INFO] [stdout] test path::tests::test_get_best ... ok
[INFO] [stdout] test path::tests::test_get_keep_order ... ok
[INFO] [stdout] test ast::tests::test_comment_append_with_indent_sanitizes_square_brackets ... ok
[INFO] [stdout] test ast::tests::test_comment_append_with_indent_sanitizes_comment_doc_url ... ok
[INFO] [stdout] test ast::tests::test_comment_append_with_indent_leaves_prespaced_lines ... ok
[INFO] [stdout] test path::tests::test_prefixes ... ok
[INFO] [stdout] test path::tests::test_suffixes ... ok
[INFO] [stdout] test path::tests::test_get_matches_sub_path ... ok
[INFO] [stdout] test tests::smoke_test ... ok
[INFO] [stdout] test tests::test_generate_field_attributes ... ok
[INFO] [stdout] test tests::finalize_package ... ok
[INFO] [stdout] test tests::test_generate_no_empty_outputs ... ok
[INFO] [stdout] test tests::test_generate_message_attributes ... ok
[INFO] [stdout] test code_generator::tests::test_unescape_c_escape_string_incomplete_hex_value - should panic ... ok
[INFO] [stdout] test tests::deterministic_include_file ... ok
[INFO] [stdout] 
[INFO] [stdout] test result: ok. 24 passed; 0 failed; 0 ignored; 0 measured; 0 filtered out; finished in 0.06s
[INFO] [stdout] 
[INFO] [stderr]    Doc-tests prost-build
[INFO] [stdout] 
[INFO] [stdout] running 24 tests
[INFO] [stdout] test src/lib.rs - (line 122) ... ignored
[INFO] [stdout] test src/lib.rs - (line 63) ... ignored
[INFO] [stdout] test src/lib.rs - Config::extern_path (line 657) ... ignored
[INFO] [stdout] test src/lib.rs - Config::extern_path (line 692) ... ignored
[INFO] [stdout] test src/lib.rs - Config::file_descriptor_set_path (line 765) ... ignored
[INFO] [stdout] test src/lib.rs - Config::include_file (line 870) ... ignored
[INFO] [stdout] test src/lib.rs - Config::include_file (line 883) ... ignored
[INFO] [stdout] test src/lib.rs - Config::disable_comments (line 605) - compile ... ok
[INFO] [stdout] test src/lib.rs - Config::file_descriptor_set_path (line 754) - compile ... ok
[INFO] [stdout] test src/lib.rs - (line 53) - compile ... ok
[INFO] [stdout] test src/lib.rs - Config::compile_protos (line 1000) - compile ... ok
[INFO] [stdout] test src/lib.rs - Config::protoc_arg (line 843) - compile ... ok
[INFO] [stdout] test src/lib.rs - compile_protos (line 1391) - compile ... ok
[INFO] [stdout] test src/lib.rs - Config::compile_fds (line 911) - compile ... FAILED
[INFO] [stdout] test src/lib.rs - compile_fds (line 1420) - compile ... FAILED
[INFO] [stdout] test src/lib.rs - Config::boxed (line 571) ... ok
[INFO] [stdout] test src/lib.rs - Config::btree_map (line 287) ... ok
[INFO] [stdout] test src/lib.rs - Config::type_attribute (line 444) ... ok
[INFO] [stdout] test src/lib.rs - Config::message_attribute (line 493) ... ok
[INFO] [stdout] test src/lib.rs - Config::bytes (line 348) ... ok
[INFO] [stdout] test src/lib.rs - Config::enum_attribute (line 532) ... ok
[INFO] [stdout] test src/lib.rs - Config::extern_path (line 720) ... ok
[INFO] [stdout] test src/lib.rs - Config::field_attribute (line 409) ... ok
[INFO] [stdout] test src/lib.rs - Config::skip_protoc_run (line 783) ... ok
[INFO] [stdout] 
[INFO] [stdout] failures:
[INFO] [stdout] 
[INFO] [stdout] ---- src/lib.rs - Config::compile_fds (line 911) stdout ----
[INFO] [stdout] error[E0412]: cannot find type `FileDescriptorSet` in this scope
[INFO] [stdout]  --> src/lib.rs:912:13
[INFO] [stdout]   |
[INFO] [stdout] 3 | fn fds() -> FileDescriptorSet { todo!() }
[INFO] [stdout]   |             ^^^^^^^^^^^^^^^^^ not found in this scope
[INFO] [stdout]   |
[INFO] [stdout] help: consider importing this struct
[INFO] [stdout]   |
[INFO] [stdout] 2 | use prost_types::FileDescriptorSet;
[INFO] [stdout]   |
[INFO] [stdout] 
[INFO] [stdout] error[E0308]: mismatched types
[INFO] [stdout]  --> src/lib.rs:913:14
[INFO] [stdout]   |
[INFO] [stdout] 4 | fn main() -> std::io::Result<()> {
[INFO] [stdout]   |    ----      ^^^^^^^^^^^^^^^^^^^ expected `Result<(), Error>`, found `()`
[INFO] [stdout]   |    |
[INFO] [stdout]   |    implicitly returns `()` as its body has no tail or `return` expression
[INFO] [stdout]   |
[INFO] [stdout]   = note:   expected enum `Result<(), std::io::Error>`
[INFO] [stdout]           found unit type `()`
[INFO] [stdout] 
[INFO] [stdout] error: aborting due to 2 previous errors
[INFO] [stdout] 
[INFO] [stdout] Some errors have detailed explanations: E0308, E0412.
[INFO] [stdout] For more information about an error, try `rustc --explain E0308`.
[INFO] [stdout] Couldn't compile the test.
[INFO] [stdout] ---- src/lib.rs - compile_fds (line 1420) stdout ----
[INFO] [stdout] error[E0412]: cannot find type `FileDescriptorSet` in this scope
[INFO] [stdout]  --> src/lib.rs:1421:13
[INFO] [stdout]   |
[INFO] [stdout] 3 | fn fds() -> FileDescriptorSet { todo!() }
[INFO] [stdout]   |             ^^^^^^^^^^^^^^^^^ not found in this scope
[INFO] [stdout]   |
[INFO] [stdout] help: consider importing this struct
[INFO] [stdout]   |
[INFO] [stdout] 2 | use prost_types::FileDescriptorSet;
[INFO] [stdout]   |
[INFO] [stdout] 
[INFO] [stdout] error[E0308]: mismatched types
[INFO] [stdout]  --> src/lib.rs:1422:14
[INFO] [stdout]   |
[INFO] [stdout] 4 | fn main() -> std::io::Result<()> {
[INFO] [stdout]   |    ----      ^^^^^^^^^^^^^^^^^^^ expected `Result<(), Error>`, found `()`
[INFO] [stdout]   |    |
[INFO] [stdout]   |    implicitly returns `()` as its body has no tail or `return` expression
[INFO] [stdout]   |
[INFO] [stdout]   = note:   expected enum `Result<(), std::io::Error>`
[INFO] [stdout]           found unit type `()`
[INFO] [stdout] 
[INFO] [stdout] error: aborting due to 2 previous errors
[INFO] [stdout] 
[INFO] [stdout] Some errors have detailed explanations: E0308, E0412.
[INFO] [stdout] For more information about an error, try `rustc --explain E0308`.
[INFO] [stdout] Couldn't compile the test.
[INFO] [stdout] 
[INFO] [stdout] failures:
[INFO] [stdout]     src/lib.rs - Config::compile_fds (line 911)
[INFO] [stdout]     src/lib.rs - compile_fds (line 1420)
[INFO] [stdout] 
[INFO] [stdout] test result: FAILED. 15 passed; 2 failed; 7 ignored; 0 measured; 0 filtered out; finished in 2.04s
[INFO] [stdout] 
[INFO] [stderr] error: doctest failed, to rerun pass `--doc`
[INFO] running `Command { std: "docker" "inspect" "07660ac9379f0ea3433b7dd2d810d3fbc53ef82a0ac910edbe0fae8ec6da2221", kill_on_drop: false }`
[INFO] running `Command { std: "docker" "rm" "-f" "07660ac9379f0ea3433b7dd2d810d3fbc53ef82a0ac910edbe0fae8ec6da2221", kill_on_drop: false }`
[INFO] [stdout] 07660ac9379f0ea3433b7dd2d810d3fbc53ef82a0ac910edbe0fae8ec6da2221
