[INFO] fetching crate pronto-graphics 0.4.0...
[INFO] testing pronto-graphics-0.4.0 against 1.69.0 for beta-1.70-1
[INFO] extracting crate pronto-graphics 0.4.0 into /workspace/builds/worker-6-tc1/source
[INFO] validating manifest of crates.io crate pronto-graphics 0.4.0 on toolchain 1.69.0
[INFO] running `Command { std: CARGO_HOME="/workspace/cargo-home" RUSTUP_HOME="/workspace/rustup-home" "/workspace/cargo-home/bin/cargo" "+1.69.0" "metadata" "--manifest-path" "Cargo.toml" "--no-deps", kill_on_drop: false }`
[INFO] started tweaking crates.io crate pronto-graphics 0.4.0
[INFO] finished tweaking crates.io crate pronto-graphics 0.4.0
[INFO] tweaked toml for crates.io crate pronto-graphics 0.4.0 written to /workspace/builds/worker-6-tc1/source/Cargo.toml
[INFO] crate crates.io crate pronto-graphics 0.4.0 already has a lockfile, it will not be regenerated
[INFO] running `Command { std: CARGO_HOME="/workspace/cargo-home" RUSTUP_HOME="/workspace/rustup-home" "/workspace/cargo-home/bin/cargo" "+1.69.0" "fetch" "--manifest-path" "Cargo.toml", kill_on_drop: false }`
[INFO] [stderr]  Downloading crates ...
[INFO] [stderr]   Downloaded rust-embed-utils v7.1.0
[INFO] [stderr]   Downloaded rust-embed-impl v6.2.0
[INFO] [stderr]   Downloaded csfml-graphics-sys v0.6.0
[INFO] [stderr]   Downloaded libc v0.2.123
[INFO] [stderr]   Downloaded csfml-system-sys v0.6.0
[INFO] [stderr]   Downloaded csfml-window-sys v0.6.0
[INFO] [stderr]   Downloaded rust-embed v6.3.0
[INFO] [stderr]   Downloaded sfml v0.16.0
[INFO] [stderr]   Downloaded csfml-audio-sys v0.6.0
[INFO] running `Command { std: "docker" "create" "-v" "/var/lib/crater-agent-workspace/builds/worker-6-tc1/target:/opt/rustwide/target:rw,Z" "-v" "/var/lib/crater-agent-workspace/builds/worker-6-tc1/source:/opt/rustwide/workdir:ro,Z" "-v" "/var/lib/crater-agent-workspace/cargo-home:/opt/rustwide/cargo-home:ro,Z" "-v" "/var/lib/crater-agent-workspace/rustup-home:/opt/rustwide/rustup-home:ro,Z" "-e" "SOURCE_DIR=/opt/rustwide/workdir" "-e" "CARGO_TARGET_DIR=/opt/rustwide/target" "-e" "CARGO_HOME=/opt/rustwide/cargo-home" "-e" "RUSTUP_HOME=/opt/rustwide/rustup-home" "-w" "/opt/rustwide/workdir" "-m" "1610612736" "--user" "0:0" "--network" "none" "ghcr.io/rust-lang/crates-build-env/linux@sha256:5ff2268d62e97bff2cde7d5815dd6ed5b47097566f13b8d0ca110b04b60e07ed" "/opt/rustwide/cargo-home/bin/cargo" "+1.69.0" "metadata" "--no-deps" "--format-version=1", kill_on_drop: false }`
[INFO] [stdout] c109e76f6cd9239dc1f22a42388c942fd1a1892feef83b02af53fa0e5c7530e3
[INFO] running `Command { std: "docker" "start" "-a" "c109e76f6cd9239dc1f22a42388c942fd1a1892feef83b02af53fa0e5c7530e3", kill_on_drop: false }`
[INFO] running `Command { std: "docker" "inspect" "c109e76f6cd9239dc1f22a42388c942fd1a1892feef83b02af53fa0e5c7530e3", kill_on_drop: false }`
[INFO] running `Command { std: "docker" "rm" "-f" "c109e76f6cd9239dc1f22a42388c942fd1a1892feef83b02af53fa0e5c7530e3", kill_on_drop: false }`
[INFO] [stdout] c109e76f6cd9239dc1f22a42388c942fd1a1892feef83b02af53fa0e5c7530e3
[INFO] running `Command { std: "docker" "create" "-v" "/var/lib/crater-agent-workspace/builds/worker-6-tc1/target:/opt/rustwide/target:rw,Z" "-v" "/var/lib/crater-agent-workspace/builds/worker-6-tc1/source:/opt/rustwide/workdir:ro,Z" "-v" "/var/lib/crater-agent-workspace/cargo-home:/opt/rustwide/cargo-home:ro,Z" "-v" "/var/lib/crater-agent-workspace/rustup-home:/opt/rustwide/rustup-home:ro,Z" "-e" "SOURCE_DIR=/opt/rustwide/workdir" "-e" "CARGO_TARGET_DIR=/opt/rustwide/target" "-e" "CARGO_INCREMENTAL=0" "-e" "RUST_BACKTRACE=full" "-e" "RUSTFLAGS=--cap-lints=warn" "-e" "RUSTDOCFLAGS=--cap-lints=warn" "-e" "CARGO_HOME=/opt/rustwide/cargo-home" "-e" "RUSTUP_HOME=/opt/rustwide/rustup-home" "-w" "/opt/rustwide/workdir" "-m" "1610612736" "--user" "0:0" "--network" "none" "ghcr.io/rust-lang/crates-build-env/linux@sha256:5ff2268d62e97bff2cde7d5815dd6ed5b47097566f13b8d0ca110b04b60e07ed" "/opt/rustwide/cargo-home/bin/cargo" "+1.69.0" "build" "--frozen" "--message-format=json", kill_on_drop: false }`
[INFO] [stdout] 59e7bd96ba79e54dc689f61bfe49891b79e25f70760ab51e12b92c1743e45197
[INFO] running `Command { std: "docker" "start" "-a" "59e7bd96ba79e54dc689f61bfe49891b79e25f70760ab51e12b92c1743e45197", kill_on_drop: false }`
[INFO] [stderr]    Compiling sfml-build v0.4.0
[INFO] [stderr]    Compiling typenum v1.15.0
[INFO] [stderr]    Compiling proc-macro2 v1.0.37
[INFO] [stderr]    Compiling unicode-xid v0.2.2
[INFO] [stderr]    Compiling cpufeatures v0.2.2
[INFO] [stderr]    Compiling generic-array v0.14.5
[INFO] [stderr]    Compiling syn v1.0.91
[INFO] [stderr]    Compiling widestring v0.4.3
[INFO] [stderr]    Compiling csfml-system-sys v0.6.0
[INFO] [stderr]    Compiling csfml-window-sys v0.6.0
[INFO] [stderr]    Compiling csfml-graphics-sys v0.6.0
[INFO] [stderr]    Compiling csfml-audio-sys v0.6.0
[INFO] [stderr]    Compiling once_cell v1.10.0
[INFO] [stderr]    Compiling sfml v0.16.0
[INFO] [stderr]    Compiling quote v1.0.18
[INFO] [stderr]    Compiling digest v0.9.0
[INFO] [stderr]    Compiling block-buffer v0.9.0
[INFO] [stderr]    Compiling sha2 v0.9.9
[INFO] [stderr]    Compiling rust-embed-utils v7.1.0
[INFO] [stderr]    Compiling rust-embed-impl v6.2.0
[INFO] [stderr]    Compiling rust-embed v6.3.0
[INFO] [stderr]    Compiling pronto-graphics v0.4.0 (/opt/rustwide/workdir)
[INFO] [stderr]     Finished dev [unoptimized + debuginfo] target(s) in 4.08s
[INFO] running `Command { std: "docker" "inspect" "59e7bd96ba79e54dc689f61bfe49891b79e25f70760ab51e12b92c1743e45197", kill_on_drop: false }`
[INFO] running `Command { std: "docker" "rm" "-f" "59e7bd96ba79e54dc689f61bfe49891b79e25f70760ab51e12b92c1743e45197", kill_on_drop: false }`
[INFO] [stdout] 59e7bd96ba79e54dc689f61bfe49891b79e25f70760ab51e12b92c1743e45197
[INFO] running `Command { std: "docker" "create" "-v" "/var/lib/crater-agent-workspace/builds/worker-6-tc1/target:/opt/rustwide/target:rw,Z" "-v" "/var/lib/crater-agent-workspace/builds/worker-6-tc1/source:/opt/rustwide/workdir:ro,Z" "-v" "/var/lib/crater-agent-workspace/cargo-home:/opt/rustwide/cargo-home:ro,Z" "-v" "/var/lib/crater-agent-workspace/rustup-home:/opt/rustwide/rustup-home:ro,Z" "-e" "SOURCE_DIR=/opt/rustwide/workdir" "-e" "CARGO_TARGET_DIR=/opt/rustwide/target" "-e" "CARGO_INCREMENTAL=0" "-e" "RUST_BACKTRACE=full" "-e" "RUSTFLAGS=--cap-lints=warn" "-e" "RUSTDOCFLAGS=--cap-lints=warn" "-e" "CARGO_HOME=/opt/rustwide/cargo-home" "-e" "RUSTUP_HOME=/opt/rustwide/rustup-home" "-w" "/opt/rustwide/workdir" "-m" "1610612736" "--user" "0:0" "--network" "none" "ghcr.io/rust-lang/crates-build-env/linux@sha256:5ff2268d62e97bff2cde7d5815dd6ed5b47097566f13b8d0ca110b04b60e07ed" "/opt/rustwide/cargo-home/bin/cargo" "+1.69.0" "test" "--frozen" "--no-run" "--message-format=json", kill_on_drop: false }`
[INFO] [stdout] c005659c6c1054f3560b7594b6d9b5d4452481061b309c4b5dee067cc4f09468
[INFO] running `Command { std: "docker" "start" "-a" "c005659c6c1054f3560b7594b6d9b5d4452481061b309c4b5dee067cc4f09468", kill_on_drop: false }`
[INFO] [stderr]    Compiling pronto-graphics v0.4.0 (/opt/rustwide/workdir)
[INFO] [stderr]     Finished test [unoptimized + debuginfo] target(s) in 0.70s
[INFO] running `Command { std: "docker" "inspect" "c005659c6c1054f3560b7594b6d9b5d4452481061b309c4b5dee067cc4f09468", kill_on_drop: false }`
[INFO] running `Command { std: "docker" "rm" "-f" "c005659c6c1054f3560b7594b6d9b5d4452481061b309c4b5dee067cc4f09468", kill_on_drop: false }`
[INFO] [stdout] c005659c6c1054f3560b7594b6d9b5d4452481061b309c4b5dee067cc4f09468
[INFO] running `Command { std: "docker" "create" "-v" "/var/lib/crater-agent-workspace/builds/worker-6-tc1/target:/opt/rustwide/target:rw,Z" "-v" "/var/lib/crater-agent-workspace/builds/worker-6-tc1/source:/opt/rustwide/workdir:ro,Z" "-v" "/var/lib/crater-agent-workspace/cargo-home:/opt/rustwide/cargo-home:ro,Z" "-v" "/var/lib/crater-agent-workspace/rustup-home:/opt/rustwide/rustup-home:ro,Z" "-e" "SOURCE_DIR=/opt/rustwide/workdir" "-e" "CARGO_TARGET_DIR=/opt/rustwide/target" "-e" "CARGO_INCREMENTAL=0" "-e" "RUST_BACKTRACE=full" "-e" "RUSTFLAGS=--cap-lints=warn" "-e" "RUSTDOCFLAGS=--cap-lints=warn" "-e" "CARGO_HOME=/opt/rustwide/cargo-home" "-e" "RUSTUP_HOME=/opt/rustwide/rustup-home" "-w" "/opt/rustwide/workdir" "-m" "1610612736" "--user" "0:0" "--network" "none" "ghcr.io/rust-lang/crates-build-env/linux@sha256:5ff2268d62e97bff2cde7d5815dd6ed5b47097566f13b8d0ca110b04b60e07ed" "/opt/rustwide/cargo-home/bin/cargo" "+1.69.0" "test" "--frozen", kill_on_drop: false }`
[INFO] [stdout] b3da8832c06584d14b137bb4ba558b44798bddb88eb0b1c30f9d78c50f93d940
[INFO] running `Command { std: "docker" "start" "-a" "b3da8832c06584d14b137bb4ba558b44798bddb88eb0b1c30f9d78c50f93d940", kill_on_drop: false }`
[INFO] [stderr]     Finished test [unoptimized + debuginfo] target(s) in 0.03s
[INFO] [stderr]      Running unittests src/lib.rs (/opt/rustwide/target/debug/deps/pronto_graphics-ac66baf38c293859)
[INFO] [stdout] 
[INFO] [stdout] running 0 tests
[INFO] [stdout] 
[INFO] [stdout] test result: ok. 0 passed; 0 failed; 0 ignored; 0 measured; 0 filtered out; finished in 0.00s
[INFO] [stdout] 
[INFO] [stderr]    Doc-tests pronto-graphics
[INFO] [stdout] 
[INFO] [stdout] running 16 tests
[INFO] [stdout] test src/color.rs - color::Color::rgba (line 24) ... FAILED
[INFO] [stdout] test src/window.rs - window::Window (line 30) ... FAILED
[INFO] [stdout] test src/texture.rs - texture::Texture (line 48) ... FAILED
[INFO] [stdout] test src/color.rs - color::Color::with_alpha (line 35) ... FAILED
[INFO] [stdout] test src/color.rs - color::Color::rgb (line 13) ... FAILED
[INFO] [stdout] test src/lib.rs - (line 20) ... FAILED
[INFO] [stdout] test src/window.rs - window::Window<'_>::font (line 263) ... FAILED
[INFO] [stdout] test src/window.rs - window::Window<'_>::key_just_pressed (line 431) ... FAILED
[INFO] [stdout] test src/window.rs - window::Window<'_>::key_pressed (line 420) ... FAILED
[INFO] [stdout] test src/window.rs - window::Window<'_>::mouse_just_pressed (line 453) ... FAILED
[INFO] [stdout] test src/window.rs - window::Window<'_>::text (line 373) ... FAILED
[INFO] [stdout] test src/window.rs - window::Window<'_>::mouse_pressed (line 442) ... FAILED
[INFO] [stdout] test src/window.rs - window::Window<'_>::load_texture (line 502) ... FAILED
[INFO] [stdout] test src/window.rs - window::Window<'_>::texture_ (line 346) ... FAILED
[INFO] [stdout] test src/window.rs - window::Window<'_>::load_font (line 521) ... FAILED
[INFO] [stdout] test src/window.rs - window::Window<'_>::texture (line 314) ... FAILED
[INFO] [stderr] error: doctest failed, to rerun pass `--doc`
[INFO] [stdout] 
[INFO] [stdout] failures:
[INFO] [stdout] 
[INFO] [stdout] ---- src/color.rs - color::Color::rgba (line 24) stdout ----
[INFO] [stdout] error[E0433]: failed to resolve: use of undeclared type `Color`
[INFO] [stdout]  --> src/color.rs:25:13
[INFO] [stdout]   |
[INFO] [stdout] 3 | let color = Color::rgba(0x1D, 0x37, 0x85, 127);
[INFO] [stdout]   |             ^^^^^ use of undeclared type `Color`
[INFO] [stdout]   |
[INFO] [stdout] help: consider importing one of these items
[INFO] [stdout]   |
[INFO] [stdout] 2 | use pronto_graphics::Color;
[INFO] [stdout]   |
[INFO] [stdout] 2 | use sfml::graphics::Color;
[INFO] [stdout]   |
[INFO] [stdout] 
[INFO] [stdout] error: aborting due to previous error
[INFO] [stdout] 
[INFO] [stdout] For more information about this error, try `rustc --explain E0433`.
[INFO] [stdout] Couldn't compile the test.
[INFO] [stdout] ---- src/window.rs - window::Window (line 30) stdout ----
[INFO] [stdout] error[E0433]: failed to resolve: use of undeclared type `Window`
[INFO] [stdout]  --> src/window.rs:31:14
[INFO] [stdout]   |
[INFO] [stdout] 3 | let mut pg = Window::new(800, 600, "Window Title"); // Create window
[INFO] [stdout]   |              ^^^^^^ use of undeclared type `Window`
[INFO] [stdout]   |
[INFO] [stdout] help: consider importing one of these items
[INFO] [stdout]   |
[INFO] [stdout] 2 | use pronto_graphics::Window;
[INFO] [stdout]   |
[INFO] [stdout] 2 | use sfml::window::Window;
[INFO] [stdout]   |
[INFO] [stdout] 
[INFO] [stdout] error: aborting due to previous error
[INFO] [stdout] 
[INFO] [stdout] For more information about this error, try `rustc --explain E0433`.
[INFO] [stdout] Couldn't compile the test.
[INFO] [stdout] ---- src/texture.rs - texture::Texture (line 48) stdout ----
[INFO] [stdout] error[E0433]: failed to resolve: use of undeclared type `Window`
[INFO] [stdout]  --> src/texture.rs:49:14
[INFO] [stdout]   |
[INFO] [stdout] 3 | let mut pg = Window::new_fullscreen();
[INFO] [stdout]   |              ^^^^^^ use of undeclared type `Window`
[INFO] [stdout]   |
[INFO] [stdout] help: consider importing one of these items
[INFO] [stdout]   |
[INFO] [stdout] 2 | use pronto_graphics::Window;
[INFO] [stdout]   |
[INFO] [stdout] 2 | use sfml::window::Window;
[INFO] [stdout]   |
[INFO] [stdout] 
[INFO] [stdout] error: aborting due to previous error
[INFO] [stdout] 
[INFO] [stdout] For more information about this error, try `rustc --explain E0433`.
[INFO] [stdout] Couldn't compile the test.
[INFO] [stdout] ---- src/color.rs - color::Color::with_alpha (line 35) stdout ----
[INFO] [stdout] error[E0433]: failed to resolve: use of undeclared type `Color`
[INFO] [stdout]  --> src/color.rs:36:13
[INFO] [stdout]   |
[INFO] [stdout] 3 | let color = Color::BLUE.with_alpha(127);
[INFO] [stdout]   |             ^^^^^ use of undeclared type `Color`
[INFO] [stdout] 
[INFO] [stdout] error: aborting due to previous error
[INFO] [stdout] 
[INFO] [stdout] For more information about this error, try `rustc --explain E0433`.
[INFO] [stdout] Couldn't compile the test.
[INFO] [stdout] ---- src/color.rs - color::Color::rgb (line 13) stdout ----
[INFO] [stdout] error[E0433]: failed to resolve: use of undeclared type `Color`
[INFO] [stdout]  --> src/color.rs:14:13
[INFO] [stdout]   |
[INFO] [stdout] 3 | let color = Color::rgb(0x1D, 0x37, 0x85);
[INFO] [stdout]   |             ^^^^^ use of undeclared type `Color`
[INFO] [stdout]   |
[INFO] [stdout] help: consider importing one of these items
[INFO] [stdout]   |
[INFO] [stdout] 2 | use pronto_graphics::Color;
[INFO] [stdout]   |
[INFO] [stdout] 2 | use sfml::graphics::Color;
[INFO] [stdout]   |
[INFO] [stdout] 
[INFO] [stdout] error: aborting due to previous error
[INFO] [stdout] 
[INFO] [stdout] For more information about this error, try `rustc --explain E0433`.
[INFO] [stdout] Couldn't compile the test.
[INFO] [stdout] ---- src/lib.rs - (line 20) stdout ----
[INFO] [stdout] error[E0433]: failed to resolve: use of undeclared type `Window`
[INFO] [stdout]  --> src/lib.rs:21:14
[INFO] [stdout]   |
[INFO] [stdout] 3 | let mut pg = Window::new(800, 600, "Window Title");
[INFO] [stdout]   |              ^^^^^^ use of undeclared type `Window`
[INFO] [stdout]   |
[INFO] [stdout] help: consider importing one of these items
[INFO] [stdout]   |
[INFO] [stdout] 2 | use pronto_graphics::Window;
[INFO] [stdout]   |
[INFO] [stdout] 2 | use sfml::window::Window;
[INFO] [stdout]   |
[INFO] [stdout] 
[INFO] [stdout] error: aborting due to previous error
[INFO] [stdout] 
[INFO] [stdout] For more information about this error, try `rustc --explain E0433`.
[INFO] [stdout] Couldn't compile the test.
[INFO] [stdout] ---- src/window.rs - window::Window<'_>::font (line 263) stdout ----
[INFO] [stdout] error[E0433]: failed to resolve: use of undeclared type `Window`
[INFO] [stdout]  --> src/window.rs:264:14
[INFO] [stdout]   |
[INFO] [stdout] 3 | let mut pg = Window::new_fullscreen();
[INFO] [stdout]   |              ^^^^^^ use of undeclared type `Window`
[INFO] [stdout]   |
[INFO] [stdout] help: consider importing one of these items
[INFO] [stdout]   |
[INFO] [stdout] 2 | use pronto_graphics::Window;
[INFO] [stdout]   |
[INFO] [stdout] 2 | use sfml::window::Window;
[INFO] [stdout]   |
[INFO] [stdout] 
[INFO] [stdout] error: aborting due to previous error
[INFO] [stdout] 
[INFO] [stdout] For more information about this error, try `rustc --explain E0433`.
[INFO] [stdout] Couldn't compile the test.
[INFO] [stdout] ---- src/window.rs - window::Window<'_>::key_just_pressed (line 431) stdout ----
[INFO] [stdout] error[E0433]: failed to resolve: use of undeclared type `Key`
[INFO] [stdout]  --> src/window.rs:432:24
[INFO] [stdout]   |
[INFO] [stdout] 3 | if pg.key_just_pressed(Key::SPACE) {
[INFO] [stdout]   |                        ^^^ use of undeclared type `Key`
[INFO] [stdout] 
[INFO] [stdout] error[E0425]: cannot find value `pg` in this scope
[INFO] [stdout]  --> src/window.rs:432:4
[INFO] [stdout]   |
[INFO] [stdout] 3 | if pg.key_just_pressed(Key::SPACE) {
[INFO] [stdout]   |    ^^ not found in this scope
[INFO] [stdout] 
[INFO] [stdout] error: aborting due to 2 previous errors
[INFO] [stdout] 
[INFO] [stdout] Some errors have detailed explanations: E0425, E0433.
[INFO] [stdout] For more information about an error, try `rustc --explain E0425`.
[INFO] [stdout] Couldn't compile the test.
[INFO] [stdout] ---- src/window.rs - window::Window<'_>::key_pressed (line 420) stdout ----
[INFO] [stdout] error[E0433]: failed to resolve: use of undeclared type `Key`
[INFO] [stdout]  --> src/window.rs:421:19
[INFO] [stdout]   |
[INFO] [stdout] 3 | if pg.key_pressed(Key::SPACE) {
[INFO] [stdout]   |                   ^^^ use of undeclared type `Key`
[INFO] [stdout] 
[INFO] [stdout] error[E0425]: cannot find value `pg` in this scope
[INFO] [stdout]  --> src/window.rs:421:4
[INFO] [stdout]   |
[INFO] [stdout] 3 | if pg.key_pressed(Key::SPACE) {
[INFO] [stdout]   |    ^^ not found in this scope
[INFO] [stdout] 
[INFO] [stdout] error: aborting due to 2 previous errors
[INFO] [stdout] 
[INFO] [stdout] Some errors have detailed explanations: E0425, E0433.
[INFO] [stdout] For more information about an error, try `rustc --explain E0425`.
[INFO] [stdout] Couldn't compile the test.
[INFO] [stdout] ---- src/window.rs - window::Window<'_>::mouse_just_pressed (line 453) stdout ----
[INFO] [stdout] error[E0433]: failed to resolve: use of undeclared type `Button`
[INFO] [stdout]  --> src/window.rs:454:26
[INFO] [stdout]   |
[INFO] [stdout] 3 | if pg.mouse_just_pressed(Button::LEFT) {
[INFO] [stdout]   |                          ^^^^^^ use of undeclared type `Button`
[INFO] [stdout] 
[INFO] [stdout] error[E0425]: cannot find value `pg` in this scope
[INFO] [stdout]  --> src/window.rs:454:4
[INFO] [stdout]   |
[INFO] [stdout] 3 | if pg.mouse_just_pressed(Button::LEFT) {
[INFO] [stdout]   |    ^^ not found in this scope
[INFO] [stdout] 
[INFO] [stdout] error: aborting due to 2 previous errors
[INFO] [stdout] 
[INFO] [stdout] Some errors have detailed explanations: E0425, E0433.
[INFO] [stdout] For more information about an error, try `rustc --explain E0425`.
[INFO] [stdout] Couldn't compile the test.
[INFO] [stdout] ---- src/window.rs - window::Window<'_>::text (line 373) stdout ----
[INFO] [stdout] error[E0433]: failed to resolve: use of undeclared type `Color`
[INFO] [stdout]  --> src/window.rs:376:19
[INFO] [stdout]   |
[INFO] [stdout] 5 |     pg.fill_color(Color::BLACK);
[INFO] [stdout]   |                   ^^^^^ use of undeclared type `Color`
[INFO] [stdout] 
[INFO] [stdout] error[E0433]: failed to resolve: use of undeclared type `Window`
[INFO] [stdout]  --> src/window.rs:374:14
[INFO] [stdout]   |
[INFO] [stdout] 3 | let mut pg = Window::new(720, 480, "Window Title");
[INFO] [stdout]   |              ^^^^^^ use of undeclared type `Window`
[INFO] [stdout]   |
[INFO] [stdout] help: consider importing one of these items
[INFO] [stdout]   |
[INFO] [stdout] 2 | use pronto_graphics::Window;
[INFO] [stdout]   |
[INFO] [stdout] 2 | use sfml::window::Window;
[INFO] [stdout]   |
[INFO] [stdout] 
[INFO] [stdout] error: aborting due to 2 previous errors
[INFO] [stdout] 
[INFO] [stdout] For more information about this error, try `rustc --explain E0433`.
[INFO] [stdout] Couldn't compile the test.
[INFO] [stdout] ---- src/window.rs - window::Window<'_>::mouse_pressed (line 442) stdout ----
[INFO] [stdout] error[E0433]: failed to resolve: use of undeclared type `Button`
[INFO] [stdout]  --> src/window.rs:443:21
[INFO] [stdout]   |
[INFO] [stdout] 3 | if pg.mouse_pressed(Button::LEFT) {
[INFO] [stdout]   |                     ^^^^^^ use of undeclared type `Button`
[INFO] [stdout] 
[INFO] [stdout] error[E0425]: cannot find value `pg` in this scope
[INFO] [stdout]  --> src/window.rs:443:4
[INFO] [stdout]   |
[INFO] [stdout] 3 | if pg.mouse_pressed(Button::LEFT) {
[INFO] [stdout]   |    ^^ not found in this scope
[INFO] [stdout] 
[INFO] [stdout] error: aborting due to 2 previous errors
[INFO] [stdout] 
[INFO] [stdout] Some errors have detailed explanations: E0425, E0433.
[INFO] [stdout] For more information about an error, try `rustc --explain E0425`.
[INFO] [stdout] Couldn't compile the test.
[INFO] [stdout] ---- src/window.rs - window::Window<'_>::load_texture (line 502) stdout ----
[INFO] [stdout] error[E0433]: failed to resolve: use of undeclared type `Window`
[INFO] [stdout]  --> src/window.rs:503:14
[INFO] [stdout]   |
[INFO] [stdout] 3 | let mut pg = Window::new_fullscreen();
[INFO] [stdout]   |              ^^^^^^ use of undeclared type `Window`
[INFO] [stdout]   |
[INFO] [stdout] help: consider importing one of these items
[INFO] [stdout]   |
[INFO] [stdout] 2 | use pronto_graphics::Window;
[INFO] [stdout]   |
[INFO] [stdout] 2 | use sfml::window::Window;
[INFO] [stdout]   |
[INFO] [stdout] 
[INFO] [stdout] error: aborting due to previous error
[INFO] [stdout] 
[INFO] [stdout] For more information about this error, try `rustc --explain E0433`.
[INFO] [stdout] Couldn't compile the test.
[INFO] [stdout] ---- src/window.rs - window::Window<'_>::texture_ (line 346) stdout ----
[INFO] [stdout] error[E0433]: failed to resolve: use of undeclared type `Window`
[INFO] [stdout]  --> src/window.rs:347:14
[INFO] [stdout]   |
[INFO] [stdout] 3 | let mut pg = Window::new_fullscreen();
[INFO] [stdout]   |              ^^^^^^ use of undeclared type `Window`
[INFO] [stdout]   |
[INFO] [stdout] help: consider importing one of these items
[INFO] [stdout]   |
[INFO] [stdout] 2 | use pronto_graphics::Window;
[INFO] [stdout]   |
[INFO] [stdout] 2 | use sfml::window::Window;
[INFO] [stdout]   |
[INFO] [stdout] 
[INFO] [stdout] error: aborting due to previous error
[INFO] [stdout] 
[INFO] [stdout] For more information about this error, try `rustc --explain E0433`.
[INFO] [stdout] Couldn't compile the test.
[INFO] [stdout] ---- src/window.rs - window::Window<'_>::load_font (line 521) stdout ----
[INFO] [stdout] error[E0433]: failed to resolve: use of undeclared type `Window`
[INFO] [stdout]  --> src/window.rs:522:14
[INFO] [stdout]   |
[INFO] [stdout] 3 | let mut pg = Window::new_fullscreen();
[INFO] [stdout]   |              ^^^^^^ use of undeclared type `Window`
[INFO] [stdout]   |
[INFO] [stdout] help: consider importing one of these items
[INFO] [stdout]   |
[INFO] [stdout] 2 | use pronto_graphics::Window;
[INFO] [stdout]   |
[INFO] [stdout] 2 | use sfml::window::Window;
[INFO] [stdout]   |
[INFO] [stdout] 
[INFO] [stdout] error: aborting due to previous error
[INFO] [stdout] 
[INFO] [stdout] For more information about this error, try `rustc --explain E0433`.
[INFO] [stdout] Couldn't compile the test.
[INFO] [stdout] ---- src/window.rs - window::Window<'_>::texture (line 314) stdout ----
[INFO] [stdout] error[E0433]: failed to resolve: use of undeclared type `Window`
[INFO] [stdout]  --> src/window.rs:315:14
[INFO] [stdout]   |
[INFO] [stdout] 3 | let mut pg = Window::new_fullscreen();
[INFO] [stdout]   |              ^^^^^^ use of undeclared type `Window`
[INFO] [stdout]   |
[INFO] [stdout] help: consider importing one of these items
[INFO] [stdout]   |
[INFO] [stdout] 2 | use pronto_graphics::Window;
[INFO] [stdout]   |
[INFO] [stdout] 2 | use sfml::window::Window;
[INFO] [stdout]   |
[INFO] [stdout] 
[INFO] [stdout] error: aborting due to previous error
[INFO] [stdout] 
[INFO] [stdout] For more information about this error, try `rustc --explain E0433`.
[INFO] [stdout] Couldn't compile the test.
[INFO] [stdout] 
[INFO] [stdout] failures:
[INFO] [stdout]     src/color.rs - color::Color::rgb (line 13)
[INFO] [stdout]     src/color.rs - color::Color::rgba (line 24)
[INFO] [stdout]     src/color.rs - color::Color::with_alpha (line 35)
[INFO] [stdout]     src/lib.rs - (line 20)
[INFO] [stdout]     src/texture.rs - texture::Texture (line 48)
[INFO] [stdout]     src/window.rs - window::Window (line 30)
[INFO] [stdout]     src/window.rs - window::Window<'_>::font (line 263)
[INFO] [stdout]     src/window.rs - window::Window<'_>::key_just_pressed (line 431)
[INFO] [stdout]     src/window.rs - window::Window<'_>::key_pressed (line 420)
[INFO] [stdout]     src/window.rs - window::Window<'_>::load_font (line 521)
[INFO] [stdout]     src/window.rs - window::Window<'_>::load_texture (line 502)
[INFO] [stdout]     src/window.rs - window::Window<'_>::mouse_just_pressed (line 453)
[INFO] [stdout]     src/window.rs - window::Window<'_>::mouse_pressed (line 442)
[INFO] [stdout]     src/window.rs - window::Window<'_>::text (line 373)
[INFO] [stdout]     src/window.rs - window::Window<'_>::texture (line 314)
[INFO] [stdout]     src/window.rs - window::Window<'_>::texture_ (line 346)
[INFO] [stdout] 
[INFO] [stdout] test result: FAILED. 0 passed; 16 failed; 0 ignored; 0 measured; 0 filtered out; finished in 0.22s
[INFO] [stdout] 
[INFO] running `Command { std: "docker" "inspect" "b3da8832c06584d14b137bb4ba558b44798bddb88eb0b1c30f9d78c50f93d940", kill_on_drop: false }`
[INFO] running `Command { std: "docker" "rm" "-f" "b3da8832c06584d14b137bb4ba558b44798bddb88eb0b1c30f9d78c50f93d940", kill_on_drop: false }`
[INFO] [stdout] b3da8832c06584d14b137bb4ba558b44798bddb88eb0b1c30f9d78c50f93d940
