[INFO] fetching crate progress_bar 1.0.3...
[INFO] testing progress_bar-1.0.3 against 1.69.0 for beta-1.70-1
[INFO] extracting crate progress_bar 1.0.3 into /workspace/builds/worker-1-tc1/source
[INFO] validating manifest of crates.io crate progress_bar 1.0.3 on toolchain 1.69.0
[INFO] running `Command { std: CARGO_HOME="/workspace/cargo-home" RUSTUP_HOME="/workspace/rustup-home" "/workspace/cargo-home/bin/cargo" "+1.69.0" "metadata" "--manifest-path" "Cargo.toml" "--no-deps", kill_on_drop: false }`
[INFO] started tweaking crates.io crate progress_bar 1.0.3
[INFO] finished tweaking crates.io crate progress_bar 1.0.3
[INFO] tweaked toml for crates.io crate progress_bar 1.0.3 written to /workspace/builds/worker-1-tc1/source/Cargo.toml
[INFO] running `Command { std: CARGO_HOME="/workspace/cargo-home" RUSTUP_HOME="/workspace/rustup-home" __CARGO_TEST_CHANNEL_OVERRIDE_DO_NOT_USE_THIS="nightly" "/workspace/cargo-home/bin/cargo" "+1.69.0" "generate-lockfile" "--manifest-path" "Cargo.toml" "-Zno-index-update", kill_on_drop: false }`
[INFO] running `Command { std: CARGO_HOME="/workspace/cargo-home" RUSTUP_HOME="/workspace/rustup-home" "/workspace/cargo-home/bin/cargo" "+1.69.0" "fetch" "--manifest-path" "Cargo.toml", kill_on_drop: false }`
[INFO] running `Command { std: "docker" "create" "-v" "/var/lib/crater-agent-workspace/builds/worker-1-tc1/target:/opt/rustwide/target:rw,Z" "-v" "/var/lib/crater-agent-workspace/builds/worker-1-tc1/source:/opt/rustwide/workdir:ro,Z" "-v" "/var/lib/crater-agent-workspace/cargo-home:/opt/rustwide/cargo-home:ro,Z" "-v" "/var/lib/crater-agent-workspace/rustup-home:/opt/rustwide/rustup-home:ro,Z" "-e" "SOURCE_DIR=/opt/rustwide/workdir" "-e" "CARGO_TARGET_DIR=/opt/rustwide/target" "-e" "CARGO_HOME=/opt/rustwide/cargo-home" "-e" "RUSTUP_HOME=/opt/rustwide/rustup-home" "-w" "/opt/rustwide/workdir" "-m" "1610612736" "--user" "0:0" "--network" "none" "ghcr.io/rust-lang/crates-build-env/linux@sha256:5ff2268d62e97bff2cde7d5815dd6ed5b47097566f13b8d0ca110b04b60e07ed" "/opt/rustwide/cargo-home/bin/cargo" "+1.69.0" "metadata" "--no-deps" "--format-version=1", kill_on_drop: false }`
[INFO] [stdout] aa3cae6f8b9fc2ee29c0745532d49c88a21c3e569c562635f40a1bcb2507de4e
[INFO] running `Command { std: "docker" "start" "-a" "aa3cae6f8b9fc2ee29c0745532d49c88a21c3e569c562635f40a1bcb2507de4e", kill_on_drop: false }`
[INFO] running `Command { std: "docker" "inspect" "aa3cae6f8b9fc2ee29c0745532d49c88a21c3e569c562635f40a1bcb2507de4e", kill_on_drop: false }`
[INFO] running `Command { std: "docker" "rm" "-f" "aa3cae6f8b9fc2ee29c0745532d49c88a21c3e569c562635f40a1bcb2507de4e", kill_on_drop: false }`
[INFO] [stdout] aa3cae6f8b9fc2ee29c0745532d49c88a21c3e569c562635f40a1bcb2507de4e
[INFO] running `Command { std: "docker" "create" "-v" "/var/lib/crater-agent-workspace/builds/worker-1-tc1/target:/opt/rustwide/target:rw,Z" "-v" "/var/lib/crater-agent-workspace/builds/worker-1-tc1/source:/opt/rustwide/workdir:ro,Z" "-v" "/var/lib/crater-agent-workspace/cargo-home:/opt/rustwide/cargo-home:ro,Z" "-v" "/var/lib/crater-agent-workspace/rustup-home:/opt/rustwide/rustup-home:ro,Z" "-e" "SOURCE_DIR=/opt/rustwide/workdir" "-e" "CARGO_TARGET_DIR=/opt/rustwide/target" "-e" "CARGO_INCREMENTAL=0" "-e" "RUST_BACKTRACE=full" "-e" "RUSTFLAGS=--cap-lints=warn" "-e" "RUSTDOCFLAGS=--cap-lints=warn" "-e" "CARGO_HOME=/opt/rustwide/cargo-home" "-e" "RUSTUP_HOME=/opt/rustwide/rustup-home" "-w" "/opt/rustwide/workdir" "-m" "1610612736" "--user" "0:0" "--network" "none" "ghcr.io/rust-lang/crates-build-env/linux@sha256:5ff2268d62e97bff2cde7d5815dd6ed5b47097566f13b8d0ca110b04b60e07ed" "/opt/rustwide/cargo-home/bin/cargo" "+1.69.0" "build" "--frozen" "--message-format=json", kill_on_drop: false }`
[INFO] [stdout] 0db555a82c917df05cf81277f887a81dcbe0736b0da127b4552025101c58d8cf
[INFO] running `Command { std: "docker" "start" "-a" "0db555a82c917df05cf81277f887a81dcbe0736b0da127b4552025101c58d8cf", kill_on_drop: false }`
[INFO] [stderr]    Compiling progress_bar v1.0.3 (/opt/rustwide/workdir)
[INFO] [stderr]     Finished dev [unoptimized + debuginfo] target(s) in 0.32s
[INFO] running `Command { std: "docker" "inspect" "0db555a82c917df05cf81277f887a81dcbe0736b0da127b4552025101c58d8cf", kill_on_drop: false }`
[INFO] running `Command { std: "docker" "rm" "-f" "0db555a82c917df05cf81277f887a81dcbe0736b0da127b4552025101c58d8cf", kill_on_drop: false }`
[INFO] [stdout] 0db555a82c917df05cf81277f887a81dcbe0736b0da127b4552025101c58d8cf
[INFO] running `Command { std: "docker" "create" "-v" "/var/lib/crater-agent-workspace/builds/worker-1-tc1/target:/opt/rustwide/target:rw,Z" "-v" "/var/lib/crater-agent-workspace/builds/worker-1-tc1/source:/opt/rustwide/workdir:ro,Z" "-v" "/var/lib/crater-agent-workspace/cargo-home:/opt/rustwide/cargo-home:ro,Z" "-v" "/var/lib/crater-agent-workspace/rustup-home:/opt/rustwide/rustup-home:ro,Z" "-e" "SOURCE_DIR=/opt/rustwide/workdir" "-e" "CARGO_TARGET_DIR=/opt/rustwide/target" "-e" "CARGO_INCREMENTAL=0" "-e" "RUST_BACKTRACE=full" "-e" "RUSTFLAGS=--cap-lints=warn" "-e" "RUSTDOCFLAGS=--cap-lints=warn" "-e" "CARGO_HOME=/opt/rustwide/cargo-home" "-e" "RUSTUP_HOME=/opt/rustwide/rustup-home" "-w" "/opt/rustwide/workdir" "-m" "1610612736" "--user" "0:0" "--network" "none" "ghcr.io/rust-lang/crates-build-env/linux@sha256:5ff2268d62e97bff2cde7d5815dd6ed5b47097566f13b8d0ca110b04b60e07ed" "/opt/rustwide/cargo-home/bin/cargo" "+1.69.0" "test" "--frozen" "--no-run" "--message-format=json", kill_on_drop: false }`
[INFO] [stdout] 263727587a115467284a4baea36cd21c46b06f1ef3a79569edf564509c70a36f
[INFO] running `Command { std: "docker" "start" "-a" "263727587a115467284a4baea36cd21c46b06f1ef3a79569edf564509c70a36f", kill_on_drop: false }`
[INFO] [stderr]    Compiling progress_bar v1.0.3 (/opt/rustwide/workdir)
[INFO] [stdout] warning: unused import: `progress_bar::*`
[INFO] [stdout]  --> tests/test-global.rs:1:5
[INFO] [stdout]   |
[INFO] [stdout] 1 | use progress_bar::*;
[INFO] [stdout]   |     ^^^^^^^^^^^^^^^
[INFO] [stdout]   |
[INFO] [stdout]   = note: `#[warn(unused_imports)]` on by default
[INFO] [stdout] 
[INFO] [stdout] 
[INFO] [stdout] warning: 1 warning emitted
[INFO] [stdout] 
[INFO] [stdout] 
[INFO] [stderr]     Finished test [unoptimized + debuginfo] target(s) in 0.52s
[INFO] running `Command { std: "docker" "inspect" "263727587a115467284a4baea36cd21c46b06f1ef3a79569edf564509c70a36f", kill_on_drop: false }`
[INFO] running `Command { std: "docker" "rm" "-f" "263727587a115467284a4baea36cd21c46b06f1ef3a79569edf564509c70a36f", kill_on_drop: false }`
[INFO] [stdout] 263727587a115467284a4baea36cd21c46b06f1ef3a79569edf564509c70a36f
[INFO] running `Command { std: "docker" "create" "-v" "/var/lib/crater-agent-workspace/builds/worker-1-tc1/target:/opt/rustwide/target:rw,Z" "-v" "/var/lib/crater-agent-workspace/builds/worker-1-tc1/source:/opt/rustwide/workdir:ro,Z" "-v" "/var/lib/crater-agent-workspace/cargo-home:/opt/rustwide/cargo-home:ro,Z" "-v" "/var/lib/crater-agent-workspace/rustup-home:/opt/rustwide/rustup-home:ro,Z" "-e" "SOURCE_DIR=/opt/rustwide/workdir" "-e" "CARGO_TARGET_DIR=/opt/rustwide/target" "-e" "CARGO_INCREMENTAL=0" "-e" "RUST_BACKTRACE=full" "-e" "RUSTFLAGS=--cap-lints=warn" "-e" "RUSTDOCFLAGS=--cap-lints=warn" "-e" "CARGO_HOME=/opt/rustwide/cargo-home" "-e" "RUSTUP_HOME=/opt/rustwide/rustup-home" "-w" "/opt/rustwide/workdir" "-m" "1610612736" "--user" "0:0" "--network" "none" "ghcr.io/rust-lang/crates-build-env/linux@sha256:5ff2268d62e97bff2cde7d5815dd6ed5b47097566f13b8d0ca110b04b60e07ed" "/opt/rustwide/cargo-home/bin/cargo" "+1.69.0" "test" "--frozen", kill_on_drop: false }`
[INFO] [stdout] d1282166d89c125f447109c7dc1abf578f15978555d9af32e96350685c88d7fe
[INFO] running `Command { std: "docker" "start" "-a" "d1282166d89c125f447109c7dc1abf578f15978555d9af32e96350685c88d7fe", kill_on_drop: false }`
[INFO] [stderr] warning: unused import: `progress_bar::*`
[INFO] [stderr]  --> tests/test-global.rs:1:5
[INFO] [stderr]   |
[INFO] [stderr] 1 | use progress_bar::*;
[INFO] [stderr]   |     ^^^^^^^^^^^^^^^
[INFO] [stderr]   |
[INFO] [stderr]   = note: `#[warn(unused_imports)]` on by default
[INFO] [stderr] 
[INFO] [stderr] warning: `progress_bar` (test "test-global") generated 1 warning (run `cargo fix --test "test-global"` to apply 1 suggestion)
[INFO] [stderr]     Finished test [unoptimized + debuginfo] target(s) in 0.01s
[INFO] [stderr]      Running unittests src/lib.rs (/opt/rustwide/target/debug/deps/progress_bar-ab23ab00908a97b0)
[INFO] [stdout] 
[INFO] [stdout] running 0 tests
[INFO] [stderr]      Running tests/test.rs (/opt/rustwide/target/debug/deps/test-fc48da5bbf59e2cb)
[INFO] [stdout] 
[INFO] [stdout] test result: ok. 0 passed; 0 failed; 0 ignored; 0 measured; 0 filtered out; finished in 0.00s
[INFO] [stdout] 
[INFO] [stdout] 
[INFO] [stdout] running 1 test
[INFO] [stdout] test test ... ok
[INFO] [stdout] 
[INFO] [stdout] test result: ok. 1 passed; 0 failed; 0 ignored; 0 measured; 0 filtered out; finished in 10.02s
[INFO] [stdout] 
[INFO] [stderr]      Running tests/test-global.rs (/opt/rustwide/target/debug/deps/test_global-687d77531dbcfb9a)
[INFO] [stdout] 
[INFO] [stdout] running 1 test
[INFO] [stdout] test test ... ok
[INFO] [stdout] 
[INFO] [stdout] test result: ok. 1 passed; 0 failed; 0 ignored; 0 measured; 0 filtered out; finished in 8.11s
[INFO] [stdout] 
[INFO] [stderr]    Doc-tests progress_bar
[INFO] [stdout] 
[INFO] [stdout] running 2 tests
[INFO] [stdout] test src/pb.rs - pb::ProgressBar::new (line 21) ... FAILED
[INFO] [stdout] test src/lib.rs - (line 7) ... ok
[INFO] [stdout] 
[INFO] [stdout] failures:
[INFO] [stdout] 
[INFO] [stdout] ---- src/pb.rs - pb::ProgressBar::new (line 21) stdout ----
[INFO] [stdout] error[E0432]: unresolved import `progress_bar::progress_bar`
[INFO] [stdout]  --> src/pb.rs:22:19
[INFO] [stdout]   |
[INFO] [stdout] 4 | use progress_bar::progress_bar::ProgressBar;
[INFO] [stdout]   |                   ^^^^^^^^^^^^ could not find `progress_bar` in `progress_bar`
[INFO] [stdout] 
[INFO] [stdout] error[E0432]: unresolved import `progress_bar::color`
[INFO] [stdout]  --> src/pb.rs:23:19
[INFO] [stdout]   |
[INFO] [stdout] 5 | use progress_bar::color::{Color, Style};
[INFO] [stdout]   |                   ^^^^^ could not find `color` in `progress_bar`
[INFO] [stdout] 
[INFO] [stdout] error: aborting due to 2 previous errors
[INFO] [stdout] 
[INFO] [stdout] For more information about this error, try `rustc --explain E0432`.
[INFO] [stdout] Couldn't compile the test.
[INFO] [stdout] 
[INFO] [stdout] failures:
[INFO] [stdout]     src/pb.rs - pb::ProgressBar::new (line 21)
[INFO] [stdout] 
[INFO] [stdout] test result: FAILED. 1 passed; 1 failed; 0 ignored; 0 measured; 0 filtered out; finished in 40.69s
[INFO] [stdout] 
[INFO] [stderr] error: doctest failed, to rerun pass `--doc`
[INFO] running `Command { std: "docker" "inspect" "d1282166d89c125f447109c7dc1abf578f15978555d9af32e96350685c88d7fe", kill_on_drop: false }`
[INFO] running `Command { std: "docker" "rm" "-f" "d1282166d89c125f447109c7dc1abf578f15978555d9af32e96350685c88d7fe", kill_on_drop: false }`
[INFO] [stdout] d1282166d89c125f447109c7dc1abf578f15978555d9af32e96350685c88d7fe
