[INFO] fetching crate pretty-panic 1.0.4...
[INFO] testing pretty-panic-1.0.4 against 1.69.0 for beta-1.70-1
[INFO] extracting crate pretty-panic 1.0.4 into /workspace/builds/worker-7-tc1/source
[INFO] validating manifest of crates.io crate pretty-panic 1.0.4 on toolchain 1.69.0
[INFO] running `Command { std: CARGO_HOME="/workspace/cargo-home" RUSTUP_HOME="/workspace/rustup-home" "/workspace/cargo-home/bin/cargo" "+1.69.0" "metadata" "--manifest-path" "Cargo.toml" "--no-deps", kill_on_drop: false }`
[INFO] started tweaking crates.io crate pretty-panic 1.0.4
[INFO] finished tweaking crates.io crate pretty-panic 1.0.4
[INFO] tweaked toml for crates.io crate pretty-panic 1.0.4 written to /workspace/builds/worker-7-tc1/source/Cargo.toml
[INFO] crate crates.io crate pretty-panic 1.0.4 already has a lockfile, it will not be regenerated
[INFO] running `Command { std: CARGO_HOME="/workspace/cargo-home" RUSTUP_HOME="/workspace/rustup-home" "/workspace/cargo-home/bin/cargo" "+1.69.0" "fetch" "--manifest-path" "Cargo.toml", kill_on_drop: false }`
[INFO] running `Command { std: "docker" "create" "-v" "/var/lib/crater-agent-workspace/builds/worker-7-tc1/target:/opt/rustwide/target:rw,Z" "-v" "/var/lib/crater-agent-workspace/builds/worker-7-tc1/source:/opt/rustwide/workdir:ro,Z" "-v" "/var/lib/crater-agent-workspace/cargo-home:/opt/rustwide/cargo-home:ro,Z" "-v" "/var/lib/crater-agent-workspace/rustup-home:/opt/rustwide/rustup-home:ro,Z" "-e" "SOURCE_DIR=/opt/rustwide/workdir" "-e" "CARGO_TARGET_DIR=/opt/rustwide/target" "-e" "CARGO_HOME=/opt/rustwide/cargo-home" "-e" "RUSTUP_HOME=/opt/rustwide/rustup-home" "-w" "/opt/rustwide/workdir" "-m" "1610612736" "--user" "0:0" "--network" "none" "ghcr.io/rust-lang/crates-build-env/linux@sha256:5ff2268d62e97bff2cde7d5815dd6ed5b47097566f13b8d0ca110b04b60e07ed" "/opt/rustwide/cargo-home/bin/cargo" "+1.69.0" "metadata" "--no-deps" "--format-version=1", kill_on_drop: false }`
[INFO] [stdout] 288504f4bd3c6b3942cbb7c8d871f1c9c80aa358be6202edbbe7f72a83070f57
[INFO] running `Command { std: "docker" "start" "-a" "288504f4bd3c6b3942cbb7c8d871f1c9c80aa358be6202edbbe7f72a83070f57", kill_on_drop: false }`
[INFO] running `Command { std: "docker" "inspect" "288504f4bd3c6b3942cbb7c8d871f1c9c80aa358be6202edbbe7f72a83070f57", kill_on_drop: false }`
[INFO] running `Command { std: "docker" "rm" "-f" "288504f4bd3c6b3942cbb7c8d871f1c9c80aa358be6202edbbe7f72a83070f57", kill_on_drop: false }`
[INFO] [stdout] 288504f4bd3c6b3942cbb7c8d871f1c9c80aa358be6202edbbe7f72a83070f57
[INFO] running `Command { std: "docker" "create" "-v" "/var/lib/crater-agent-workspace/builds/worker-7-tc1/target:/opt/rustwide/target:rw,Z" "-v" "/var/lib/crater-agent-workspace/builds/worker-7-tc1/source:/opt/rustwide/workdir:ro,Z" "-v" "/var/lib/crater-agent-workspace/cargo-home:/opt/rustwide/cargo-home:ro,Z" "-v" "/var/lib/crater-agent-workspace/rustup-home:/opt/rustwide/rustup-home:ro,Z" "-e" "SOURCE_DIR=/opt/rustwide/workdir" "-e" "CARGO_TARGET_DIR=/opt/rustwide/target" "-e" "CARGO_INCREMENTAL=0" "-e" "RUST_BACKTRACE=full" "-e" "RUSTFLAGS=--cap-lints=warn" "-e" "RUSTDOCFLAGS=--cap-lints=warn" "-e" "CARGO_HOME=/opt/rustwide/cargo-home" "-e" "RUSTUP_HOME=/opt/rustwide/rustup-home" "-w" "/opt/rustwide/workdir" "-m" "1610612736" "--user" "0:0" "--network" "none" "ghcr.io/rust-lang/crates-build-env/linux@sha256:5ff2268d62e97bff2cde7d5815dd6ed5b47097566f13b8d0ca110b04b60e07ed" "/opt/rustwide/cargo-home/bin/cargo" "+1.69.0" "build" "--frozen" "--message-format=json", kill_on_drop: false }`
[INFO] [stdout] b57a1d025a7cffd25b522a7894eb3af6936cb7713fb749f29428222efe6c93d8
[INFO] running `Command { std: "docker" "start" "-a" "b57a1d025a7cffd25b522a7894eb3af6936cb7713fb749f29428222efe6c93d8", kill_on_drop: false }`
[INFO] [stderr]    Compiling pretty-panic v1.0.4 (/opt/rustwide/workdir)
[INFO] [stderr]     Finished dev [unoptimized + debuginfo] target(s) in 0.13s
[INFO] running `Command { std: "docker" "inspect" "b57a1d025a7cffd25b522a7894eb3af6936cb7713fb749f29428222efe6c93d8", kill_on_drop: false }`
[INFO] running `Command { std: "docker" "rm" "-f" "b57a1d025a7cffd25b522a7894eb3af6936cb7713fb749f29428222efe6c93d8", kill_on_drop: false }`
[INFO] [stdout] b57a1d025a7cffd25b522a7894eb3af6936cb7713fb749f29428222efe6c93d8
[INFO] running `Command { std: "docker" "create" "-v" "/var/lib/crater-agent-workspace/builds/worker-7-tc1/target:/opt/rustwide/target:rw,Z" "-v" "/var/lib/crater-agent-workspace/builds/worker-7-tc1/source:/opt/rustwide/workdir:ro,Z" "-v" "/var/lib/crater-agent-workspace/cargo-home:/opt/rustwide/cargo-home:ro,Z" "-v" "/var/lib/crater-agent-workspace/rustup-home:/opt/rustwide/rustup-home:ro,Z" "-e" "SOURCE_DIR=/opt/rustwide/workdir" "-e" "CARGO_TARGET_DIR=/opt/rustwide/target" "-e" "CARGO_INCREMENTAL=0" "-e" "RUST_BACKTRACE=full" "-e" "RUSTFLAGS=--cap-lints=warn" "-e" "RUSTDOCFLAGS=--cap-lints=warn" "-e" "CARGO_HOME=/opt/rustwide/cargo-home" "-e" "RUSTUP_HOME=/opt/rustwide/rustup-home" "-w" "/opt/rustwide/workdir" "-m" "1610612736" "--user" "0:0" "--network" "none" "ghcr.io/rust-lang/crates-build-env/linux@sha256:5ff2268d62e97bff2cde7d5815dd6ed5b47097566f13b8d0ca110b04b60e07ed" "/opt/rustwide/cargo-home/bin/cargo" "+1.69.0" "test" "--frozen" "--no-run" "--message-format=json", kill_on_drop: false }`
[INFO] [stdout] 11aecad473a2006777d9654798ce985e68a82ec3533efe7c46ab1d1245c9a64f
[INFO] running `Command { std: "docker" "start" "-a" "11aecad473a2006777d9654798ce985e68a82ec3533efe7c46ab1d1245c9a64f", kill_on_drop: false }`
[INFO] [stderr]    Compiling pretty-panic v1.0.4 (/opt/rustwide/workdir)
[INFO] [stderr]     Finished test [unoptimized + debuginfo] target(s) in 0.62s
[INFO] running `Command { std: "docker" "inspect" "11aecad473a2006777d9654798ce985e68a82ec3533efe7c46ab1d1245c9a64f", kill_on_drop: false }`
[INFO] running `Command { std: "docker" "rm" "-f" "11aecad473a2006777d9654798ce985e68a82ec3533efe7c46ab1d1245c9a64f", kill_on_drop: false }`
[INFO] [stdout] 11aecad473a2006777d9654798ce985e68a82ec3533efe7c46ab1d1245c9a64f
[INFO] running `Command { std: "docker" "create" "-v" "/var/lib/crater-agent-workspace/builds/worker-7-tc1/target:/opt/rustwide/target:rw,Z" "-v" "/var/lib/crater-agent-workspace/builds/worker-7-tc1/source:/opt/rustwide/workdir:ro,Z" "-v" "/var/lib/crater-agent-workspace/cargo-home:/opt/rustwide/cargo-home:ro,Z" "-v" "/var/lib/crater-agent-workspace/rustup-home:/opt/rustwide/rustup-home:ro,Z" "-e" "SOURCE_DIR=/opt/rustwide/workdir" "-e" "CARGO_TARGET_DIR=/opt/rustwide/target" "-e" "CARGO_INCREMENTAL=0" "-e" "RUST_BACKTRACE=full" "-e" "RUSTFLAGS=--cap-lints=warn" "-e" "RUSTDOCFLAGS=--cap-lints=warn" "-e" "CARGO_HOME=/opt/rustwide/cargo-home" "-e" "RUSTUP_HOME=/opt/rustwide/rustup-home" "-w" "/opt/rustwide/workdir" "-m" "1610612736" "--user" "0:0" "--network" "none" "ghcr.io/rust-lang/crates-build-env/linux@sha256:5ff2268d62e97bff2cde7d5815dd6ed5b47097566f13b8d0ca110b04b60e07ed" "/opt/rustwide/cargo-home/bin/cargo" "+1.69.0" "test" "--frozen", kill_on_drop: false }`
[INFO] [stdout] 276da026eed918e4810a5036e3a2f73aef4072026a0c7f96678d441f23af52c5
[INFO] running `Command { std: "docker" "start" "-a" "276da026eed918e4810a5036e3a2f73aef4072026a0c7f96678d441f23af52c5", kill_on_drop: false }`
[INFO] [stderr]     Blocking waiting for file lock on package cache
[INFO] [stderr]     Finished test [unoptimized + debuginfo] target(s) in 0.12s
[INFO] [stderr]      Running unittests src/lib.rs (/opt/rustwide/target/debug/deps/pretty_panic-3fa77a6a5a43afab)
[INFO] [stdout] 
[INFO] [stdout] running 0 tests
[INFO] [stdout] 
[INFO] [stdout] test result: ok. 0 passed; 0 failed; 0 ignored; 0 measured; 0 filtered out; finished in 0.00s
[INFO] [stdout] 
[INFO] [stderr]    Doc-tests pretty-panic
[INFO] [stdout] 
[INFO] [stdout] running 2 tests
[INFO] [stdout] test src/lib.rs - pretty_panic (line 31) ... FAILED
[INFO] [stdout] test src/lib.rs - (line 16) ... FAILED
[INFO] [stdout] 
[INFO] [stdout] failures:
[INFO] [stdout] 
[INFO] [stdout] ---- src/lib.rs - pretty_panic (line 31) stdout ----
[INFO] [stdout] error[E0061]: this function takes 0 arguments but 1 argument was supplied
[INFO] [stdout]   --> src/lib.rs:35:5
[INFO] [stdout]    |
[INFO] [stdout] 6  |     pretty_panic!(my_panic);
[INFO] [stdout]    |     ^^^^^^^^^^^^^^^^^^^^^^^ unexpected argument of type `&PanicInfo<'_>`
[INFO] [stdout]    |
[INFO] [stdout] note: function defined here
[INFO] [stdout]   --> src/lib.rs:40:4
[INFO] [stdout]    |
[INFO] [stdout] 11 | fn my_panic() {
[INFO] [stdout]    |    ^^^^^^^^
[INFO] [stdout]    = note: this error originates in the macro `pretty_panic` (in Nightly builds, run with -Z macro-backtrace for more info)
[INFO] [stdout] 
[INFO] [stdout] error: aborting due to previous error
[INFO] [stdout] 
[INFO] [stdout] For more information about this error, try `rustc --explain E0061`.
[INFO] [stdout] Couldn't compile the test.
[INFO] [stdout] ---- src/lib.rs - (line 16) stdout ----
[INFO] [stdout] Test executable failed (exit status: 101).
[INFO] [stdout] 
[INFO] [stdout] stderr:
[INFO] [stdout] Uh oh!
[INFO] [stdout] 
[INFO] [stdout] The program experienced a fatal error, and has panicked. Recommend you contact one
[INFO] [stdout] of the authors for assistance. See below for some additional information:
[INFO] [stdout] 
[INFO] [stdout] (If you are going to submit a bug report, include the entirety of this message!)
[INFO] [stdout] pretty-panic v1.0.4 (https://crates.io/crates/pretty-panic) - panic start
[INFO] [stdout]      panic from thread [main]:
[INFO] [stdout]          panicked at 'A panic message.', src/lib.rs:8:5
[INFO] [stdout] 
[INFO] [stdout] Submit bug report to the authors: InYourWalls
[INFO] [stdout] pretty-panic v1.0.4 (https://crates.io/crates/pretty-panic) - panic end
[INFO] [stdout] 
[INFO] [stdout] 
[INFO] [stdout] 
[INFO] [stdout] failures:
[INFO] [stdout]     src/lib.rs - (line 16)
[INFO] [stdout]     src/lib.rs - pretty_panic (line 31)
[INFO] [stdout] 
[INFO] [stdout] test result: FAILED. 0 passed; 2 failed; 0 ignored; 0 measured; 0 filtered out; finished in 0.31s
[INFO] [stdout] 
[INFO] [stderr] error: doctest failed, to rerun pass `--doc`
[INFO] running `Command { std: "docker" "inspect" "276da026eed918e4810a5036e3a2f73aef4072026a0c7f96678d441f23af52c5", kill_on_drop: false }`
[INFO] running `Command { std: "docker" "rm" "-f" "276da026eed918e4810a5036e3a2f73aef4072026a0c7f96678d441f23af52c5", kill_on_drop: false }`
[INFO] [stdout] 276da026eed918e4810a5036e3a2f73aef4072026a0c7f96678d441f23af52c5
