[INFO] fetching crate prefixed-api-key 0.1.0...
[INFO] testing prefixed-api-key-0.1.0 against 1.69.0 for beta-1.70-1
[INFO] extracting crate prefixed-api-key 0.1.0 into /workspace/builds/worker-1-tc1/source
[INFO] validating manifest of crates.io crate prefixed-api-key 0.1.0 on toolchain 1.69.0
[INFO] running `Command { std: CARGO_HOME="/workspace/cargo-home" RUSTUP_HOME="/workspace/rustup-home" "/workspace/cargo-home/bin/cargo" "+1.69.0" "metadata" "--manifest-path" "Cargo.toml" "--no-deps", kill_on_drop: false }`
[INFO] started tweaking crates.io crate prefixed-api-key 0.1.0
[INFO] finished tweaking crates.io crate prefixed-api-key 0.1.0
[INFO] tweaked toml for crates.io crate prefixed-api-key 0.1.0 written to /workspace/builds/worker-1-tc1/source/Cargo.toml
[INFO] running `Command { std: CARGO_HOME="/workspace/cargo-home" RUSTUP_HOME="/workspace/rustup-home" __CARGO_TEST_CHANNEL_OVERRIDE_DO_NOT_USE_THIS="nightly" "/workspace/cargo-home/bin/cargo" "+1.69.0" "generate-lockfile" "--manifest-path" "Cargo.toml" "-Zno-index-update", kill_on_drop: false }`
[INFO] running `Command { std: CARGO_HOME="/workspace/cargo-home" RUSTUP_HOME="/workspace/rustup-home" "/workspace/cargo-home/bin/cargo" "+1.69.0" "fetch" "--manifest-path" "Cargo.toml", kill_on_drop: false }`
[INFO] running `Command { std: "docker" "create" "-v" "/var/lib/crater-agent-workspace/builds/worker-1-tc1/target:/opt/rustwide/target:rw,Z" "-v" "/var/lib/crater-agent-workspace/builds/worker-1-tc1/source:/opt/rustwide/workdir:ro,Z" "-v" "/var/lib/crater-agent-workspace/cargo-home:/opt/rustwide/cargo-home:ro,Z" "-v" "/var/lib/crater-agent-workspace/rustup-home:/opt/rustwide/rustup-home:ro,Z" "-e" "SOURCE_DIR=/opt/rustwide/workdir" "-e" "CARGO_TARGET_DIR=/opt/rustwide/target" "-e" "CARGO_HOME=/opt/rustwide/cargo-home" "-e" "RUSTUP_HOME=/opt/rustwide/rustup-home" "-w" "/opt/rustwide/workdir" "-m" "1610612736" "--user" "0:0" "--network" "none" "ghcr.io/rust-lang/crates-build-env/linux@sha256:97d61d7686bf65f8ecb15491ab51835e82dc9176a96a831f143a431b191fc501" "/opt/rustwide/cargo-home/bin/cargo" "+1.69.0" "metadata" "--no-deps" "--format-version=1", kill_on_drop: false }`
[INFO] [stdout] 82930a10ebcc5a0ab5467d2d3a1521ea0c31b291098ea5bbc02aa46e739aa2eb
[INFO] running `Command { std: "docker" "start" "-a" "82930a10ebcc5a0ab5467d2d3a1521ea0c31b291098ea5bbc02aa46e739aa2eb", kill_on_drop: false }`
[INFO] running `Command { std: "docker" "inspect" "82930a10ebcc5a0ab5467d2d3a1521ea0c31b291098ea5bbc02aa46e739aa2eb", kill_on_drop: false }`
[INFO] running `Command { std: "docker" "rm" "-f" "82930a10ebcc5a0ab5467d2d3a1521ea0c31b291098ea5bbc02aa46e739aa2eb", kill_on_drop: false }`
[INFO] [stdout] 82930a10ebcc5a0ab5467d2d3a1521ea0c31b291098ea5bbc02aa46e739aa2eb
[INFO] running `Command { std: "docker" "create" "-v" "/var/lib/crater-agent-workspace/builds/worker-1-tc1/target:/opt/rustwide/target:rw,Z" "-v" "/var/lib/crater-agent-workspace/builds/worker-1-tc1/source:/opt/rustwide/workdir:ro,Z" "-v" "/var/lib/crater-agent-workspace/cargo-home:/opt/rustwide/cargo-home:ro,Z" "-v" "/var/lib/crater-agent-workspace/rustup-home:/opt/rustwide/rustup-home:ro,Z" "-e" "SOURCE_DIR=/opt/rustwide/workdir" "-e" "CARGO_TARGET_DIR=/opt/rustwide/target" "-e" "CARGO_INCREMENTAL=0" "-e" "RUST_BACKTRACE=full" "-e" "RUSTFLAGS=--cap-lints=warn" "-e" "RUSTDOCFLAGS=--cap-lints=warn" "-e" "CARGO_HOME=/opt/rustwide/cargo-home" "-e" "RUSTUP_HOME=/opt/rustwide/rustup-home" "-w" "/opt/rustwide/workdir" "-m" "1610612736" "--user" "0:0" "--network" "none" "ghcr.io/rust-lang/crates-build-env/linux@sha256:97d61d7686bf65f8ecb15491ab51835e82dc9176a96a831f143a431b191fc501" "/opt/rustwide/cargo-home/bin/cargo" "+1.69.0" "build" "--frozen" "--message-format=json", kill_on_drop: false }`
[INFO] [stdout] 4df62224952f93ae148d42183b446862953a5ba53ca2482647b97c6511ce3677
[INFO] running `Command { std: "docker" "start" "-a" "4df62224952f93ae148d42183b446862953a5ba53ca2482647b97c6511ce3677", kill_on_drop: false }`
[INFO] [stderr]    Compiling hex v0.4.3
[INFO] [stderr]    Compiling constant_time_eq v0.2.5
[INFO] [stderr]    Compiling bs58 v0.4.0
[INFO] [stderr]    Compiling crypto-common v0.1.6
[INFO] [stderr]    Compiling digest v0.10.6
[INFO] [stderr]    Compiling prefixed-api-key v0.1.0 (/opt/rustwide/workdir)
[INFO] [stderr]     Finished dev [unoptimized + debuginfo] target(s) in 0.88s
[INFO] running `Command { std: "docker" "inspect" "4df62224952f93ae148d42183b446862953a5ba53ca2482647b97c6511ce3677", kill_on_drop: false }`
[INFO] running `Command { std: "docker" "rm" "-f" "4df62224952f93ae148d42183b446862953a5ba53ca2482647b97c6511ce3677", kill_on_drop: false }`
[INFO] [stdout] 4df62224952f93ae148d42183b446862953a5ba53ca2482647b97c6511ce3677
[INFO] running `Command { std: "docker" "create" "-v" "/var/lib/crater-agent-workspace/builds/worker-1-tc1/target:/opt/rustwide/target:rw,Z" "-v" "/var/lib/crater-agent-workspace/builds/worker-1-tc1/source:/opt/rustwide/workdir:ro,Z" "-v" "/var/lib/crater-agent-workspace/cargo-home:/opt/rustwide/cargo-home:ro,Z" "-v" "/var/lib/crater-agent-workspace/rustup-home:/opt/rustwide/rustup-home:ro,Z" "-e" "SOURCE_DIR=/opt/rustwide/workdir" "-e" "CARGO_TARGET_DIR=/opt/rustwide/target" "-e" "CARGO_INCREMENTAL=0" "-e" "RUST_BACKTRACE=full" "-e" "RUSTFLAGS=--cap-lints=warn" "-e" "RUSTDOCFLAGS=--cap-lints=warn" "-e" "CARGO_HOME=/opt/rustwide/cargo-home" "-e" "RUSTUP_HOME=/opt/rustwide/rustup-home" "-w" "/opt/rustwide/workdir" "-m" "1610612736" "--user" "0:0" "--network" "none" "ghcr.io/rust-lang/crates-build-env/linux@sha256:97d61d7686bf65f8ecb15491ab51835e82dc9176a96a831f143a431b191fc501" "/opt/rustwide/cargo-home/bin/cargo" "+1.69.0" "test" "--frozen" "--no-run" "--message-format=json", kill_on_drop: false }`
[INFO] [stdout] 2b1a57486757377b98dd428f1c205ecfda59ac833652834814edd3e3d5a99a3b
[INFO] running `Command { std: "docker" "start" "-a" "2b1a57486757377b98dd428f1c205ecfda59ac833652834814edd3e3d5a99a3b", kill_on_drop: false }`
[INFO] [stderr]    Compiling digest v0.10.6
[INFO] [stderr]    Compiling sha2 v0.10.6
[INFO] [stderr]    Compiling prefixed-api-key v0.1.0 (/opt/rustwide/workdir)
[INFO] [stderr]     Finished test [unoptimized + debuginfo] target(s) in 1.49s
[INFO] running `Command { std: "docker" "inspect" "2b1a57486757377b98dd428f1c205ecfda59ac833652834814edd3e3d5a99a3b", kill_on_drop: false }`
[INFO] running `Command { std: "docker" "rm" "-f" "2b1a57486757377b98dd428f1c205ecfda59ac833652834814edd3e3d5a99a3b", kill_on_drop: false }`
[INFO] [stdout] 2b1a57486757377b98dd428f1c205ecfda59ac833652834814edd3e3d5a99a3b
[INFO] running `Command { std: "docker" "create" "-v" "/var/lib/crater-agent-workspace/builds/worker-1-tc1/target:/opt/rustwide/target:rw,Z" "-v" "/var/lib/crater-agent-workspace/builds/worker-1-tc1/source:/opt/rustwide/workdir:ro,Z" "-v" "/var/lib/crater-agent-workspace/cargo-home:/opt/rustwide/cargo-home:ro,Z" "-v" "/var/lib/crater-agent-workspace/rustup-home:/opt/rustwide/rustup-home:ro,Z" "-e" "SOURCE_DIR=/opt/rustwide/workdir" "-e" "CARGO_TARGET_DIR=/opt/rustwide/target" "-e" "CARGO_INCREMENTAL=0" "-e" "RUST_BACKTRACE=full" "-e" "RUSTFLAGS=--cap-lints=warn" "-e" "RUSTDOCFLAGS=--cap-lints=warn" "-e" "CARGO_HOME=/opt/rustwide/cargo-home" "-e" "RUSTUP_HOME=/opt/rustwide/rustup-home" "-w" "/opt/rustwide/workdir" "-m" "1610612736" "--user" "0:0" "--network" "none" "ghcr.io/rust-lang/crates-build-env/linux@sha256:97d61d7686bf65f8ecb15491ab51835e82dc9176a96a831f143a431b191fc501" "/opt/rustwide/cargo-home/bin/cargo" "+1.69.0" "test" "--frozen", kill_on_drop: false }`
[INFO] [stdout] fb6f95fd8cedfff4c6bea306ad49fdf86e75e4fcefe60c08e69d085916f33635
[INFO] running `Command { std: "docker" "start" "-a" "fb6f95fd8cedfff4c6bea306ad49fdf86e75e4fcefe60c08e69d085916f33635", kill_on_drop: false }`
[INFO] [stderr]     Finished test [unoptimized + debuginfo] target(s) in 0.02s
[INFO] [stderr]      Running unittests src/lib.rs (/opt/rustwide/target/debug/deps/prefixed_api_key-18168d5b5264a7cc)
[INFO] [stdout] 
[INFO] [stdout] running 21 tests
[INFO] [stdout] test controller::controller_tests::configuration_works ... ok
[INFO] [stdout] test controller_builder::controller_builder_tests::ok_with_default_short_token_prefix ... ok
[INFO] [stdout] test controller_builder::controller_builder_tests::ok_with_rng_osrng ... ok
[INFO] [stdout] test controller::controller_tests::check_long_token_via_generator ... ok
[INFO] [stdout] test controller_builder::controller_builder_tests::ok_with_rng_stdrng ... ok
[INFO] [stdout] test prefixed_api_key::tests::str_into_pak ... ok
[INFO] [stdout] test prefixed_api_key::tests::str_into_pak_with_extra_parts ... ok
[INFO] [stdout] test controller::controller_tests::generator ... ok
[INFO] [stdout] test controller::controller_tests::generator_short_token_prefix ... ok
[INFO] [stdout] test controller_builder::controller_builder_tests::ok_with_default_lengths ... ok
[INFO] [stdout] test prefixed_api_key::tests::self_from_string_works ... ok
[INFO] [stdout] test prefixed_api_key::tests::string_into_pak_via_as_ref ... ok
[INFO] [stdout] test controller_builder::controller_builder_tests::ok_with_rng_threadrng ... ok
[INFO] [stdout] test controller::controller_tests::generator_matches_hash ... ok
[INFO] [stdout] test prefixed_api_key::tests::check_long_token ... ok
[INFO] [stdout] test controller::controller_tests::generate_key_and_hash ... ok
[INFO] [stdout] test controller_builder::controller_builder_tests::ok_with_all_values_provided ... ok
[INFO] [stdout] test controller_builder::controller_builder_tests::errors_when_no_values_set ... ok
[INFO] [stdout] test prefixed_api_key::tests::to_string_is_expected ... ok
[INFO] [stdout] test prefixed_api_key::tests::check_debug_display_hides_secret_token ... ok
[INFO] [stdout] test controller::controller_tests::generator_digest_resets_after_hashing ... ok
[INFO] [stdout] 
[INFO] [stdout] test result: ok. 21 passed; 0 failed; 0 ignored; 0 measured; 0 filtered out; finished in 0.02s
[INFO] [stdout] 
[INFO] [stderr]    Doc-tests prefixed-api-key
[INFO] [stdout] 
[INFO] [stdout] running 4 tests
[INFO] [stdout] test src/lib.rs - ReadmeDoctests (line 45) ... ignored
[INFO] [stdout] test src/lib.rs - ReadmeDoctests (line 51) ... ignored
[INFO] [stdout] test src/lib.rs - ReadmeDoctests (line 77) ... FAILED
[INFO] [stdout] test src/lib.rs - ReadmeDoctests (line 107) ... ok
[INFO] [stdout] 
[INFO] [stdout] failures:
[INFO] [stdout] 
[INFO] [stdout] ---- src/lib.rs - ReadmeDoctests (line 77) stdout ----
[INFO] [stdout] error[E0599]: no method named `seam_defaults` found for struct `ControllerBuilder` in the current scope
[INFO] [stdout]   --> src/lib.rs:85:10
[INFO] [stdout]    |
[INFO] [stdout] 8  |       let builder_result = PrefixedApiKeyController::configure()
[INFO] [stdout]    |  __________________________-
[INFO] [stdout] 9  | |         .prefix("mycompany".to_owned())
[INFO] [stdout] 10 | |         .seam_defaults()
[INFO] [stdout]    | |         -^^^^^^^^^^^^^ method not found in `ControllerBuilder<_, _>`
[INFO] [stdout]    | |_________|
[INFO] [stdout]    | 
[INFO] [stdout] 
[INFO] [stdout] error: aborting due to previous error
[INFO] [stdout] 
[INFO] [stdout] For more information about this error, try `rustc --explain E0599`.
[INFO] [stdout] Couldn't compile the test.
[INFO] [stdout] 
[INFO] [stdout] failures:
[INFO] [stdout]     src/lib.rs - ReadmeDoctests (line 77)
[INFO] [stdout] 
[INFO] [stdout] test result: FAILED. 1 passed; 1 failed; 2 ignored; 0 measured; 0 filtered out; finished in 0.16s
[INFO] [stdout] 
[INFO] [stderr] error: doctest failed, to rerun pass `--doc`
[INFO] running `Command { std: "docker" "inspect" "fb6f95fd8cedfff4c6bea306ad49fdf86e75e4fcefe60c08e69d085916f33635", kill_on_drop: false }`
[INFO] running `Command { std: "docker" "rm" "-f" "fb6f95fd8cedfff4c6bea306ad49fdf86e75e4fcefe60c08e69d085916f33635", kill_on_drop: false }`
[INFO] [stdout] fb6f95fd8cedfff4c6bea306ad49fdf86e75e4fcefe60c08e69d085916f33635
