[INFO] fetching crate predicates 3.0.3...
[INFO] testing predicates-3.0.3 against beta-2023-04-20 for beta-1.70-1
[INFO] extracting crate predicates 3.0.3 into /workspace/builds/worker-3-tc2/source
[INFO] validating manifest of crates.io crate predicates 3.0.3 on toolchain beta-2023-04-20
[INFO] running `Command { std: CARGO_HOME="/workspace/cargo-home" RUSTUP_HOME="/workspace/rustup-home" "/workspace/cargo-home/bin/cargo" "+beta-2023-04-20" "metadata" "--manifest-path" "Cargo.toml" "--no-deps", kill_on_drop: false }`
[INFO] started tweaking crates.io crate predicates 3.0.3
[INFO] finished tweaking crates.io crate predicates 3.0.3
[INFO] tweaked toml for crates.io crate predicates 3.0.3 written to /workspace/builds/worker-3-tc2/source/Cargo.toml
[INFO] crate crates.io crate predicates 3.0.3 already has a lockfile, it will not be regenerated
[INFO] running `Command { std: CARGO_HOME="/workspace/cargo-home" RUSTUP_HOME="/workspace/rustup-home" "/workspace/cargo-home/bin/cargo" "+beta-2023-04-20" "fetch" "--manifest-path" "Cargo.toml", kill_on_drop: false }`
[INFO] running `Command { std: "docker" "create" "-v" "/var/lib/crater-agent-workspace/builds/worker-3-tc2/target:/opt/rustwide/target:rw,Z" "-v" "/var/lib/crater-agent-workspace/builds/worker-3-tc2/source:/opt/rustwide/workdir:ro,Z" "-v" "/var/lib/crater-agent-workspace/cargo-home:/opt/rustwide/cargo-home:ro,Z" "-v" "/var/lib/crater-agent-workspace/rustup-home:/opt/rustwide/rustup-home:ro,Z" "-e" "SOURCE_DIR=/opt/rustwide/workdir" "-e" "CARGO_TARGET_DIR=/opt/rustwide/target" "-e" "CARGO_HOME=/opt/rustwide/cargo-home" "-e" "RUSTUP_HOME=/opt/rustwide/rustup-home" "-w" "/opt/rustwide/workdir" "-m" "1610612736" "--user" "0:0" "--network" "none" "ghcr.io/rust-lang/crates-build-env/linux@sha256:5ff2268d62e97bff2cde7d5815dd6ed5b47097566f13b8d0ca110b04b60e07ed" "/opt/rustwide/cargo-home/bin/cargo" "+beta-2023-04-20" "metadata" "--no-deps" "--format-version=1", kill_on_drop: false }`
[INFO] [stdout] adfde738e3b92749ae29b088bd020310effbf539f4228f284e4c4d37b84af97d
[INFO] running `Command { std: "docker" "start" "-a" "adfde738e3b92749ae29b088bd020310effbf539f4228f284e4c4d37b84af97d", kill_on_drop: false }`
[INFO] running `Command { std: "docker" "inspect" "adfde738e3b92749ae29b088bd020310effbf539f4228f284e4c4d37b84af97d", kill_on_drop: false }`
[INFO] running `Command { std: "docker" "rm" "-f" "adfde738e3b92749ae29b088bd020310effbf539f4228f284e4c4d37b84af97d", kill_on_drop: false }`
[INFO] [stdout] adfde738e3b92749ae29b088bd020310effbf539f4228f284e4c4d37b84af97d
[INFO] running `Command { std: "docker" "create" "-v" "/var/lib/crater-agent-workspace/builds/worker-3-tc2/target:/opt/rustwide/target:rw,Z" "-v" "/var/lib/crater-agent-workspace/builds/worker-3-tc2/source:/opt/rustwide/workdir:ro,Z" "-v" "/var/lib/crater-agent-workspace/cargo-home:/opt/rustwide/cargo-home:ro,Z" "-v" "/var/lib/crater-agent-workspace/rustup-home:/opt/rustwide/rustup-home:ro,Z" "-e" "SOURCE_DIR=/opt/rustwide/workdir" "-e" "CARGO_TARGET_DIR=/opt/rustwide/target" "-e" "CARGO_INCREMENTAL=0" "-e" "RUST_BACKTRACE=full" "-e" "RUSTFLAGS=--cap-lints=warn" "-e" "RUSTDOCFLAGS=--cap-lints=warn" "-e" "CARGO_HOME=/opt/rustwide/cargo-home" "-e" "RUSTUP_HOME=/opt/rustwide/rustup-home" "-w" "/opt/rustwide/workdir" "-m" "1610612736" "--user" "0:0" "--network" "none" "ghcr.io/rust-lang/crates-build-env/linux@sha256:5ff2268d62e97bff2cde7d5815dd6ed5b47097566f13b8d0ca110b04b60e07ed" "/opt/rustwide/cargo-home/bin/cargo" "+beta-2023-04-20" "build" "--frozen" "--message-format=json", kill_on_drop: false }`
[INFO] [stdout] 7a83ed9a19bc1e15d8afcb161c6efdbc5494750b1b7d87fcde18d0c1af1a665a
[INFO] running `Command { std: "docker" "start" "-a" "7a83ed9a19bc1e15d8afcb161c6efdbc5494750b1b7d87fcde18d0c1af1a665a", kill_on_drop: false }`
[INFO] [stderr]    Compiling regex-syntax v0.6.27
[INFO] [stderr]    Compiling either v1.8.0
[INFO] [stderr]    Compiling anstyle v1.0.0
[INFO] [stderr]    Compiling normalize-line-endings v0.3.0
[INFO] [stderr]    Compiling difflib v0.4.0
[INFO] [stderr]    Compiling predicates-core v1.0.6
[INFO] [stderr]    Compiling num-traits v0.2.15
[INFO] [stderr]    Compiling aho-corasick v0.7.19
[INFO] [stderr]    Compiling itertools v0.10.5
[INFO] [stderr]    Compiling float-cmp v0.9.0
[INFO] [stderr]    Compiling regex v1.6.0
[INFO] [stderr]    Compiling predicates v3.0.3 (/opt/rustwide/workdir)
[INFO] [stderr]     Finished dev [unoptimized + debuginfo] target(s) in 5.30s
[INFO] running `Command { std: "docker" "inspect" "7a83ed9a19bc1e15d8afcb161c6efdbc5494750b1b7d87fcde18d0c1af1a665a", kill_on_drop: false }`
[INFO] running `Command { std: "docker" "rm" "-f" "7a83ed9a19bc1e15d8afcb161c6efdbc5494750b1b7d87fcde18d0c1af1a665a", kill_on_drop: false }`
[INFO] [stdout] 7a83ed9a19bc1e15d8afcb161c6efdbc5494750b1b7d87fcde18d0c1af1a665a
[INFO] running `Command { std: "docker" "create" "-v" "/var/lib/crater-agent-workspace/builds/worker-3-tc2/target:/opt/rustwide/target:rw,Z" "-v" "/var/lib/crater-agent-workspace/builds/worker-3-tc2/source:/opt/rustwide/workdir:ro,Z" "-v" "/var/lib/crater-agent-workspace/cargo-home:/opt/rustwide/cargo-home:ro,Z" "-v" "/var/lib/crater-agent-workspace/rustup-home:/opt/rustwide/rustup-home:ro,Z" "-e" "SOURCE_DIR=/opt/rustwide/workdir" "-e" "CARGO_TARGET_DIR=/opt/rustwide/target" "-e" "CARGO_INCREMENTAL=0" "-e" "RUST_BACKTRACE=full" "-e" "RUSTFLAGS=--cap-lints=warn" "-e" "RUSTDOCFLAGS=--cap-lints=warn" "-e" "CARGO_HOME=/opt/rustwide/cargo-home" "-e" "RUSTUP_HOME=/opt/rustwide/rustup-home" "-w" "/opt/rustwide/workdir" "-m" "1610612736" "--user" "0:0" "--network" "none" "ghcr.io/rust-lang/crates-build-env/linux@sha256:5ff2268d62e97bff2cde7d5815dd6ed5b47097566f13b8d0ca110b04b60e07ed" "/opt/rustwide/cargo-home/bin/cargo" "+beta-2023-04-20" "test" "--frozen" "--no-run" "--message-format=json", kill_on_drop: false }`
[INFO] [stdout] e8cefd33d5fc637280ca65441e804be4bcffdaeca3acb9ab47394f16b963a328
[INFO] running `Command { std: "docker" "start" "-a" "e8cefd33d5fc637280ca65441e804be4bcffdaeca3acb9ab47394f16b963a328", kill_on_drop: false }`
[INFO] [stderr]    Compiling termtree v0.4.1
[INFO] [stderr]    Compiling predicates-tree v1.0.9
[INFO] [stderr]    Compiling predicates v3.0.3 (/opt/rustwide/workdir)
[INFO] [stderr]     Finished test [unoptimized + debuginfo] target(s) in 1.16s
[INFO] running `Command { std: "docker" "inspect" "e8cefd33d5fc637280ca65441e804be4bcffdaeca3acb9ab47394f16b963a328", kill_on_drop: false }`
[INFO] running `Command { std: "docker" "rm" "-f" "e8cefd33d5fc637280ca65441e804be4bcffdaeca3acb9ab47394f16b963a328", kill_on_drop: false }`
[INFO] [stdout] e8cefd33d5fc637280ca65441e804be4bcffdaeca3acb9ab47394f16b963a328
[INFO] running `Command { std: "docker" "create" "-v" "/var/lib/crater-agent-workspace/builds/worker-3-tc2/target:/opt/rustwide/target:rw,Z" "-v" "/var/lib/crater-agent-workspace/builds/worker-3-tc2/source:/opt/rustwide/workdir:ro,Z" "-v" "/var/lib/crater-agent-workspace/cargo-home:/opt/rustwide/cargo-home:ro,Z" "-v" "/var/lib/crater-agent-workspace/rustup-home:/opt/rustwide/rustup-home:ro,Z" "-e" "SOURCE_DIR=/opt/rustwide/workdir" "-e" "CARGO_TARGET_DIR=/opt/rustwide/target" "-e" "CARGO_INCREMENTAL=0" "-e" "RUST_BACKTRACE=full" "-e" "RUSTFLAGS=--cap-lints=warn" "-e" "RUSTDOCFLAGS=--cap-lints=warn" "-e" "CARGO_HOME=/opt/rustwide/cargo-home" "-e" "RUSTUP_HOME=/opt/rustwide/rustup-home" "-w" "/opt/rustwide/workdir" "-m" "1610612736" "--user" "0:0" "--network" "none" "ghcr.io/rust-lang/crates-build-env/linux@sha256:5ff2268d62e97bff2cde7d5815dd6ed5b47097566f13b8d0ca110b04b60e07ed" "/opt/rustwide/cargo-home/bin/cargo" "+beta-2023-04-20" "test" "--frozen", kill_on_drop: false }`
[INFO] [stdout] 3b225a654c4ffe533d0fa2fd08c001a7081bb5dea296688560947daaa9f60742
[INFO] running `Command { std: "docker" "start" "-a" "3b225a654c4ffe533d0fa2fd08c001a7081bb5dea296688560947daaa9f60742", kill_on_drop: false }`
[INFO] [stderr]     Finished test [unoptimized + debuginfo] target(s) in 0.01s
[INFO] [stderr]      Running unittests src/lib.rs (/opt/rustwide/target/debug/deps/predicates-c4a5121da022f311)
[INFO] [stdout] 
[INFO] [stdout] running 17 tests
[INFO] [stdout] test boolean::test_and::find_case_false ... ok
[INFO] [stderr]    Doc-tests predicates
[INFO] [stdout] test boolean::test_and::find_case_false_fails ... ok
[INFO] [stdout] test boolean::test_and::find_case_false_left_fail ... ok
[INFO] [stdout] test boolean::test_and::find_case_true ... ok
[INFO] [stdout] test boolean::test_and::find_case_false_right_fail ... ok
[INFO] [stdout] test boolean::test_and::find_case_true_fails ... ok
[INFO] [stdout] test boolean::test_and::find_case_true_left_fail ... ok
[INFO] [stdout] test boolean::test_and::find_case_true_right_fail ... ok
[INFO] [stdout] test boolean::test_or::find_case_false_fails ... ok
[INFO] [stdout] test boolean::test_or::find_case_false ... ok
[INFO] [stdout] test boolean::test_or::find_case_false_left_fail ... ok
[INFO] [stdout] test boolean::test_or::find_case_false_right_fail ... ok
[INFO] [stdout] test boolean::test_or::find_case_true ... ok
[INFO] [stdout] test boolean::test_or::find_case_true_fails ... ok
[INFO] [stdout] test boolean::test_or::find_case_true_left_fail ... ok
[INFO] [stdout] test boolean::test_or::find_case_true_right_fail ... ok
[INFO] [stdout] test function::str_function ... ok
[INFO] [stdout] 
[INFO] [stdout] test result: ok. 17 passed; 0 failed; 0 ignored; 0 measured; 0 filtered out; finished in 0.00s
[INFO] [stdout] 
[INFO] [stdout] 
[INFO] [stdout] running 47 tests
[INFO] [stdout] test src/function.rs - function::function (line 116) ... ok
[INFO] [stdout] test src/lib.rs - (line 32) ... ok
[INFO] [stdout] test src/constant.rs - constant::always (line 53) ... ok
[INFO] [stdout] test src/lib.rs - (line 53) ... ok
[INFO] [stdout] test src/lib.rs - (line 64) ... ok
[INFO] [stdout] test src/boolean.rs - boolean::PredicateBooleanExt::not (line 488) ... ok
[INFO] [stdout] test src/float/close.rs - float::close::is_close (line 143) ... ok
[INFO] [stdout] test src/lib.rs - (line 41) ... ok
[INFO] [stdout] test src/function.rs - function::FnPredicate<F,T>::fn_name (line 55) ... ok
[INFO] [stdout] test src/lib.rs - (line 77) ... ok
[INFO] [stdout] test src/boolean.rs - boolean::PredicateBooleanExt::or (line 467) ... ok
[INFO] [stdout] test src/float/close.rs - float::close::IsClosePredicate::ulps (line 72) ... ok
[INFO] [stdout] test src/boolean.rs - boolean::PredicateBooleanExt::and (line 448) ... ok
[INFO] [stdout] test src/constant.rs - constant::never (line 71) ... ok
[INFO] [stdout] test src/boxed.rs - boxed::PredicateBoxExt::boxed (line 99) ... ok
[INFO] [stdout] test src/float/close.rs - float::close::IsClosePredicate::epsilon (line 55) ... ok
[INFO] [stdout] test src/iter.rs - iter::in_iter (line 139) ... ok
[INFO] [stdout] test src/iter.rs - iter::in_hash (line 304) ... ok
[INFO] [stdout] test src/float/close.rs - float::close::IsClosePredicate::distance (line 36) ... ok
[INFO] [stdout] test src/lib.rs - (line 90) ... ok
[INFO] [stdout] test src/ord.rs - ord::ge (line 265) ... ok
[INFO] [stdout] test src/ord.rs - ord::gt (line 288) ... ok
[INFO] [stdout] test src/iter.rs - iter::InPredicate<T>::sort (line 51) ... ok
[INFO] [stdout] test src/ord.rs - ord::lt (line 212) ... ok
[INFO] [stdout] test src/ord.rs - ord::le (line 242) ... ok
[INFO] [stdout] test src/ord.rs - ord::eq (line 88) ... ok
[INFO] [stdout] test src/ord.rs - ord::ne (line 118) ... ok
[INFO] [stdout] test src/name.rs - name::PredicateNameExt::name (line 92) ... ok
[INFO] [stdout] test src/str/adapters.rs - str::adapters::PredicateStrExt::normalize (line 188) ... ok
[INFO] [stdout] test src/path/existence.rs - path::existence::exists (line 61) ... ok
[INFO] [stdout] test src/path/fs.rs - path::fs::BinaryFilePredicate::utf8 (line 41) ... ok
[INFO] [stdout] test src/path/ft.rs - path::ft::is_dir (line 173) ... ok
[INFO] [stdout] test src/path/fs.rs - path::fs::eq_file (line 107) ... ok
[INFO] [stdout] test src/path/existence.rs - path::existence::missing (line 76) ... ok
[INFO] [stdout] test src/path/ft.rs - path::ft::is_file (line 153) ... ok
[INFO] [stdout] test src/path/fc.rs - path::fc::PredicateFileContentExt::from_file_path (line 107) ... FAILED
[INFO] [stdout] test src/path/ft.rs - path::ft::is_symlink (line 193) ... ok
[INFO] [stdout] test src/str/basics.rs - str::basics::contains (line 276) ... ok
[INFO] [stdout] test src/str/basics.rs - str::basics::is_empty (line 50) ... ok
[INFO] [stdout] test src/str/adapters.rs - str::adapters::PredicateStrExt::trim (line 153) ... ok
[INFO] [stdout] test src/str/adapters.rs - str::adapters::PredicateStrExt::from_utf8 (line 168) ... ok
[INFO] [stdout] test src/str/basics.rs - str::basics::ends_with (line 153) ... ok
[INFO] [stdout] test src/str/basics.rs - str::basics::ContainsPredicate::count (line 182) ... ok
[INFO] [stdout] test src/str/difference.rs - str::difference::diff (line 82) ... ok
[INFO] [stdout] test src/str/regex.rs - str::regex::RegexPredicate::count (line 31) ... ok
[INFO] [stdout] test src/str/basics.rs - str::basics::starts_with (line 99) ... ok
[INFO] [stdout] test src/str/regex.rs - str::regex::is_match (line 122) ... ok
[INFO] [stdout] 
[INFO] [stdout] failures:
[INFO] [stdout] 
[INFO] [stdout] ---- src/path/fc.rs - path::fc::PredicateFileContentExt::from_file_path (line 107) stdout ----
[INFO] [stdout] Test executable failed (exit status: 101).
[INFO] [stdout] 
[INFO] [stdout] stderr:
[INFO] [stdout] thread 'main' panicked at 'assertion failed: `(left == right)`
[INFO] [stdout]   left: `true`,
[INFO] [stdout]  right: `false`', src/path/fc.rs:8:1
[INFO] [stdout] stack backtrace:
[INFO] [stdout]    0:     0x55db1070eeaa - std::backtrace_rs::backtrace::libunwind::trace::h2f05d0192276a8f6
[INFO] [stdout]                                at /rustc/1b7dd2252b99671ce5d1cb9664c5f8636329436d/library/std/src/../../backtrace/src/backtrace/libunwind.rs:93:5
[INFO] [stdout]    1:     0x55db1070eeaa - std::backtrace_rs::backtrace::trace_unsynchronized::hedc23dff7a1af150
[INFO] [stdout]                                at /rustc/1b7dd2252b99671ce5d1cb9664c5f8636329436d/library/std/src/../../backtrace/src/backtrace/mod.rs:66:5
[INFO] [stdout]    2:     0x55db1070eeaa - std::sys_common::backtrace::_print_fmt::h17541ef7592f3ce2
[INFO] [stdout]                                at /rustc/1b7dd2252b99671ce5d1cb9664c5f8636329436d/library/std/src/sys_common/backtrace.rs:65:5
[INFO] [stdout]    3:     0x55db1070eeaa - <std::sys_common::backtrace::_print::DisplayBacktrace as core::fmt::Display>::fmt::h20f75df5ab0c0792
[INFO] [stdout]                                at /rustc/1b7dd2252b99671ce5d1cb9664c5f8636329436d/library/std/src/sys_common/backtrace.rs:44:22
[INFO] [stdout]    4:     0x55db10728fff - core::fmt::write::h78109e6f466b3af6
[INFO] [stdout]                                at /rustc/1b7dd2252b99671ce5d1cb9664c5f8636329436d/library/core/src/fmt/mod.rs:1254:17
[INFO] [stdout]    5:     0x55db1070cd05 - std::io::Write::write_fmt::hc59e1b02dd273c8a
[INFO] [stdout]                                at /rustc/1b7dd2252b99671ce5d1cb9664c5f8636329436d/library/std/src/io/mod.rs:1698:15
[INFO] [stdout]    6:     0x55db1070ec75 - std::sys_common::backtrace::_print::h8dac57a9f8fbf9a5
[INFO] [stdout]                                at /rustc/1b7dd2252b99671ce5d1cb9664c5f8636329436d/library/std/src/sys_common/backtrace.rs:47:5
[INFO] [stdout]    7:     0x55db1070ec75 - std::sys_common::backtrace::print::hf9ecbf41d1aa712f
[INFO] [stdout]                                at /rustc/1b7dd2252b99671ce5d1cb9664c5f8636329436d/library/std/src/sys_common/backtrace.rs:34:9
[INFO] [stdout]    8:     0x55db107101fe - std::panicking::default_hook::{{closure}}::h04c07acfc84ca028
[INFO] [stdout]                                at /rustc/1b7dd2252b99671ce5d1cb9664c5f8636329436d/library/std/src/panicking.rs:269:22
[INFO] [stdout]    9:     0x55db1070ffa5 - std::panicking::default_hook::h01f6bb23e1eceb2c
[INFO] [stdout]                                at /rustc/1b7dd2252b99671ce5d1cb9664c5f8636329436d/library/std/src/panicking.rs:288:9
[INFO] [stdout]   10:     0x55db1071075e - std::panicking::rust_panic_with_hook::h2bb3722bbaf2f6df
[INFO] [stdout]                                at /rustc/1b7dd2252b99671ce5d1cb9664c5f8636329436d/library/std/src/panicking.rs:691:13
[INFO] [stdout]   11:     0x55db10710659 - std::panicking::begin_panic_handler::{{closure}}::h91bc7f36a4be011b
[INFO] [stdout]                                at /rustc/1b7dd2252b99671ce5d1cb9664c5f8636329436d/library/std/src/panicking.rs:582:13
[INFO] [stdout]   12:     0x55db1070f316 - std::sys_common::backtrace::__rust_end_short_backtrace::h8b3d3717114f9e59
[INFO] [stdout]                                at /rustc/1b7dd2252b99671ce5d1cb9664c5f8636329436d/library/std/src/sys_common/backtrace.rs:150:18
[INFO] [stdout]   13:     0x55db107103b2 - rust_begin_unwind
[INFO] [stdout]                                at /rustc/1b7dd2252b99671ce5d1cb9664c5f8636329436d/library/std/src/panicking.rs:578:5
[INFO] [stdout]   14:     0x55db106f5f23 - core::panicking::panic_fmt::hfd368e3fbdabea26
[INFO] [stdout]                                at /rustc/1b7dd2252b99671ce5d1cb9664c5f8636329436d/library/core/src/panicking.rs:67:14
[INFO] [stdout]   15:     0x55db106f619f - core::panicking::assert_failed_inner::haef49168e1798a91
[INFO] [stdout]   16:     0x55db106f69e6 - core::panicking::assert_failed::he94f680f896d8ac0
[INFO] [stdout]   17:     0x55db106f6b18 - rust_out::main::_doctest_main_src_path_fc_rs_107_0::hee60ce7fe5747029
[INFO] [stdout]   18:     0x55db106f6a06 - rust_out::main::h2731449a68dfa004
[INFO] [stdout]   19:     0x55db106f6843 - core::ops::function::FnOnce::call_once::hd1715aa1b26fc35c
[INFO] [stdout]   20:     0x55db106f6766 - std::sys_common::backtrace::__rust_begin_short_backtrace::h8d2b4d09ce515535
[INFO] [stdout]   21:     0x55db106f67b9 - std::rt::lang_start::{{closure}}::hc9a918c63b0dc835
[INFO] [stdout]   22:     0x55db1070adae - core::ops::function::impls::<impl core::ops::function::FnOnce<A> for &F>::call_once::h2eb19b8ce4148df4
[INFO] [stdout]                                at /rustc/1b7dd2252b99671ce5d1cb9664c5f8636329436d/library/core/src/ops/function.rs:287:13
[INFO] [stdout]   23:     0x55db1070adae - std::panicking::try::do_call::h2e900feff5d504c5
[INFO] [stdout]                                at /rustc/1b7dd2252b99671ce5d1cb9664c5f8636329436d/library/std/src/panicking.rs:485:40
[INFO] [stdout]   24:     0x55db1070adae - std::panicking::try::h8854836cb85aa9f2
[INFO] [stdout]                                at /rustc/1b7dd2252b99671ce5d1cb9664c5f8636329436d/library/std/src/panicking.rs:449:19
[INFO] [stdout]   25:     0x55db1070adae - std::panic::catch_unwind::h706025dd4c48f64b
[INFO] [stdout]                                at /rustc/1b7dd2252b99671ce5d1cb9664c5f8636329436d/library/std/src/panic.rs:140:14
[INFO] [stdout]   26:     0x55db1070adae - std::rt::lang_start_internal::{{closure}}::h7be5b97f4a07a91a
[INFO] [stdout]                                at /rustc/1b7dd2252b99671ce5d1cb9664c5f8636329436d/library/std/src/rt.rs:148:48
[INFO] [stdout]   27:     0x55db1070adae - std::panicking::try::do_call::h59847e9d0a176965
[INFO] [stdout]                                at /rustc/1b7dd2252b99671ce5d1cb9664c5f8636329436d/library/std/src/panicking.rs:485:40
[INFO] [stdout]   28:     0x55db1070adae - std::panicking::try::h399a918ba8522823
[INFO] [stdout]                                at /rustc/1b7dd2252b99671ce5d1cb9664c5f8636329436d/library/std/src/panicking.rs:449:19
[INFO] [stdout]   29:     0x55db1070adae - std::panic::catch_unwind::hca7ca6c55b2a2e26
[INFO] [stdout]                                at /rustc/1b7dd2252b99671ce5d1cb9664c5f8636329436d/library/std/src/panic.rs:140:14
[INFO] [stdout]   30:     0x55db1070adae - std::rt::lang_start_internal::h2c807a81560459eb
[INFO] [stdout]                                at /rustc/1b7dd2252b99671ce5d1cb9664c5f8636329436d/library/std/src/rt.rs:148:20
[INFO] [stdout]   31:     0x55db106f6797 - std::rt::lang_start::hc4bd3329ce767e23
[INFO] [stdout]   32:     0x55db106f6b75 - main
[INFO] [stdout]   33:     0x7f6d3c008d90 - <unknown>
[INFO] [stdout]   34:     0x7f6d3c008e40 - __libc_start_main
[INFO] [stdout]   35:     0x55db106f6455 - _start
[INFO] [stdout]   36:                0x0 - <unknown>
[INFO] [stdout] 
[INFO] [stdout] 
[INFO] [stdout] 
[INFO] [stdout] failures:
[INFO] [stdout]     src/path/fc.rs - path::fc::PredicateFileContentExt::from_file_path (line 107)
[INFO] [stdout] 
[INFO] [stdout] test result: FAILED. 46 passed; 1 failed; 0 ignored; 0 measured; 0 filtered out; finished in 3.78s
[INFO] [stdout] 
[INFO] [stderr] error: doctest failed, to rerun pass `--doc`
[INFO] running `Command { std: "docker" "inspect" "3b225a654c4ffe533d0fa2fd08c001a7081bb5dea296688560947daaa9f60742", kill_on_drop: false }`
[INFO] running `Command { std: "docker" "rm" "-f" "3b225a654c4ffe533d0fa2fd08c001a7081bb5dea296688560947daaa9f60742", kill_on_drop: false }`
[INFO] [stdout] 3b225a654c4ffe533d0fa2fd08c001a7081bb5dea296688560947daaa9f60742
