[INFO] fetching crate pokeapi-macro 1.1.4...
[INFO] testing pokeapi-macro-1.1.4 against 1.69.0 for beta-1.70-1
[INFO] extracting crate pokeapi-macro 1.1.4 into /workspace/builds/worker-3-tc1/source
[INFO] validating manifest of crates.io crate pokeapi-macro 1.1.4 on toolchain 1.69.0
[INFO] running `Command { std: CARGO_HOME="/workspace/cargo-home" RUSTUP_HOME="/workspace/rustup-home" "/workspace/cargo-home/bin/cargo" "+1.69.0" "metadata" "--manifest-path" "Cargo.toml" "--no-deps", kill_on_drop: false }`
[INFO] started tweaking crates.io crate pokeapi-macro 1.1.4
[INFO] finished tweaking crates.io crate pokeapi-macro 1.1.4
[INFO] tweaked toml for crates.io crate pokeapi-macro 1.1.4 written to /workspace/builds/worker-3-tc1/source/Cargo.toml
[INFO] running `Command { std: CARGO_HOME="/workspace/cargo-home" RUSTUP_HOME="/workspace/rustup-home" __CARGO_TEST_CHANNEL_OVERRIDE_DO_NOT_USE_THIS="nightly" "/workspace/cargo-home/bin/cargo" "+1.69.0" "generate-lockfile" "--manifest-path" "Cargo.toml" "-Zno-index-update", kill_on_drop: false }`
[INFO] running `Command { std: CARGO_HOME="/workspace/cargo-home" RUSTUP_HOME="/workspace/rustup-home" "/workspace/cargo-home/bin/cargo" "+1.69.0" "fetch" "--manifest-path" "Cargo.toml", kill_on_drop: false }`
[INFO] running `Command { std: "docker" "create" "-v" "/var/lib/crater-agent-workspace/builds/worker-3-tc1/target:/opt/rustwide/target:rw,Z" "-v" "/var/lib/crater-agent-workspace/builds/worker-3-tc1/source:/opt/rustwide/workdir:ro,Z" "-v" "/var/lib/crater-agent-workspace/cargo-home:/opt/rustwide/cargo-home:ro,Z" "-v" "/var/lib/crater-agent-workspace/rustup-home:/opt/rustwide/rustup-home:ro,Z" "-e" "SOURCE_DIR=/opt/rustwide/workdir" "-e" "CARGO_TARGET_DIR=/opt/rustwide/target" "-e" "CARGO_HOME=/opt/rustwide/cargo-home" "-e" "RUSTUP_HOME=/opt/rustwide/rustup-home" "-w" "/opt/rustwide/workdir" "-m" "1610612736" "--user" "0:0" "--network" "none" "ghcr.io/rust-lang/crates-build-env/linux@sha256:5ff2268d62e97bff2cde7d5815dd6ed5b47097566f13b8d0ca110b04b60e07ed" "/opt/rustwide/cargo-home/bin/cargo" "+1.69.0" "metadata" "--no-deps" "--format-version=1", kill_on_drop: false }`
[INFO] [stdout] 78e3726017c03aaccab3c3193d558336d2a43a6022a5a77329364eb562c2cd63
[INFO] running `Command { std: "docker" "start" "-a" "78e3726017c03aaccab3c3193d558336d2a43a6022a5a77329364eb562c2cd63", kill_on_drop: false }`
[INFO] running `Command { std: "docker" "inspect" "78e3726017c03aaccab3c3193d558336d2a43a6022a5a77329364eb562c2cd63", kill_on_drop: false }`
[INFO] running `Command { std: "docker" "rm" "-f" "78e3726017c03aaccab3c3193d558336d2a43a6022a5a77329364eb562c2cd63", kill_on_drop: false }`
[INFO] [stdout] 78e3726017c03aaccab3c3193d558336d2a43a6022a5a77329364eb562c2cd63
[INFO] running `Command { std: "docker" "create" "-v" "/var/lib/crater-agent-workspace/builds/worker-3-tc1/target:/opt/rustwide/target:rw,Z" "-v" "/var/lib/crater-agent-workspace/builds/worker-3-tc1/source:/opt/rustwide/workdir:ro,Z" "-v" "/var/lib/crater-agent-workspace/cargo-home:/opt/rustwide/cargo-home:ro,Z" "-v" "/var/lib/crater-agent-workspace/rustup-home:/opt/rustwide/rustup-home:ro,Z" "-e" "SOURCE_DIR=/opt/rustwide/workdir" "-e" "CARGO_TARGET_DIR=/opt/rustwide/target" "-e" "CARGO_INCREMENTAL=0" "-e" "RUST_BACKTRACE=full" "-e" "RUSTFLAGS=--cap-lints=warn" "-e" "RUSTDOCFLAGS=--cap-lints=warn" "-e" "CARGO_HOME=/opt/rustwide/cargo-home" "-e" "RUSTUP_HOME=/opt/rustwide/rustup-home" "-w" "/opt/rustwide/workdir" "-m" "1610612736" "--user" "0:0" "--network" "none" "ghcr.io/rust-lang/crates-build-env/linux@sha256:5ff2268d62e97bff2cde7d5815dd6ed5b47097566f13b8d0ca110b04b60e07ed" "/opt/rustwide/cargo-home/bin/cargo" "+1.69.0" "build" "--frozen" "--message-format=json", kill_on_drop: false }`
[INFO] [stdout] dca966d0451aeb6736d5c7a88bff308eb7e4ac2fe538f550a00a7a3d1506edfb
[INFO] running `Command { std: "docker" "start" "-a" "dca966d0451aeb6736d5c7a88bff308eb7e4ac2fe538f550a00a7a3d1506edfb", kill_on_drop: false }`
[INFO] [stderr]    Compiling proc-macro2 v1.0.56
[INFO] [stderr]    Compiling quote v1.0.26
[INFO] [stderr]    Compiling unicode-ident v1.0.8
[INFO] [stderr]    Compiling syn v1.0.109
[INFO] [stderr]    Compiling pokeapi-macro v1.1.4 (/opt/rustwide/workdir)
[INFO] [stderr]     Finished dev [unoptimized + debuginfo] target(s) in 5.19s
[INFO] running `Command { std: "docker" "inspect" "dca966d0451aeb6736d5c7a88bff308eb7e4ac2fe538f550a00a7a3d1506edfb", kill_on_drop: false }`
[INFO] running `Command { std: "docker" "rm" "-f" "dca966d0451aeb6736d5c7a88bff308eb7e4ac2fe538f550a00a7a3d1506edfb", kill_on_drop: false }`
[INFO] [stdout] dca966d0451aeb6736d5c7a88bff308eb7e4ac2fe538f550a00a7a3d1506edfb
[INFO] running `Command { std: "docker" "create" "-v" "/var/lib/crater-agent-workspace/builds/worker-3-tc1/target:/opt/rustwide/target:rw,Z" "-v" "/var/lib/crater-agent-workspace/builds/worker-3-tc1/source:/opt/rustwide/workdir:ro,Z" "-v" "/var/lib/crater-agent-workspace/cargo-home:/opt/rustwide/cargo-home:ro,Z" "-v" "/var/lib/crater-agent-workspace/rustup-home:/opt/rustwide/rustup-home:ro,Z" "-e" "SOURCE_DIR=/opt/rustwide/workdir" "-e" "CARGO_TARGET_DIR=/opt/rustwide/target" "-e" "CARGO_INCREMENTAL=0" "-e" "RUST_BACKTRACE=full" "-e" "RUSTFLAGS=--cap-lints=warn" "-e" "RUSTDOCFLAGS=--cap-lints=warn" "-e" "CARGO_HOME=/opt/rustwide/cargo-home" "-e" "RUSTUP_HOME=/opt/rustwide/rustup-home" "-w" "/opt/rustwide/workdir" "-m" "1610612736" "--user" "0:0" "--network" "none" "ghcr.io/rust-lang/crates-build-env/linux@sha256:5ff2268d62e97bff2cde7d5815dd6ed5b47097566f13b8d0ca110b04b60e07ed" "/opt/rustwide/cargo-home/bin/cargo" "+1.69.0" "test" "--frozen" "--no-run" "--message-format=json", kill_on_drop: false }`
[INFO] [stdout] 7cd95fb49af11ade075e268def223122861cb51288db8b1f86383077f6ea016d
[INFO] running `Command { std: "docker" "start" "-a" "7cd95fb49af11ade075e268def223122861cb51288db8b1f86383077f6ea016d", kill_on_drop: false }`
[INFO] [stderr]    Compiling pokeapi-macro v1.1.4 (/opt/rustwide/workdir)
[INFO] [stderr]     Finished test [unoptimized + debuginfo] target(s) in 0.56s
[INFO] running `Command { std: "docker" "inspect" "7cd95fb49af11ade075e268def223122861cb51288db8b1f86383077f6ea016d", kill_on_drop: false }`
[INFO] running `Command { std: "docker" "rm" "-f" "7cd95fb49af11ade075e268def223122861cb51288db8b1f86383077f6ea016d", kill_on_drop: false }`
[INFO] [stdout] 7cd95fb49af11ade075e268def223122861cb51288db8b1f86383077f6ea016d
[INFO] running `Command { std: "docker" "create" "-v" "/var/lib/crater-agent-workspace/builds/worker-3-tc1/target:/opt/rustwide/target:rw,Z" "-v" "/var/lib/crater-agent-workspace/builds/worker-3-tc1/source:/opt/rustwide/workdir:ro,Z" "-v" "/var/lib/crater-agent-workspace/cargo-home:/opt/rustwide/cargo-home:ro,Z" "-v" "/var/lib/crater-agent-workspace/rustup-home:/opt/rustwide/rustup-home:ro,Z" "-e" "SOURCE_DIR=/opt/rustwide/workdir" "-e" "CARGO_TARGET_DIR=/opt/rustwide/target" "-e" "CARGO_INCREMENTAL=0" "-e" "RUST_BACKTRACE=full" "-e" "RUSTFLAGS=--cap-lints=warn" "-e" "RUSTDOCFLAGS=--cap-lints=warn" "-e" "CARGO_HOME=/opt/rustwide/cargo-home" "-e" "RUSTUP_HOME=/opt/rustwide/rustup-home" "-w" "/opt/rustwide/workdir" "-m" "1610612736" "--user" "0:0" "--network" "none" "ghcr.io/rust-lang/crates-build-env/linux@sha256:5ff2268d62e97bff2cde7d5815dd6ed5b47097566f13b8d0ca110b04b60e07ed" "/opt/rustwide/cargo-home/bin/cargo" "+1.69.0" "test" "--frozen", kill_on_drop: false }`
[INFO] [stdout] ce4ef583ec233e34426254f00836133e9c4cdc16f03f1f5344687ade27098220
[INFO] running `Command { std: "docker" "start" "-a" "ce4ef583ec233e34426254f00836133e9c4cdc16f03f1f5344687ade27098220", kill_on_drop: false }`
[INFO] [stderr]     Finished test [unoptimized + debuginfo] target(s) in 0.00s
[INFO] [stderr]      Running unittests src/lib.rs (/opt/rustwide/target/debug/deps/pokeapi_macro-046dc82e7220701d)
[INFO] [stdout] 
[INFO] [stdout] running 0 tests
[INFO] [stdout] 
[INFO] [stdout] test result: ok. 0 passed; 0 failed; 0 ignored; 0 measured; 0 filtered out; finished in 0.00s
[INFO] [stdout] 
[INFO] [stderr]    Doc-tests pokeapi-macro
[INFO] [stdout] 
[INFO] [stdout] running 3 tests
[INFO] [stdout] test src/lib.rs - pokeapi_struct (line 66) ... ignored
[INFO] [stdout] test src/lib.rs - (line 21) ... FAILED
[INFO] [stdout] test src/lib.rs - (line 34) ... FAILED
[INFO] [stdout] 
[INFO] [stdout] failures:
[INFO] [stdout] 
[INFO] [stdout] ---- src/lib.rs - (line 21) stdout ----
[INFO] [stdout] error[E0433]: failed to resolve: use of undeclared crate or module `serde`
[INFO] [stdout]  --> src/lib.rs:24:1
[INFO] [stdout]   |
[INFO] [stdout] 6 | #[pokeapi_struct]
[INFO] [stdout]   | ^^^^^^^^^^^^^^^^^ use of undeclared crate or module `serde`
[INFO] [stdout]   |
[INFO] [stdout]   = note: this error originates in the attribute macro `pokeapi_struct` (in Nightly builds, run with -Z macro-backtrace for more info)
[INFO] [stdout] 
[INFO] [stdout] error: cannot find attribute `serde` in this scope
[INFO] [stdout]  --> src/lib.rs:24:1
[INFO] [stdout]   |
[INFO] [stdout] 6 | #[pokeapi_struct]
[INFO] [stdout]   | ^^^^^^^^^^^^^^^^^
[INFO] [stdout]   |
[INFO] [stdout]   = note: this error originates in the attribute macro `pokeapi_struct` (in Nightly builds, run with -Z macro-backtrace for more info)
[INFO] [stdout] 
[INFO] [stdout] error: aborting due to 2 previous errors
[INFO] [stdout] 
[INFO] [stdout] For more information about this error, try `rustc --explain E0433`.
[INFO] [stdout] Couldn't compile the test.
[INFO] [stdout] ---- src/lib.rs - (line 34) stdout ----
[INFO] [stdout] error[E0433]: failed to resolve: use of undeclared crate or module `serde`
[INFO] [stdout]  --> src/lib.rs:35:45
[INFO] [stdout]   |
[INFO] [stdout] 3 | #[derive(Debug, Clone, PartialEq, Eq, Hash, serde::Serialize, serde::Deserialize)]
[INFO] [stdout]   |                                             ^^^^^ use of undeclared crate or module `serde`
[INFO] [stdout] 
[INFO] [stdout] error[E0433]: failed to resolve: use of undeclared crate or module `serde`
[INFO] [stdout]  --> src/lib.rs:35:63
[INFO] [stdout]   |
[INFO] [stdout] 3 | #[derive(Debug, Clone, PartialEq, Eq, Hash, serde::Serialize, serde::Deserialize)]
[INFO] [stdout]   |                                                               ^^^^^ use of undeclared crate or module `serde`
[INFO] [stdout] 
[INFO] [stdout] error: cannot find attribute `serde` in this scope
[INFO] [stdout]  --> src/lib.rs:39:7
[INFO] [stdout]   |
[INFO] [stdout] 7 |     #[serde(skip)]
[INFO] [stdout]   |       ^^^^^
[INFO] [stdout] 
[INFO] [stdout] error: aborting due to 3 previous errors
[INFO] [stdout] 
[INFO] [stdout] For more information about this error, try `rustc --explain E0433`.
[INFO] [stdout] Couldn't compile the test.
[INFO] [stdout] 
[INFO] [stdout] failures:
[INFO] [stdout]     src/lib.rs - (line 21)
[INFO] [stdout]     src/lib.rs - (line 34)
[INFO] [stdout] 
[INFO] [stdout] test result: FAILED. 0 passed; 2 failed; 1 ignored; 0 measured; 0 filtered out; finished in 0.05s
[INFO] [stdout] 
[INFO] [stderr] error: doctest failed, to rerun pass `--doc`
[INFO] running `Command { std: "docker" "inspect" "ce4ef583ec233e34426254f00836133e9c4cdc16f03f1f5344687ade27098220", kill_on_drop: false }`
[INFO] running `Command { std: "docker" "rm" "-f" "ce4ef583ec233e34426254f00836133e9c4cdc16f03f1f5344687ade27098220", kill_on_drop: false }`
[INFO] [stdout] ce4ef583ec233e34426254f00836133e9c4cdc16f03f1f5344687ade27098220
