[INFO] fetching crate poem-grpc-build 0.2.19...
[INFO] testing poem-grpc-build-0.2.19 against 1.69.0 for beta-1.70-1
[INFO] extracting crate poem-grpc-build 0.2.19 into /workspace/builds/worker-2-tc1/source
[INFO] validating manifest of crates.io crate poem-grpc-build 0.2.19 on toolchain 1.69.0
[INFO] running `Command { std: CARGO_HOME="/workspace/cargo-home" RUSTUP_HOME="/workspace/rustup-home" "/workspace/cargo-home/bin/cargo" "+1.69.0" "metadata" "--manifest-path" "Cargo.toml" "--no-deps", kill_on_drop: false }`
[INFO] started tweaking crates.io crate poem-grpc-build 0.2.19
[INFO] finished tweaking crates.io crate poem-grpc-build 0.2.19
[INFO] tweaked toml for crates.io crate poem-grpc-build 0.2.19 written to /workspace/builds/worker-2-tc1/source/Cargo.toml
[INFO] running `Command { std: CARGO_HOME="/workspace/cargo-home" RUSTUP_HOME="/workspace/rustup-home" __CARGO_TEST_CHANNEL_OVERRIDE_DO_NOT_USE_THIS="nightly" "/workspace/cargo-home/bin/cargo" "+1.69.0" "generate-lockfile" "--manifest-path" "Cargo.toml" "-Zno-index-update", kill_on_drop: false }`
[INFO] running `Command { std: CARGO_HOME="/workspace/cargo-home" RUSTUP_HOME="/workspace/rustup-home" "/workspace/cargo-home/bin/cargo" "+1.69.0" "fetch" "--manifest-path" "Cargo.toml", kill_on_drop: false }`
[INFO] running `Command { std: "docker" "create" "-v" "/var/lib/crater-agent-workspace/builds/worker-2-tc1/target:/opt/rustwide/target:rw,Z" "-v" "/var/lib/crater-agent-workspace/builds/worker-2-tc1/source:/opt/rustwide/workdir:ro,Z" "-v" "/var/lib/crater-agent-workspace/cargo-home:/opt/rustwide/cargo-home:ro,Z" "-v" "/var/lib/crater-agent-workspace/rustup-home:/opt/rustwide/rustup-home:ro,Z" "-e" "SOURCE_DIR=/opt/rustwide/workdir" "-e" "CARGO_TARGET_DIR=/opt/rustwide/target" "-e" "CARGO_HOME=/opt/rustwide/cargo-home" "-e" "RUSTUP_HOME=/opt/rustwide/rustup-home" "-w" "/opt/rustwide/workdir" "-m" "1610612736" "--user" "0:0" "--network" "none" "ghcr.io/rust-lang/crates-build-env/linux@sha256:5ff2268d62e97bff2cde7d5815dd6ed5b47097566f13b8d0ca110b04b60e07ed" "/opt/rustwide/cargo-home/bin/cargo" "+1.69.0" "metadata" "--no-deps" "--format-version=1", kill_on_drop: false }`
[INFO] [stdout] 6b2643d18358a72b52e28d6b5835dd67b4276e6c6ff6a11b3951a2162c3337e6
[INFO] running `Command { std: "docker" "start" "-a" "6b2643d18358a72b52e28d6b5835dd67b4276e6c6ff6a11b3951a2162c3337e6", kill_on_drop: false }`
[INFO] running `Command { std: "docker" "inspect" "6b2643d18358a72b52e28d6b5835dd67b4276e6c6ff6a11b3951a2162c3337e6", kill_on_drop: false }`
[INFO] running `Command { std: "docker" "rm" "-f" "6b2643d18358a72b52e28d6b5835dd67b4276e6c6ff6a11b3951a2162c3337e6", kill_on_drop: false }`
[INFO] [stdout] 6b2643d18358a72b52e28d6b5835dd67b4276e6c6ff6a11b3951a2162c3337e6
[INFO] running `Command { std: "docker" "create" "-v" "/var/lib/crater-agent-workspace/builds/worker-2-tc1/target:/opt/rustwide/target:rw,Z" "-v" "/var/lib/crater-agent-workspace/builds/worker-2-tc1/source:/opt/rustwide/workdir:ro,Z" "-v" "/var/lib/crater-agent-workspace/cargo-home:/opt/rustwide/cargo-home:ro,Z" "-v" "/var/lib/crater-agent-workspace/rustup-home:/opt/rustwide/rustup-home:ro,Z" "-e" "SOURCE_DIR=/opt/rustwide/workdir" "-e" "CARGO_TARGET_DIR=/opt/rustwide/target" "-e" "CARGO_INCREMENTAL=0" "-e" "RUST_BACKTRACE=full" "-e" "RUSTFLAGS=--cap-lints=warn" "-e" "RUSTDOCFLAGS=--cap-lints=warn" "-e" "CARGO_HOME=/opt/rustwide/cargo-home" "-e" "RUSTUP_HOME=/opt/rustwide/rustup-home" "-w" "/opt/rustwide/workdir" "-m" "1610612736" "--user" "0:0" "--network" "none" "ghcr.io/rust-lang/crates-build-env/linux@sha256:5ff2268d62e97bff2cde7d5815dd6ed5b47097566f13b8d0ca110b04b60e07ed" "/opt/rustwide/cargo-home/bin/cargo" "+1.69.0" "build" "--frozen" "--message-format=json", kill_on_drop: false }`
[INFO] [stdout] 3f8591dc8335ddeafeabf410227f688aebaa0eb332c14c19f7d13602e52704f2
[INFO] running `Command { std: "docker" "start" "-a" "3f8591dc8335ddeafeabf410227f688aebaa0eb332c14c19f7d13602e52704f2", kill_on_drop: false }`
[INFO] [stderr]    Compiling proc-macro2 v1.0.56
[INFO] [stderr]    Compiling unicode-ident v1.0.8
[INFO] [stderr]    Compiling quote v1.0.26
[INFO] [stderr]    Compiling syn v1.0.109
[INFO] [stderr]    Compiling libc v0.2.142
[INFO] [stderr]    Compiling autocfg v1.1.0
[INFO] [stderr]    Compiling anyhow v1.0.71
[INFO] [stderr]    Compiling either v1.8.1
[INFO] [stderr]    Compiling io-lifetimes v1.0.10
[INFO] [stderr]    Compiling hashbrown v0.12.3
[INFO] [stderr]    Compiling rustix v0.37.18
[INFO] [stderr]    Compiling prettyplease v0.1.25
[INFO] [stderr]    Compiling log v0.4.17
[INFO] [stderr]    Compiling cfg-if v1.0.0
[INFO] [stderr]    Compiling bytes v1.4.0
[INFO] [stderr]    Compiling bitflags v1.3.2
[INFO] [stderr]    Compiling linux-raw-sys v0.3.6
[INFO] [stderr]    Compiling fixedbitset v0.4.2
[INFO] [stderr]    Compiling toml_datetime v0.6.1
[INFO] [stderr]    Compiling itertools v0.10.5
[INFO] [stderr]    Compiling fastrand v1.9.0
[INFO] [stderr]    Compiling winnow v0.4.4
[INFO] [stderr]    Compiling indexmap v1.9.3
[INFO] [stderr]    Compiling regex-syntax v0.7.1
[INFO] [stderr]    Compiling multimap v0.8.3
[INFO] [stderr]    Compiling heck v0.4.1
[INFO] [stderr]    Compiling lazy_static v1.4.0
[INFO] [stderr]    Compiling once_cell v1.17.1
[INFO] [stderr]    Compiling petgraph v0.6.3
[INFO] [stderr]    Compiling which v4.4.0
[INFO] [stderr]    Compiling regex v1.8.1
[INFO] [stderr]    Compiling toml_edit v0.19.8
[INFO] [stderr]    Compiling proc-macro-crate v1.3.1
[INFO] [stderr]    Compiling tempfile v3.5.0
[INFO] [stderr]    Compiling prost-derive v0.11.9
[INFO] [stderr]    Compiling prost v0.11.9
[INFO] [stderr]    Compiling prost-types v0.11.9
[INFO] [stderr]    Compiling prost-build v0.11.9
[INFO] [stderr]    Compiling poem-grpc-build v0.2.19 (/opt/rustwide/workdir)
[INFO] [stderr]     Finished dev [unoptimized + debuginfo] target(s) in 10.07s
[INFO] running `Command { std: "docker" "inspect" "3f8591dc8335ddeafeabf410227f688aebaa0eb332c14c19f7d13602e52704f2", kill_on_drop: false }`
[INFO] running `Command { std: "docker" "rm" "-f" "3f8591dc8335ddeafeabf410227f688aebaa0eb332c14c19f7d13602e52704f2", kill_on_drop: false }`
[INFO] [stdout] 3f8591dc8335ddeafeabf410227f688aebaa0eb332c14c19f7d13602e52704f2
[INFO] running `Command { std: "docker" "create" "-v" "/var/lib/crater-agent-workspace/builds/worker-2-tc1/target:/opt/rustwide/target:rw,Z" "-v" "/var/lib/crater-agent-workspace/builds/worker-2-tc1/source:/opt/rustwide/workdir:ro,Z" "-v" "/var/lib/crater-agent-workspace/cargo-home:/opt/rustwide/cargo-home:ro,Z" "-v" "/var/lib/crater-agent-workspace/rustup-home:/opt/rustwide/rustup-home:ro,Z" "-e" "SOURCE_DIR=/opt/rustwide/workdir" "-e" "CARGO_TARGET_DIR=/opt/rustwide/target" "-e" "CARGO_INCREMENTAL=0" "-e" "RUST_BACKTRACE=full" "-e" "RUSTFLAGS=--cap-lints=warn" "-e" "RUSTDOCFLAGS=--cap-lints=warn" "-e" "CARGO_HOME=/opt/rustwide/cargo-home" "-e" "RUSTUP_HOME=/opt/rustwide/rustup-home" "-w" "/opt/rustwide/workdir" "-m" "1610612736" "--user" "0:0" "--network" "none" "ghcr.io/rust-lang/crates-build-env/linux@sha256:5ff2268d62e97bff2cde7d5815dd6ed5b47097566f13b8d0ca110b04b60e07ed" "/opt/rustwide/cargo-home/bin/cargo" "+1.69.0" "test" "--frozen" "--no-run" "--message-format=json", kill_on_drop: false }`
[INFO] [stdout] dbc76f9757d319dfa2ee09d027710382420cedbc59660163fe2ebce5f67dae30
[INFO] running `Command { std: "docker" "start" "-a" "dbc76f9757d319dfa2ee09d027710382420cedbc59660163fe2ebce5f67dae30", kill_on_drop: false }`
[INFO] [stderr]    Compiling poem-grpc-build v0.2.19 (/opt/rustwide/workdir)
[INFO] [stderr]     Finished test [unoptimized + debuginfo] target(s) in 0.44s
[INFO] running `Command { std: "docker" "inspect" "dbc76f9757d319dfa2ee09d027710382420cedbc59660163fe2ebce5f67dae30", kill_on_drop: false }`
[INFO] running `Command { std: "docker" "rm" "-f" "dbc76f9757d319dfa2ee09d027710382420cedbc59660163fe2ebce5f67dae30", kill_on_drop: false }`
[INFO] [stdout] dbc76f9757d319dfa2ee09d027710382420cedbc59660163fe2ebce5f67dae30
[INFO] running `Command { std: "docker" "create" "-v" "/var/lib/crater-agent-workspace/builds/worker-2-tc1/target:/opt/rustwide/target:rw,Z" "-v" "/var/lib/crater-agent-workspace/builds/worker-2-tc1/source:/opt/rustwide/workdir:ro,Z" "-v" "/var/lib/crater-agent-workspace/cargo-home:/opt/rustwide/cargo-home:ro,Z" "-v" "/var/lib/crater-agent-workspace/rustup-home:/opt/rustwide/rustup-home:ro,Z" "-e" "SOURCE_DIR=/opt/rustwide/workdir" "-e" "CARGO_TARGET_DIR=/opt/rustwide/target" "-e" "CARGO_INCREMENTAL=0" "-e" "RUST_BACKTRACE=full" "-e" "RUSTFLAGS=--cap-lints=warn" "-e" "RUSTDOCFLAGS=--cap-lints=warn" "-e" "CARGO_HOME=/opt/rustwide/cargo-home" "-e" "RUSTUP_HOME=/opt/rustwide/rustup-home" "-w" "/opt/rustwide/workdir" "-m" "1610612736" "--user" "0:0" "--network" "none" "ghcr.io/rust-lang/crates-build-env/linux@sha256:5ff2268d62e97bff2cde7d5815dd6ed5b47097566f13b8d0ca110b04b60e07ed" "/opt/rustwide/cargo-home/bin/cargo" "+1.69.0" "test" "--frozen", kill_on_drop: false }`
[INFO] [stdout] 53cc5be38e498321762feaea9b4b2909aaf87df7c7c7309edeceb4fdf15cc257
[INFO] running `Command { std: "docker" "start" "-a" "53cc5be38e498321762feaea9b4b2909aaf87df7c7c7309edeceb4fdf15cc257", kill_on_drop: false }`
[INFO] [stderr]     Finished test [unoptimized + debuginfo] target(s) in 0.03s
[INFO] [stderr]      Running unittests src/lib.rs (/opt/rustwide/target/debug/deps/poem_grpc_build-493863965b5f7441)
[INFO] [stdout] 
[INFO] [stdout] running 0 tests
[INFO] [stdout] 
[INFO] [stdout] test result: ok. 0 passed; 0 failed; 0 ignored; 0 measured; 0 filtered out; finished in 0.00s
[INFO] [stdout] 
[INFO] [stderr]    Doc-tests poem-grpc-build
[INFO] [stdout] 
[INFO] [stdout] running 5 tests
[INFO] [stdout] test src/config.rs - config::Config::codec (line 77) ... FAILED
[INFO] [stdout] test src/config.rs - config::Config::type_attribute (line 226) ... FAILED
[INFO] [stdout] test src/config.rs - config::Config::bytes (line 165) ... FAILED
[INFO] [stdout] test src/config.rs - config::Config::btree_map (line 106) ... FAILED
[INFO] [stdout] test src/config.rs - config::Config::field_attribute (line 281) ... ok
[INFO] [stdout] 
[INFO] [stdout] failures:
[INFO] [stdout] 
[INFO] [stdout] ---- src/config.rs - config::Config::codec (line 77) stdout ----
[INFO] [stdout] error[E0382]: use of moved value: `config`
[INFO] [stdout]   --> src/config.rs:80:1
[INFO] [stdout]    |
[INFO] [stdout] 4  | let mut config = poem_grpc_build::Config::new();
[INFO] [stdout]    |     ---------- move occurs because `config` has type `Config`, which does not implement the `Copy` trait
[INFO] [stdout] 5  | config.codec("::poem_grpc::codec::ProstCodec");
[INFO] [stdout]    |        --------------------------------------- `config` moved due to this method call
[INFO] [stdout] 6  | config.codec("::poem_grpc::codec::JsonCodec");
[INFO] [stdout]    | ^^^^^^ value used here after move
[INFO] [stdout]    |
[INFO] [stdout] note: `Config::codec` takes ownership of the receiver `self`, which moves `config`
[INFO] [stdout]   --> /opt/rustwide/workdir/src/config.rs:82:22
[INFO] [stdout]    |
[INFO] [stdout] 82 |     pub fn codec(mut self, path: impl Into<String>) -> Self {
[INFO] [stdout]    |                      ^^^^
[INFO] [stdout] 
[INFO] [stdout] error: aborting due to previous error
[INFO] [stdout] 
[INFO] [stdout] For more information about this error, try `rustc --explain E0382`.
[INFO] [stdout] Couldn't compile the test.
[INFO] [stdout] ---- src/config.rs - config::Config::type_attribute (line 226) stdout ----
[INFO] [stdout] error[E0382]: use of moved value: `config`
[INFO] [stdout]    --> src/config.rs:231:1
[INFO] [stdout]     |
[INFO] [stdout] 4   | let mut config = poem_grpc_build::Config::new();
[INFO] [stdout]     |     ---------- move occurs because `config` has type `Config`, which does not implement the `Copy` trait
[INFO] [stdout] 5   | // Nothing around uses floats, so we can derive real `Eq` in addition to `PartialEq`.
[INFO] [stdout] 6   | config.type_attribute(".", "#[derive(Eq)]");
[INFO] [stdout]     |        ------------------------------------ `config` moved due to this method call
[INFO] [stdout] 7   | // Some messages want to be serializable with serde as well.
[INFO] [stdout] 8   | config.type_attribute(
[INFO] [stdout]     | ^^^^^^ value used here after move
[INFO] [stdout]     |
[INFO] [stdout] note: `Config::type_attribute` takes ownership of the receiver `self`, which moves `config`
[INFO] [stdout]    --> /opt/rustwide/workdir/src/config.rs:252:37
[INFO] [stdout]     |
[INFO] [stdout] 252 |     pub fn type_attribute<P, A>(mut self, path: P, attribute: A) -> Self
[INFO] [stdout]     |                                     ^^^^
[INFO] [stdout] 
[INFO] [stdout] error[E0382]: use of moved value: `config`
[INFO] [stdout]   --> src/config.rs:235:1
[INFO] [stdout]    |
[INFO] [stdout] 4  |   let mut config = poem_grpc_build::Config::new();
[INFO] [stdout]    |       ---------- move occurs because `config` has type `Config`, which does not implement the `Copy` trait
[INFO] [stdout] ...
[INFO] [stdout] 8  |   config.type_attribute(
[INFO] [stdout]    |  ________-
[INFO] [stdout] 9  | |     "my_messages.MyMessageType",
[INFO] [stdout] 10 | |     "#[derive(Serialize)] #[serde(rename-all = \"snake_case\")]",
[INFO] [stdout] 11 | | );
[INFO] [stdout]    | |_- `config` moved due to this method call
[INFO] [stdout] 12 |   config.type_attribute(
[INFO] [stdout]    |   ^^^^^^ value used here after move
[INFO] [stdout] 
[INFO] [stdout] error: aborting due to 2 previous errors
[INFO] [stdout] 
[INFO] [stdout] For more information about this error, try `rustc --explain E0382`.
[INFO] [stdout] Couldn't compile the test.
[INFO] [stdout] ---- src/config.rs - config::Config::bytes (line 165) stdout ----
[INFO] [stdout] error[E0382]: use of moved value: `config`
[INFO] [stdout]    --> src/config.rs:171:1
[INFO] [stdout]     |
[INFO] [stdout] 4   | let mut config = poem_grpc_build::Config::new();
[INFO] [stdout]     |     ---------- move occurs because `config` has type `Config`, which does not implement the `Copy` trait
[INFO] [stdout] 5   | // Match a specific field in a message type.
[INFO] [stdout] 6   | config.bytes(&[".my_messages.MyMessageType.my_bytes_field"]);
[INFO] [stdout]     |        ----------------------------------------------------- `config` moved due to this method call
[INFO] [stdout] ...
[INFO] [stdout] 9   | config.bytes(&[".my_messages.MyMessageType"]);
[INFO] [stdout]     | ^^^^^^ value used here after move
[INFO] [stdout]     |
[INFO] [stdout] note: `Config::bytes` takes ownership of the receiver `self`, which moves `config`
[INFO] [stdout]    --> /opt/rustwide/workdir/src/config.rs:196:28
[INFO] [stdout]     |
[INFO] [stdout] 196 |     pub fn bytes<I, S>(mut self, paths: I) -> Self
[INFO] [stdout]     |                            ^^^^
[INFO] [stdout] 
[INFO] [stdout] error[E0382]: use of moved value: `config`
[INFO] [stdout]   --> src/config.rs:174:1
[INFO] [stdout]    |
[INFO] [stdout] 4  | let mut config = poem_grpc_build::Config::new();
[INFO] [stdout]    |     ---------- move occurs because `config` has type `Config`, which does not implement the `Copy` trait
[INFO] [stdout] ...
[INFO] [stdout] 9  | config.bytes(&[".my_messages.MyMessageType"]);
[INFO] [stdout]    |        -------------------------------------- `config` moved due to this method call
[INFO] [stdout] ...
[INFO] [stdout] 12 | config.bytes(&[".my_messages"]);
[INFO] [stdout]    | ^^^^^^ value used here after move
[INFO] [stdout] 
[INFO] [stdout] error[E0382]: use of moved value: `config`
[INFO] [stdout]   --> src/config.rs:177:1
[INFO] [stdout]    |
[INFO] [stdout] 4  | let mut config = poem_grpc_build::Config::new();
[INFO] [stdout]    |     ---------- move occurs because `config` has type `Config`, which does not implement the `Copy` trait
[INFO] [stdout] ...
[INFO] [stdout] 12 | config.bytes(&[".my_messages"]);
[INFO] [stdout]    |        ------------------------ `config` moved due to this method call
[INFO] [stdout] ...
[INFO] [stdout] 15 | config.bytes(&["."]);
[INFO] [stdout]    | ^^^^^^ value used here after move
[INFO] [stdout] 
[INFO] [stdout] error[E0382]: use of moved value: `config`
[INFO] [stdout]   --> src/config.rs:180:1
[INFO] [stdout]    |
[INFO] [stdout] 4  | let mut config = poem_grpc_build::Config::new();
[INFO] [stdout]    |     ---------- move occurs because `config` has type `Config`, which does not implement the `Copy` trait
[INFO] [stdout] ...
[INFO] [stdout] 15 | config.bytes(&["."]);
[INFO] [stdout]    |        ------------- `config` moved due to this method call
[INFO] [stdout] ...
[INFO] [stdout] 18 | config.bytes(&[".my_messages.MyMessageType.MyNestedMessageType"]);
[INFO] [stdout]    | ^^^^^^ value used here after move
[INFO] [stdout] 
[INFO] [stdout] error[E0382]: use of moved value: `config`
[INFO] [stdout]   --> src/config.rs:183:1
[INFO] [stdout]    |
[INFO] [stdout] 4  | let mut config = poem_grpc_build::Config::new();
[INFO] [stdout]    |     ---------- move occurs because `config` has type `Config`, which does not implement the `Copy` trait
[INFO] [stdout] ...
[INFO] [stdout] 18 | config.bytes(&[".my_messages.MyMessageType.MyNestedMessageType"]);
[INFO] [stdout]    |        ---------------------------------------------------------- `config` moved due to this method call
[INFO] [stdout] ...
[INFO] [stdout] 21 | config.bytes(&["my_bytes_field"]);
[INFO] [stdout]    | ^^^^^^ value used here after move
[INFO] [stdout] 
[INFO] [stdout] error[E0382]: use of moved value: `config`
[INFO] [stdout]   --> src/config.rs:187:1
[INFO] [stdout]    |
[INFO] [stdout] 4  | let mut config = poem_grpc_build::Config::new();
[INFO] [stdout]    |     ---------- move occurs because `config` has type `Config`, which does not implement the `Copy` trait
[INFO] [stdout] ...
[INFO] [stdout] 21 | config.bytes(&["my_bytes_field"]);
[INFO] [stdout]    |        -------------------------- `config` moved due to this method call
[INFO] [stdout] ...
[INFO] [stdout] 25 | config.bytes(&["MyMessageType.my_bytes_field"]);
[INFO] [stdout]    | ^^^^^^ value used here after move
[INFO] [stdout] 
[INFO] [stdout] error[E0382]: use of moved value: `config`
[INFO] [stdout]   --> src/config.rs:190:1
[INFO] [stdout]    |
[INFO] [stdout] 4  | let mut config = poem_grpc_build::Config::new();
[INFO] [stdout]    |     ---------- move occurs because `config` has type `Config`, which does not implement the `Copy` trait
[INFO] [stdout] ...
[INFO] [stdout] 25 | config.bytes(&["MyMessageType.my_bytes_field"]);
[INFO] [stdout]    |        ---------------------------------------- `config` moved due to this method call
[INFO] [stdout] ...
[INFO] [stdout] 28 | config.bytes(&["my_bytes_field", ".foo.bar"]);
[INFO] [stdout]    | ^^^^^^ value used here after move
[INFO] [stdout] 
[INFO] [stdout] error: aborting due to 7 previous errors
[INFO] [stdout] 
[INFO] [stdout] For more information about this error, try `rustc --explain E0382`.
[INFO] [stdout] Couldn't compile the test.
[INFO] [stdout] ---- src/config.rs - config::Config::btree_map (line 106) stdout ----
[INFO] [stdout] error[E0382]: use of moved value: `config`
[INFO] [stdout]    --> src/config.rs:112:1
[INFO] [stdout]     |
[INFO] [stdout] 4   | let mut config = poem_grpc_build::Config::new();
[INFO] [stdout]     |     ---------- move occurs because `config` has type `Config`, which does not implement the `Copy` trait
[INFO] [stdout] 5   | // Match a specific field in a message type.
[INFO] [stdout] 6   | config.btree_map(&[".my_messages.MyMessageType.my_map_field"]);
[INFO] [stdout]     |        ------------------------------------------------------- `config` moved due to this method call
[INFO] [stdout] ...
[INFO] [stdout] 9   | config.btree_map(&[".my_messages.MyMessageType"]);
[INFO] [stdout]     | ^^^^^^ value used here after move
[INFO] [stdout]     |
[INFO] [stdout] note: `Config::btree_map` takes ownership of the receiver `self`, which moves `config`
[INFO] [stdout]    --> /opt/rustwide/workdir/src/config.rs:137:32
[INFO] [stdout]     |
[INFO] [stdout] 137 |     pub fn btree_map<I, S>(mut self, paths: I) -> Self
[INFO] [stdout]     |                                ^^^^
[INFO] [stdout] 
[INFO] [stdout] error[E0382]: use of moved value: `config`
[INFO] [stdout]   --> src/config.rs:115:1
[INFO] [stdout]    |
[INFO] [stdout] 4  | let mut config = poem_grpc_build::Config::new();
[INFO] [stdout]    |     ---------- move occurs because `config` has type `Config`, which does not implement the `Copy` trait
[INFO] [stdout] ...
[INFO] [stdout] 9  | config.btree_map(&[".my_messages.MyMessageType"]);
[INFO] [stdout]    |        ------------------------------------------ `config` moved due to this method call
[INFO] [stdout] ...
[INFO] [stdout] 12 | config.btree_map(&[".my_messages"]);
[INFO] [stdout]    | ^^^^^^ value used here after move
[INFO] [stdout] 
[INFO] [stdout] error[E0382]: use of moved value: `config`
[INFO] [stdout]   --> src/config.rs:118:1
[INFO] [stdout]    |
[INFO] [stdout] 4  | let mut config = poem_grpc_build::Config::new();
[INFO] [stdout]    |     ---------- move occurs because `config` has type `Config`, which does not implement the `Copy` trait
[INFO] [stdout] ...
[INFO] [stdout] 12 | config.btree_map(&[".my_messages"]);
[INFO] [stdout]    |        ---------------------------- `config` moved due to this method call
[INFO] [stdout] ...
[INFO] [stdout] 15 | config.btree_map(&["."]);
[INFO] [stdout]    | ^^^^^^ value used here after move
[INFO] [stdout] 
[INFO] [stdout] error[E0382]: use of moved value: `config`
[INFO] [stdout]   --> src/config.rs:121:1
[INFO] [stdout]    |
[INFO] [stdout] 4  | let mut config = poem_grpc_build::Config::new();
[INFO] [stdout]    |     ---------- move occurs because `config` has type `Config`, which does not implement the `Copy` trait
[INFO] [stdout] ...
[INFO] [stdout] 15 | config.btree_map(&["."]);
[INFO] [stdout]    |        ----------------- `config` moved due to this method call
[INFO] [stdout] ...
[INFO] [stdout] 18 | config.btree_map(&[".my_messages.MyMessageType.MyNestedMessageType"]);
[INFO] [stdout]    | ^^^^^^ value used here after move
[INFO] [stdout] 
[INFO] [stdout] error[E0382]: use of moved value: `config`
[INFO] [stdout]   --> src/config.rs:124:1
[INFO] [stdout]    |
[INFO] [stdout] 4  | let mut config = poem_grpc_build::Config::new();
[INFO] [stdout]    |     ---------- move occurs because `config` has type `Config`, which does not implement the `Copy` trait
[INFO] [stdout] ...
[INFO] [stdout] 18 | config.btree_map(&[".my_messages.MyMessageType.MyNestedMessageType"]);
[INFO] [stdout]    |        -------------------------------------------------------------- `config` moved due to this method call
[INFO] [stdout] ...
[INFO] [stdout] 21 | config.btree_map(&["my_map_field"]);
[INFO] [stdout]    | ^^^^^^ value used here after move
[INFO] [stdout] 
[INFO] [stdout] error[E0382]: use of moved value: `config`
[INFO] [stdout]   --> src/config.rs:128:1
[INFO] [stdout]    |
[INFO] [stdout] 4  | let mut config = poem_grpc_build::Config::new();
[INFO] [stdout]    |     ---------- move occurs because `config` has type `Config`, which does not implement the `Copy` trait
[INFO] [stdout] ...
[INFO] [stdout] 21 | config.btree_map(&["my_map_field"]);
[INFO] [stdout]    |        ---------------------------- `config` moved due to this method call
[INFO] [stdout] ...
[INFO] [stdout] 25 | config.btree_map(&["MyMessageType.my_map_field"]);
[INFO] [stdout]    | ^^^^^^ value used here after move
[INFO] [stdout] 
[INFO] [stdout] error[E0382]: use of moved value: `config`
[INFO] [stdout]   --> src/config.rs:131:1
[INFO] [stdout]    |
[INFO] [stdout] 4  | let mut config = poem_grpc_build::Config::new();
[INFO] [stdout]    |     ---------- move occurs because `config` has type `Config`, which does not implement the `Copy` trait
[INFO] [stdout] ...
[INFO] [stdout] 25 | config.btree_map(&["MyMessageType.my_map_field"]);
[INFO] [stdout]    |        ------------------------------------------ `config` moved due to this method call
[INFO] [stdout] ...
[INFO] [stdout] 28 | config.btree_map(&["my_map_field", ".foo.bar"]);
[INFO] [stdout]    | ^^^^^^ value used here after move
[INFO] [stdout] 
[INFO] [stdout] error: aborting due to 7 previous errors
[INFO] [stdout] 
[INFO] [stdout] For more information about this error, try `rustc --explain E0382`.
[INFO] [stdout] Couldn't compile the test.
[INFO] [stdout] 
[INFO] [stdout] failures:
[INFO] [stdout]     src/config.rs - config::Config::btree_map (line 106)
[INFO] [stdout]     src/config.rs - config::Config::bytes (line 165)
[INFO] [stdout]     src/config.rs - config::Config::codec (line 77)
[INFO] [stdout]     src/config.rs - config::Config::type_attribute (line 226)
[INFO] [stdout] 
[INFO] [stdout] test result: FAILED. 1 passed; 4 failed; 0 ignored; 0 measured; 0 filtered out; finished in 0.91s
[INFO] [stdout] 
[INFO] [stderr] error: doctest failed, to rerun pass `--doc`
[INFO] running `Command { std: "docker" "inspect" "53cc5be38e498321762feaea9b4b2909aaf87df7c7c7309edeceb4fdf15cc257", kill_on_drop: false }`
[INFO] running `Command { std: "docker" "rm" "-f" "53cc5be38e498321762feaea9b4b2909aaf87df7c7c7309edeceb4fdf15cc257", kill_on_drop: false }`
[INFO] [stdout] 53cc5be38e498321762feaea9b4b2909aaf87df7c7c7309edeceb4fdf15cc257
