[INFO] fetching crate pixels 0.12.1...
[INFO] testing pixels-0.12.1 against 1.69.0 for beta-1.70-1
[INFO] extracting crate pixels 0.12.1 into /workspace/builds/worker-1-tc1/source
[INFO] validating manifest of crates.io crate pixels 0.12.1 on toolchain 1.69.0
[INFO] running `Command { std: CARGO_HOME="/workspace/cargo-home" RUSTUP_HOME="/workspace/rustup-home" "/workspace/cargo-home/bin/cargo" "+1.69.0" "metadata" "--manifest-path" "Cargo.toml" "--no-deps", kill_on_drop: false }`
[INFO] started tweaking crates.io crate pixels 0.12.1
[INFO] finished tweaking crates.io crate pixels 0.12.1
[INFO] tweaked toml for crates.io crate pixels 0.12.1 written to /workspace/builds/worker-1-tc1/source/Cargo.toml
[INFO] running `Command { std: CARGO_HOME="/workspace/cargo-home" RUSTUP_HOME="/workspace/rustup-home" __CARGO_TEST_CHANNEL_OVERRIDE_DO_NOT_USE_THIS="nightly" "/workspace/cargo-home/bin/cargo" "+1.69.0" "generate-lockfile" "--manifest-path" "Cargo.toml" "-Zno-index-update", kill_on_drop: false }`
[INFO] running `Command { std: CARGO_HOME="/workspace/cargo-home" RUSTUP_HOME="/workspace/rustup-home" "/workspace/cargo-home/bin/cargo" "+1.69.0" "fetch" "--manifest-path" "Cargo.toml", kill_on_drop: false }`
[INFO] [stderr]  Downloading crates ...
[INFO] [stderr]   Downloaded ultraviolet v0.9.1
[INFO] running `Command { std: "docker" "create" "-v" "/var/lib/crater-agent-workspace/builds/worker-1-tc1/target:/opt/rustwide/target:rw,Z" "-v" "/var/lib/crater-agent-workspace/builds/worker-1-tc1/source:/opt/rustwide/workdir:ro,Z" "-v" "/var/lib/crater-agent-workspace/cargo-home:/opt/rustwide/cargo-home:ro,Z" "-v" "/var/lib/crater-agent-workspace/rustup-home:/opt/rustwide/rustup-home:ro,Z" "-e" "SOURCE_DIR=/opt/rustwide/workdir" "-e" "CARGO_TARGET_DIR=/opt/rustwide/target" "-e" "CARGO_HOME=/opt/rustwide/cargo-home" "-e" "RUSTUP_HOME=/opt/rustwide/rustup-home" "-w" "/opt/rustwide/workdir" "-m" "1610612736" "--user" "0:0" "--network" "none" "ghcr.io/rust-lang/crates-build-env/linux@sha256:5ff2268d62e97bff2cde7d5815dd6ed5b47097566f13b8d0ca110b04b60e07ed" "/opt/rustwide/cargo-home/bin/cargo" "+1.69.0" "metadata" "--no-deps" "--format-version=1", kill_on_drop: false }`
[INFO] [stdout] 9212c1ece3b0d04c232ce8dd2bcb0a5e0cd0a9aaf178a87f334c1f5db5df15ba
[INFO] running `Command { std: "docker" "start" "-a" "9212c1ece3b0d04c232ce8dd2bcb0a5e0cd0a9aaf178a87f334c1f5db5df15ba", kill_on_drop: false }`
[INFO] running `Command { std: "docker" "inspect" "9212c1ece3b0d04c232ce8dd2bcb0a5e0cd0a9aaf178a87f334c1f5db5df15ba", kill_on_drop: false }`
[INFO] running `Command { std: "docker" "rm" "-f" "9212c1ece3b0d04c232ce8dd2bcb0a5e0cd0a9aaf178a87f334c1f5db5df15ba", kill_on_drop: false }`
[INFO] [stdout] 9212c1ece3b0d04c232ce8dd2bcb0a5e0cd0a9aaf178a87f334c1f5db5df15ba
[INFO] running `Command { std: "docker" "create" "-v" "/var/lib/crater-agent-workspace/builds/worker-1-tc1/target:/opt/rustwide/target:rw,Z" "-v" "/var/lib/crater-agent-workspace/builds/worker-1-tc1/source:/opt/rustwide/workdir:ro,Z" "-v" "/var/lib/crater-agent-workspace/cargo-home:/opt/rustwide/cargo-home:ro,Z" "-v" "/var/lib/crater-agent-workspace/rustup-home:/opt/rustwide/rustup-home:ro,Z" "-e" "SOURCE_DIR=/opt/rustwide/workdir" "-e" "CARGO_TARGET_DIR=/opt/rustwide/target" "-e" "CARGO_INCREMENTAL=0" "-e" "RUST_BACKTRACE=full" "-e" "RUSTFLAGS=--cap-lints=warn" "-e" "RUSTDOCFLAGS=--cap-lints=warn" "-e" "CARGO_HOME=/opt/rustwide/cargo-home" "-e" "RUSTUP_HOME=/opt/rustwide/rustup-home" "-w" "/opt/rustwide/workdir" "-m" "1610612736" "--user" "0:0" "--network" "none" "ghcr.io/rust-lang/crates-build-env/linux@sha256:5ff2268d62e97bff2cde7d5815dd6ed5b47097566f13b8d0ca110b04b60e07ed" "/opt/rustwide/cargo-home/bin/cargo" "+1.69.0" "build" "--frozen" "--message-format=json", kill_on_drop: false }`
[INFO] [stdout] 6816a4bf9948d0a5375a79e5487d1fe26d128db94f16e4202a1e179ae9544466
[INFO] running `Command { std: "docker" "start" "-a" "6816a4bf9948d0a5375a79e5487d1fe26d128db94f16e4202a1e179ae9544466", kill_on_drop: false }`
[INFO] [stderr]    Compiling bitflags v1.3.2
[INFO] [stderr]    Compiling proc-macro2 v1.0.56
[INFO] [stderr]    Compiling ahash v0.7.6
[INFO] [stderr]    Compiling once_cell v1.17.1
[INFO] [stderr]    Compiling num-traits v0.2.15
[INFO] [stderr]    Compiling log v0.4.17
[INFO] [stderr]    Compiling libloading v0.7.4
[INFO] [stderr]    Compiling ash v0.37.2+1.3.238
[INFO] [stderr]    Compiling unicode-width v0.1.10
[INFO] [stderr]    Compiling bit-vec v0.6.3
[INFO] [stderr]    Compiling getrandom v0.2.9
[INFO] [stderr]    Compiling smallvec v1.10.0
[INFO] [stderr]    Compiling termcolor v1.2.0
[INFO] [stderr]    Compiling khronos-egl v4.1.0
[INFO] [stderr]    Compiling rustc-hash v1.1.0
[INFO] [stderr]    Compiling hexf-parse v0.2.1
[INFO] [stderr]    Compiling gpu-descriptor-types v0.1.1
[INFO] [stderr]    Compiling gpu-alloc-types v0.2.0
[INFO] [stderr]    Compiling unicode-xid v0.2.4
[INFO] [stderr]    Compiling fxhash v0.2.1
[INFO] [stderr]    Compiling parking_lot_core v0.9.7
[INFO] [stderr]    Compiling bit-set v0.5.3
[INFO] [stderr]    Compiling wgpu-types v0.15.2
[INFO] [stderr]    Compiling gpu-alloc v0.5.3
[INFO] [stderr]    Compiling bytemuck v1.13.1
[INFO] [stderr]    Compiling arrayvec v0.7.2
[INFO] [stderr]    Compiling codespan-reporting v0.11.1
[INFO] [stderr]    Compiling glow v0.12.1
[INFO] [stderr]    Compiling raw-window-handle v0.5.2
[INFO] [stderr]    Compiling parking_lot v0.12.1
[INFO] [stderr]    Compiling renderdoc-sys v0.7.1
[INFO] [stderr]    Compiling profiling v1.0.8
[INFO] [stderr]    Compiling hashbrown v0.12.3
[INFO] [stderr]    Compiling safe_arch v0.6.0
[INFO] [stderr]    Compiling static_assertions v1.1.0
[INFO] [stderr]    Compiling pollster v0.2.5
[INFO] [stderr]    Compiling quote v1.0.26
[INFO] [stderr]    Compiling wide v0.7.8
[INFO] [stderr]    Compiling syn v2.0.15
[INFO] [stderr]    Compiling indexmap v1.9.3
[INFO] [stderr]    Compiling gpu-descriptor v0.2.3
[INFO] [stderr]    Compiling spirv v0.2.0+1.5.4
[INFO] [stderr]    Compiling ultraviolet v0.9.1
[INFO] [stderr]    Compiling thiserror-impl v1.0.40
[INFO] [stderr]    Compiling thiserror v1.0.40
[INFO] [stderr]    Compiling naga v0.11.0
[INFO] [stderr]    Compiling wgpu-hal v0.15.4
[INFO] [stderr]    Compiling wgpu-core v0.15.1
[INFO] [stderr]    Compiling wgpu v0.15.1
[INFO] [stderr]    Compiling pixels v0.12.1 (/opt/rustwide/workdir)
[INFO] [stderr]     Finished dev [unoptimized + debuginfo] target(s) in 22.31s
[INFO] running `Command { std: "docker" "inspect" "6816a4bf9948d0a5375a79e5487d1fe26d128db94f16e4202a1e179ae9544466", kill_on_drop: false }`
[INFO] running `Command { std: "docker" "rm" "-f" "6816a4bf9948d0a5375a79e5487d1fe26d128db94f16e4202a1e179ae9544466", kill_on_drop: false }`
[INFO] [stdout] 6816a4bf9948d0a5375a79e5487d1fe26d128db94f16e4202a1e179ae9544466
[INFO] running `Command { std: "docker" "create" "-v" "/var/lib/crater-agent-workspace/builds/worker-1-tc1/target:/opt/rustwide/target:rw,Z" "-v" "/var/lib/crater-agent-workspace/builds/worker-1-tc1/source:/opt/rustwide/workdir:ro,Z" "-v" "/var/lib/crater-agent-workspace/cargo-home:/opt/rustwide/cargo-home:ro,Z" "-v" "/var/lib/crater-agent-workspace/rustup-home:/opt/rustwide/rustup-home:ro,Z" "-e" "SOURCE_DIR=/opt/rustwide/workdir" "-e" "CARGO_TARGET_DIR=/opt/rustwide/target" "-e" "CARGO_INCREMENTAL=0" "-e" "RUST_BACKTRACE=full" "-e" "RUSTFLAGS=--cap-lints=warn" "-e" "RUSTDOCFLAGS=--cap-lints=warn" "-e" "CARGO_HOME=/opt/rustwide/cargo-home" "-e" "RUSTUP_HOME=/opt/rustwide/rustup-home" "-w" "/opt/rustwide/workdir" "-m" "1610612736" "--user" "0:0" "--network" "none" "ghcr.io/rust-lang/crates-build-env/linux@sha256:5ff2268d62e97bff2cde7d5815dd6ed5b47097566f13b8d0ca110b04b60e07ed" "/opt/rustwide/cargo-home/bin/cargo" "+1.69.0" "test" "--frozen" "--no-run" "--message-format=json", kill_on_drop: false }`
[INFO] [stdout] 0b6efb085f7786c36b5f59babf9a254edfecbc4a04eda1f7834849ca4683f4f7
[INFO] running `Command { std: "docker" "start" "-a" "0b6efb085f7786c36b5f59babf9a254edfecbc4a04eda1f7834849ca4683f4f7", kill_on_drop: false }`
[INFO] [stderr]    Compiling libc v0.2.142
[INFO] [stderr]    Compiling pkg-config v0.3.26
[INFO] [stderr]    Compiling cc v1.0.79
[INFO] [stderr]    Compiling xml-rs v0.8.4
[INFO] [stderr]    Compiling memoffset v0.6.5
[INFO] [stderr]    Compiling dlib v0.5.0
[INFO] [stderr]    Compiling memchr v2.5.0
[INFO] [stderr]    Compiling simd-adler32 v0.3.5
[INFO] [stderr]    Compiling slotmap v1.0.6
[INFO] [stderr]    Compiling scoped-tls v1.0.1
[INFO] [stderr]    Compiling syn v2.0.15
[INFO] [stderr]    Compiling downcast-rs v1.2.0
[INFO] [stderr]    Compiling minimal-lexical v0.2.1
[INFO] [stderr]    Compiling adler v1.0.2
[INFO] [stderr]    Compiling vec_map v0.8.2
[INFO] [stderr]    Compiling foreign-types-shared v0.3.1
[INFO] [stderr]    Compiling arrayref v0.3.7
[INFO] [stderr]    Compiling safe_arch v0.5.2
[INFO] [stderr]    Compiling arrayvec v0.5.2
[INFO] [stderr]    Compiling cty v0.2.2
[INFO] [stderr]    Compiling miniz_oxide v0.7.1
[INFO] [stderr]    Compiling fdeflate v0.3.0
[INFO] [stderr]    Compiling tiny-skia-path v0.7.0
[INFO] [stderr]    Compiling raw-window-handle v0.4.3
[INFO] [stderr]    Compiling instant v0.1.12
[INFO] [stderr]    Compiling percent-encoding v2.2.0
[INFO] [stderr]    Compiling cmake v0.1.50
[INFO] [stderr]    Compiling wayland-sys v0.29.5
[INFO] [stderr]    Compiling servo-fontconfig-sys v5.1.0
[INFO] [stderr]    Compiling smithay-client-toolkit v0.16.0
[INFO] [stderr]    Compiling crossfont v0.5.1
[INFO] [stderr]    Compiling x11-dl v2.21.0
[INFO] [stderr]    Compiling wayland-scanner v0.29.5
[INFO] [stderr]    Compiling flate2 v1.0.26
[INFO] [stderr]    Compiling nom v7.1.3
[INFO] [stderr]    Compiling freetype-sys v0.13.1
[INFO] [stderr]    Compiling expat-sys v2.1.6
[INFO] [stderr]    Compiling png v0.17.8
[INFO] [stderr]    Compiling getrandom v0.2.9
[INFO] [stderr]    Compiling nix v0.24.3
[INFO] [stderr]    Compiling parking_lot_core v0.9.7
[INFO] [stderr]    Compiling khronos-egl v4.1.0
[INFO] [stderr]    Compiling nix v0.25.1
[INFO] [stderr]    Compiling memmap2 v0.5.10
[INFO] [stderr]    Compiling mio v0.8.6
[INFO] [stderr]    Compiling wayland-client v0.29.5
[INFO] [stderr]    Compiling wayland-protocols v0.29.5
[INFO] [stderr]    Compiling ahash v0.7.6
[INFO] [stderr]    Compiling parking_lot v0.12.1
[INFO] [stderr]    Compiling freetype-rs v0.26.0
[INFO] [stderr]    Compiling tiny-skia v0.7.0
[INFO] [stderr]    Compiling hashbrown v0.12.3
[INFO] [stderr]    Compiling servo-fontconfig v0.5.1
[INFO] [stderr]    Compiling xcursor v0.3.4
[INFO] [stderr]    Compiling indexmap v1.9.3
[INFO] [stderr]    Compiling gpu-descriptor v0.2.3
[INFO] [stderr]    Compiling thiserror-impl v1.0.40
[INFO] [stderr]    Compiling foreign-types-macros v0.2.3
[INFO] [stderr]    Compiling wayland-commons v0.29.5
[INFO] [stderr]    Compiling foreign-types v0.5.0
[INFO] [stderr]    Compiling thiserror v1.0.40
[INFO] [stderr]    Compiling naga v0.11.0
[INFO] [stderr]    Compiling calloop v0.10.5
[INFO] [stderr]    Compiling wayland-cursor v0.29.5
[INFO] [stderr]    Compiling wgpu-hal v0.15.4
[INFO] [stderr]    Compiling wgpu-core v0.15.1
[INFO] [stderr]    Compiling wgpu v0.15.1
[INFO] [stderr]    Compiling pixels v0.12.1 (/opt/rustwide/workdir)
[INFO] [stderr]    Compiling sctk-adwaita v0.4.3
[INFO] [stderr]    Compiling winit v0.27.5
[INFO] [stderr]     Finished test [unoptimized + debuginfo] target(s) in 58.62s
[INFO] running `Command { std: "docker" "inspect" "0b6efb085f7786c36b5f59babf9a254edfecbc4a04eda1f7834849ca4683f4f7", kill_on_drop: false }`
[INFO] running `Command { std: "docker" "rm" "-f" "0b6efb085f7786c36b5f59babf9a254edfecbc4a04eda1f7834849ca4683f4f7", kill_on_drop: false }`
[INFO] [stdout] 0b6efb085f7786c36b5f59babf9a254edfecbc4a04eda1f7834849ca4683f4f7
[INFO] running `Command { std: "docker" "create" "-v" "/var/lib/crater-agent-workspace/builds/worker-1-tc1/target:/opt/rustwide/target:rw,Z" "-v" "/var/lib/crater-agent-workspace/builds/worker-1-tc1/source:/opt/rustwide/workdir:ro,Z" "-v" "/var/lib/crater-agent-workspace/cargo-home:/opt/rustwide/cargo-home:ro,Z" "-v" "/var/lib/crater-agent-workspace/rustup-home:/opt/rustwide/rustup-home:ro,Z" "-e" "SOURCE_DIR=/opt/rustwide/workdir" "-e" "CARGO_TARGET_DIR=/opt/rustwide/target" "-e" "CARGO_INCREMENTAL=0" "-e" "RUST_BACKTRACE=full" "-e" "RUSTFLAGS=--cap-lints=warn" "-e" "RUSTDOCFLAGS=--cap-lints=warn" "-e" "CARGO_HOME=/opt/rustwide/cargo-home" "-e" "RUSTUP_HOME=/opt/rustwide/rustup-home" "-w" "/opt/rustwide/workdir" "-m" "1610612736" "--user" "0:0" "--network" "none" "ghcr.io/rust-lang/crates-build-env/linux@sha256:5ff2268d62e97bff2cde7d5815dd6ed5b47097566f13b8d0ca110b04b60e07ed" "/opt/rustwide/cargo-home/bin/cargo" "+1.69.0" "test" "--frozen", kill_on_drop: false }`
[INFO] [stdout] da08445ccde8b5ae4a1369ce5f05bd81247fd7e7b19c31b7d958fa3ec63e0451
[INFO] running `Command { std: "docker" "start" "-a" "da08445ccde8b5ae4a1369ce5f05bd81247fd7e7b19c31b7d958fa3ec63e0451", kill_on_drop: false }`
[INFO] [stderr]     Finished test [unoptimized + debuginfo] target(s) in 0.10s
[INFO] [stderr]      Running unittests src/lib.rs (/opt/rustwide/target/debug/deps/pixels-4645c61debd64855)
[INFO] [stdout] 
[INFO] [stdout] running 0 tests
[INFO] [stdout] 
[INFO] [stdout] test result: ok. 0 passed; 0 failed; 0 ignored; 0 measured; 0 filtered out; finished in 0.00s
[INFO] [stdout] 
[INFO] [stderr]    Doc-tests pixels
[INFO] [stdout] 
[INFO] [stdout] running 13 tests
[INFO] [stdout] test src/lib.rs - Pixels::adapter (line 284) - compile ... FAILED
[INFO] [stdout] test src/builder.rs - builder::PixelsBuilder<'req,'dev,'win,W>::clear_color (line 216) - compile ... FAILED
[INFO] [stdout] test src/lib.rs - Pixels::new (line 201) - compile ... FAILED
[INFO] [stdout] test src/lib.rs - Pixels::clamp_pixel_pos (line 614) - compile ... FAILED
[INFO] [stdout] test src/lib.rs - Pixels::clear_color (line 263) - compile ... FAILED
[INFO] [stdout] test src/builder.rs - builder::PixelsBuilder<'req,'dev,'win,W>::new (line 29) - compile ... FAILED
[INFO] [stdout] test src/lib.rs - Pixels::new_async (line 231) - compile ... FAILED
[INFO] [stdout] test src/lib.rs - Pixels::render_with (line 439) - compile ... FAILED
[INFO] [stdout] test src/builder.rs - builder::PixelsBuilder<'req,'dev,'win,W>::blend_state (line 192) - compile ... FAILED
[INFO] [stdout] test src/lib.rs - SurfaceTexture<'win,W>::new (line 159) - compile ... ok
[INFO] [stdout] test src/lib.rs - Pixels::render (line 394) - compile ... FAILED
[INFO] [stdout] test src/builder.rs - builder::PixelsBuilder<'req,'dev,'win,W>::build_async (line 370) - compile ... FAILED
[INFO] [stdout] test src/lib.rs - Pixels::window_pos_to_pixel (line 557) - compile ... FAILED
[INFO] [stdout] 
[INFO] [stdout] failures:
[INFO] [stdout] 
[INFO] [stdout] ---- src/lib.rs - Pixels::adapter (line 284) stdout ----
[INFO] [stdout] error[E0433]: failed to resolve: use of undeclared crate or module `pixels_mocks`
[INFO] [stdout]  --> src/lib.rs:286:14
[INFO] [stdout]   |
[INFO] [stdout] 5 | let window = pixels_mocks::Rwh;
[INFO] [stdout]   |              ^^^^^^^^^^^^ use of undeclared crate or module `pixels_mocks`
[INFO] [stdout] 
[INFO] [stdout] error: aborting due to previous error
[INFO] [stdout] 
[INFO] [stdout] For more information about this error, try `rustc --explain E0433`.
[INFO] [stdout] Couldn't compile the test.
[INFO] [stdout] ---- src/builder.rs - builder::PixelsBuilder<'req,'dev,'win,W>::clear_color (line 216) stdout ----
[INFO] [stdout] error[E0433]: failed to resolve: use of undeclared crate or module `pixels_mocks`
[INFO] [stdout]  --> src/builder.rs:220:14
[INFO] [stdout]   |
[INFO] [stdout] 7 | let window = pixels_mocks::Rwh;
[INFO] [stdout]   |              ^^^^^^^^^^^^ use of undeclared crate or module `pixels_mocks`
[INFO] [stdout] 
[INFO] [stdout] error: aborting due to previous error
[INFO] [stdout] 
[INFO] [stdout] For more information about this error, try `rustc --explain E0433`.
[INFO] [stdout] Couldn't compile the test.
[INFO] [stdout] ---- src/lib.rs - Pixels::new (line 201) stdout ----
[INFO] [stdout] error[E0433]: failed to resolve: use of undeclared crate or module `pixels_mocks`
[INFO] [stdout]  --> src/lib.rs:203:14
[INFO] [stdout]   |
[INFO] [stdout] 5 | let window = pixels_mocks::Rwh;
[INFO] [stdout]   |              ^^^^^^^^^^^^ use of undeclared crate or module `pixels_mocks`
[INFO] [stdout] 
[INFO] [stdout] error: aborting due to previous error
[INFO] [stdout] 
[INFO] [stdout] For more information about this error, try `rustc --explain E0433`.
[INFO] [stdout] Couldn't compile the test.
[INFO] [stdout] ---- src/lib.rs - Pixels::clamp_pixel_pos (line 614) stdout ----
[INFO] [stdout] error[E0433]: failed to resolve: use of undeclared crate or module `pixels_mocks`
[INFO] [stdout]  --> src/lib.rs:616:14
[INFO] [stdout]   |
[INFO] [stdout] 5 | let window = pixels_mocks::Rwh;
[INFO] [stdout]   |              ^^^^^^^^^^^^ use of undeclared crate or module `pixels_mocks`
[INFO] [stdout] 
[INFO] [stdout] error: aborting due to previous error
[INFO] [stdout] 
[INFO] [stdout] For more information about this error, try `rustc --explain E0433`.
[INFO] [stdout] Couldn't compile the test.
[INFO] [stdout] ---- src/lib.rs - Pixels::clear_color (line 263) stdout ----
[INFO] [stdout] error[E0433]: failed to resolve: use of undeclared crate or module `pixels_mocks`
[INFO] [stdout]  --> src/lib.rs:267:14
[INFO] [stdout]   |
[INFO] [stdout] 7 | let window = pixels_mocks::Rwh;
[INFO] [stdout]   |              ^^^^^^^^^^^^ use of undeclared crate or module `pixels_mocks`
[INFO] [stdout] 
[INFO] [stdout] error: aborting due to previous error
[INFO] [stdout] 
[INFO] [stdout] For more information about this error, try `rustc --explain E0433`.
[INFO] [stdout] Couldn't compile the test.
[INFO] [stdout] ---- src/builder.rs - builder::PixelsBuilder<'req,'dev,'win,W>::new (line 29) stdout ----
[INFO] [stdout] error[E0433]: failed to resolve: use of undeclared crate or module `pixels_mocks`
[INFO] [stdout]  --> src/builder.rs:33:14
[INFO] [stdout]   |
[INFO] [stdout] 7 | let window = pixels_mocks::Rwh;
[INFO] [stdout]   |              ^^^^^^^^^^^^ use of undeclared crate or module `pixels_mocks`
[INFO] [stdout] 
[INFO] [stdout] error: aborting due to previous error
[INFO] [stdout] 
[INFO] [stdout] For more information about this error, try `rustc --explain E0433`.
[INFO] [stdout] Couldn't compile the test.
[INFO] [stdout] ---- src/lib.rs - Pixels::new_async (line 231) stdout ----
[INFO] [stdout] error[E0433]: failed to resolve: use of undeclared crate or module `pixels_mocks`
[INFO] [stdout]  --> src/lib.rs:234:14
[INFO] [stdout]   |
[INFO] [stdout] 6 | let window = pixels_mocks::Rwh;
[INFO] [stdout]   |              ^^^^^^^^^^^^ use of undeclared crate or module `pixels_mocks`
[INFO] [stdout] 
[INFO] [stdout] error: aborting due to previous error
[INFO] [stdout] 
[INFO] [stdout] For more information about this error, try `rustc --explain E0433`.
[INFO] [stdout] Couldn't compile the test.
[INFO] [stdout] ---- src/lib.rs - Pixels::render_with (line 439) stdout ----
[INFO] [stdout] error[E0433]: failed to resolve: use of undeclared crate or module `pixels_mocks`
[INFO] [stdout]  --> src/lib.rs:441:14
[INFO] [stdout]   |
[INFO] [stdout] 5 | let window = pixels_mocks::Rwh;
[INFO] [stdout]   |              ^^^^^^^^^^^^ use of undeclared crate or module `pixels_mocks`
[INFO] [stdout] 
[INFO] [stdout] error: aborting due to previous error
[INFO] [stdout] 
[INFO] [stdout] For more information about this error, try `rustc --explain E0433`.
[INFO] [stdout] Couldn't compile the test.
[INFO] [stdout] ---- src/builder.rs - builder::PixelsBuilder<'req,'dev,'win,W>::blend_state (line 192) stdout ----
[INFO] [stdout] error[E0433]: failed to resolve: use of undeclared crate or module `pixels_mocks`
[INFO] [stdout]  --> src/builder.rs:196:14
[INFO] [stdout]   |
[INFO] [stdout] 7 | let window = pixels_mocks::Rwh;
[INFO] [stdout]   |              ^^^^^^^^^^^^ use of undeclared crate or module `pixels_mocks`
[INFO] [stdout] 
[INFO] [stdout] error: aborting due to previous error
[INFO] [stdout] 
[INFO] [stdout] For more information about this error, try `rustc --explain E0433`.
[INFO] [stdout] Couldn't compile the test.
[INFO] [stdout] ---- src/lib.rs - Pixels::render (line 394) stdout ----
[INFO] [stdout] error[E0433]: failed to resolve: use of undeclared crate or module `pixels_mocks`
[INFO] [stdout]  --> src/lib.rs:396:14
[INFO] [stdout]   |
[INFO] [stdout] 5 | let window = pixels_mocks::Rwh;
[INFO] [stdout]   |              ^^^^^^^^^^^^ use of undeclared crate or module `pixels_mocks`
[INFO] [stdout] 
[INFO] [stdout] error: aborting due to previous error
[INFO] [stdout] 
[INFO] [stdout] For more information about this error, try `rustc --explain E0433`.
[INFO] [stdout] Couldn't compile the test.
[INFO] [stdout] ---- src/builder.rs - builder::PixelsBuilder<'req,'dev,'win,W>::build_async (line 370) stdout ----
[INFO] [stdout] error[E0433]: failed to resolve: use of undeclared crate or module `pixels_mocks`
[INFO] [stdout]  --> src/builder.rs:375:14
[INFO] [stdout]   |
[INFO] [stdout] 8 | let window = pixels_mocks::Rwh;
[INFO] [stdout]   |              ^^^^^^^^^^^^ use of undeclared crate or module `pixels_mocks`
[INFO] [stdout] 
[INFO] [stdout] error: aborting due to previous error
[INFO] [stdout] 
[INFO] [stdout] For more information about this error, try `rustc --explain E0433`.
[INFO] [stdout] Couldn't compile the test.
[INFO] [stdout] ---- src/lib.rs - Pixels::window_pos_to_pixel (line 557) stdout ----
[INFO] [stdout] error[E0433]: failed to resolve: use of undeclared crate or module `pixels_mocks`
[INFO] [stdout]  --> src/lib.rs:561:14
[INFO] [stdout]   |
[INFO] [stdout] 7 | let window = pixels_mocks::Rwh;
[INFO] [stdout]   |              ^^^^^^^^^^^^ use of undeclared crate or module `pixels_mocks`
[INFO] [stdout] 
[INFO] [stdout] error: aborting due to previous error
[INFO] [stdout] 
[INFO] [stdout] For more information about this error, try `rustc --explain E0433`.
[INFO] [stdout] Couldn't compile the test.
[INFO] [stdout] 
[INFO] [stdout] failures:
[INFO] [stdout]     src/builder.rs - builder::PixelsBuilder<'req,'dev,'win,W>::blend_state (line 192)
[INFO] [stdout]     src/builder.rs - builder::PixelsBuilder<'req,'dev,'win,W>::build_async (line 370)
[INFO] [stdout]     src/builder.rs - builder::PixelsBuilder<'req,'dev,'win,W>::clear_color (line 216)
[INFO] [stdout]     src/builder.rs - builder::PixelsBuilder<'req,'dev,'win,W>::new (line 29)
[INFO] [stdout]     src/lib.rs - Pixels::adapter (line 284)
[INFO] [stdout]     src/lib.rs - Pixels::clamp_pixel_pos (line 614)
[INFO] [stdout]     src/lib.rs - Pixels::clear_color (line 263)
[INFO] [stdout]     src/lib.rs - Pixels::new (line 201)
[INFO] [stdout]     src/lib.rs - Pixels::new_async (line 231)
[INFO] [stdout]     src/lib.rs - Pixels::render (line 394)
[INFO] [stdout]     src/lib.rs - Pixels::render_with (line 439)
[INFO] [stdout]     src/lib.rs - Pixels::window_pos_to_pixel (line 557)
[INFO] [stdout] 
[INFO] [stdout] test result: FAILED. 1 passed; 12 failed; 0 ignored; 0 measured; 0 filtered out; finished in 0.10s
[INFO] [stdout] 
[INFO] [stderr] error: doctest failed, to rerun pass `--doc`
[INFO] running `Command { std: "docker" "inspect" "da08445ccde8b5ae4a1369ce5f05bd81247fd7e7b19c31b7d958fa3ec63e0451", kill_on_drop: false }`
[INFO] running `Command { std: "docker" "rm" "-f" "da08445ccde8b5ae4a1369ce5f05bd81247fd7e7b19c31b7d958fa3ec63e0451", kill_on_drop: false }`
[INFO] [stdout] da08445ccde8b5ae4a1369ce5f05bd81247fd7e7b19c31b7d958fa3ec63e0451
