[INFO] fetching crate pic32-config-sector 0.2.0...
[INFO] testing pic32-config-sector-0.2.0 against beta-2023-04-20 for beta-1.70-1
[INFO] extracting crate pic32-config-sector 0.2.0 into /workspace/builds/worker-0-tc2/source
[INFO] validating manifest of crates.io crate pic32-config-sector 0.2.0 on toolchain beta-2023-04-20
[INFO] running `Command { std: CARGO_HOME="/workspace/cargo-home" RUSTUP_HOME="/workspace/rustup-home" "/workspace/cargo-home/bin/cargo" "+beta-2023-04-20" "metadata" "--manifest-path" "Cargo.toml" "--no-deps", kill_on_drop: false }`
[INFO] started tweaking crates.io crate pic32-config-sector 0.2.0
[INFO] finished tweaking crates.io crate pic32-config-sector 0.2.0
[INFO] tweaked toml for crates.io crate pic32-config-sector 0.2.0 written to /workspace/builds/worker-0-tc2/source/Cargo.toml
[INFO] running `Command { std: CARGO_HOME="/workspace/cargo-home" RUSTUP_HOME="/workspace/rustup-home" __CARGO_TEST_CHANNEL_OVERRIDE_DO_NOT_USE_THIS="nightly" "/workspace/cargo-home/bin/cargo" "+beta-2023-04-20" "generate-lockfile" "--manifest-path" "Cargo.toml" "-Zno-index-update", kill_on_drop: false }`
[INFO] running `Command { std: CARGO_HOME="/workspace/cargo-home" RUSTUP_HOME="/workspace/rustup-home" "/workspace/cargo-home/bin/cargo" "+beta-2023-04-20" "fetch" "--manifest-path" "Cargo.toml", kill_on_drop: false }`
[INFO] running `Command { std: "docker" "create" "-v" "/var/lib/crater-agent-workspace/builds/worker-0-tc2/target:/opt/rustwide/target:rw,Z" "-v" "/var/lib/crater-agent-workspace/builds/worker-0-tc2/source:/opt/rustwide/workdir:ro,Z" "-v" "/var/lib/crater-agent-workspace/cargo-home:/opt/rustwide/cargo-home:ro,Z" "-v" "/var/lib/crater-agent-workspace/rustup-home:/opt/rustwide/rustup-home:ro,Z" "-e" "SOURCE_DIR=/opt/rustwide/workdir" "-e" "CARGO_TARGET_DIR=/opt/rustwide/target" "-e" "CARGO_HOME=/opt/rustwide/cargo-home" "-e" "RUSTUP_HOME=/opt/rustwide/rustup-home" "-w" "/opt/rustwide/workdir" "-m" "1610612736" "--user" "0:0" "--network" "none" "ghcr.io/rust-lang/crates-build-env/linux@sha256:5ff2268d62e97bff2cde7d5815dd6ed5b47097566f13b8d0ca110b04b60e07ed" "/opt/rustwide/cargo-home/bin/cargo" "+beta-2023-04-20" "metadata" "--no-deps" "--format-version=1", kill_on_drop: false }`
[INFO] [stdout] 67438680edc4059d7fab98d9914c2eec3f1e48d77b0f8410a0c29c7b13e07a7e
[INFO] running `Command { std: "docker" "start" "-a" "67438680edc4059d7fab98d9914c2eec3f1e48d77b0f8410a0c29c7b13e07a7e", kill_on_drop: false }`
[INFO] running `Command { std: "docker" "inspect" "67438680edc4059d7fab98d9914c2eec3f1e48d77b0f8410a0c29c7b13e07a7e", kill_on_drop: false }`
[INFO] running `Command { std: "docker" "rm" "-f" "67438680edc4059d7fab98d9914c2eec3f1e48d77b0f8410a0c29c7b13e07a7e", kill_on_drop: false }`
[INFO] [stdout] 67438680edc4059d7fab98d9914c2eec3f1e48d77b0f8410a0c29c7b13e07a7e
[INFO] running `Command { std: "docker" "create" "-v" "/var/lib/crater-agent-workspace/builds/worker-0-tc2/target:/opt/rustwide/target:rw,Z" "-v" "/var/lib/crater-agent-workspace/builds/worker-0-tc2/source:/opt/rustwide/workdir:ro,Z" "-v" "/var/lib/crater-agent-workspace/cargo-home:/opt/rustwide/cargo-home:ro,Z" "-v" "/var/lib/crater-agent-workspace/rustup-home:/opt/rustwide/rustup-home:ro,Z" "-e" "SOURCE_DIR=/opt/rustwide/workdir" "-e" "CARGO_TARGET_DIR=/opt/rustwide/target" "-e" "CARGO_INCREMENTAL=0" "-e" "RUST_BACKTRACE=full" "-e" "RUSTFLAGS=--cap-lints=warn" "-e" "RUSTDOCFLAGS=--cap-lints=warn" "-e" "CARGO_HOME=/opt/rustwide/cargo-home" "-e" "RUSTUP_HOME=/opt/rustwide/rustup-home" "-w" "/opt/rustwide/workdir" "-m" "1610612736" "--user" "0:0" "--network" "none" "ghcr.io/rust-lang/crates-build-env/linux@sha256:5ff2268d62e97bff2cde7d5815dd6ed5b47097566f13b8d0ca110b04b60e07ed" "/opt/rustwide/cargo-home/bin/cargo" "+beta-2023-04-20" "build" "--frozen" "--message-format=json", kill_on_drop: false }`
[INFO] [stdout] b50cff82f994da718bb217e8a9ecfac3e74dea59e1221a28883d784b8d9ae2b2
[INFO] running `Command { std: "docker" "start" "-a" "b50cff82f994da718bb217e8a9ecfac3e74dea59e1221a28883d784b8d9ae2b2", kill_on_drop: false }`
[INFO] [stderr]    Compiling pic32-config-sector v0.2.0 (/opt/rustwide/workdir)
[INFO] [stderr]     Finished dev [unoptimized + debuginfo] target(s) in 0.40s
[INFO] running `Command { std: "docker" "inspect" "b50cff82f994da718bb217e8a9ecfac3e74dea59e1221a28883d784b8d9ae2b2", kill_on_drop: false }`
[INFO] running `Command { std: "docker" "rm" "-f" "b50cff82f994da718bb217e8a9ecfac3e74dea59e1221a28883d784b8d9ae2b2", kill_on_drop: false }`
[INFO] [stdout] b50cff82f994da718bb217e8a9ecfac3e74dea59e1221a28883d784b8d9ae2b2
[INFO] running `Command { std: "docker" "create" "-v" "/var/lib/crater-agent-workspace/builds/worker-0-tc2/target:/opt/rustwide/target:rw,Z" "-v" "/var/lib/crater-agent-workspace/builds/worker-0-tc2/source:/opt/rustwide/workdir:ro,Z" "-v" "/var/lib/crater-agent-workspace/cargo-home:/opt/rustwide/cargo-home:ro,Z" "-v" "/var/lib/crater-agent-workspace/rustup-home:/opt/rustwide/rustup-home:ro,Z" "-e" "SOURCE_DIR=/opt/rustwide/workdir" "-e" "CARGO_TARGET_DIR=/opt/rustwide/target" "-e" "CARGO_INCREMENTAL=0" "-e" "RUST_BACKTRACE=full" "-e" "RUSTFLAGS=--cap-lints=warn" "-e" "RUSTDOCFLAGS=--cap-lints=warn" "-e" "CARGO_HOME=/opt/rustwide/cargo-home" "-e" "RUSTUP_HOME=/opt/rustwide/rustup-home" "-w" "/opt/rustwide/workdir" "-m" "1610612736" "--user" "0:0" "--network" "none" "ghcr.io/rust-lang/crates-build-env/linux@sha256:5ff2268d62e97bff2cde7d5815dd6ed5b47097566f13b8d0ca110b04b60e07ed" "/opt/rustwide/cargo-home/bin/cargo" "+beta-2023-04-20" "test" "--frozen" "--no-run" "--message-format=json", kill_on_drop: false }`
[INFO] [stdout] 808bd109c55ab39f0ae11f237fcdd1bfa4e1cc7e3b966f9b04c9c5b558a73a12
[INFO] running `Command { std: "docker" "start" "-a" "808bd109c55ab39f0ae11f237fcdd1bfa4e1cc7e3b966f9b04c9c5b558a73a12", kill_on_drop: false }`
[INFO] [stderr]    Compiling pic32-config-sector v0.2.0 (/opt/rustwide/workdir)
[INFO] [stderr]     Finished test [unoptimized + debuginfo] target(s) in 0.71s
[INFO] running `Command { std: "docker" "inspect" "808bd109c55ab39f0ae11f237fcdd1bfa4e1cc7e3b966f9b04c9c5b558a73a12", kill_on_drop: false }`
[INFO] running `Command { std: "docker" "rm" "-f" "808bd109c55ab39f0ae11f237fcdd1bfa4e1cc7e3b966f9b04c9c5b558a73a12", kill_on_drop: false }`
[INFO] [stdout] 808bd109c55ab39f0ae11f237fcdd1bfa4e1cc7e3b966f9b04c9c5b558a73a12
[INFO] running `Command { std: "docker" "create" "-v" "/var/lib/crater-agent-workspace/builds/worker-0-tc2/target:/opt/rustwide/target:rw,Z" "-v" "/var/lib/crater-agent-workspace/builds/worker-0-tc2/source:/opt/rustwide/workdir:ro,Z" "-v" "/var/lib/crater-agent-workspace/cargo-home:/opt/rustwide/cargo-home:ro,Z" "-v" "/var/lib/crater-agent-workspace/rustup-home:/opt/rustwide/rustup-home:ro,Z" "-e" "SOURCE_DIR=/opt/rustwide/workdir" "-e" "CARGO_TARGET_DIR=/opt/rustwide/target" "-e" "CARGO_INCREMENTAL=0" "-e" "RUST_BACKTRACE=full" "-e" "RUSTFLAGS=--cap-lints=warn" "-e" "RUSTDOCFLAGS=--cap-lints=warn" "-e" "CARGO_HOME=/opt/rustwide/cargo-home" "-e" "RUSTUP_HOME=/opt/rustwide/rustup-home" "-w" "/opt/rustwide/workdir" "-m" "1610612736" "--user" "0:0" "--network" "none" "ghcr.io/rust-lang/crates-build-env/linux@sha256:5ff2268d62e97bff2cde7d5815dd6ed5b47097566f13b8d0ca110b04b60e07ed" "/opt/rustwide/cargo-home/bin/cargo" "+beta-2023-04-20" "test" "--frozen", kill_on_drop: false }`
[INFO] [stdout] 70fe5a6e81d5d6771084c9e85dca0e967c9229c4b5ebbb3cd8de7cf0ba23047a
[INFO] running `Command { std: "docker" "start" "-a" "70fe5a6e81d5d6771084c9e85dca0e967c9229c4b5ebbb3cd8de7cf0ba23047a", kill_on_drop: false }`
[INFO] [stderr]     Finished test [unoptimized + debuginfo] target(s) in 0.01s
[INFO] [stderr]      Running unittests src/lib.rs (/opt/rustwide/target/debug/deps/pic32_config_sector-80e8c62b08be4534)
[INFO] [stdout] 
[INFO] [stdout] running 0 tests
[INFO] [stdout] 
[INFO] [stdout] test result: ok. 0 passed; 0 failed; 0 ignored; 0 measured; 0 filtered out; finished in 0.00s
[INFO] [stdout] 
[INFO] [stderr]    Doc-tests pic32-config-sector
[INFO] [stdout] 
[INFO] [stdout] running 1 test
[INFO] [stdout] test src/lib.rs - (line 10) ... FAILED
[INFO] [stdout] 
[INFO] [stdout] failures:
[INFO] [stdout] 
[INFO] [stdout] ---- src/lib.rs - (line 10) stdout ----
[INFO] [stdout] error[E0433]: failed to resolve: use of undeclared crate or module `pic32_config_sfrs`
[INFO] [stdout]  --> src/lib.rs:11:5
[INFO] [stdout]   |
[INFO] [stdout] 3 | use pic32_config_sfrs::pic32mx2xx::*;
[INFO] [stdout]   |     ^^^^^^^^^^^^^^^^^ use of undeclared crate or module `pic32_config_sfrs`
[INFO] [stdout]   |
[INFO] [stdout] help: there is a crate or module with a similar name
[INFO] [stdout]   |
[INFO] [stdout] 3 | use pic32_config_sector::pic32mx2xx::*;
[INFO] [stdout]   |     ~~~~~~~~~~~~~~~~~~~
[INFO] [stdout] 
[INFO] [stdout] error[E0433]: failed to resolve: use of undeclared type `FVBUSONIO`
[INFO] [stdout]  --> src/lib.rs:16:16
[INFO] [stdout]   |
[INFO] [stdout] 8 |     .FVBUSONIO(FVBUSONIO::OFF)
[INFO] [stdout]   |                ^^^^^^^^^ use of undeclared type `FVBUSONIO`
[INFO] [stdout] 
[INFO] [stdout] error[E0433]: failed to resolve: use of undeclared type `FUSBIDIO`
[INFO] [stdout]  --> src/lib.rs:17:15
[INFO] [stdout]   |
[INFO] [stdout] 9 |     .FUSBIDIO(FUSBIDIO::OFF)
[INFO] [stdout]   |               ^^^^^^^^ use of undeclared type `FUSBIDIO`
[INFO] [stdout] 
[INFO] [stdout] error[E0433]: failed to resolve: use of undeclared type `IOL1WAY`
[INFO] [stdout]   --> src/lib.rs:18:14
[INFO] [stdout]    |
[INFO] [stdout] 10 |     .IOL1WAY(IOL1WAY::OFF)
[INFO] [stdout]    |              ^^^^^^^ use of undeclared type `IOL1WAY`
[INFO] [stdout] 
[INFO] [stdout] error[E0433]: failed to resolve: use of undeclared type `PMDL1WAY`
[INFO] [stdout]   --> src/lib.rs:19:15
[INFO] [stdout]    |
[INFO] [stdout] 11 |     .PMDL1WAY(PMDL1WAY::OFF)
[INFO] [stdout]    |               ^^^^^^^^ use of undeclared type `PMDL1WAY`
[INFO] [stdout] 
[INFO] [stdout] error[E0433]: failed to resolve: use of undeclared type `FPLLIDIV`
[INFO] [stdout]   --> src/lib.rs:20:15
[INFO] [stdout]    |
[INFO] [stdout] 12 |     .FPLLIDIV(FPLLIDIV::DIV_2)
[INFO] [stdout]    |               ^^^^^^^^ use of undeclared type `FPLLIDIV`
[INFO] [stdout] 
[INFO] [stdout] error[E0433]: failed to resolve: use of undeclared type `FPLLMUL`
[INFO] [stdout]   --> src/lib.rs:21:14
[INFO] [stdout]    |
[INFO] [stdout] 13 |     .FPLLMUL(FPLLMUL::MUL_20)
[INFO] [stdout]    |              ^^^^^^^ use of undeclared type `FPLLMUL`
[INFO] [stdout] 
[INFO] [stdout] error[E0433]: failed to resolve: use of undeclared type `FPLLODIV`
[INFO] [stdout]   --> src/lib.rs:22:15
[INFO] [stdout]    |
[INFO] [stdout] 14 |     .FPLLODIV(FPLLODIV::DIV_2)
[INFO] [stdout]    |               ^^^^^^^^ use of undeclared type `FPLLODIV`
[INFO] [stdout] 
[INFO] [stdout] error[E0433]: failed to resolve: use of undeclared type `FNOSC`
[INFO] [stdout]   --> src/lib.rs:23:12
[INFO] [stdout]    |
[INFO] [stdout] 15 |     .FNOSC(FNOSC::FRCPLL)
[INFO] [stdout]    |            ^^^^^ use of undeclared type `FNOSC`
[INFO] [stdout] 
[INFO] [stdout] error[E0433]: failed to resolve: use of undeclared type `FSOSCEN`
[INFO] [stdout]   --> src/lib.rs:24:14
[INFO] [stdout]    |
[INFO] [stdout] 16 |     .FSOSCEN(FSOSCEN::OFF)
[INFO] [stdout]    |              ^^^^^^^ use of undeclared type `FSOSCEN`
[INFO] [stdout] 
[INFO] [stdout] error[E0433]: failed to resolve: use of undeclared type `FPBDIV`
[INFO] [stdout]   --> src/lib.rs:25:13
[INFO] [stdout]    |
[INFO] [stdout] 17 |     .FPBDIV(FPBDIV::DIV_1)
[INFO] [stdout]    |             ^^^^^^ use of undeclared type `FPBDIV`
[INFO] [stdout] 
[INFO] [stdout] error[E0433]: failed to resolve: use of undeclared type `FWDTEN`
[INFO] [stdout]   --> src/lib.rs:26:13
[INFO] [stdout]    |
[INFO] [stdout] 18 |     .FWDTEN(FWDTEN::OFF)
[INFO] [stdout]    |             ^^^^^^ use of undeclared type `FWDTEN`
[INFO] [stdout] 
[INFO] [stdout] error[E0433]: failed to resolve: use of undeclared type `JTAGEN`
[INFO] [stdout]   --> src/lib.rs:27:13
[INFO] [stdout]    |
[INFO] [stdout] 19 |     .JTAGEN(JTAGEN::OFF)
[INFO] [stdout]    |             ^^^^^^ use of undeclared type `JTAGEN`
[INFO] [stdout] 
[INFO] [stdout] error[E0433]: failed to resolve: use of undeclared type `ICESEL`
[INFO] [stdout]   --> src/lib.rs:28:13
[INFO] [stdout]    |
[INFO] [stdout] 20 |     .ICESEL(ICESEL::ICS_PGx1)
[INFO] [stdout]    |             ^^^^^^ use of undeclared type `ICESEL`
[INFO] [stdout] 
[INFO] [stdout] error[E0412]: cannot find type `ConfigSector` in this scope
[INFO] [stdout]  --> src/lib.rs:15:24
[INFO] [stdout]   |
[INFO] [stdout] 7 | pub static CONFIGSFRS: ConfigSector = ConfigSector::default()
[INFO] [stdout]   |                        ^^^^^^^^^^^^ not found in this scope
[INFO] [stdout]   |
[INFO] [stdout] help: consider importing one of these items
[INFO] [stdout]   |
[INFO] [stdout] 2 + use pic32_config_sector::pic32mx1x4::ConfigSector;
[INFO] [stdout]   |
[INFO] [stdout] 2 + use pic32_config_sector::pic32mx1xx::ConfigSector;
[INFO] [stdout]   |
[INFO] [stdout] 2 + use pic32_config_sector::pic32mx2x4::ConfigSector;
[INFO] [stdout]   |
[INFO] [stdout] 2 + use pic32_config_sector::pic32mx2xx::ConfigSector;
[INFO] [stdout]   |
[INFO] [stdout]     and 2 other candidates
[INFO] [stdout] 
[INFO] [stdout] error[E0433]: failed to resolve: use of undeclared type `ConfigSector`
[INFO] [stdout]  --> src/lib.rs:15:39
[INFO] [stdout]   |
[INFO] [stdout] 7 | pub static CONFIGSFRS: ConfigSector = ConfigSector::default()
[INFO] [stdout]   |                                       ^^^^^^^^^^^^ use of undeclared type `ConfigSector`
[INFO] [stdout]   |
[INFO] [stdout] help: consider importing one of these items
[INFO] [stdout]   |
[INFO] [stdout] 2 + use pic32_config_sector::pic32mx1x4::ConfigSector;
[INFO] [stdout]   |
[INFO] [stdout] 2 + use pic32_config_sector::pic32mx1xx::ConfigSector;
[INFO] [stdout]   |
[INFO] [stdout] 2 + use pic32_config_sector::pic32mx2x4::ConfigSector;
[INFO] [stdout]   |
[INFO] [stdout] 2 + use pic32_config_sector::pic32mx2xx::ConfigSector;
[INFO] [stdout]   |
[INFO] [stdout]     and 2 other candidates
[INFO] [stdout] 
[INFO] [stdout] error: aborting due to 16 previous errors
[INFO] [stdout] 
[INFO] [stdout] Some errors have detailed explanations: E0412, E0433.
[INFO] [stdout] For more information about an error, try `rustc --explain E0412`.
[INFO] [stdout] Couldn't compile the test.
[INFO] [stdout] 
[INFO] [stdout] failures:
[INFO] [stdout]     src/lib.rs - (line 10)
[INFO] [stdout] 
[INFO] [stdout] test result: FAILED. 0 passed; 1 failed; 0 ignored; 0 measured; 0 filtered out; finished in 0.07s
[INFO] [stdout] 
[INFO] [stderr] error: doctest failed, to rerun pass `--doc`
[INFO] running `Command { std: "docker" "inspect" "70fe5a6e81d5d6771084c9e85dca0e967c9229c4b5ebbb3cd8de7cf0ba23047a", kill_on_drop: false }`
[INFO] running `Command { std: "docker" "rm" "-f" "70fe5a6e81d5d6771084c9e85dca0e967c9229c4b5ebbb3cd8de7cf0ba23047a", kill_on_drop: false }`
[INFO] [stdout] 70fe5a6e81d5d6771084c9e85dca0e967c9229c4b5ebbb3cd8de7cf0ba23047a
