[INFO] fetching crate pi_debug_info 0.1.0...
[INFO] testing pi_debug_info-0.1.0 against 1.69.0 for beta-1.70-1
[INFO] extracting crate pi_debug_info 0.1.0 into /workspace/builds/worker-2-tc1/source
[INFO] validating manifest of crates.io crate pi_debug_info 0.1.0 on toolchain 1.69.0
[INFO] running `Command { std: CARGO_HOME="/workspace/cargo-home" RUSTUP_HOME="/workspace/rustup-home" "/workspace/cargo-home/bin/cargo" "+1.69.0" "metadata" "--manifest-path" "Cargo.toml" "--no-deps", kill_on_drop: false }`
[INFO] started tweaking crates.io crate pi_debug_info 0.1.0
[INFO] finished tweaking crates.io crate pi_debug_info 0.1.0
[INFO] tweaked toml for crates.io crate pi_debug_info 0.1.0 written to /workspace/builds/worker-2-tc1/source/Cargo.toml
[INFO] running `Command { std: CARGO_HOME="/workspace/cargo-home" RUSTUP_HOME="/workspace/rustup-home" __CARGO_TEST_CHANNEL_OVERRIDE_DO_NOT_USE_THIS="nightly" "/workspace/cargo-home/bin/cargo" "+1.69.0" "generate-lockfile" "--manifest-path" "Cargo.toml" "-Zno-index-update", kill_on_drop: false }`
[INFO] running `Command { std: CARGO_HOME="/workspace/cargo-home" RUSTUP_HOME="/workspace/rustup-home" "/workspace/cargo-home/bin/cargo" "+1.69.0" "fetch" "--manifest-path" "Cargo.toml", kill_on_drop: false }`
[INFO] running `Command { std: "docker" "create" "-v" "/var/lib/crater-agent-workspace/builds/worker-2-tc1/target:/opt/rustwide/target:rw,Z" "-v" "/var/lib/crater-agent-workspace/builds/worker-2-tc1/source:/opt/rustwide/workdir:ro,Z" "-v" "/var/lib/crater-agent-workspace/cargo-home:/opt/rustwide/cargo-home:ro,Z" "-v" "/var/lib/crater-agent-workspace/rustup-home:/opt/rustwide/rustup-home:ro,Z" "-e" "SOURCE_DIR=/opt/rustwide/workdir" "-e" "CARGO_TARGET_DIR=/opt/rustwide/target" "-e" "CARGO_HOME=/opt/rustwide/cargo-home" "-e" "RUSTUP_HOME=/opt/rustwide/rustup-home" "-w" "/opt/rustwide/workdir" "-m" "1610612736" "--user" "0:0" "--network" "none" "ghcr.io/rust-lang/crates-build-env/linux@sha256:97d61d7686bf65f8ecb15491ab51835e82dc9176a96a831f143a431b191fc501" "/opt/rustwide/cargo-home/bin/cargo" "+1.69.0" "metadata" "--no-deps" "--format-version=1", kill_on_drop: false }`
[INFO] [stdout] a82a647f4dd0963aa5cf629a0be84bc98072f8a2e6b430c4ccb745326938ab12
[INFO] running `Command { std: "docker" "start" "-a" "a82a647f4dd0963aa5cf629a0be84bc98072f8a2e6b430c4ccb745326938ab12", kill_on_drop: false }`
[INFO] running `Command { std: "docker" "inspect" "a82a647f4dd0963aa5cf629a0be84bc98072f8a2e6b430c4ccb745326938ab12", kill_on_drop: false }`
[INFO] running `Command { std: "docker" "rm" "-f" "a82a647f4dd0963aa5cf629a0be84bc98072f8a2e6b430c4ccb745326938ab12", kill_on_drop: false }`
[INFO] [stdout] a82a647f4dd0963aa5cf629a0be84bc98072f8a2e6b430c4ccb745326938ab12
[INFO] running `Command { std: "docker" "create" "-v" "/var/lib/crater-agent-workspace/builds/worker-2-tc1/target:/opt/rustwide/target:rw,Z" "-v" "/var/lib/crater-agent-workspace/builds/worker-2-tc1/source:/opt/rustwide/workdir:ro,Z" "-v" "/var/lib/crater-agent-workspace/cargo-home:/opt/rustwide/cargo-home:ro,Z" "-v" "/var/lib/crater-agent-workspace/rustup-home:/opt/rustwide/rustup-home:ro,Z" "-e" "SOURCE_DIR=/opt/rustwide/workdir" "-e" "CARGO_TARGET_DIR=/opt/rustwide/target" "-e" "CARGO_INCREMENTAL=0" "-e" "RUST_BACKTRACE=full" "-e" "RUSTFLAGS=--cap-lints=warn" "-e" "RUSTDOCFLAGS=--cap-lints=warn" "-e" "CARGO_HOME=/opt/rustwide/cargo-home" "-e" "RUSTUP_HOME=/opt/rustwide/rustup-home" "-w" "/opt/rustwide/workdir" "-m" "1610612736" "--user" "0:0" "--network" "none" "ghcr.io/rust-lang/crates-build-env/linux@sha256:97d61d7686bf65f8ecb15491ab51835e82dc9176a96a831f143a431b191fc501" "/opt/rustwide/cargo-home/bin/cargo" "+1.69.0" "build" "--frozen" "--message-format=json", kill_on_drop: false }`
[INFO] [stdout] ae2af608e1c3e2ec9f7d2d64faf8034e97d9601541bceae8245be2fa848cf2a4
[INFO] running `Command { std: "docker" "start" "-a" "ae2af608e1c3e2ec9f7d2d64faf8034e97d9601541bceae8245be2fa848cf2a4", kill_on_drop: false }`
[INFO] [stderr]    Compiling pi_debug_info v0.1.0 (/opt/rustwide/workdir)
[INFO] [stderr]     Finished dev [unoptimized + debuginfo] target(s) in 0.06s
[INFO] running `Command { std: "docker" "inspect" "ae2af608e1c3e2ec9f7d2d64faf8034e97d9601541bceae8245be2fa848cf2a4", kill_on_drop: false }`
[INFO] running `Command { std: "docker" "rm" "-f" "ae2af608e1c3e2ec9f7d2d64faf8034e97d9601541bceae8245be2fa848cf2a4", kill_on_drop: false }`
[INFO] [stdout] ae2af608e1c3e2ec9f7d2d64faf8034e97d9601541bceae8245be2fa848cf2a4
[INFO] running `Command { std: "docker" "create" "-v" "/var/lib/crater-agent-workspace/builds/worker-2-tc1/target:/opt/rustwide/target:rw,Z" "-v" "/var/lib/crater-agent-workspace/builds/worker-2-tc1/source:/opt/rustwide/workdir:ro,Z" "-v" "/var/lib/crater-agent-workspace/cargo-home:/opt/rustwide/cargo-home:ro,Z" "-v" "/var/lib/crater-agent-workspace/rustup-home:/opt/rustwide/rustup-home:ro,Z" "-e" "SOURCE_DIR=/opt/rustwide/workdir" "-e" "CARGO_TARGET_DIR=/opt/rustwide/target" "-e" "CARGO_INCREMENTAL=0" "-e" "RUST_BACKTRACE=full" "-e" "RUSTFLAGS=--cap-lints=warn" "-e" "RUSTDOCFLAGS=--cap-lints=warn" "-e" "CARGO_HOME=/opt/rustwide/cargo-home" "-e" "RUSTUP_HOME=/opt/rustwide/rustup-home" "-w" "/opt/rustwide/workdir" "-m" "1610612736" "--user" "0:0" "--network" "none" "ghcr.io/rust-lang/crates-build-env/linux@sha256:97d61d7686bf65f8ecb15491ab51835e82dc9176a96a831f143a431b191fc501" "/opt/rustwide/cargo-home/bin/cargo" "+1.69.0" "test" "--frozen" "--no-run" "--message-format=json", kill_on_drop: false }`
[INFO] [stdout] 2ae77a38b59a0cdf6410f20a59837f4fa4af7a939c5518d3de829205805eaab7
[INFO] running `Command { std: "docker" "start" "-a" "2ae77a38b59a0cdf6410f20a59837f4fa4af7a939c5518d3de829205805eaab7", kill_on_drop: false }`
[INFO] [stderr]     Blocking waiting for file lock on package cache
[INFO] [stderr]    Compiling pi_debug_info v0.1.0 (/opt/rustwide/workdir)
[INFO] [stderr]     Finished test [unoptimized + debuginfo] target(s) in 0.57s
[INFO] running `Command { std: "docker" "inspect" "2ae77a38b59a0cdf6410f20a59837f4fa4af7a939c5518d3de829205805eaab7", kill_on_drop: false }`
[INFO] running `Command { std: "docker" "rm" "-f" "2ae77a38b59a0cdf6410f20a59837f4fa4af7a939c5518d3de829205805eaab7", kill_on_drop: false }`
[INFO] [stdout] 2ae77a38b59a0cdf6410f20a59837f4fa4af7a939c5518d3de829205805eaab7
[INFO] running `Command { std: "docker" "create" "-v" "/var/lib/crater-agent-workspace/builds/worker-2-tc1/target:/opt/rustwide/target:rw,Z" "-v" "/var/lib/crater-agent-workspace/builds/worker-2-tc1/source:/opt/rustwide/workdir:ro,Z" "-v" "/var/lib/crater-agent-workspace/cargo-home:/opt/rustwide/cargo-home:ro,Z" "-v" "/var/lib/crater-agent-workspace/rustup-home:/opt/rustwide/rustup-home:ro,Z" "-e" "SOURCE_DIR=/opt/rustwide/workdir" "-e" "CARGO_TARGET_DIR=/opt/rustwide/target" "-e" "CARGO_INCREMENTAL=0" "-e" "RUST_BACKTRACE=full" "-e" "RUSTFLAGS=--cap-lints=warn" "-e" "RUSTDOCFLAGS=--cap-lints=warn" "-e" "CARGO_HOME=/opt/rustwide/cargo-home" "-e" "RUSTUP_HOME=/opt/rustwide/rustup-home" "-w" "/opt/rustwide/workdir" "-m" "1610612736" "--user" "0:0" "--network" "none" "ghcr.io/rust-lang/crates-build-env/linux@sha256:97d61d7686bf65f8ecb15491ab51835e82dc9176a96a831f143a431b191fc501" "/opt/rustwide/cargo-home/bin/cargo" "+1.69.0" "test" "--frozen", kill_on_drop: false }`
[INFO] [stdout] 410786c1f6d7875629e09efdb3401070f53e7c782fac3f8afaa75fbc72dee7f5
[INFO] running `Command { std: "docker" "start" "-a" "410786c1f6d7875629e09efdb3401070f53e7c782fac3f8afaa75fbc72dee7f5", kill_on_drop: false }`
[INFO] [stderr]     Finished test [unoptimized + debuginfo] target(s) in 0.01s
[INFO] [stderr]      Running unittests src/lib.rs (/opt/rustwide/target/debug/deps/pi_debug_info-2e0866f206ee0a47)
[INFO] [stdout] 
[INFO] [stdout] running 0 tests
[INFO] [stdout] 
[INFO] [stdout] test result: ok. 0 passed; 0 failed; 0 ignored; 0 measured; 0 filtered out; finished in 0.00s
[INFO] [stdout] 
[INFO] [stderr]    Doc-tests pi_debug_info
[INFO] [stdout] 
[INFO] [stdout] running 1 test
[INFO] [stdout] test src/lib.rs - (line 9) ... FAILED
[INFO] [stdout] 
[INFO] [stdout] failures:
[INFO] [stdout] 
[INFO] [stdout] ---- src/lib.rs - (line 9) stdout ----
[INFO] [stdout] error: unexpected token: `...`
[INFO] [stdout]  --> src/lib.rs:10:1
[INFO] [stdout]   |
[INFO] [stdout] 3 | ...
[INFO] [stdout]   | ^^^
[INFO] [stdout]   |
[INFO] [stdout] help: use `..` for an exclusive range
[INFO] [stdout]   |
[INFO] [stdout] 3 | ..
[INFO] [stdout]   |
[INFO] [stdout] help: or `..=` for an inclusive range
[INFO] [stdout]   |
[INFO] [stdout] 3 | ..=
[INFO] [stdout]   |
[INFO] [stdout] 
[INFO] [stdout] error: expected `;`, found `default`
[INFO] [stdout]  --> src/lib.rs:11:12
[INFO] [stdout]   |
[INFO] [stdout] 4 |  [features]
[INFO] [stdout]   |            ^ help: add `;` here
[INFO] [stdout] 5 |  default = ["print"] // 默认features中添加print时，源码中调用debug_println!或debug_print!，才能在控制台输出，否则不输出                         ...
[INFO] [stdout]   |  ------- unexpected token
[INFO] [stdout] 
[INFO] [stdout] error: expected `;`, found `print`
[INFO] [stdout]  --> src/lib.rs:12:21
[INFO] [stdout]   |
[INFO] [stdout] 5 |  default = ["print"] // 默认features中添加print时，源码中调用debug_println!或debug_print!，才能在控制台输出，否则不输出                         ...
[INFO] [stdout]   |                     ^ help: add `;` here
[INFO] [stdout] 6 |  print=[]
[INFO] [stdout]   |  ----- unexpected token
[INFO] [stdout] 
[INFO] [stdout] error: unexpected token: `...`
[INFO] [stdout]  --> src/lib.rs:14:2
[INFO] [stdout]   |
[INFO] [stdout] 7 |  ...
[INFO] [stdout]   |  ^^^
[INFO] [stdout]   |
[INFO] [stdout] help: use `..` for an exclusive range
[INFO] [stdout]   |
[INFO] [stdout] 7 |  ..
[INFO] [stdout]   |
[INFO] [stdout] help: or `..=` for an inclusive range
[INFO] [stdout]   |
[INFO] [stdout] 7 |  ..=
[INFO] [stdout]   |
[INFO] [stdout] 
[INFO] [stdout] error[E0586]: inclusive range with no end
[INFO] [stdout]  --> src/lib.rs:14:2
[INFO] [stdout]   |
[INFO] [stdout] 7 |  ...
[INFO] [stdout]   |  ^^^ help: use `..` instead
[INFO] [stdout]   |
[INFO] [stdout]   = note: inclusive ranges must be bounded at the end (`..=b` or `a..=b`)
[INFO] [stdout] 
[INFO] [stdout] error[E0423]: expected value, found macro `print`
[INFO] [stdout]  --> src/lib.rs:13:2
[INFO] [stdout]   |
[INFO] [stdout] 6 |  print=[]
[INFO] [stdout]   |  ^^^^^ not a value
[INFO] [stdout] 
[INFO] [stdout] error: aborting due to 6 previous errors
[INFO] [stdout] 
[INFO] [stdout] Some errors have detailed explanations: E0423, E0586.
[INFO] [stdout] For more information about an error, try `rustc --explain E0423`.
[INFO] [stdout] Couldn't compile the test.
[INFO] [stdout] 
[INFO] [stdout] failures:
[INFO] [stdout]     src/lib.rs - (line 9)
[INFO] [stdout] 
[INFO] [stdout] test result: FAILED. 0 passed; 1 failed; 0 ignored; 0 measured; 0 filtered out; finished in 0.05s
[INFO] [stdout] 
[INFO] [stderr] error: doctest failed, to rerun pass `--doc`
[INFO] running `Command { std: "docker" "inspect" "410786c1f6d7875629e09efdb3401070f53e7c782fac3f8afaa75fbc72dee7f5", kill_on_drop: false }`
[INFO] running `Command { std: "docker" "rm" "-f" "410786c1f6d7875629e09efdb3401070f53e7c782fac3f8afaa75fbc72dee7f5", kill_on_drop: false }`
[INFO] [stdout] 410786c1f6d7875629e09efdb3401070f53e7c782fac3f8afaa75fbc72dee7f5
