[INFO] fetching crate pi_any 0.1.1...
[INFO] testing pi_any-0.1.1 against 1.69.0 for beta-1.70-1
[INFO] extracting crate pi_any 0.1.1 into /workspace/builds/worker-7-tc1/source
[INFO] validating manifest of crates.io crate pi_any 0.1.1 on toolchain 1.69.0
[INFO] running `Command { std: CARGO_HOME="/workspace/cargo-home" RUSTUP_HOME="/workspace/rustup-home" "/workspace/cargo-home/bin/cargo" "+1.69.0" "metadata" "--manifest-path" "Cargo.toml" "--no-deps", kill_on_drop: false }`
[INFO] started tweaking crates.io crate pi_any 0.1.1
[INFO] finished tweaking crates.io crate pi_any 0.1.1
[INFO] tweaked toml for crates.io crate pi_any 0.1.1 written to /workspace/builds/worker-7-tc1/source/Cargo.toml
[INFO] running `Command { std: CARGO_HOME="/workspace/cargo-home" RUSTUP_HOME="/workspace/rustup-home" __CARGO_TEST_CHANNEL_OVERRIDE_DO_NOT_USE_THIS="nightly" "/workspace/cargo-home/bin/cargo" "+1.69.0" "generate-lockfile" "--manifest-path" "Cargo.toml" "-Zno-index-update", kill_on_drop: false }`
[INFO] [stderr]     Blocking waiting for file lock on package cache
[INFO] running `Command { std: CARGO_HOME="/workspace/cargo-home" RUSTUP_HOME="/workspace/rustup-home" "/workspace/cargo-home/bin/cargo" "+1.69.0" "fetch" "--manifest-path" "Cargo.toml", kill_on_drop: false }`
[INFO] running `Command { std: "docker" "create" "-v" "/var/lib/crater-agent-workspace/builds/worker-7-tc1/target:/opt/rustwide/target:rw,Z" "-v" "/var/lib/crater-agent-workspace/builds/worker-7-tc1/source:/opt/rustwide/workdir:ro,Z" "-v" "/var/lib/crater-agent-workspace/cargo-home:/opt/rustwide/cargo-home:ro,Z" "-v" "/var/lib/crater-agent-workspace/rustup-home:/opt/rustwide/rustup-home:ro,Z" "-e" "SOURCE_DIR=/opt/rustwide/workdir" "-e" "CARGO_TARGET_DIR=/opt/rustwide/target" "-e" "CARGO_HOME=/opt/rustwide/cargo-home" "-e" "RUSTUP_HOME=/opt/rustwide/rustup-home" "-w" "/opt/rustwide/workdir" "-m" "1610612736" "--user" "0:0" "--network" "none" "ghcr.io/rust-lang/crates-build-env/linux@sha256:5ff2268d62e97bff2cde7d5815dd6ed5b47097566f13b8d0ca110b04b60e07ed" "/opt/rustwide/cargo-home/bin/cargo" "+1.69.0" "metadata" "--no-deps" "--format-version=1", kill_on_drop: false }`
[INFO] [stdout] f859e275f3877a08d3c4f73eef0dc300892247fdf5656e7bb896bbe94a0fe307
[INFO] running `Command { std: "docker" "start" "-a" "f859e275f3877a08d3c4f73eef0dc300892247fdf5656e7bb896bbe94a0fe307", kill_on_drop: false }`
[INFO] running `Command { std: "docker" "inspect" "f859e275f3877a08d3c4f73eef0dc300892247fdf5656e7bb896bbe94a0fe307", kill_on_drop: false }`
[INFO] running `Command { std: "docker" "rm" "-f" "f859e275f3877a08d3c4f73eef0dc300892247fdf5656e7bb896bbe94a0fe307", kill_on_drop: false }`
[INFO] [stdout] f859e275f3877a08d3c4f73eef0dc300892247fdf5656e7bb896bbe94a0fe307
[INFO] running `Command { std: "docker" "create" "-v" "/var/lib/crater-agent-workspace/builds/worker-7-tc1/target:/opt/rustwide/target:rw,Z" "-v" "/var/lib/crater-agent-workspace/builds/worker-7-tc1/source:/opt/rustwide/workdir:ro,Z" "-v" "/var/lib/crater-agent-workspace/cargo-home:/opt/rustwide/cargo-home:ro,Z" "-v" "/var/lib/crater-agent-workspace/rustup-home:/opt/rustwide/rustup-home:ro,Z" "-e" "SOURCE_DIR=/opt/rustwide/workdir" "-e" "CARGO_TARGET_DIR=/opt/rustwide/target" "-e" "CARGO_INCREMENTAL=0" "-e" "RUST_BACKTRACE=full" "-e" "RUSTFLAGS=--cap-lints=warn" "-e" "RUSTDOCFLAGS=--cap-lints=warn" "-e" "CARGO_HOME=/opt/rustwide/cargo-home" "-e" "RUSTUP_HOME=/opt/rustwide/rustup-home" "-w" "/opt/rustwide/workdir" "-m" "1610612736" "--user" "0:0" "--network" "none" "ghcr.io/rust-lang/crates-build-env/linux@sha256:5ff2268d62e97bff2cde7d5815dd6ed5b47097566f13b8d0ca110b04b60e07ed" "/opt/rustwide/cargo-home/bin/cargo" "+1.69.0" "build" "--frozen" "--message-format=json", kill_on_drop: false }`
[INFO] [stdout] beb388484eaf3bbddf539091dbf35e6ae3a74e8e2d2ab07fd4c0e70d28c70c16
[INFO] running `Command { std: "docker" "start" "-a" "beb388484eaf3bbddf539091dbf35e6ae3a74e8e2d2ab07fd4c0e70d28c70c16", kill_on_drop: false }`
[INFO] [stderr]    Compiling pi_any v0.1.1 (/opt/rustwide/workdir)
[INFO] [stderr]     Finished dev [unoptimized + debuginfo] target(s) in 0.06s
[INFO] running `Command { std: "docker" "inspect" "beb388484eaf3bbddf539091dbf35e6ae3a74e8e2d2ab07fd4c0e70d28c70c16", kill_on_drop: false }`
[INFO] running `Command { std: "docker" "rm" "-f" "beb388484eaf3bbddf539091dbf35e6ae3a74e8e2d2ab07fd4c0e70d28c70c16", kill_on_drop: false }`
[INFO] [stdout] beb388484eaf3bbddf539091dbf35e6ae3a74e8e2d2ab07fd4c0e70d28c70c16
[INFO] running `Command { std: "docker" "create" "-v" "/var/lib/crater-agent-workspace/builds/worker-7-tc1/target:/opt/rustwide/target:rw,Z" "-v" "/var/lib/crater-agent-workspace/builds/worker-7-tc1/source:/opt/rustwide/workdir:ro,Z" "-v" "/var/lib/crater-agent-workspace/cargo-home:/opt/rustwide/cargo-home:ro,Z" "-v" "/var/lib/crater-agent-workspace/rustup-home:/opt/rustwide/rustup-home:ro,Z" "-e" "SOURCE_DIR=/opt/rustwide/workdir" "-e" "CARGO_TARGET_DIR=/opt/rustwide/target" "-e" "CARGO_INCREMENTAL=0" "-e" "RUST_BACKTRACE=full" "-e" "RUSTFLAGS=--cap-lints=warn" "-e" "RUSTDOCFLAGS=--cap-lints=warn" "-e" "CARGO_HOME=/opt/rustwide/cargo-home" "-e" "RUSTUP_HOME=/opt/rustwide/rustup-home" "-w" "/opt/rustwide/workdir" "-m" "1610612736" "--user" "0:0" "--network" "none" "ghcr.io/rust-lang/crates-build-env/linux@sha256:5ff2268d62e97bff2cde7d5815dd6ed5b47097566f13b8d0ca110b04b60e07ed" "/opt/rustwide/cargo-home/bin/cargo" "+1.69.0" "test" "--frozen" "--no-run" "--message-format=json", kill_on_drop: false }`
[INFO] [stdout] a2460a8e87f504897de8ce919c7a251f99d1248e7faea99a5600a90e407b6282
[INFO] running `Command { std: "docker" "start" "-a" "a2460a8e87f504897de8ce919c7a251f99d1248e7faea99a5600a90e407b6282", kill_on_drop: false }`
[INFO] [stderr]    Compiling pi_any v0.1.1 (/opt/rustwide/workdir)
[INFO] [stderr]     Finished test [unoptimized + debuginfo] target(s) in 0.73s
[INFO] running `Command { std: "docker" "inspect" "a2460a8e87f504897de8ce919c7a251f99d1248e7faea99a5600a90e407b6282", kill_on_drop: false }`
[INFO] running `Command { std: "docker" "rm" "-f" "a2460a8e87f504897de8ce919c7a251f99d1248e7faea99a5600a90e407b6282", kill_on_drop: false }`
[INFO] [stdout] a2460a8e87f504897de8ce919c7a251f99d1248e7faea99a5600a90e407b6282
[INFO] running `Command { std: "docker" "create" "-v" "/var/lib/crater-agent-workspace/builds/worker-7-tc1/target:/opt/rustwide/target:rw,Z" "-v" "/var/lib/crater-agent-workspace/builds/worker-7-tc1/source:/opt/rustwide/workdir:ro,Z" "-v" "/var/lib/crater-agent-workspace/cargo-home:/opt/rustwide/cargo-home:ro,Z" "-v" "/var/lib/crater-agent-workspace/rustup-home:/opt/rustwide/rustup-home:ro,Z" "-e" "SOURCE_DIR=/opt/rustwide/workdir" "-e" "CARGO_TARGET_DIR=/opt/rustwide/target" "-e" "CARGO_INCREMENTAL=0" "-e" "RUST_BACKTRACE=full" "-e" "RUSTFLAGS=--cap-lints=warn" "-e" "RUSTDOCFLAGS=--cap-lints=warn" "-e" "CARGO_HOME=/opt/rustwide/cargo-home" "-e" "RUSTUP_HOME=/opt/rustwide/rustup-home" "-w" "/opt/rustwide/workdir" "-m" "1610612736" "--user" "0:0" "--network" "none" "ghcr.io/rust-lang/crates-build-env/linux@sha256:5ff2268d62e97bff2cde7d5815dd6ed5b47097566f13b8d0ca110b04b60e07ed" "/opt/rustwide/cargo-home/bin/cargo" "+1.69.0" "test" "--frozen", kill_on_drop: false }`
[INFO] [stdout] aa4da89a02f1232a86d1f0343358748f5bd4f97b28241d9e1aba6f1f1c6877c4
[INFO] running `Command { std: "docker" "start" "-a" "aa4da89a02f1232a86d1f0343358748f5bd4f97b28241d9e1aba6f1f1c6877c4", kill_on_drop: false }`
[INFO] [stderr]     Finished test [unoptimized + debuginfo] target(s) in 0.01s
[INFO] [stderr]      Running unittests src/lib.rs (/opt/rustwide/target/debug/deps/pi_any-05923c2a274d8fa6)
[INFO] [stdout] 
[INFO] [stdout] running 10 tests
[INFO] [stdout] test test::non_generic::test ... ok
[INFO] [stdout] test test::constrained_param_and_associated::test ... ok
[INFO] [stdout] test test::concrete_parametrized_associated::test ... ok
[INFO] [stdout] test test::param_and_associated::test ... ok
[INFO] [stdout] test test::concrete_parametrized::test ... ok
[INFO] [stdout] test test::constrained_generic::test ... ok
[INFO] [stdout] test test::concrete_associated::test ... ok
[INFO] [stdout] test test::generic::test ... ok
[INFO] [stdout] test test::associated::test ... ok
[INFO] [stdout] test test::constrained_associated::test ... ok
[INFO] [stdout] 
[INFO] [stdout] test result: ok. 10 passed; 0 failed; 0 ignored; 0 measured; 0 filtered out; finished in 0.02s
[INFO] [stdout] 
[INFO] [stderr]    Doc-tests pi_any
[INFO] [stdout] 
[INFO] [stdout] running 3 tests
[INFO] [stdout] test src/lib.rs - (line 23) ... FAILED
[INFO] [stdout] test src/lib.rs - (line 98) ... FAILED
[INFO] [stdout] test src/lib.rs - (line 55) ... FAILED
[INFO] [stderr] error: doctest failed, to rerun pass `--doc`
[INFO] [stdout] 
[INFO] [stdout] failures:
[INFO] [stdout] 
[INFO] [stdout] ---- src/lib.rs - (line 23) stdout ----
[INFO] [stdout] error[E0463]: can't find crate for `any`
[INFO] [stdout]  --> src/lib.rs:25:1
[INFO] [stdout]   |
[INFO] [stdout] 3 | extern crate any;
[INFO] [stdout]   | ^^^^^^^^^^^^^^^^^ can't find crate
[INFO] [stdout] 
[INFO] [stdout] error: cannot find macro `impl_downcast` in this scope
[INFO] [stdout]   --> src/lib.rs:49:1
[INFO] [stdout]    |
[INFO] [stdout] 27 | impl_downcast!(concrete TraitConcrete2<u32> assoc H=f64);
[INFO] [stdout]    | ^^^^^^^^^^^^^
[INFO] [stdout]    |
[INFO] [stdout]    = help: consider importing this macro:
[INFO] [stdout]            pi_any::impl_downcast
[INFO] [stdout] 
[INFO] [stdout] error: cannot find macro `impl_downcast` in this scope
[INFO] [stdout]   --> src/lib.rs:46:1
[INFO] [stdout]    |
[INFO] [stdout] 24 | impl_downcast!(concrete TraitConcrete1<u32>);
[INFO] [stdout]    | ^^^^^^^^^^^^^
[INFO] [stdout]    |
[INFO] [stdout]    = help: consider importing this macro:
[INFO] [stdout]            pi_any::impl_downcast
[INFO] [stdout] 
[INFO] [stdout] error: cannot find macro `impl_downcast` in this scope
[INFO] [stdout]   --> src/lib.rs:42:1
[INFO] [stdout]    |
[INFO] [stdout] 20 | impl_downcast!(TraitGeneric3<T> assoc H where T: Copy, H: Clone);
[INFO] [stdout]    | ^^^^^^^^^^^^^
[INFO] [stdout]    |
[INFO] [stdout]    = help: consider importing this macro:
[INFO] [stdout]            pi_any::impl_downcast
[INFO] [stdout] 
[INFO] [stdout] error: cannot find macro `impl_downcast` in this scope
[INFO] [stdout]   --> src/lib.rs:36:1
[INFO] [stdout]    |
[INFO] [stdout] 14 | impl_downcast!(TraitGeneric2 assoc G, H);
[INFO] [stdout]    | ^^^^^^^^^^^^^
[INFO] [stdout]    |
[INFO] [stdout]    = help: consider importing this macro:
[INFO] [stdout]            pi_any::impl_downcast
[INFO] [stdout] 
[INFO] [stdout] error: cannot find macro `impl_downcast` in this scope
[INFO] [stdout]   --> src/lib.rs:32:1
[INFO] [stdout]    |
[INFO] [stdout] 10 | impl_downcast!(TraitGeneric1<T>);
[INFO] [stdout]    | ^^^^^^^^^^^^^
[INFO] [stdout]    |
[INFO] [stdout]    = help: consider importing this macro:
[INFO] [stdout]            pi_any::impl_downcast
[INFO] [stdout] 
[INFO] [stdout] error: cannot find macro `impl_downcast` in this scope
[INFO] [stdout]  --> src/lib.rs:28:1
[INFO] [stdout]   |
[INFO] [stdout] 6 | impl_downcast!(Trait);
[INFO] [stdout]   | ^^^^^^^^^^^^^
[INFO] [stdout]   |
[INFO] [stdout]   = help: consider importing this macro:
[INFO] [stdout]           pi_any::impl_downcast
[INFO] [stdout] 
[INFO] [stdout] error: aborting due to 7 previous errors
[INFO] [stdout] 
[INFO] [stdout] For more information about this error, try `rustc --explain E0463`.
[INFO] [stdout] Couldn't compile the test.
[INFO] [stdout] ---- src/lib.rs - (line 98) stdout ----
[INFO] [stdout] error[E0463]: can't find crate for `any`
[INFO] [stdout]  --> src/lib.rs:100:1
[INFO] [stdout]   |
[INFO] [stdout] 3 | extern crate any;
[INFO] [stdout]   | ^^^^^^^^^^^^^^^^^ can't find crate
[INFO] [stdout] 
[INFO] [stdout] error[E0433]: failed to resolve: use of undeclared crate or module `downcast_rs`
[INFO] [stdout]  --> src/lib.rs:106:1
[INFO] [stdout]   |
[INFO] [stdout] 9 | downcast_rs::impl_downcast!(Base<T> assoc H where T: Clone, H: Copy);
[INFO] [stdout]   | ^^^^^^^^^^^ use of undeclared crate or module `downcast_rs`
[INFO] [stdout] 
[INFO] [stdout] error: aborting due to 2 previous errors
[INFO] [stdout] 
[INFO] [stdout] Some errors have detailed explanations: E0433, E0463.
[INFO] [stdout] For more information about an error, try `rustc --explain E0433`.
[INFO] [stdout] Couldn't compile the test.
[INFO] [stdout] ---- src/lib.rs - (line 55) stdout ----
[INFO] [stdout] error[E0463]: can't find crate for `any`
[INFO] [stdout]  --> src/lib.rs:58:1
[INFO] [stdout]   |
[INFO] [stdout] 4 | extern crate any;
[INFO] [stdout]   | ^^^^^^^^^^^^^^^^^ can't find crate
[INFO] [stdout] 
[INFO] [stdout] error: cannot find macro `impl_downcast` in this scope
[INFO] [stdout]   --> src/lib.rs:64:1
[INFO] [stdout]    |
[INFO] [stdout] 10 | impl_downcast!(Base);
[INFO] [stdout]    | ^^^^^^^^^^^^^
[INFO] [stdout]    |
[INFO] [stdout]    = help: consider importing this macro:
[INFO] [stdout]            pi_any::impl_downcast
[INFO] [stdout] 
[INFO] [stdout] error: aborting due to 2 previous errors
[INFO] [stdout] 
[INFO] [stdout] For more information about this error, try `rustc --explain E0463`.
[INFO] [stdout] Couldn't compile the test.
[INFO] [stdout] 
[INFO] [stdout] failures:
[INFO] [stdout]     src/lib.rs - (line 23)
[INFO] [stdout]     src/lib.rs - (line 55)
[INFO] [stdout]     src/lib.rs - (line 98)
[INFO] [stdout] 
[INFO] [stdout] test result: FAILED. 0 passed; 3 failed; 0 ignored; 0 measured; 0 filtered out; finished in 0.13s
[INFO] [stdout] 
[INFO] running `Command { std: "docker" "inspect" "aa4da89a02f1232a86d1f0343358748f5bd4f97b28241d9e1aba6f1f1c6877c4", kill_on_drop: false }`
[INFO] running `Command { std: "docker" "rm" "-f" "aa4da89a02f1232a86d1f0343358748f5bd4f97b28241d9e1aba6f1f1c6877c4", kill_on_drop: false }`
[INFO] [stdout] aa4da89a02f1232a86d1f0343358748f5bd4f97b28241d9e1aba6f1f1c6877c4
