[INFO] fetching crate php_serde 0.6.0...
[INFO] testing php_serde-0.6.0 against beta-2023-04-20 for beta-1.70-1
[INFO] extracting crate php_serde 0.6.0 into /workspace/builds/worker-0-tc2/source
[INFO] validating manifest of crates.io crate php_serde 0.6.0 on toolchain beta-2023-04-20
[INFO] running `Command { std: CARGO_HOME="/workspace/cargo-home" RUSTUP_HOME="/workspace/rustup-home" "/workspace/cargo-home/bin/cargo" "+beta-2023-04-20" "metadata" "--manifest-path" "Cargo.toml" "--no-deps", kill_on_drop: false }`
[INFO] started tweaking crates.io crate php_serde 0.6.0
[INFO] finished tweaking crates.io crate php_serde 0.6.0
[INFO] tweaked toml for crates.io crate php_serde 0.6.0 written to /workspace/builds/worker-0-tc2/source/Cargo.toml
[INFO] running `Command { std: CARGO_HOME="/workspace/cargo-home" RUSTUP_HOME="/workspace/rustup-home" __CARGO_TEST_CHANNEL_OVERRIDE_DO_NOT_USE_THIS="nightly" "/workspace/cargo-home/bin/cargo" "+beta-2023-04-20" "generate-lockfile" "--manifest-path" "Cargo.toml" "-Zno-index-update", kill_on_drop: false }`
[INFO] running `Command { std: CARGO_HOME="/workspace/cargo-home" RUSTUP_HOME="/workspace/rustup-home" "/workspace/cargo-home/bin/cargo" "+beta-2023-04-20" "fetch" "--manifest-path" "Cargo.toml", kill_on_drop: false }`
[INFO] [stderr]  Downloading crates ...
[INFO] [stderr]   Downloaded bson v0.14.1
[INFO] running `Command { std: "docker" "create" "-v" "/var/lib/crater-agent-workspace/builds/worker-0-tc2/target:/opt/rustwide/target:rw,Z" "-v" "/var/lib/crater-agent-workspace/builds/worker-0-tc2/source:/opt/rustwide/workdir:ro,Z" "-v" "/var/lib/crater-agent-workspace/cargo-home:/opt/rustwide/cargo-home:ro,Z" "-v" "/var/lib/crater-agent-workspace/rustup-home:/opt/rustwide/rustup-home:ro,Z" "-e" "SOURCE_DIR=/opt/rustwide/workdir" "-e" "CARGO_TARGET_DIR=/opt/rustwide/target" "-e" "CARGO_HOME=/opt/rustwide/cargo-home" "-e" "RUSTUP_HOME=/opt/rustwide/rustup-home" "-w" "/opt/rustwide/workdir" "-m" "1610612736" "--user" "0:0" "--network" "none" "ghcr.io/rust-lang/crates-build-env/linux@sha256:5ff2268d62e97bff2cde7d5815dd6ed5b47097566f13b8d0ca110b04b60e07ed" "/opt/rustwide/cargo-home/bin/cargo" "+beta-2023-04-20" "metadata" "--no-deps" "--format-version=1", kill_on_drop: false }`
[INFO] [stdout] dd76a3b11763330db547b1dc3e3aa6fab02c76b76fbadebd22f3ad47156a0448
[INFO] running `Command { std: "docker" "start" "-a" "dd76a3b11763330db547b1dc3e3aa6fab02c76b76fbadebd22f3ad47156a0448", kill_on_drop: false }`
[INFO] running `Command { std: "docker" "inspect" "dd76a3b11763330db547b1dc3e3aa6fab02c76b76fbadebd22f3ad47156a0448", kill_on_drop: false }`
[INFO] running `Command { std: "docker" "rm" "-f" "dd76a3b11763330db547b1dc3e3aa6fab02c76b76fbadebd22f3ad47156a0448", kill_on_drop: false }`
[INFO] [stdout] dd76a3b11763330db547b1dc3e3aa6fab02c76b76fbadebd22f3ad47156a0448
[INFO] running `Command { std: "docker" "create" "-v" "/var/lib/crater-agent-workspace/builds/worker-0-tc2/target:/opt/rustwide/target:rw,Z" "-v" "/var/lib/crater-agent-workspace/builds/worker-0-tc2/source:/opt/rustwide/workdir:ro,Z" "-v" "/var/lib/crater-agent-workspace/cargo-home:/opt/rustwide/cargo-home:ro,Z" "-v" "/var/lib/crater-agent-workspace/rustup-home:/opt/rustwide/rustup-home:ro,Z" "-e" "SOURCE_DIR=/opt/rustwide/workdir" "-e" "CARGO_TARGET_DIR=/opt/rustwide/target" "-e" "CARGO_INCREMENTAL=0" "-e" "RUST_BACKTRACE=full" "-e" "RUSTFLAGS=--cap-lints=warn" "-e" "RUSTDOCFLAGS=--cap-lints=warn" "-e" "CARGO_HOME=/opt/rustwide/cargo-home" "-e" "RUSTUP_HOME=/opt/rustwide/rustup-home" "-w" "/opt/rustwide/workdir" "-m" "1610612736" "--user" "0:0" "--network" "none" "ghcr.io/rust-lang/crates-build-env/linux@sha256:5ff2268d62e97bff2cde7d5815dd6ed5b47097566f13b8d0ca110b04b60e07ed" "/opt/rustwide/cargo-home/bin/cargo" "+beta-2023-04-20" "build" "--frozen" "--message-format=json", kill_on_drop: false }`
[INFO] [stdout] 4c5371814fe9971da9ec621bd59f4851d38d7c91254e6c2c7a5573e77e215e8a
[INFO] running `Command { std: "docker" "start" "-a" "4c5371814fe9971da9ec621bd59f4851d38d7c91254e6c2c7a5573e77e215e8a", kill_on_drop: false }`
[INFO] [stderr]    Compiling proc-macro2 v1.0.56
[INFO] [stderr]    Compiling quote v1.0.26
[INFO] [stderr]    Compiling syn v2.0.15
[INFO] [stderr]    Compiling serde_derive v1.0.160
[INFO] [stderr]    Compiling serde v1.0.160
[INFO] [stderr]    Compiling php_serde v0.6.0 (/opt/rustwide/workdir)
[INFO] [stderr]     Finished dev [unoptimized + debuginfo] target(s) in 15.64s
[INFO] running `Command { std: "docker" "inspect" "4c5371814fe9971da9ec621bd59f4851d38d7c91254e6c2c7a5573e77e215e8a", kill_on_drop: false }`
[INFO] running `Command { std: "docker" "rm" "-f" "4c5371814fe9971da9ec621bd59f4851d38d7c91254e6c2c7a5573e77e215e8a", kill_on_drop: false }`
[INFO] [stdout] 4c5371814fe9971da9ec621bd59f4851d38d7c91254e6c2c7a5573e77e215e8a
[INFO] running `Command { std: "docker" "create" "-v" "/var/lib/crater-agent-workspace/builds/worker-0-tc2/target:/opt/rustwide/target:rw,Z" "-v" "/var/lib/crater-agent-workspace/builds/worker-0-tc2/source:/opt/rustwide/workdir:ro,Z" "-v" "/var/lib/crater-agent-workspace/cargo-home:/opt/rustwide/cargo-home:ro,Z" "-v" "/var/lib/crater-agent-workspace/rustup-home:/opt/rustwide/rustup-home:ro,Z" "-e" "SOURCE_DIR=/opt/rustwide/workdir" "-e" "CARGO_TARGET_DIR=/opt/rustwide/target" "-e" "CARGO_INCREMENTAL=0" "-e" "RUST_BACKTRACE=full" "-e" "RUSTFLAGS=--cap-lints=warn" "-e" "RUSTDOCFLAGS=--cap-lints=warn" "-e" "CARGO_HOME=/opt/rustwide/cargo-home" "-e" "RUSTUP_HOME=/opt/rustwide/rustup-home" "-w" "/opt/rustwide/workdir" "-m" "1610612736" "--user" "0:0" "--network" "none" "ghcr.io/rust-lang/crates-build-env/linux@sha256:5ff2268d62e97bff2cde7d5815dd6ed5b47097566f13b8d0ca110b04b60e07ed" "/opt/rustwide/cargo-home/bin/cargo" "+beta-2023-04-20" "test" "--frozen" "--no-run" "--message-format=json", kill_on_drop: false }`
[INFO] [stdout] 45450cb4408d0fd1ca22e94b5e15dc990d51d45fc9370653925a9762fb1fbd89
[INFO] running `Command { std: "docker" "start" "-a" "45450cb4408d0fd1ca22e94b5e15dc990d51d45fc9370653925a9762fb1fbd89", kill_on_drop: false }`
[INFO] [stderr]    Compiling libc v0.2.142
[INFO] [stderr]    Compiling libm v0.2.6
[INFO] [stderr]    Compiling io-lifetimes v1.0.10
[INFO] [stderr]    Compiling getrandom v0.1.16
[INFO] [stderr]    Compiling ppv-lite86 v0.2.17
[INFO] [stderr]    Compiling rustix v0.37.18
[INFO] [stderr]    Compiling linux-raw-sys v0.3.6
[INFO] [stderr]    Compiling serde_json v1.0.96
[INFO] [stderr]    Compiling num-traits v0.2.15
[INFO] [stderr]    Compiling fastrand v1.9.0
[INFO] [stderr]    Compiling bit-vec v0.6.3
[INFO] [stderr]    Compiling quick-error v1.2.3
[INFO] [stderr]    Compiling byteorder v1.4.3
[INFO] [stderr]    Compiling md5 v0.6.1
[INFO] [stderr]    Compiling linked-hash-map v0.5.6
[INFO] [stderr]    Compiling regex-syntax v0.6.29
[INFO] [stderr]    Compiling unarray v0.1.4
[INFO] [stderr]    Compiling bit-set v0.5.3
[INFO] [stderr]    Compiling quick-error v2.0.1
[INFO] [stderr]    Compiling hex v0.3.2
[INFO] [stderr]    Compiling serde_bytes v0.11.9
[INFO] [stderr]    Compiling getrandom v0.2.9
[INFO] [stderr]    Compiling time v0.1.45
[INFO] [stderr]    Compiling wait-timeout v0.2.0
[INFO] [stderr]    Compiling rand_core v0.5.1
[INFO] [stderr]    Compiling rand_core v0.6.4
[INFO] [stderr]    Compiling num-integer v0.1.45
[INFO] [stderr]    Compiling rand_chacha v0.3.1
[INFO] [stderr]    Compiling rand_xorshift v0.3.0
[INFO] [stderr]    Compiling rand_chacha v0.2.2
[INFO] [stderr]    Compiling chrono v0.4.24
[INFO] [stderr]    Compiling rand v0.8.5
[INFO] [stderr]    Compiling rand v0.7.3
[INFO] [stderr]    Compiling bson v0.14.1
[INFO] [stderr]    Compiling tempfile v3.5.0
[INFO] [stderr]    Compiling rusty-fork v0.3.0
[INFO] [stderr]    Compiling proptest v1.1.0
[INFO] [stderr]    Compiling php_serde v0.6.0 (/opt/rustwide/workdir)
[INFO] [stderr]     Finished test [unoptimized + debuginfo] target(s) in 13.90s
[INFO] [stderr] warning: the following packages contain code that will be rejected by a future version of Rust: bson v0.14.1
[INFO] [stderr] note: to see what the problems were, use the option `--future-incompat-report`, or run `cargo report future-incompatibilities --id 2`
[INFO] running `Command { std: "docker" "inspect" "45450cb4408d0fd1ca22e94b5e15dc990d51d45fc9370653925a9762fb1fbd89", kill_on_drop: false }`
[INFO] running `Command { std: "docker" "rm" "-f" "45450cb4408d0fd1ca22e94b5e15dc990d51d45fc9370653925a9762fb1fbd89", kill_on_drop: false }`
[INFO] [stdout] 45450cb4408d0fd1ca22e94b5e15dc990d51d45fc9370653925a9762fb1fbd89
[INFO] running `Command { std: "docker" "create" "-v" "/var/lib/crater-agent-workspace/builds/worker-0-tc2/target:/opt/rustwide/target:rw,Z" "-v" "/var/lib/crater-agent-workspace/builds/worker-0-tc2/source:/opt/rustwide/workdir:ro,Z" "-v" "/var/lib/crater-agent-workspace/cargo-home:/opt/rustwide/cargo-home:ro,Z" "-v" "/var/lib/crater-agent-workspace/rustup-home:/opt/rustwide/rustup-home:ro,Z" "-e" "SOURCE_DIR=/opt/rustwide/workdir" "-e" "CARGO_TARGET_DIR=/opt/rustwide/target" "-e" "CARGO_INCREMENTAL=0" "-e" "RUST_BACKTRACE=full" "-e" "RUSTFLAGS=--cap-lints=warn" "-e" "RUSTDOCFLAGS=--cap-lints=warn" "-e" "CARGO_HOME=/opt/rustwide/cargo-home" "-e" "RUSTUP_HOME=/opt/rustwide/rustup-home" "-w" "/opt/rustwide/workdir" "-m" "1610612736" "--user" "0:0" "--network" "none" "ghcr.io/rust-lang/crates-build-env/linux@sha256:5ff2268d62e97bff2cde7d5815dd6ed5b47097566f13b8d0ca110b04b60e07ed" "/opt/rustwide/cargo-home/bin/cargo" "+beta-2023-04-20" "test" "--frozen", kill_on_drop: false }`
[INFO] [stdout] 2bf789c72246375f6bbfdc54c1f7130c2ce1f43c9da27048184bd73a169f8648
[INFO] running `Command { std: "docker" "start" "-a" "2bf789c72246375f6bbfdc54c1f7130c2ce1f43c9da27048184bd73a169f8648", kill_on_drop: false }`
[INFO] [stderr]     Finished test [unoptimized + debuginfo] target(s) in 0.04s
[INFO] [stderr] warning: the following packages contain code that will be rejected by a future version of Rust: bson v0.14.1
[INFO] [stderr]     Blocking waiting for file lock on package cache
[INFO] [stderr] note: to see what the problems were, use the option `--future-incompat-report`, or run `cargo report future-incompatibilities --id 2`
[INFO] [stderr]      Running unittests src/lib.rs (/opt/rustwide/target/debug/deps/php_serde-e4be082264964879)
[INFO] [stdout] 
[INFO] [stdout] running 56 tests
[INFO] [stdout] test de::tests::deserialize_bool ... ok
[INFO] [stdout] test de::tests::deserialize_float ... ok
[INFO] [stdout] test de::tests::deserialize_array_unordered ... ok
[INFO] [stdout] test de::tests::deserialize_array ... ok
[INFO] [stdout] test de::tests::deserialize_array_unordered_with_holes ... ok
[INFO] [stdout] test de::tests::deserialize_hashmap ... ok
[INFO] [stdout] test de::tests::deserialize_integer ... ok
[INFO] [stdout] test de::tests::deserialize_nested ... ok
[INFO] [stdout] test de::tests::deserialize_php_string ... ok
[INFO] [stdout] test de::tests::deserialize_string ... ok
[INFO] [stdout] test de::tests::deserialize_struct ... ok
[INFO] [stdout] test de::tests::deserialize_struct_with_optional ... ok
[INFO] [stdout] test de::tests::deserialize_variable_length ... ok
[INFO] [stdout] test ser::tests::serialize_array ... ok
[INFO] [stdout] test ser::tests::serialize_bool ... ok
[INFO] [stdout] test ser::tests::serialize_btreemap ... ok
[INFO] [stdout] test ser::tests::serialize_integer ... ok
[INFO] [stdout] test ser::tests::serialize_nested ... ok
[INFO] [stdout] test ser::tests::serialize_php_string ... ok
[INFO] [stdout] test ser::tests::serialize_struct ... ok
[INFO] [stdout] test ser::tests::serialize_string ... ok
[INFO] [stdout] test ser::tests::serialize_struct_with_optional ... ok
[INFO] [stdout] test ser::tests::serialize_unit ... ok
[INFO] [stdout] test tests::php_roundtrip_bool ... ignored
[INFO] [stdout] test ser::tests::unaffected_by_recursive_type_error ... ok
[INFO] [stdout] test tests::php_roundtrip_f64 ... ignored
[INFO] [stdout] test ser::tests::serialize_variable_length ... ok
[INFO] [stdout] test tests::php_roundtrip_i64 ... ignored
[INFO] [stdout] test tests::php_roundtrip_mixed_type_tuple ... ignored
[INFO] [stdout] test tests::php_roundtrip_option ... ignored
[INFO] [stdout] test tests::php_roundtrip_same_type_tuple ... ignored
[INFO] [stdout] test tests::php_roundtrip_string ... ignored
[INFO] [stdout] test tests::php_roundtrip_u64 ... ignored
[INFO] [stdout] test tests::php_roundtrip_unit ... ignored
[INFO] [stdout] test tests::roundtrip_newtype ... ok
[INFO] [stdout] test tests::roundtrip_char ... ok
[INFO] [stdout] test tests::roundtrip_i8 ... ok
[INFO] [stdout] test tests::roundtrip_i16 ... ok
[INFO] [stdout] test tests::roundtrip_bool ... ok
[INFO] [stdout] test tests::roundtrip_i32 ... ok
[INFO] [stdout] test tests::roundtrip_option ... ok
[INFO] [stdout] test tests::roundtrip_f32 ... ok
[INFO] [stdout] test tests::roundtrip_f64 ... ok
[INFO] [stdout] test tests::roundtrip_i64 ... ok
[INFO] [stdout] test tests::roundtrip_same_type_tuple ... ok
[INFO] [stdout] test tests::roundtrip_u16 ... ok
[INFO] [stdout] test tests::roundtrip_u32 ... ok
[INFO] [stdout] test tests::roundtrip_unit ... ok
[INFO] [stdout] test tests::roundtrip_u64 ... ok
[INFO] [stdout] test tests::roundtrip_u8 ... ok
[INFO] [stdout] test ser::tests::serialize_float ... FAILED
[INFO] [stdout] test tests::roundtrip_bytes ... ok
[INFO] [stdout] test tests::roundtrip_mixed_type_tuple ... ok
[INFO] [stdout] test tests::roundtrip_string ... ok
[INFO] [stdout] test tests::php_roundtrip_char ... ok
[INFO] [stdout] test tests::roundtrip_string_string_hashmap ... ok
[INFO] [stdout] 
[INFO] [stdout] failures:
[INFO] [stdout] 
[INFO] [stdout] ---- ser::tests::serialize_float stdout ----
[INFO] [stdout] d:-1.0;
[INFO] [stdout] d:-1;
[INFO] [stdout] thread 'ser::tests::serialize_float' panicked at 'assertion failed: `(left == right)`
[INFO] [stdout]   left: `[100, 58, 45, 49, 46, 48, 59]`,
[INFO] [stdout]  right: `[100, 58, 45, 49, 59]`', src/ser.rs:493:9
[INFO] [stdout] stack backtrace:
[INFO] [stdout]    0:     0x560dd367c33a - std::backtrace_rs::backtrace::libunwind::trace::h2f05d0192276a8f6
[INFO] [stdout]                                at /rustc/1b7dd2252b99671ce5d1cb9664c5f8636329436d/library/std/src/../../backtrace/src/backtrace/libunwind.rs:93:5
[INFO] [stdout]    1:     0x560dd367c33a - std::backtrace_rs::backtrace::trace_unsynchronized::hedc23dff7a1af150
[INFO] [stdout]                                at /rustc/1b7dd2252b99671ce5d1cb9664c5f8636329436d/library/std/src/../../backtrace/src/backtrace/mod.rs:66:5
[INFO] [stdout]    2:     0x560dd367c33a - std::sys_common::backtrace::_print_fmt::h17541ef7592f3ce2
[INFO] [stdout]                                at /rustc/1b7dd2252b99671ce5d1cb9664c5f8636329436d/library/std/src/sys_common/backtrace.rs:65:5
[INFO] [stdout]    3:     0x560dd367c33a - <std::sys_common::backtrace::_print::DisplayBacktrace as core::fmt::Display>::fmt::h20f75df5ab0c0792
[INFO] [stdout]                                at /rustc/1b7dd2252b99671ce5d1cb9664c5f8636329436d/library/std/src/sys_common/backtrace.rs:44:22
[INFO] [stdout]    4:     0x560dd36a31cf - core::fmt::write::h78109e6f466b3af6
[INFO] [stdout]                                at /rustc/1b7dd2252b99671ce5d1cb9664c5f8636329436d/library/core/src/fmt/mod.rs:1254:17
[INFO] [stdout]    5:     0x560dd3678e55 - std::io::Write::write_fmt::hd24bfb68a1b35a25
[INFO] [stdout]                                at /rustc/1b7dd2252b99671ce5d1cb9664c5f8636329436d/library/std/src/io/mod.rs:1698:15
[INFO] [stdout]    6:     0x560dd367c105 - std::sys_common::backtrace::_print::h8dac57a9f8fbf9a5
[INFO] [stdout]                                at /rustc/1b7dd2252b99671ce5d1cb9664c5f8636329436d/library/std/src/sys_common/backtrace.rs:47:5
[INFO] [stdout]    7:     0x560dd367c105 - std::sys_common::backtrace::print::hf9ecbf41d1aa712f
[INFO] [stdout]                                at /rustc/1b7dd2252b99671ce5d1cb9664c5f8636329436d/library/std/src/sys_common/backtrace.rs:34:9
[INFO] [stdout]    8:     0x560dd367ddbe - std::panicking::default_hook::{{closure}}::h04c07acfc84ca028
[INFO] [stdout]                                at /rustc/1b7dd2252b99671ce5d1cb9664c5f8636329436d/library/std/src/panicking.rs:269:22
[INFO] [stdout]    9:     0x560dd367daf1 - std::panicking::default_hook::h01f6bb23e1eceb2c
[INFO] [stdout]                                at /rustc/1b7dd2252b99671ce5d1cb9664c5f8636329436d/library/std/src/panicking.rs:285:9
[INFO] [stdout]   10:     0x560dd352dcbb - <alloc::boxed::Box<F,A> as core::ops::function::Fn<Args>>::call::h87fe9f7b2fd49e4c
[INFO] [stdout]                                at /rustc/1b7dd2252b99671ce5d1cb9664c5f8636329436d/library/alloc/src/boxed.rs:1987:9
[INFO] [stdout]   11:     0x560dd352dcbb - test::test_main::{{closure}}::he94d679243a7531b
[INFO] [stdout]                                at /rustc/1b7dd2252b99671ce5d1cb9664c5f8636329436d/library/test/src/lib.rs:134:21
[INFO] [stdout]   12:     0x560dd367e4a4 - <alloc::boxed::Box<F,A> as core::ops::function::Fn<Args>>::call::h3f2d6d8b14c4769f
[INFO] [stdout]                                at /rustc/1b7dd2252b99671ce5d1cb9664c5f8636329436d/library/alloc/src/boxed.rs:1987:9
[INFO] [stdout]   13:     0x560dd367e4a4 - std::panicking::rust_panic_with_hook::h2bb3722bbaf2f6df
[INFO] [stdout]                                at /rustc/1b7dd2252b99671ce5d1cb9664c5f8636329436d/library/std/src/panicking.rs:695:13
[INFO] [stdout]   14:     0x560dd367e219 - std::panicking::begin_panic_handler::{{closure}}::h91bc7f36a4be011b
[INFO] [stdout]                                at /rustc/1b7dd2252b99671ce5d1cb9664c5f8636329436d/library/std/src/panicking.rs:582:13
[INFO] [stdout]   15:     0x560dd367c7a6 - std::sys_common::backtrace::__rust_end_short_backtrace::h8b3d3717114f9e59
[INFO] [stdout]                                at /rustc/1b7dd2252b99671ce5d1cb9664c5f8636329436d/library/std/src/sys_common/backtrace.rs:150:18
[INFO] [stdout]   16:     0x560dd367df72 - rust_begin_unwind
[INFO] [stdout]                                at /rustc/1b7dd2252b99671ce5d1cb9664c5f8636329436d/library/std/src/panicking.rs:578:5
[INFO] [stdout]   17:     0x560dd33141a3 - core::panicking::panic_fmt::hfd368e3fbdabea26
[INFO] [stdout]                                at /rustc/1b7dd2252b99671ce5d1cb9664c5f8636329436d/library/core/src/panicking.rs:67:14
[INFO] [stdout]   18:     0x560dd331456f - core::panicking::assert_failed_inner::haef49168e1798a91
[INFO] [stdout]   19:     0x560dd34c565a - core::panicking::assert_failed::hb2db8133b9f0a648
[INFO] [stdout]                                at /rustc/1b7dd2252b99671ce5d1cb9664c5f8636329436d/library/core/src/panicking.rs:228:5
[INFO] [stdout]   20:     0x560dd34309c8 - php_serde::ser::tests::serialize_float::h19b3ec9e67f0827f
[INFO] [stdout]                                at /opt/rustwide/workdir/src/ser.rs:493:9
[INFO] [stdout]   21:     0x560dd34305f7 - php_serde::ser::tests::serialize_float::{{closure}}::hc52f53480077bd22
[INFO] [stdout]                                at /opt/rustwide/workdir/src/ser.rs:492:26
[INFO] [stdout]   22:     0x560dd349f6d5 - core::ops::function::FnOnce::call_once::h9e165a2b41741cfa
[INFO] [stdout]                                at /rustc/1b7dd2252b99671ce5d1cb9664c5f8636329436d/library/core/src/ops/function.rs:250:5
[INFO] [stdout]   23:     0x560dd3532b8f - core::ops::function::FnOnce::call_once::ha6a70e79f7481a7e
[INFO] [stdout]                                at /rustc/1b7dd2252b99671ce5d1cb9664c5f8636329436d/library/core/src/ops/function.rs:250:5
[INFO] [stdout]   24:     0x560dd3532b8f - test::__rust_begin_short_backtrace::hce33033019b61e69
[INFO] [stdout]                                at /rustc/1b7dd2252b99671ce5d1cb9664c5f8636329436d/library/test/src/lib.rs:655:18
[INFO] [stdout]   25:     0x560dd350037c - test::run_test::{{closure}}::h858d3528838ae3e5
[INFO] [stdout]                                at /rustc/1b7dd2252b99671ce5d1cb9664c5f8636329436d/library/test/src/lib.rs:646:30
[INFO] [stdout]   26:     0x560dd350037c - core::ops::function::FnOnce::call_once{{vtable.shim}}::he8ac2b00f01ae79e
[INFO] [stdout]                                at /rustc/1b7dd2252b99671ce5d1cb9664c5f8636329436d/library/core/src/ops/function.rs:250:5
[INFO] [stdout]   27:     0x560dd3531c66 - <alloc::boxed::Box<F,A> as core::ops::function::FnOnce<Args>>::call_once::h8093d25b522725ef
[INFO] [stdout]                                at /rustc/1b7dd2252b99671ce5d1cb9664c5f8636329436d/library/alloc/src/boxed.rs:1973:9
[INFO] [stdout]   28:     0x560dd3531c66 - <core::panic::unwind_safe::AssertUnwindSafe<F> as core::ops::function::FnOnce<()>>::call_once::h5c334c204e4a3913
[INFO] [stdout]                                at /rustc/1b7dd2252b99671ce5d1cb9664c5f8636329436d/library/core/src/panic/unwind_safe.rs:271:9
[INFO] [stdout]   29:     0x560dd3531c66 - std::panicking::try::do_call::ha8b740c7b9478074
[INFO] [stdout]                                at /rustc/1b7dd2252b99671ce5d1cb9664c5f8636329436d/library/std/src/panicking.rs:485:40
[INFO] [stdout]   30:     0x560dd3531c66 - std::panicking::try::h5d34f63d0e41b64e
[INFO] [stdout]                                at /rustc/1b7dd2252b99671ce5d1cb9664c5f8636329436d/library/std/src/panicking.rs:449:19
[INFO] [stdout]   31:     0x560dd3531c66 - std::panic::catch_unwind::hcfbb511e1aa7fc67
[INFO] [stdout]                                at /rustc/1b7dd2252b99671ce5d1cb9664c5f8636329436d/library/std/src/panic.rs:140:14
[INFO] [stdout]   32:     0x560dd3531c66 - test::run_test_in_process::h9abda90f802eaf21
[INFO] [stdout]                                at /rustc/1b7dd2252b99671ce5d1cb9664c5f8636329436d/library/test/src/lib.rs:678:27
[INFO] [stdout]   33:     0x560dd3531c66 - test::run_test::run_test_inner::{{closure}}::h0f058de91f6c6edf
[INFO] [stdout]                                at /rustc/1b7dd2252b99671ce5d1cb9664c5f8636329436d/library/test/src/lib.rs:572:39
[INFO] [stdout]   34:     0x560dd34fab85 - test::run_test::run_test_inner::{{closure}}::h5ca48a4c59c6c1fb
[INFO] [stdout]                                at /rustc/1b7dd2252b99671ce5d1cb9664c5f8636329436d/library/test/src/lib.rs:599:37
[INFO] [stdout]   35:     0x560dd34fab85 - std::sys_common::backtrace::__rust_begin_short_backtrace::h32bd51e1495d4a33
[INFO] [stdout]                                at /rustc/1b7dd2252b99671ce5d1cb9664c5f8636329436d/library/std/src/sys_common/backtrace.rs:134:18
[INFO] [stdout]   36:     0x560dd35000c1 - std::thread::Builder::spawn_unchecked_::{{closure}}::{{closure}}::hc086fae9b128b2db
[INFO] [stdout]                                at /rustc/1b7dd2252b99671ce5d1cb9664c5f8636329436d/library/std/src/thread/mod.rs:526:17
[INFO] [stdout]   37:     0x560dd35000c1 - <core::panic::unwind_safe::AssertUnwindSafe<F> as core::ops::function::FnOnce<()>>::call_once::hb66571888d270d43
[INFO] [stdout]                                at /rustc/1b7dd2252b99671ce5d1cb9664c5f8636329436d/library/core/src/panic/unwind_safe.rs:271:9
[INFO] [stdout]   38:     0x560dd35000c1 - std::panicking::try::do_call::h4fa2ef4f6e51fecf
[INFO] [stdout]                                at /rustc/1b7dd2252b99671ce5d1cb9664c5f8636329436d/library/std/src/panicking.rs:485:40
[INFO] [stdout]   39:     0x560dd35000c1 - std::panicking::try::h1e9e22b8584489b5
[INFO] [stdout]                                at /rustc/1b7dd2252b99671ce5d1cb9664c5f8636329436d/library/std/src/panicking.rs:449:19
[INFO] [stdout]   40:     0x560dd35000c1 - std::panic::catch_unwind::h44698a3de0e0769e
[INFO] [stdout]                                at /rustc/1b7dd2252b99671ce5d1cb9664c5f8636329436d/library/std/src/panic.rs:140:14
[INFO] [stdout]   41:     0x560dd35000c1 - std::thread::Builder::spawn_unchecked_::{{closure}}::h50153abde3fe239e
[INFO] [stdout]                                at /rustc/1b7dd2252b99671ce5d1cb9664c5f8636329436d/library/std/src/thread/mod.rs:525:30
[INFO] [stdout]   42:     0x560dd35000c1 - core::ops::function::FnOnce::call_once{{vtable.shim}}::hbe5bbf6f38394364
[INFO] [stdout]                                at /rustc/1b7dd2252b99671ce5d1cb9664c5f8636329436d/library/core/src/ops/function.rs:250:5
[INFO] [stdout]   43:     0x560dd3682d15 - <alloc::boxed::Box<F,A> as core::ops::function::FnOnce<Args>>::call_once::h0d83cb2920a49046
[INFO] [stdout]                                at /rustc/1b7dd2252b99671ce5d1cb9664c5f8636329436d/library/alloc/src/boxed.rs:1973:9
[INFO] [stdout]   44:     0x560dd3682d15 - <alloc::boxed::Box<F,A> as core::ops::function::FnOnce<Args>>::call_once::hbe0a008aa7d9ef59
[INFO] [stdout]                                at /rustc/1b7dd2252b99671ce5d1cb9664c5f8636329436d/library/alloc/src/boxed.rs:1973:9
[INFO] [stdout]   45:     0x560dd3682d15 - std::sys::unix::thread::Thread::new::thread_start::h3a466996bdf6b1f9
[INFO] [stdout]                                at /rustc/1b7dd2252b99671ce5d1cb9664c5f8636329436d/library/std/src/sys/unix/thread.rs:108:17
[INFO] [stdout]   46:     0x7f29e40e6b43 - <unknown>
[INFO] [stdout]   47:     0x7f29e4177bb4 - __clone
[INFO] [stdout]   48:                0x0 - <unknown>
[INFO] [stdout] 
[INFO] [stdout] 
[INFO] [stdout] failures:
[INFO] [stdout]     ser::tests::serialize_float
[INFO] [stdout] 
[INFO] [stdout] test result: FAILED. 46 passed; 1 failed; 9 ignored; 0 measured; 0 filtered out; finished in 6.78s
[INFO] [stdout] 
[INFO] [stderr] error: test failed, to rerun pass `--lib`
[INFO] running `Command { std: "docker" "inspect" "2bf789c72246375f6bbfdc54c1f7130c2ce1f43c9da27048184bd73a169f8648", kill_on_drop: false }`
[INFO] running `Command { std: "docker" "rm" "-f" "2bf789c72246375f6bbfdc54c1f7130c2ce1f43c9da27048184bd73a169f8648", kill_on_drop: false }`
[INFO] [stdout] 2bf789c72246375f6bbfdc54c1f7130c2ce1f43c9da27048184bd73a169f8648
