[INFO] fetching crate perfcnt 0.8.0...
[INFO] testing perfcnt-0.8.0 against beta-2023-04-20 for beta-1.70-1
[INFO] extracting crate perfcnt 0.8.0 into /workspace/builds/worker-2-tc2/source
[INFO] validating manifest of crates.io crate perfcnt 0.8.0 on toolchain beta-2023-04-20
[INFO] running `Command { std: CARGO_HOME="/workspace/cargo-home" RUSTUP_HOME="/workspace/rustup-home" "/workspace/cargo-home/bin/cargo" "+beta-2023-04-20" "metadata" "--manifest-path" "Cargo.toml" "--no-deps", kill_on_drop: false }`
[INFO] removed /workspace/builds/worker-2-tc2/source/rust-toolchain
[INFO] started tweaking crates.io crate perfcnt 0.8.0
[INFO] finished tweaking crates.io crate perfcnt 0.8.0
[INFO] tweaked toml for crates.io crate perfcnt 0.8.0 written to /workspace/builds/worker-2-tc2/source/Cargo.toml
[INFO] crate crates.io crate perfcnt 0.8.0 already has a lockfile, it will not be regenerated
[INFO] running `Command { std: CARGO_HOME="/workspace/cargo-home" RUSTUP_HOME="/workspace/rustup-home" "/workspace/cargo-home/bin/cargo" "+beta-2023-04-20" "fetch" "--manifest-path" "Cargo.toml", kill_on_drop: false }`
[INFO] [stderr]     Updating crates.io index
[INFO] [stderr]  Downloading crates ...
[INFO] [stderr]   Downloaded phf_generator v0.9.1
[INFO] [stderr]   Downloaded libc v0.1.12
[INFO] [stderr]   Downloaded mmap v0.1.1
[INFO] [stderr]   Downloaded rand_core v0.4.0
[INFO] [stderr]   Downloaded raw-cpuid v10.2.0
[INFO] [stderr]   Downloaded phf_codegen v0.9.0
[INFO] [stderr]   Downloaded x86 v0.47.0
[INFO] running `Command { std: "docker" "create" "-v" "/var/lib/crater-agent-workspace/builds/worker-2-tc2/target:/opt/rustwide/target:rw,Z" "-v" "/var/lib/crater-agent-workspace/builds/worker-2-tc2/source:/opt/rustwide/workdir:ro,Z" "-v" "/var/lib/crater-agent-workspace/cargo-home:/opt/rustwide/cargo-home:ro,Z" "-v" "/var/lib/crater-agent-workspace/rustup-home:/opt/rustwide/rustup-home:ro,Z" "-e" "SOURCE_DIR=/opt/rustwide/workdir" "-e" "CARGO_TARGET_DIR=/opt/rustwide/target" "-e" "CARGO_HOME=/opt/rustwide/cargo-home" "-e" "RUSTUP_HOME=/opt/rustwide/rustup-home" "-w" "/opt/rustwide/workdir" "-m" "1610612736" "--user" "0:0" "--network" "none" "ghcr.io/rust-lang/crates-build-env/linux@sha256:5ff2268d62e97bff2cde7d5815dd6ed5b47097566f13b8d0ca110b04b60e07ed" "/opt/rustwide/cargo-home/bin/cargo" "+beta-2023-04-20" "metadata" "--no-deps" "--format-version=1", kill_on_drop: false }`
[INFO] [stdout] c4b6f42c585bc2d475b63aedb3fe61eb9fc2b5292229e57052ca86d0e4174f70
[INFO] running `Command { std: "docker" "start" "-a" "c4b6f42c585bc2d475b63aedb3fe61eb9fc2b5292229e57052ca86d0e4174f70", kill_on_drop: false }`
[INFO] running `Command { std: "docker" "inspect" "c4b6f42c585bc2d475b63aedb3fe61eb9fc2b5292229e57052ca86d0e4174f70", kill_on_drop: false }`
[INFO] running `Command { std: "docker" "rm" "-f" "c4b6f42c585bc2d475b63aedb3fe61eb9fc2b5292229e57052ca86d0e4174f70", kill_on_drop: false }`
[INFO] [stdout] c4b6f42c585bc2d475b63aedb3fe61eb9fc2b5292229e57052ca86d0e4174f70
[INFO] running `Command { std: "docker" "create" "-v" "/var/lib/crater-agent-workspace/builds/worker-2-tc2/target:/opt/rustwide/target:rw,Z" "-v" "/var/lib/crater-agent-workspace/builds/worker-2-tc2/source:/opt/rustwide/workdir:ro,Z" "-v" "/var/lib/crater-agent-workspace/cargo-home:/opt/rustwide/cargo-home:ro,Z" "-v" "/var/lib/crater-agent-workspace/rustup-home:/opt/rustwide/rustup-home:ro,Z" "-e" "SOURCE_DIR=/opt/rustwide/workdir" "-e" "CARGO_TARGET_DIR=/opt/rustwide/target" "-e" "CARGO_INCREMENTAL=0" "-e" "RUST_BACKTRACE=full" "-e" "RUSTFLAGS=--cap-lints=warn" "-e" "RUSTDOCFLAGS=--cap-lints=warn" "-e" "CARGO_HOME=/opt/rustwide/cargo-home" "-e" "RUSTUP_HOME=/opt/rustwide/rustup-home" "-w" "/opt/rustwide/workdir" "-m" "1610612736" "--user" "0:0" "--network" "none" "ghcr.io/rust-lang/crates-build-env/linux@sha256:5ff2268d62e97bff2cde7d5815dd6ed5b47097566f13b8d0ca110b04b60e07ed" "/opt/rustwide/cargo-home/bin/cargo" "+beta-2023-04-20" "build" "--frozen" "--message-format=json", kill_on_drop: false }`
[INFO] [stdout] 8ead172e691ad1e02fb09833f215b62aeb686bb1339d14166814d1f7e295ba78
[INFO] running `Command { std: "docker" "start" "-a" "8ead172e691ad1e02fb09833f215b62aeb686bb1339d14166814d1f7e295ba78", kill_on_drop: false }`
[INFO] [stderr]    Compiling libc v0.2.116
[INFO] [stderr]    Compiling cfg-if v1.0.0
[INFO] [stderr]    Compiling memchr v2.2.0
[INFO] [stderr]    Compiling serde v1.0.136
[INFO] [stderr]    Compiling siphasher v0.3.3
[INFO] [stderr]    Compiling ppv-lite86 v0.2.16
[INFO] [stderr]    Compiling ryu v1.0.9
[INFO] [stderr]    Compiling regex-automata v0.1.10
[INFO] [stderr]    Compiling lazy_static v1.4.0
[INFO] [stderr]    Compiling serde_json v1.0.78
[INFO] [stderr]    Compiling itoa v1.0.1
[INFO] [stderr]    Compiling bitflags v1.2.1
[INFO] [stderr]    Compiling itoa v0.4.4
[INFO] [stderr]    Compiling version_check v0.1.5
[INFO] [stderr]    Compiling remove_dir_all v0.5.1
[INFO] [stderr]    Compiling bit_field v0.10.1
[INFO] [stderr]    Compiling libc v0.1.12
[INFO] [stderr]    Compiling phf_shared v0.9.0
[INFO] [stderr]    Compiling nom v4.2.3
[INFO] [stderr]    Compiling phf v0.9.0
[INFO] [stderr]    Compiling raw-cpuid v10.2.0
[INFO] [stderr]    Compiling csv-core v0.1.10
[INFO] [stderr]    Compiling getrandom v0.2.4
[INFO] [stderr]    Compiling rand v0.4.6
[INFO] [stderr]    Compiling rand_core v0.6.3
[INFO] [stderr]    Compiling rand_chacha v0.3.1
[INFO] [stderr]    Compiling rand v0.8.4
[INFO] [stderr]    Compiling tempdir v0.3.7
[INFO] [stderr]    Compiling mmap v0.1.1
[INFO] [stderr]    Compiling phf_generator v0.9.1
[INFO] [stderr]    Compiling phf_codegen v0.9.0
[INFO] [stderr]    Compiling bstr v0.2.15
[INFO] [stderr]    Compiling csv v1.1.6
[INFO] [stderr]    Compiling x86 v0.47.0
[INFO] [stderr]    Compiling perfcnt v0.8.0 (/opt/rustwide/workdir)
[INFO] [stdout] warning: field `attributes` is never read
[INFO] [stdout]    --> src/linux/mod.rs:751:5
[INFO] [stdout]     |
[INFO] [stdout] 748 | pub struct PerfCounter {
[INFO] [stdout]     |            ----------- field in this struct
[INFO] [stdout] ...
[INFO] [stdout] 751 |     attributes: perf_format::EventAttr,
[INFO] [stdout]     |     ^^^^^^^^^^
[INFO] [stdout]     |
[INFO] [stdout]     = note: `#[warn(dead_code)]` on by default
[INFO] [stdout] 
[INFO] [stdout] 
[INFO] [stdout] warning: field `pc` is never read
[INFO] [stdout]    --> src/linux/mod.rs:799:5
[INFO] [stdout]     |
[INFO] [stdout] 798 | pub struct SamplingPerfCounter {
[INFO] [stdout]     |            ------------------- field in this struct
[INFO] [stdout] 799 |     pc: PerfCounter,
[INFO] [stdout]     |     ^^
[INFO] [stdout] 
[INFO] [stdout] 
[INFO] [stdout] warning: fields `misc` and `size` are never read
[INFO] [stdout]    --> src/linux/mod.rs:847:5
[INFO] [stdout]     |
[INFO] [stdout] 845 | struct EventHeader {
[INFO] [stdout]     |        ----------- fields in this struct
[INFO] [stdout] 846 |     event_type: u32,
[INFO] [stdout] 847 |     misc: u16,
[INFO] [stdout]     |     ^^^^
[INFO] [stdout] 848 |     size: u16,
[INFO] [stdout]     |     ^^^^
[INFO] [stdout]     |
[INFO] [stdout]     = note: `EventHeader` has a derived impl for the trait `Debug`, but this is intentionally ignored during dead code analysis
[INFO] [stdout] 
[INFO] [stdout] 
[INFO] [stdout] warning: fields `header`, `id`, and `lost` are never read
[INFO] [stdout]    --> src/linux/mod.rs:908:5
[INFO] [stdout]     |
[INFO] [stdout] 907 | pub struct LostRecord {
[INFO] [stdout]     |            ---------- fields in this struct
[INFO] [stdout] 908 |     header: EventHeader,
[INFO] [stdout]     |     ^^^^^^
[INFO] [stdout] 909 |     /// Unique event ID of the samples that were lost.
[INFO] [stdout] 910 |     id: u64,
[INFO] [stdout]     |     ^^
[INFO] [stdout] 911 |     /// The number of events that were lost.
[INFO] [stdout] 912 |     lost: u64,
[INFO] [stdout]     |     ^^^^
[INFO] [stdout]     |
[INFO] [stdout]     = note: `LostRecord` has a derived impl for the trait `Debug`, but this is intentionally ignored during dead code analysis
[INFO] [stdout] 
[INFO] [stdout] 
[INFO] [stdout] warning: fields `header`, `pid`, `tid`, and `comm` are never read
[INFO] [stdout]    --> src/linux/mod.rs:932:5
[INFO] [stdout]     |
[INFO] [stdout] 931 | pub struct CommRecord {
[INFO] [stdout]     |            ---------- fields in this struct
[INFO] [stdout] 932 |     header: EventHeader,
[INFO] [stdout]     |     ^^^^^^
[INFO] [stdout] 933 |     pid: u32,
[INFO] [stdout]     |     ^^^
[INFO] [stdout] 934 |     tid: u32,
[INFO] [stdout]     |     ^^^
[INFO] [stdout] 935 |     comm: String,
[INFO] [stdout]     |     ^^^^
[INFO] [stdout]     |
[INFO] [stdout]     = note: `CommRecord` has a derived impl for the trait `Debug`, but this is intentionally ignored during dead code analysis
[INFO] [stdout] 
[INFO] [stdout] 
[INFO] [stdout] warning: fields `header`, `pid`, `ppid`, `tid`, `ptid`, and `time` are never read
[INFO] [stdout]    --> src/linux/mod.rs:963:5
[INFO] [stdout]     |
[INFO] [stdout] 962 | pub struct ExitRecord {
[INFO] [stdout]     |            ---------- fields in this struct
[INFO] [stdout] 963 |     header: EventHeader,
[INFO] [stdout]     |     ^^^^^^
[INFO] [stdout] 964 |     pid: u32,
[INFO] [stdout]     |     ^^^
[INFO] [stdout] 965 |     ppid: u32,
[INFO] [stdout]     |     ^^^^
[INFO] [stdout] 966 |     tid: u32,
[INFO] [stdout]     |     ^^^
[INFO] [stdout] 967 |     ptid: u32,
[INFO] [stdout]     |     ^^^^
[INFO] [stdout] 968 |     time: u64,
[INFO] [stdout]     |     ^^^^
[INFO] [stdout]     |
[INFO] [stdout]     = note: `ExitRecord` has a derived impl for the trait `Debug`, but this is intentionally ignored during dead code analysis
[INFO] [stdout] 
[INFO] [stdout] 
[INFO] [stdout] warning: fields `header`, `pid`, `ppid`, `tid`, `ptid`, and `time` are never read
[INFO] [stdout]     --> src/linux/mod.rs:1020:5
[INFO] [stdout]      |
[INFO] [stdout] 1019 | pub struct ForkRecord {
[INFO] [stdout]      |            ---------- fields in this struct
[INFO] [stdout] 1020 |     header: EventHeader,
[INFO] [stdout]      |     ^^^^^^
[INFO] [stdout] 1021 |     pid: u32,
[INFO] [stdout]      |     ^^^
[INFO] [stdout] 1022 |     ppid: u32,
[INFO] [stdout]      |     ^^^^
[INFO] [stdout] 1023 |     tid: u32,
[INFO] [stdout]      |     ^^^
[INFO] [stdout] 1024 |     ptid: u32,
[INFO] [stdout]      |     ^^^^
[INFO] [stdout] 1025 |     time: u64,
[INFO] [stdout]      |     ^^^^
[INFO] [stdout]      |
[INFO] [stdout]      = note: `ForkRecord` has a derived impl for the trait `Debug`, but this is intentionally ignored during dead code analysis
[INFO] [stdout] 
[INFO] [stdout] 
[INFO] [stdout] warning: fields `from`, `to`, and `flags` are never read
[INFO] [stdout]     --> src/linux/mod.rs:1076:9
[INFO] [stdout]      |
[INFO] [stdout] 1075 | struct BranchEntry {
[INFO] [stdout]      |        ----------- fields in this struct
[INFO] [stdout] 1076 |     pub from: u64,
[INFO] [stdout]      |         ^^^^
[INFO] [stdout] 1077 |     pub to: u64,
[INFO] [stdout]      |         ^^
[INFO] [stdout] 1078 |     flags: u64,
[INFO] [stdout]      |     ^^^^^
[INFO] [stdout]      |
[INFO] [stdout]      = note: `BranchEntry` has a derived impl for the trait `Debug`, but this is intentionally ignored during dead code analysis
[INFO] [stdout] 
[INFO] [stdout] 
[INFO] [stdout] warning: multiple fields are never read
[INFO] [stdout]     --> src/linux/mod.rs:1084:5
[INFO] [stdout]      |
[INFO] [stdout] 1083 | pub struct SampleRecord {
[INFO] [stdout]      |            ------------ fields in this struct
[INFO] [stdout] 1084 |     header: EventHeader,
[INFO] [stdout]      |     ^^^^^^
[INFO] [stdout] 1085 |     /// if PERF_SAMPLE_IP
[INFO] [stdout] 1086 |     ip: u64,
[INFO] [stdout]      |     ^^
[INFO] [stdout] 1087 |     /// if PERF_SAMPLE_TID
[INFO] [stdout] 1088 |     pid: u32,
[INFO] [stdout]      |     ^^^
[INFO] [stdout] 1089 |     /// if PERF_SAMPLE_TID
[INFO] [stdout] 1090 |     tid: u32,
[INFO] [stdout]      |     ^^^
[INFO] [stdout] 1091 |     /// if PERF_SAMPLE_TIME
[INFO] [stdout] 1092 |     time: u64,
[INFO] [stdout]      |     ^^^^
[INFO] [stdout] 1093 |     /// if PERF_SAMPLE_ADDR
[INFO] [stdout] 1094 |     addr: u64,
[INFO] [stdout]      |     ^^^^
[INFO] [stdout] 1095 |     /// if PERF_SAMPLE_ID
[INFO] [stdout] 1096 |     id: u64,
[INFO] [stdout]      |     ^^
[INFO] [stdout] 1097 |     /// if PERF_SAMPLE_STREAM_ID
[INFO] [stdout] 1098 |     stream_id: u64,
[INFO] [stdout]      |     ^^^^^^^^^
[INFO] [stdout] 1099 |     /// if PERF_SAMPLE_CPU
[INFO] [stdout] 1100 |     cpu: u32,
[INFO] [stdout]      |     ^^^
[INFO] [stdout] 1101 |     /// if PERF_SAMPLE_CPU
[INFO] [stdout] 1102 |     res: u32,
[INFO] [stdout]      |     ^^^
[INFO] [stdout] 1103 |     /// if PERF_SAMPLE_PERIOD
[INFO] [stdout] 1104 |     period: u64,
[INFO] [stdout]      |     ^^^^^^
[INFO] [stdout] ...
[INFO] [stdout] 1109 |     v: FileReadFormat,
[INFO] [stdout]      |     ^
[INFO] [stdout] ...
[INFO] [stdout] 1113 |     ips: Vec<u64>,
[INFO] [stdout]      |     ^^^
[INFO] [stdout] ...
[INFO] [stdout] 1117 |     raw_sample: Vec<u8>,
[INFO] [stdout]      |     ^^^^^^^^^^
[INFO] [stdout] ...
[INFO] [stdout] 1121 |     lbr: Vec<BranchEntry>,
[INFO] [stdout]      |     ^^^
[INFO] [stdout] ...
[INFO] [stdout] 1124 |     abi: u64,
[INFO] [stdout]      |     ^^^
[INFO] [stdout] ...
[INFO] [stdout] 1128 |     regs: Vec<u64>,
[INFO] [stdout]      |     ^^^^
[INFO] [stdout] ...
[INFO] [stdout] 1132 |     user_stack: Vec<u8>,
[INFO] [stdout]      |     ^^^^^^^^^^
[INFO] [stdout] ...
[INFO] [stdout] 1135 |     dyn_size: u64,
[INFO] [stdout]      |     ^^^^^^^^
[INFO] [stdout] 1136 |     /// u64   weight;     /* if PERF_SAMPLE_WEIGHT */
[INFO] [stdout] 1137 |     weight: u64,
[INFO] [stdout]      |     ^^^^^^
[INFO] [stdout] 1138 |     /// u64   data_src;   /* if PERF_SAMPLE_DATA_SRC */
[INFO] [stdout] 1139 |     data_str: u64,
[INFO] [stdout]      |     ^^^^^^^^
[INFO] [stdout]      |
[INFO] [stdout]      = note: `SampleRecord` has a derived impl for the trait `Debug`, but this is intentionally ignored during dead code analysis
[INFO] [stdout] 
[INFO] [stdout] 
[INFO] [stdout] warning: 9 warnings emitted
[INFO] [stdout] 
[INFO] [stdout] 
[INFO] [stderr]     Finished dev [unoptimized + debuginfo] target(s) in 30.64s
[INFO] [stderr] warning: the following packages contain code that will be rejected by a future version of Rust: nom v4.2.3
[INFO] [stderr] note: to see what the problems were, use the option `--future-incompat-report`, or run `cargo report future-incompatibilities --id 1`
[INFO] running `Command { std: "docker" "inspect" "8ead172e691ad1e02fb09833f215b62aeb686bb1339d14166814d1f7e295ba78", kill_on_drop: false }`
[INFO] running `Command { std: "docker" "rm" "-f" "8ead172e691ad1e02fb09833f215b62aeb686bb1339d14166814d1f7e295ba78", kill_on_drop: false }`
[INFO] [stdout] 8ead172e691ad1e02fb09833f215b62aeb686bb1339d14166814d1f7e295ba78
[INFO] running `Command { std: "docker" "create" "-v" "/var/lib/crater-agent-workspace/builds/worker-2-tc2/target:/opt/rustwide/target:rw,Z" "-v" "/var/lib/crater-agent-workspace/builds/worker-2-tc2/source:/opt/rustwide/workdir:ro,Z" "-v" "/var/lib/crater-agent-workspace/cargo-home:/opt/rustwide/cargo-home:ro,Z" "-v" "/var/lib/crater-agent-workspace/rustup-home:/opt/rustwide/rustup-home:ro,Z" "-e" "SOURCE_DIR=/opt/rustwide/workdir" "-e" "CARGO_TARGET_DIR=/opt/rustwide/target" "-e" "CARGO_INCREMENTAL=0" "-e" "RUST_BACKTRACE=full" "-e" "RUSTFLAGS=--cap-lints=warn" "-e" "RUSTDOCFLAGS=--cap-lints=warn" "-e" "CARGO_HOME=/opt/rustwide/cargo-home" "-e" "RUSTUP_HOME=/opt/rustwide/rustup-home" "-w" "/opt/rustwide/workdir" "-m" "1610612736" "--user" "0:0" "--network" "none" "ghcr.io/rust-lang/crates-build-env/linux@sha256:5ff2268d62e97bff2cde7d5815dd6ed5b47097566f13b8d0ca110b04b60e07ed" "/opt/rustwide/cargo-home/bin/cargo" "+beta-2023-04-20" "test" "--frozen" "--no-run" "--message-format=json", kill_on_drop: false }`
[INFO] [stdout] 89776d9c2dcfe85e678602d10fa06d20ffd6be69bc132450cd6ce9a5710bd3dc
[INFO] running `Command { std: "docker" "start" "-a" "89776d9c2dcfe85e678602d10fa06d20ffd6be69bc132450cd6ce9a5710bd3dc", kill_on_drop: false }`
[INFO] [stdout] warning: field `attributes` is never read
[INFO] [stdout]    --> src/linux/mod.rs:751:5
[INFO] [stdout]     |
[INFO] [stdout] 748 | pub struct PerfCounter {
[INFO] [stdout]     |            ----------- field in this struct
[INFO] [stdout] ...
[INFO] [stdout] 751 |     attributes: perf_format::EventAttr,
[INFO] [stdout]     |     ^^^^^^^^^^
[INFO] [stdout]     |
[INFO] [stdout]     = note: `#[warn(dead_code)]` on by default
[INFO] [stdout] 
[INFO] [stdout] 
[INFO] [stdout] warning: field `pc` is never read
[INFO] [stdout]    --> src/linux/mod.rs:799:5
[INFO] [stdout]     |
[INFO] [stdout] 798 | pub struct SamplingPerfCounter {
[INFO] [stdout]     |            ------------------- field in this struct
[INFO] [stdout] 799 |     pc: PerfCounter,
[INFO] [stdout]     |     ^^
[INFO] [stdout] 
[INFO] [stdout] 
[INFO] [stdout] warning: fields `misc` and `size` are never read
[INFO] [stdout]    --> src/linux/mod.rs:847:5
[INFO] [stdout]     |
[INFO] [stdout] 845 | struct EventHeader {
[INFO] [stdout]     |        ----------- fields in this struct
[INFO] [stdout] 846 |     event_type: u32,
[INFO] [stdout] 847 |     misc: u16,
[INFO] [stdout]     |     ^^^^
[INFO] [stdout] 848 |     size: u16,
[INFO] [stdout]     |     ^^^^
[INFO] [stdout]     |
[INFO] [stdout]     = note: `EventHeader` has a derived impl for the trait `Debug`, but this is intentionally ignored during dead code analysis
[INFO] [stdout] 
[INFO] [stdout] 
[INFO] [stdout] warning: fields `header`, `id`, and `lost` are never read
[INFO] [stdout]    --> src/linux/mod.rs:908:5
[INFO] [stdout]     |
[INFO] [stdout] 907 | pub struct LostRecord {
[INFO] [stdout]     |            ---------- fields in this struct
[INFO] [stdout] 908 |     header: EventHeader,
[INFO] [stdout]     |     ^^^^^^
[INFO] [stdout] 909 |     /// Unique event ID of the samples that were lost.
[INFO] [stdout] 910 |     id: u64,
[INFO] [stdout]     |     ^^
[INFO] [stdout] 911 |     /// The number of events that were lost.
[INFO] [stdout] 912 |     lost: u64,
[INFO] [stdout]     |     ^^^^
[INFO] [stdout]     |
[INFO] [stdout]     = note: `LostRecord` has a derived impl for the trait `Debug`, but this is intentionally ignored during dead code analysis
[INFO] [stdout] 
[INFO] [stdout] 
[INFO] [stdout] warning: fields `header`, `pid`, `tid`, and `comm` are never read
[INFO] [stdout]    --> src/linux/mod.rs:932:5
[INFO] [stdout]     |
[INFO] [stdout] 931 | pub struct CommRecord {
[INFO] [stdout]     |            ---------- fields in this struct
[INFO] [stdout] 932 |     header: EventHeader,
[INFO] [stdout]     |     ^^^^^^
[INFO] [stdout] 933 |     pid: u32,
[INFO] [stdout]     |     ^^^
[INFO] [stdout] 934 |     tid: u32,
[INFO] [stdout]     |     ^^^
[INFO] [stdout] 935 |     comm: String,
[INFO] [stdout]     |     ^^^^
[INFO] [stdout]     |
[INFO] [stdout]     = note: `CommRecord` has a derived impl for the trait `Debug`, but this is intentionally ignored during dead code analysis
[INFO] [stdout] 
[INFO] [stdout] 
[INFO] [stdout] warning: fields `header`, `pid`, `ppid`, `tid`, `ptid`, and `time` are never read
[INFO] [stdout]    --> src/linux/mod.rs:963:5
[INFO] [stdout]     |
[INFO] [stdout] 962 | pub struct ExitRecord {
[INFO] [stdout]     |            ---------- fields in this struct
[INFO] [stdout] 963 |     header: EventHeader,
[INFO] [stdout]     |     ^^^^^^
[INFO] [stdout] 964 |     pid: u32,
[INFO] [stdout]     |     ^^^
[INFO] [stdout] 965 |     ppid: u32,
[INFO] [stdout]     |     ^^^^
[INFO] [stdout] 966 |     tid: u32,
[INFO] [stdout]     |     ^^^
[INFO] [stdout] 967 |     ptid: u32,
[INFO] [stdout]     |     ^^^^
[INFO] [stdout] 968 |     time: u64,
[INFO] [stdout]     |     ^^^^
[INFO] [stdout]     |
[INFO] [stdout]     = note: `ExitRecord` has a derived impl for the trait `Debug`, but this is intentionally ignored during dead code analysis
[INFO] [stdout] 
[INFO] [stdout] 
[INFO] [stdout] warning: fields `header`, `pid`, `ppid`, `tid`, `ptid`, and `time` are never read
[INFO] [stdout]     --> src/linux/mod.rs:1020:5
[INFO] [stdout]      |
[INFO] [stdout] 1019 | pub struct ForkRecord {
[INFO] [stdout]      |            ---------- fields in this struct
[INFO] [stdout] 1020 |     header: EventHeader,
[INFO] [stdout]      |     ^^^^^^
[INFO] [stdout] 1021 |     pid: u32,
[INFO] [stdout]      |     ^^^
[INFO] [stdout] 1022 |     ppid: u32,
[INFO] [stdout]      |     ^^^^
[INFO] [stdout] 1023 |     tid: u32,
[INFO] [stdout]      |     ^^^
[INFO] [stdout] 1024 |     ptid: u32,
[INFO] [stdout]      |     ^^^^
[INFO] [stdout] 1025 |     time: u64,
[INFO] [stdout]      |     ^^^^
[INFO] [stdout]      |
[INFO] [stdout]      = note: `ForkRecord` has a derived impl for the trait `Debug`, but this is intentionally ignored during dead code analysis
[INFO] [stdout] 
[INFO] [stdout] 
[INFO] [stdout] warning: fields `from`, `to`, and `flags` are never read
[INFO] [stdout]     --> src/linux/mod.rs:1076:9
[INFO] [stdout]      |
[INFO] [stdout] 1075 | struct BranchEntry {
[INFO] [stdout]      |        ----------- fields in this struct
[INFO] [stdout] 1076 |     pub from: u64,
[INFO] [stdout]      |         ^^^^
[INFO] [stdout] 1077 |     pub to: u64,
[INFO] [stdout]      |         ^^
[INFO] [stdout] 1078 |     flags: u64,
[INFO] [stdout]      |     ^^^^^
[INFO] [stdout]      |
[INFO] [stdout]      = note: `BranchEntry` has a derived impl for the trait `Debug`, but this is intentionally ignored during dead code analysis
[INFO] [stdout] 
[INFO] [stdout] 
[INFO] [stdout] warning: multiple fields are never read
[INFO] [stdout]     --> src/linux/mod.rs:1084:5
[INFO] [stdout]      |
[INFO] [stdout] 1083 | pub struct SampleRecord {
[INFO] [stdout]      |            ------------ fields in this struct
[INFO] [stdout] 1084 |     header: EventHeader,
[INFO] [stdout]      |     ^^^^^^
[INFO] [stdout] 1085 |     /// if PERF_SAMPLE_IP
[INFO] [stdout] 1086 |     ip: u64,
[INFO] [stdout]      |     ^^
[INFO] [stdout] 1087 |     /// if PERF_SAMPLE_TID
[INFO] [stdout] 1088 |     pid: u32,
[INFO] [stdout]      |     ^^^
[INFO] [stdout] 1089 |     /// if PERF_SAMPLE_TID
[INFO] [stdout] 1090 |     tid: u32,
[INFO] [stdout]      |     ^^^
[INFO] [stdout] 1091 |     /// if PERF_SAMPLE_TIME
[INFO] [stdout] 1092 |     time: u64,
[INFO] [stdout]      |     ^^^^
[INFO] [stdout] 1093 |     /// if PERF_SAMPLE_ADDR
[INFO] [stdout] 1094 |     addr: u64,
[INFO] [stdout]      |     ^^^^
[INFO] [stdout] 1095 |     /// if PERF_SAMPLE_ID
[INFO] [stdout] 1096 |     id: u64,
[INFO] [stdout]      |     ^^
[INFO] [stdout] 1097 |     /// if PERF_SAMPLE_STREAM_ID
[INFO] [stdout] 1098 |     stream_id: u64,
[INFO] [stdout]      |     ^^^^^^^^^
[INFO] [stdout] 1099 |     /// if PERF_SAMPLE_CPU
[INFO] [stdout] 1100 |     cpu: u32,
[INFO] [stdout]      |     ^^^
[INFO] [stdout] 1101 |     /// if PERF_SAMPLE_CPU
[INFO] [stdout] 1102 |     res: u32,
[INFO] [stdout]      |     ^^^
[INFO] [stdout] 1103 |     /// if PERF_SAMPLE_PERIOD
[INFO] [stdout] 1104 |     period: u64,
[INFO] [stdout]      |     ^^^^^^
[INFO] [stdout] ...
[INFO] [stdout] 1109 |     v: FileReadFormat,
[INFO] [stdout]      |     ^
[INFO] [stdout] ...
[INFO] [stdout] 1113 |     ips: Vec<u64>,
[INFO] [stdout]      |     ^^^
[INFO] [stdout] ...
[INFO] [stdout] 1117 |     raw_sample: Vec<u8>,
[INFO] [stdout]      |     ^^^^^^^^^^
[INFO] [stdout] ...
[INFO] [stdout] 1121 |     lbr: Vec<BranchEntry>,
[INFO] [stdout]      |     ^^^
[INFO] [stdout] ...
[INFO] [stdout] 1124 |     abi: u64,
[INFO] [stdout]      |     ^^^
[INFO] [stdout] ...
[INFO] [stdout] 1128 |     regs: Vec<u64>,
[INFO] [stdout]      |     ^^^^
[INFO] [stdout] ...
[INFO] [stdout] 1132 |     user_stack: Vec<u8>,
[INFO] [stdout]      |     ^^^^^^^^^^
[INFO] [stdout] ...
[INFO] [stdout] 1135 |     dyn_size: u64,
[INFO] [stdout]      |     ^^^^^^^^
[INFO] [stdout] 1136 |     /// u64   weight;     /* if PERF_SAMPLE_WEIGHT */
[INFO] [stdout] 1137 |     weight: u64,
[INFO] [stdout]      |     ^^^^^^
[INFO] [stdout] 1138 |     /// u64   data_src;   /* if PERF_SAMPLE_DATA_SRC */
[INFO] [stdout] 1139 |     data_str: u64,
[INFO] [stdout]      |     ^^^^^^^^
[INFO] [stdout]      |
[INFO] [stdout]      = note: `SampleRecord` has a derived impl for the trait `Debug`, but this is intentionally ignored during dead code analysis
[INFO] [stdout] 
[INFO] [stdout] 
[INFO] [stdout] warning: 9 warnings emitted
[INFO] [stdout] 
[INFO] [stdout] 
[INFO] [stderr]    Compiling perfcnt v0.8.0 (/opt/rustwide/workdir)
[INFO] [stdout] warning: field `attributes` is never read
[INFO] [stdout]    --> src/linux/mod.rs:751:5
[INFO] [stdout]     |
[INFO] [stdout] 748 | pub struct PerfCounter {
[INFO] [stdout]     |            ----------- field in this struct
[INFO] [stdout] ...
[INFO] [stdout] 751 |     attributes: perf_format::EventAttr,
[INFO] [stdout]     |     ^^^^^^^^^^
[INFO] [stdout]     |
[INFO] [stdout]     = note: `#[warn(dead_code)]` on by default
[INFO] [stdout] 
[INFO] [stdout] 
[INFO] [stdout] warning: field `pc` is never read
[INFO] [stdout]    --> src/linux/mod.rs:799:5
[INFO] [stdout]     |
[INFO] [stdout] 798 | pub struct SamplingPerfCounter {
[INFO] [stdout]     |            ------------------- field in this struct
[INFO] [stdout] 799 |     pc: PerfCounter,
[INFO] [stdout]     |     ^^
[INFO] [stdout] 
[INFO] [stdout] 
[INFO] [stdout] warning: fields `misc` and `size` are never read
[INFO] [stdout]    --> src/linux/mod.rs:847:5
[INFO] [stdout]     |
[INFO] [stdout] 845 | struct EventHeader {
[INFO] [stdout]     |        ----------- fields in this struct
[INFO] [stdout] 846 |     event_type: u32,
[INFO] [stdout] 847 |     misc: u16,
[INFO] [stdout]     |     ^^^^
[INFO] [stdout] 848 |     size: u16,
[INFO] [stdout]     |     ^^^^
[INFO] [stdout]     |
[INFO] [stdout]     = note: `EventHeader` has a derived impl for the trait `Debug`, but this is intentionally ignored during dead code analysis
[INFO] [stdout] 
[INFO] [stdout] 
[INFO] [stdout] warning: fields `header`, `id`, and `lost` are never read
[INFO] [stdout]    --> src/linux/mod.rs:908:5
[INFO] [stdout]     |
[INFO] [stdout] 907 | pub struct LostRecord {
[INFO] [stdout]     |            ---------- fields in this struct
[INFO] [stdout] 908 |     header: EventHeader,
[INFO] [stdout]     |     ^^^^^^
[INFO] [stdout] 909 |     /// Unique event ID of the samples that were lost.
[INFO] [stdout] 910 |     id: u64,
[INFO] [stdout]     |     ^^
[INFO] [stdout] 911 |     /// The number of events that were lost.
[INFO] [stdout] 912 |     lost: u64,
[INFO] [stdout]     |     ^^^^
[INFO] [stdout]     |
[INFO] [stdout]     = note: `LostRecord` has a derived impl for the trait `Debug`, but this is intentionally ignored during dead code analysis
[INFO] [stdout] 
[INFO] [stdout] 
[INFO] [stdout] warning: fields `header`, `pid`, `tid`, and `comm` are never read
[INFO] [stdout]    --> src/linux/mod.rs:932:5
[INFO] [stdout]     |
[INFO] [stdout] 931 | pub struct CommRecord {
[INFO] [stdout]     |            ---------- fields in this struct
[INFO] [stdout] 932 |     header: EventHeader,
[INFO] [stdout]     |     ^^^^^^
[INFO] [stdout] 933 |     pid: u32,
[INFO] [stdout]     |     ^^^
[INFO] [stdout] 934 |     tid: u32,
[INFO] [stdout]     |     ^^^
[INFO] [stdout] 935 |     comm: String,
[INFO] [stdout]     |     ^^^^
[INFO] [stdout]     |
[INFO] [stdout]     = note: `CommRecord` has a derived impl for the trait `Debug`, but this is intentionally ignored during dead code analysis
[INFO] [stdout] 
[INFO] [stdout] 
[INFO] [stdout] warning: fields `header`, `pid`, `ppid`, `tid`, `ptid`, and `time` are never read
[INFO] [stdout]    --> src/linux/mod.rs:963:5
[INFO] [stdout]     |
[INFO] [stdout] 962 | pub struct ExitRecord {
[INFO] [stdout]     |            ---------- fields in this struct
[INFO] [stdout] 963 |     header: EventHeader,
[INFO] [stdout]     |     ^^^^^^
[INFO] [stdout] 964 |     pid: u32,
[INFO] [stdout]     |     ^^^
[INFO] [stdout] 965 |     ppid: u32,
[INFO] [stdout]     |     ^^^^
[INFO] [stdout] 966 |     tid: u32,
[INFO] [stdout]     |     ^^^
[INFO] [stdout] 967 |     ptid: u32,
[INFO] [stdout]     |     ^^^^
[INFO] [stdout] 968 |     time: u64,
[INFO] [stdout]     |     ^^^^
[INFO] [stdout]     |
[INFO] [stdout]     = note: `ExitRecord` has a derived impl for the trait `Debug`, but this is intentionally ignored during dead code analysis
[INFO] [stdout] 
[INFO] [stdout] 
[INFO] [stdout] warning: fields `header`, `pid`, `ppid`, `tid`, `ptid`, and `time` are never read
[INFO] [stdout]     --> src/linux/mod.rs:1020:5
[INFO] [stdout]      |
[INFO] [stdout] 1019 | pub struct ForkRecord {
[INFO] [stdout]      |            ---------- fields in this struct
[INFO] [stdout] 1020 |     header: EventHeader,
[INFO] [stdout]      |     ^^^^^^
[INFO] [stdout] 1021 |     pid: u32,
[INFO] [stdout]      |     ^^^
[INFO] [stdout] 1022 |     ppid: u32,
[INFO] [stdout]      |     ^^^^
[INFO] [stdout] 1023 |     tid: u32,
[INFO] [stdout]      |     ^^^
[INFO] [stdout] 1024 |     ptid: u32,
[INFO] [stdout]      |     ^^^^
[INFO] [stdout] 1025 |     time: u64,
[INFO] [stdout]      |     ^^^^
[INFO] [stdout]      |
[INFO] [stdout]      = note: `ForkRecord` has a derived impl for the trait `Debug`, but this is intentionally ignored during dead code analysis
[INFO] [stdout] 
[INFO] [stdout] 
[INFO] [stdout] warning: fields `from`, `to`, and `flags` are never read
[INFO] [stdout]     --> src/linux/mod.rs:1076:9
[INFO] [stdout]      |
[INFO] [stdout] 1075 | struct BranchEntry {
[INFO] [stdout]      |        ----------- fields in this struct
[INFO] [stdout] 1076 |     pub from: u64,
[INFO] [stdout]      |         ^^^^
[INFO] [stdout] 1077 |     pub to: u64,
[INFO] [stdout]      |         ^^
[INFO] [stdout] 1078 |     flags: u64,
[INFO] [stdout]      |     ^^^^^
[INFO] [stdout]      |
[INFO] [stdout]      = note: `BranchEntry` has a derived impl for the trait `Debug`, but this is intentionally ignored during dead code analysis
[INFO] [stdout] 
[INFO] [stdout] 
[INFO] [stdout] warning: multiple fields are never read
[INFO] [stdout]     --> src/linux/mod.rs:1084:5
[INFO] [stdout]      |
[INFO] [stdout] 1083 | pub struct SampleRecord {
[INFO] [stdout]      |            ------------ fields in this struct
[INFO] [stdout] 1084 |     header: EventHeader,
[INFO] [stdout]      |     ^^^^^^
[INFO] [stdout] 1085 |     /// if PERF_SAMPLE_IP
[INFO] [stdout] 1086 |     ip: u64,
[INFO] [stdout]      |     ^^
[INFO] [stdout] 1087 |     /// if PERF_SAMPLE_TID
[INFO] [stdout] 1088 |     pid: u32,
[INFO] [stdout]      |     ^^^
[INFO] [stdout] 1089 |     /// if PERF_SAMPLE_TID
[INFO] [stdout] 1090 |     tid: u32,
[INFO] [stdout]      |     ^^^
[INFO] [stdout] 1091 |     /// if PERF_SAMPLE_TIME
[INFO] [stdout] 1092 |     time: u64,
[INFO] [stdout]      |     ^^^^
[INFO] [stdout] 1093 |     /// if PERF_SAMPLE_ADDR
[INFO] [stdout] 1094 |     addr: u64,
[INFO] [stdout]      |     ^^^^
[INFO] [stdout] 1095 |     /// if PERF_SAMPLE_ID
[INFO] [stdout] 1096 |     id: u64,
[INFO] [stdout]      |     ^^
[INFO] [stdout] 1097 |     /// if PERF_SAMPLE_STREAM_ID
[INFO] [stdout] 1098 |     stream_id: u64,
[INFO] [stdout]      |     ^^^^^^^^^
[INFO] [stdout] 1099 |     /// if PERF_SAMPLE_CPU
[INFO] [stdout] 1100 |     cpu: u32,
[INFO] [stdout]      |     ^^^
[INFO] [stdout] 1101 |     /// if PERF_SAMPLE_CPU
[INFO] [stdout] 1102 |     res: u32,
[INFO] [stdout]      |     ^^^
[INFO] [stdout] 1103 |     /// if PERF_SAMPLE_PERIOD
[INFO] [stdout] 1104 |     period: u64,
[INFO] [stdout]      |     ^^^^^^
[INFO] [stdout] ...
[INFO] [stdout] 1109 |     v: FileReadFormat,
[INFO] [stdout]      |     ^
[INFO] [stdout] ...
[INFO] [stdout] 1113 |     ips: Vec<u64>,
[INFO] [stdout]      |     ^^^
[INFO] [stdout] ...
[INFO] [stdout] 1117 |     raw_sample: Vec<u8>,
[INFO] [stdout]      |     ^^^^^^^^^^
[INFO] [stdout] ...
[INFO] [stdout] 1121 |     lbr: Vec<BranchEntry>,
[INFO] [stdout]      |     ^^^
[INFO] [stdout] ...
[INFO] [stdout] 1124 |     abi: u64,
[INFO] [stdout]      |     ^^^
[INFO] [stdout] ...
[INFO] [stdout] 1128 |     regs: Vec<u64>,
[INFO] [stdout]      |     ^^^^
[INFO] [stdout] ...
[INFO] [stdout] 1132 |     user_stack: Vec<u8>,
[INFO] [stdout]      |     ^^^^^^^^^^
[INFO] [stdout] ...
[INFO] [stdout] 1135 |     dyn_size: u64,
[INFO] [stdout]      |     ^^^^^^^^
[INFO] [stdout] 1136 |     /// u64   weight;     /* if PERF_SAMPLE_WEIGHT */
[INFO] [stdout] 1137 |     weight: u64,
[INFO] [stdout]      |     ^^^^^^
[INFO] [stdout] 1138 |     /// u64   data_src;   /* if PERF_SAMPLE_DATA_SRC */
[INFO] [stdout] 1139 |     data_str: u64,
[INFO] [stdout]      |     ^^^^^^^^
[INFO] [stdout]      |
[INFO] [stdout]      = note: `SampleRecord` has a derived impl for the trait `Debug`, but this is intentionally ignored during dead code analysis
[INFO] [stdout] 
[INFO] [stdout] 
[INFO] [stdout] warning: 9 warnings emitted
[INFO] [stdout] 
[INFO] [stdout] 
[INFO] [stderr]     Finished test [unoptimized + debuginfo] target(s) in 1.67s
[INFO] [stderr] warning: the following packages contain code that will be rejected by a future version of Rust: nom v4.2.3
[INFO] [stderr]     Blocking waiting for file lock on package cache
[INFO] [stderr] note: to see what the problems were, use the option `--future-incompat-report`, or run `cargo report future-incompatibilities --id 1`
[INFO] running `Command { std: "docker" "inspect" "89776d9c2dcfe85e678602d10fa06d20ffd6be69bc132450cd6ce9a5710bd3dc", kill_on_drop: false }`
[INFO] running `Command { std: "docker" "rm" "-f" "89776d9c2dcfe85e678602d10fa06d20ffd6be69bc132450cd6ce9a5710bd3dc", kill_on_drop: false }`
[INFO] [stdout] 89776d9c2dcfe85e678602d10fa06d20ffd6be69bc132450cd6ce9a5710bd3dc
[INFO] running `Command { std: "docker" "create" "-v" "/var/lib/crater-agent-workspace/builds/worker-2-tc2/target:/opt/rustwide/target:rw,Z" "-v" "/var/lib/crater-agent-workspace/builds/worker-2-tc2/source:/opt/rustwide/workdir:ro,Z" "-v" "/var/lib/crater-agent-workspace/cargo-home:/opt/rustwide/cargo-home:ro,Z" "-v" "/var/lib/crater-agent-workspace/rustup-home:/opt/rustwide/rustup-home:ro,Z" "-e" "SOURCE_DIR=/opt/rustwide/workdir" "-e" "CARGO_TARGET_DIR=/opt/rustwide/target" "-e" "CARGO_INCREMENTAL=0" "-e" "RUST_BACKTRACE=full" "-e" "RUSTFLAGS=--cap-lints=warn" "-e" "RUSTDOCFLAGS=--cap-lints=warn" "-e" "CARGO_HOME=/opt/rustwide/cargo-home" "-e" "RUSTUP_HOME=/opt/rustwide/rustup-home" "-w" "/opt/rustwide/workdir" "-m" "1610612736" "--user" "0:0" "--network" "none" "ghcr.io/rust-lang/crates-build-env/linux@sha256:5ff2268d62e97bff2cde7d5815dd6ed5b47097566f13b8d0ca110b04b60e07ed" "/opt/rustwide/cargo-home/bin/cargo" "+beta-2023-04-20" "test" "--frozen", kill_on_drop: false }`
[INFO] [stdout] 263756ce189f27e6315eed232e7c12c1c88b260c68342e2cdb74d215def331cc
[INFO] running `Command { std: "docker" "start" "-a" "263756ce189f27e6315eed232e7c12c1c88b260c68342e2cdb74d215def331cc", kill_on_drop: false }`
[INFO] [stderr] warning: field `attributes` is never read
[INFO] [stderr]    --> src/linux/mod.rs:751:5
[INFO] [stderr]     |
[INFO] [stderr] 748 | pub struct PerfCounter {
[INFO] [stderr]     |            ----------- field in this struct
[INFO] [stderr] ...
[INFO] [stderr] 751 |     attributes: perf_format::EventAttr,
[INFO] [stderr]     |     ^^^^^^^^^^
[INFO] [stderr]     |
[INFO] [stderr]     = note: `#[warn(dead_code)]` on by default
[INFO] [stderr] 
[INFO] [stderr] warning: field `pc` is never read
[INFO] [stderr]    --> src/linux/mod.rs:799:5
[INFO] [stderr]     |
[INFO] [stderr] 798 | pub struct SamplingPerfCounter {
[INFO] [stderr]     |            ------------------- field in this struct
[INFO] [stderr] 799 |     pc: PerfCounter,
[INFO] [stderr]     |     ^^
[INFO] [stderr] 
[INFO] [stderr] warning: fields `misc` and `size` are never read
[INFO] [stderr]    --> src/linux/mod.rs:847:5
[INFO] [stderr]     |
[INFO] [stderr] 845 | struct EventHeader {
[INFO] [stderr]     |        ----------- fields in this struct
[INFO] [stderr] 846 |     event_type: u32,
[INFO] [stderr] 847 |     misc: u16,
[INFO] [stderr]     |     ^^^^
[INFO] [stderr] 848 |     size: u16,
[INFO] [stderr]     |     ^^^^
[INFO] [stderr]     |
[INFO] [stderr]     = note: `EventHeader` has a derived impl for the trait `Debug`, but this is intentionally ignored during dead code analysis
[INFO] [stderr] 
[INFO] [stderr] warning: fields `header`, `id`, and `lost` are never read
[INFO] [stderr]    --> src/linux/mod.rs:908:5
[INFO] [stderr]     |
[INFO] [stderr] 907 | pub struct LostRecord {
[INFO] [stderr]     |            ---------- fields in this struct
[INFO] [stderr] 908 |     header: EventHeader,
[INFO] [stderr]     |     ^^^^^^
[INFO] [stderr] 909 |     /// Unique event ID of the samples that were lost.
[INFO] [stderr] 910 |     id: u64,
[INFO] [stderr]     |     ^^
[INFO] [stderr] 911 |     /// The number of events that were lost.
[INFO] [stderr] 912 |     lost: u64,
[INFO] [stderr]     |     ^^^^
[INFO] [stderr]     |
[INFO] [stderr]     = note: `LostRecord` has a derived impl for the trait `Debug`, but this is intentionally ignored during dead code analysis
[INFO] [stderr] 
[INFO] [stderr] warning: fields `header`, `pid`, `tid`, and `comm` are never read
[INFO] [stderr]    --> src/linux/mod.rs:932:5
[INFO] [stderr]     |
[INFO] [stderr] 931 | pub struct CommRecord {
[INFO] [stderr]     |            ---------- fields in this struct
[INFO] [stderr] 932 |     header: EventHeader,
[INFO] [stderr]     |     ^^^^^^
[INFO] [stderr] 933 |     pid: u32,
[INFO] [stderr]     |     ^^^
[INFO] [stderr] 934 |     tid: u32,
[INFO] [stderr]     |     ^^^
[INFO] [stderr] 935 |     comm: String,
[INFO] [stderr]     |     ^^^^
[INFO] [stderr]     |
[INFO] [stderr]     = note: `CommRecord` has a derived impl for the trait `Debug`, but this is intentionally ignored during dead code analysis
[INFO] [stderr] 
[INFO] [stderr] warning: fields `header`, `pid`, `ppid`, `tid`, `ptid`, and `time` are never read
[INFO] [stderr]    --> src/linux/mod.rs:963:5
[INFO] [stderr]     |
[INFO] [stderr] 962 | pub struct ExitRecord {
[INFO] [stderr]     |            ---------- fields in this struct
[INFO] [stderr] 963 |     header: EventHeader,
[INFO] [stderr]     |     ^^^^^^
[INFO] [stderr] 964 |     pid: u32,
[INFO] [stderr]     |     ^^^
[INFO] [stderr] 965 |     ppid: u32,
[INFO] [stderr]     |     ^^^^
[INFO] [stderr] 966 |     tid: u32,
[INFO] [stderr]     |     ^^^
[INFO] [stderr] 967 |     ptid: u32,
[INFO] [stderr]     |     ^^^^
[INFO] [stderr] 968 |     time: u64,
[INFO] [stderr]     |     ^^^^
[INFO] [stderr]     |
[INFO] [stderr]     = note: `ExitRecord` has a derived impl for the trait `Debug`, but this is intentionally ignored during dead code analysis
[INFO] [stderr] 
[INFO] [stderr] warning: fields `header`, `pid`, `ppid`, `tid`, `ptid`, and `time` are never read
[INFO] [stderr]     --> src/linux/mod.rs:1020:5
[INFO] [stderr]      |
[INFO] [stderr] 1019 | pub struct ForkRecord {
[INFO] [stderr]      |            ---------- fields in this struct
[INFO] [stderr] 1020 |     header: EventHeader,
[INFO] [stderr]      |     ^^^^^^
[INFO] [stderr] 1021 |     pid: u32,
[INFO] [stderr]      |     ^^^
[INFO] [stderr] 1022 |     ppid: u32,
[INFO] [stderr]      |     ^^^^
[INFO] [stderr] 1023 |     tid: u32,
[INFO] [stderr]      |     ^^^
[INFO] [stderr] 1024 |     ptid: u32,
[INFO] [stderr]      |     ^^^^
[INFO] [stderr] 1025 |     time: u64,
[INFO] [stderr]      |     ^^^^
[INFO] [stderr]      |
[INFO] [stderr]      = note: `ForkRecord` has a derived impl for the trait `Debug`, but this is intentionally ignored during dead code analysis
[INFO] [stderr] 
[INFO] [stderr] warning: fields `from`, `to`, and `flags` are never read
[INFO] [stderr]     --> src/linux/mod.rs:1076:9
[INFO] [stderr]      |
[INFO] [stderr] 1075 | struct BranchEntry {
[INFO] [stderr]      |        ----------- fields in this struct
[INFO] [stderr] 1076 |     pub from: u64,
[INFO] [stderr]      |         ^^^^
[INFO] [stderr] 1077 |     pub to: u64,
[INFO] [stderr]      |         ^^
[INFO] [stderr] 1078 |     flags: u64,
[INFO] [stderr]      |     ^^^^^
[INFO] [stderr]      |
[INFO] [stderr]      = note: `BranchEntry` has a derived impl for the trait `Debug`, but this is intentionally ignored during dead code analysis
[INFO] [stderr] 
[INFO] [stderr] warning: multiple fields are never read
[INFO] [stderr]     --> src/linux/mod.rs:1084:5
[INFO] [stderr]      |
[INFO] [stderr] 1083 | pub struct SampleRecord {
[INFO] [stderr]      |            ------------ fields in this struct
[INFO] [stderr] 1084 |     header: EventHeader,
[INFO] [stderr]      |     ^^^^^^
[INFO] [stderr] 1085 |     /// if PERF_SAMPLE_IP
[INFO] [stderr] 1086 |     ip: u64,
[INFO] [stderr]      |     ^^
[INFO] [stderr] 1087 |     /// if PERF_SAMPLE_TID
[INFO] [stderr] 1088 |     pid: u32,
[INFO] [stderr]      |     ^^^
[INFO] [stderr] 1089 |     /// if PERF_SAMPLE_TID
[INFO] [stderr] 1090 |     tid: u32,
[INFO] [stderr]      |     ^^^
[INFO] [stderr] 1091 |     /// if PERF_SAMPLE_TIME
[INFO] [stderr] 1092 |     time: u64,
[INFO] [stderr]      |     ^^^^
[INFO] [stderr] 1093 |     /// if PERF_SAMPLE_ADDR
[INFO] [stderr] 1094 |     addr: u64,
[INFO] [stderr]      |     ^^^^
[INFO] [stderr] 1095 |     /// if PERF_SAMPLE_ID
[INFO] [stderr] 1096 |     id: u64,
[INFO] [stderr]      |     ^^
[INFO] [stderr] 1097 |     /// if PERF_SAMPLE_STREAM_ID
[INFO] [stderr] 1098 |     stream_id: u64,
[INFO] [stderr]      |     ^^^^^^^^^
[INFO] [stderr] 1099 |     /// if PERF_SAMPLE_CPU
[INFO] [stderr] 1100 |     cpu: u32,
[INFO] [stderr]      |     ^^^
[INFO] [stderr] 1101 |     /// if PERF_SAMPLE_CPU
[INFO] [stderr] 1102 |     res: u32,
[INFO] [stderr]      |     ^^^
[INFO] [stderr] 1103 |     /// if PERF_SAMPLE_PERIOD
[INFO] [stderr] 1104 |     period: u64,
[INFO] [stderr]      |     ^^^^^^
[INFO] [stderr] ...
[INFO] [stderr] 1109 |     v: FileReadFormat,
[INFO] [stderr]      |     ^
[INFO] [stderr] ...
[INFO] [stderr] 1113 |     ips: Vec<u64>,
[INFO] [stderr]      |     ^^^
[INFO] [stderr] ...
[INFO] [stderr] 1117 |     raw_sample: Vec<u8>,
[INFO] [stderr]      |     ^^^^^^^^^^
[INFO] [stderr] ...
[INFO] [stderr] 1121 |     lbr: Vec<BranchEntry>,
[INFO] [stderr]      |     ^^^
[INFO] [stderr] ...
[INFO] [stderr] 1124 |     abi: u64,
[INFO] [stderr]      |     ^^^
[INFO] [stderr] ...
[INFO] [stderr] 1128 |     regs: Vec<u64>,
[INFO] [stderr]      |     ^^^^
[INFO] [stderr] ...
[INFO] [stderr] 1132 |     user_stack: Vec<u8>,
[INFO] [stderr]      |     ^^^^^^^^^^
[INFO] [stderr] ...
[INFO] [stderr] 1135 |     dyn_size: u64,
[INFO] [stderr]      |     ^^^^^^^^
[INFO] [stderr] 1136 |     /// u64   weight;     /* if PERF_SAMPLE_WEIGHT */
[INFO] [stderr] 1137 |     weight: u64,
[INFO] [stderr]      |     ^^^^^^
[INFO] [stderr] 1138 |     /// u64   data_src;   /* if PERF_SAMPLE_DATA_SRC */
[INFO] [stderr] 1139 |     data_str: u64,
[INFO] [stderr]      |     ^^^^^^^^
[INFO] [stderr]      |
[INFO] [stderr]      = note: `SampleRecord` has a derived impl for the trait `Debug`, but this is intentionally ignored during dead code analysis
[INFO] [stderr] 
[INFO] [stderr] warning: `perfcnt` (lib) generated 9 warnings
[INFO] [stderr] warning: `perfcnt` (lib test) generated 9 warnings (9 duplicates)
[INFO] [stderr]     Finished test [unoptimized + debuginfo] target(s) in 0.04s
[INFO] [stderr] warning: the following packages contain code that will be rejected by a future version of Rust: nom v4.2.3
[INFO] [stderr] note: to see what the problems were, use the option `--future-incompat-report`, or run `cargo report future-incompatibilities --id 1`
[INFO] [stderr]      Running unittests src/lib.rs (/opt/rustwide/target/debug/deps/perfcnt-7a222bd14c32487e)
[INFO] [stdout] 
[INFO] [stdout] running 0 tests
[INFO] [stdout] 
[INFO] [stdout] test result: ok. 0 passed; 0 failed; 0 ignored; 0 measured; 0 filtered out; finished in 0.00s
[INFO] [stdout] 
[INFO] [stderr]      Running unittests src/bin/list.rs (/opt/rustwide/target/debug/deps/perfcnt_list-de0ff56c35365deb)
[INFO] [stderr]      Running unittests src/bin/parse.rs (/opt/rustwide/target/debug/deps/perfcnt_parse-5f7a9a8218973603)
[INFO] [stdout] 
[INFO] [stdout] running 0 tests
[INFO] [stdout] 
[INFO] [stdout] test result: ok. 0 passed; 0 failed; 0 ignored; 0 measured; 0 filtered out; finished in 0.00s
[INFO] [stdout] 
[INFO] [stdout] 
[INFO] [stdout] running 0 tests
[INFO] [stdout] 
[INFO] [stdout] test result: ok. 0 passed; 0 failed; 0 ignored; 0 measured; 0 filtered out; finished in 0.00s
[INFO] [stdout] 
[INFO] [stderr]      Running unittests src/bin/stats.rs (/opt/rustwide/target/debug/deps/perfcnt_stats-7968fc315d2911f5)
[INFO] [stdout] 
[INFO] [stdout] running 0 tests
[INFO] [stdout] 
[INFO] [stdout] test result: ok. 0 passed; 0 failed; 0 ignored; 0 measured; 0 filtered out; finished in 0.00s
[INFO] [stdout] 
[INFO] [stderr]      Running tests/linux_generic_events.rs (/opt/rustwide/target/debug/deps/linux_generic_events-d9573519247ef151)
[INFO] [stdout] 
[INFO] [stdout] running 2 tests
[INFO] [stdout] test test_cache_events ... FAILED
[INFO] [stdout] test test_hardware_counter ... FAILED
[INFO] [stdout] 
[INFO] [stdout] failures:
[INFO] [stdout] 
[INFO] [stdout] ---- test_cache_events stdout ----
[INFO] [stdout] thread 'test_cache_events' panicked at 'assertion failed: `(left == right)`
[INFO] [stdout]   left: `1`,
[INFO] [stdout]  right: `13`', tests/linux_generic_events.rs:50:19
[INFO] [stdout] stack backtrace:
[INFO] [stdout]    0:     0x560c015cfdba - std::backtrace_rs::backtrace::libunwind::trace::h2f05d0192276a8f6
[INFO] [stdout]                                at /rustc/1b7dd2252b99671ce5d1cb9664c5f8636329436d/library/std/src/../../backtrace/src/backtrace/libunwind.rs:93:5
[INFO] [stdout]    1:     0x560c015cfdba - std::backtrace_rs::backtrace::trace_unsynchronized::hedc23dff7a1af150
[INFO] [stdout]                                at /rustc/1b7dd2252b99671ce5d1cb9664c5f8636329436d/library/std/src/../../backtrace/src/backtrace/mod.rs:66:5
[INFO] [stdout]    2:     0x560c015cfdba - std::sys_common::backtrace::_print_fmt::h17541ef7592f3ce2
[INFO] [stdout]                                at /rustc/1b7dd2252b99671ce5d1cb9664c5f8636329436d/library/std/src/sys_common/backtrace.rs:65:5
[INFO] [stdout]    3:     0x560c015cfdba - <std::sys_common::backtrace::_print::DisplayBacktrace as core::fmt::Display>::fmt::h20f75df5ab0c0792
[INFO] [stdout]                                at /rustc/1b7dd2252b99671ce5d1cb9664c5f8636329436d/library/std/src/sys_common/backtrace.rs:44:22
[INFO] [stdout]    4:     0x560c015f3a1f - core::fmt::write::h78109e6f466b3af6
[INFO] [stdout]                                at /rustc/1b7dd2252b99671ce5d1cb9664c5f8636329436d/library/core/src/fmt/mod.rs:1254:17
[INFO] [stdout]    5:     0x560c015cd0f5 - std::io::Write::write_fmt::hd24bfb68a1b35a25
[INFO] [stdout]                                at /rustc/1b7dd2252b99671ce5d1cb9664c5f8636329436d/library/std/src/io/mod.rs:1698:15
[INFO] [stdout]    6:     0x560c015cfb85 - std::sys_common::backtrace::_print::h8dac57a9f8fbf9a5
[INFO] [stdout]                                at /rustc/1b7dd2252b99671ce5d1cb9664c5f8636329436d/library/std/src/sys_common/backtrace.rs:47:5
[INFO] [stdout]    7:     0x560c015cfb85 - std::sys_common::backtrace::print::hf9ecbf41d1aa712f
[INFO] [stdout]                                at /rustc/1b7dd2252b99671ce5d1cb9664c5f8636329436d/library/std/src/sys_common/backtrace.rs:34:9
[INFO] [stdout]    8:     0x560c015d183e - std::panicking::default_hook::{{closure}}::h04c07acfc84ca028
[INFO] [stdout]                                at /rustc/1b7dd2252b99671ce5d1cb9664c5f8636329436d/library/std/src/panicking.rs:269:22
[INFO] [stdout]    9:     0x560c015d1571 - std::panicking::default_hook::h01f6bb23e1eceb2c
[INFO] [stdout]                                at /rustc/1b7dd2252b99671ce5d1cb9664c5f8636329436d/library/std/src/panicking.rs:285:9
[INFO] [stdout]   10:     0x560c015a25db - <alloc::boxed::Box<F,A> as core::ops::function::Fn<Args>>::call::h87fe9f7b2fd49e4c
[INFO] [stdout]                                at /rustc/1b7dd2252b99671ce5d1cb9664c5f8636329436d/library/alloc/src/boxed.rs:1987:9
[INFO] [stdout]   11:     0x560c015a25db - test::test_main::{{closure}}::he94d679243a7531b
[INFO] [stdout]                                at /rustc/1b7dd2252b99671ce5d1cb9664c5f8636329436d/library/test/src/lib.rs:134:21
[INFO] [stdout]   12:     0x560c015d1f24 - <alloc::boxed::Box<F,A> as core::ops::function::Fn<Args>>::call::h3f2d6d8b14c4769f
[INFO] [stdout]                                at /rustc/1b7dd2252b99671ce5d1cb9664c5f8636329436d/library/alloc/src/boxed.rs:1987:9
[INFO] [stdout]   13:     0x560c015d1f24 - std::panicking::rust_panic_with_hook::h2bb3722bbaf2f6df
[INFO] [stdout]                                at /rustc/1b7dd2252b99671ce5d1cb9664c5f8636329436d/library/std/src/panicking.rs:695:13
[INFO] [stdout]   14:     0x560c015d1c99 - std::panicking::begin_panic_handler::{{closure}}::h91bc7f36a4be011b
[INFO] [stdout]                                at /rustc/1b7dd2252b99671ce5d1cb9664c5f8636329436d/library/std/src/panicking.rs:582:13
[INFO] [stdout]   15:     0x560c015d0226 - std::sys_common::backtrace::__rust_end_short_backtrace::h8b3d3717114f9e59
[INFO] [stdout]                                at /rustc/1b7dd2252b99671ce5d1cb9664c5f8636329436d/library/std/src/sys_common/backtrace.rs:150:18
[INFO] [stdout]   16:     0x560c015d19f2 - rust_begin_unwind
[INFO] [stdout]                                at /rustc/1b7dd2252b99671ce5d1cb9664c5f8636329436d/library/std/src/panicking.rs:578:5
[INFO] [stdout]   17:     0x560c0156dba3 - core::panicking::panic_fmt::hfd368e3fbdabea26
[INFO] [stdout]                                at /rustc/1b7dd2252b99671ce5d1cb9664c5f8636329436d/library/core/src/panicking.rs:67:14
[INFO] [stdout]   18:     0x560c0156de7f - core::panicking::assert_failed_inner::haef49168e1798a91
[INFO] [stdout]   19:     0x560c015abdca - core::panicking::assert_failed::hda7c7bc44114d011
[INFO] [stdout]                                at /rustc/1b7dd2252b99671ce5d1cb9664c5f8636329436d/library/core/src/panicking.rs:228:5
[INFO] [stdout]   20:     0x560c0156ebc2 - linux_generic_events::test_cache_events::h983d9b48510365b4
[INFO] [stdout]                                at /opt/rustwide/workdir/tests/linux_generic_events.rs:50:19
[INFO] [stdout]   21:     0x560c0156e987 - linux_generic_events::test_cache_events::{{closure}}::h3f44af44d03e1fe7
[INFO] [stdout]                                at /opt/rustwide/workdir/tests/linux_generic_events.rs:35:28
[INFO] [stdout]   22:     0x560c0156e315 - core::ops::function::FnOnce::call_once::he845614e515315d0
[INFO] [stdout]                                at /rustc/1b7dd2252b99671ce5d1cb9664c5f8636329436d/library/core/src/ops/function.rs:250:5
[INFO] [stdout]   23:     0x560c015a74af - core::ops::function::FnOnce::call_once::ha6a70e79f7481a7e
[INFO] [stdout]                                at /rustc/1b7dd2252b99671ce5d1cb9664c5f8636329436d/library/core/src/ops/function.rs:250:5
[INFO] [stdout]   24:     0x560c015a74af - test::__rust_begin_short_backtrace::hce33033019b61e69
[INFO] [stdout]                                at /rustc/1b7dd2252b99671ce5d1cb9664c5f8636329436d/library/test/src/lib.rs:655:18
[INFO] [stdout]   25:     0x560c01574c9c - test::run_test::{{closure}}::h858d3528838ae3e5
[INFO] [stdout]                                at /rustc/1b7dd2252b99671ce5d1cb9664c5f8636329436d/library/test/src/lib.rs:646:30
[INFO] [stdout]   26:     0x560c01574c9c - core::ops::function::FnOnce::call_once{{vtable.shim}}::he8ac2b00f01ae79e
[INFO] [stdout]                                at /rustc/1b7dd2252b99671ce5d1cb9664c5f8636329436d/library/core/src/ops/function.rs:250:5
[INFO] [stdout]   27:     0x560c015a6586 - <alloc::boxed::Box<F,A> as core::ops::function::FnOnce<Args>>::call_once::h8093d25b522725ef
[INFO] [stdout]                                at /rustc/1b7dd2252b99671ce5d1cb9664c5f8636329436d/library/alloc/src/boxed.rs:1973:9
[INFO] [stdout]   28:     0x560c015a6586 - <core::panic::unwind_safe::AssertUnwindSafe<F> as core::ops::function::FnOnce<()>>::call_once::h5c334c204e4a3913
[INFO] [stdout]                                at /rustc/1b7dd2252b99671ce5d1cb9664c5f8636329436d/library/core/src/panic/unwind_safe.rs:271:9
[INFO] [stdout]   29:     0x560c015a6586 - std::panicking::try::do_call::ha8b740c7b9478074
[INFO] [stdout]                                at /rustc/1b7dd2252b99671ce5d1cb9664c5f8636329436d/library/std/src/panicking.rs:485:40
[INFO] [stdout]   30:     0x560c015a6586 - std::panicking::try::h5d34f63d0e41b64e
[INFO] [stdout]                                at /rustc/1b7dd2252b99671ce5d1cb9664c5f8636329436d/library/std/src/panicking.rs:449:19
[INFO] [stdout]   31:     0x560c015a6586 - std::panic::catch_unwind::hcfbb511e1aa7fc67
[INFO] [stdout]                                at /rustc/1b7dd2252b99671ce5d1cb9664c5f8636329436d/library/std/src/panic.rs:140:14
[INFO] [stdout]   32:     0x560c015a6586 - test::run_test_in_process::h9abda90f802eaf21
[INFO] [stdout]                                at /rustc/1b7dd2252b99671ce5d1cb9664c5f8636329436d/library/test/src/lib.rs:678:27
[INFO] [stdout]   33:     0x560c015a6586 - test::run_test::run_test_inner::{{closure}}::h0f058de91f6c6edf
[INFO] [stdout]                                at /rustc/1b7dd2252b99671ce5d1cb9664c5f8636329436d/library/test/src/lib.rs:572:39
[INFO] [stdout]   34:     0x560c0156f4a5 - test::run_test::run_test_inner::{{closure}}::h5ca48a4c59c6c1fb
[INFO] [stdout]                                at /rustc/1b7dd2252b99671ce5d1cb9664c5f8636329436d/library/test/src/lib.rs:599:37
[INFO] [stdout]   35:     0x560c0156f4a5 - std::sys_common::backtrace::__rust_begin_short_backtrace::h32bd51e1495d4a33
[INFO] [stdout]                                at /rustc/1b7dd2252b99671ce5d1cb9664c5f8636329436d/library/std/src/sys_common/backtrace.rs:134:18
[INFO] [stdout]   36:     0x560c015749e1 - std::thread::Builder::spawn_unchecked_::{{closure}}::{{closure}}::hc086fae9b128b2db
[INFO] [stdout]                                at /rustc/1b7dd2252b99671ce5d1cb9664c5f8636329436d/library/std/src/thread/mod.rs:526:17
[INFO] [stdout]   37:     0x560c015749e1 - <core::panic::unwind_safe::AssertUnwindSafe<F> as core::ops::function::FnOnce<()>>::call_once::hb66571888d270d43
[INFO] [stdout]                                at /rustc/1b7dd2252b99671ce5d1cb9664c5f8636329436d/library/core/src/panic/unwind_safe.rs:271:9
[INFO] [stdout]   38:     0x560c015749e1 - std::panicking::try::do_call::h4fa2ef4f6e51fecf
[INFO] [stdout]                                at /rustc/1b7dd2252b99671ce5d1cb9664c5f8636329436d/library/std/src/panicking.rs:485:40
[INFO] [stdout]   39:     0x560c015749e1 - std::panicking::try::h1e9e22b8584489b5
[INFO] [stdout]                                at /rustc/1b7dd2252b99671ce5d1cb9664c5f8636329436d/library/std/src/panicking.rs:449:19
[INFO] [stdout]   40:     0x560c015749e1 - std::panic::catch_unwind::h44698a3de0e0769e
[INFO] [stdout]                                at /rustc/1b7dd2252b99671ce5d1cb9664c5f8636329436d/library/std/src/panic.rs:140:14
[INFO] [stdout]   41:     0x560c015749e1 - std::thread::Builder::spawn_unchecked_::{{closure}}::h50153abde3fe239e
[INFO] [stdout]                                at /rustc/1b7dd2252b99671ce5d1cb9664c5f8636329436d/library/std/src/thread/mod.rs:525:30
[INFO] [stdout]   42:     0x560c015749e1 - core::ops::function::FnOnce::call_once{{vtable.shim}}::hbe5bbf6f38394364
[INFO] [stdout]                                at /rustc/1b7dd2252b99671ce5d1cb9664c5f8636329436d/library/core/src/ops/function.rs:250:5
[INFO] [stdout]   43:     0x560c015d6405 - <alloc::boxed::Box<F,A> as core::ops::function::FnOnce<Args>>::call_once::h0d83cb2920a49046
[INFO] [stdout]                                at /rustc/1b7dd2252b99671ce5d1cb9664c5f8636329436d/library/alloc/src/boxed.rs:1973:9
[INFO] [stdout]   44:     0x560c015d6405 - <alloc::boxed::Box<F,A> as core::ops::function::FnOnce<Args>>::call_once::hbe0a008aa7d9ef59
[INFO] [stdout]                                at /rustc/1b7dd2252b99671ce5d1cb9664c5f8636329436d/library/alloc/src/boxed.rs:1973:9
[INFO] [stdout]   45:     0x560c015d6405 - std::sys::unix::thread::Thread::new::thread_start::h3a466996bdf6b1f9
[INFO] [stdout]                                at /rustc/1b7dd2252b99671ce5d1cb9664c5f8636329436d/library/std/src/sys/unix/thread.rs:108:17
[INFO] [stdout]   46:     0x7f9d18a90b43 - <unknown>
[INFO] [stdout]   47:     0x7f9d18b21bb4 - __clone
[INFO] [stdout]   48:                0x0 - <unknown>
[INFO] [stdout] 
[INFO] [stdout] ---- test_hardware_counter stdout ----
[INFO] [stdout] thread 'test_hardware_counter' panicked at 'assertion failed: `(left == right)`
[INFO] [stdout]   left: `1`,
[INFO] [stdout]  right: `2`', tests/linux_generic_events.rs:70:19
[INFO] [stdout] stack backtrace:
[INFO] [stdout]    0:     0x560c015cfdba - std::backtrace_rs::backtrace::libunwind::trace::h2f05d0192276a8f6
[INFO] [stdout]                                at /rustc/1b7dd2252b99671ce5d1cb9664c5f8636329436d/library/std/src/../../backtrace/src/backtrace/libunwind.rs:93:5
[INFO] [stdout]    1:     0x560c015cfdba - std::backtrace_rs::backtrace::trace_unsynchronized::hedc23dff7a1af150
[INFO] [stdout]                                at /rustc/1b7dd2252b99671ce5d1cb9664c5f8636329436d/library/std/src/../../backtrace/src/backtrace/mod.rs:66:5
[INFO] [stdout]    2:     0x560c015cfdba - std::sys_common::backtrace::_print_fmt::h17541ef7592f3ce2
[INFO] [stdout]                                at /rustc/1b7dd2252b99671ce5d1cb9664c5f8636329436d/library/std/src/sys_common/backtrace.rs:65:5
[INFO] [stdout]    3:     0x560c015cfdba - <std::sys_common::backtrace::_print::DisplayBacktrace as core::fmt::Display>::fmt::h20f75df5ab0c0792
[INFO] [stdout]                                at /rustc/1b7dd2252b99671ce5d1cb9664c5f8636329436d/library/std/src/sys_common/backtrace.rs:44:22
[INFO] [stdout]    4:     0x560c015f3a1f - core::fmt::write::h78109e6f466b3af6
[INFO] [stdout]                                at /rustc/1b7dd2252b99671ce5d1cb9664c5f8636329436d/library/core/src/fmt/mod.rs:1254:17
[INFO] [stdout]    5:     0x560c015cd0f5 - std::io::Write::write_fmt::hd24bfb68a1b35a25
[INFO] [stdout]                                at /rustc/1b7dd2252b99671ce5d1cb9664c5f8636329436d/library/std/src/io/mod.rs:1698:15
[INFO] [stdout]    6:     0x560c015cfb85 - std::sys_common::backtrace::_print::h8dac57a9f8fbf9a5
[INFO] [stdout]                                at /rustc/1b7dd2252b99671ce5d1cb9664c5f8636329436d/library/std/src/sys_common/backtrace.rs:47:5
[INFO] [stdout]    7:     0x560c015cfb85 - std::sys_common::backtrace::print::hf9ecbf41d1aa712f
[INFO] [stdout]                                at /rustc/1b7dd2252b99671ce5d1cb9664c5f8636329436d/library/std/src/sys_common/backtrace.rs:34:9
[INFO] [stdout]    8:     0x560c015d183e - std::panicking::default_hook::{{closure}}::h04c07acfc84ca028
[INFO] [stdout]                                at /rustc/1b7dd2252b99671ce5d1cb9664c5f8636329436d/library/std/src/panicking.rs:269:22
[INFO] [stdout]    9:     0x560c015d1571 - std::panicking::default_hook::h01f6bb23e1eceb2c
[INFO] [stdout]                                at /rustc/1b7dd2252b99671ce5d1cb9664c5f8636329436d/library/std/src/panicking.rs:285:9
[INFO] [stdout]   10:     0x560c015a25db - <alloc::boxed::Box<F,A> as core::ops::function::Fn<Args>>::call::h87fe9f7b2fd49e4c
[INFO] [stdout]                                at /rustc/1b7dd2252b99671ce5d1cb9664c5f8636329436d/library/alloc/src/boxed.rs:1987:9
[INFO] [stdout]   11:     0x560c015a25db - test::test_main::{{closure}}::he94d679243a7531b
[INFO] [stdout]                                at /rustc/1b7dd2252b99671ce5d1cb9664c5f8636329436d/library/test/src/lib.rs:134:21
[INFO] [stdout]   12:     0x560c015d1f24 - <alloc::boxed::Box<F,A> as core::ops::function::Fn<Args>>::call::h3f2d6d8b14c4769f
[INFO] [stdout]                                at /rustc/1b7dd2252b99671ce5d1cb9664c5f8636329436d/library/alloc/src/boxed.rs:1987:9
[INFO] [stdout]   13:     0x560c015d1f24 - std::panicking::rust_panic_with_hook::h2bb3722bbaf2f6df
[INFO] [stdout]                                at /rustc/1b7dd2252b99671ce5d1cb9664c5f8636329436d/library/std/src/panicking.rs:695:13
[INFO] [stdout]   14:     0x560c015d1c99 - std::panicking::begin_panic_handler::{{closure}}::h91bc7f36a4be011b
[INFO] [stdout]                                at /rustc/1b7dd2252b99671ce5d1cb9664c5f8636329436d/library/std/src/panicking.rs:582:13
[INFO] [stdout]   15:     0x560c015d0226 - std::sys_common::backtrace::__rust_end_short_backtrace::h8b3d3717114f9e59
[INFO] [stdout]                                at /rustc/1b7dd2252b99671ce5d1cb9664c5f8636329436d/library/std/src/sys_common/backtrace.rs:150:18
[INFO] [stdout]   16:     0x560c015d19f2 - rust_begin_unwind
[INFO] [stdout]                                at /rustc/1b7dd2252b99671ce5d1cb9664c5f8636329436d/library/std/src/panicking.rs:578:5
[INFO] [stdout]   17:     0x560c0156dba3 - core::panicking::panic_fmt::hfd368e3fbdabea26
[INFO] [stdout]                                at /rustc/1b7dd2252b99671ce5d1cb9664c5f8636329436d/library/core/src/panicking.rs:67:14
[INFO] [stdout]   18:     0x560c0156de7f - core::panicking::assert_failed_inner::haef49168e1798a91
[INFO] [stdout]   19:     0x560c015abdca - core::panicking::assert_failed::hda7c7bc44114d011
[INFO] [stdout]                                at /rustc/1b7dd2252b99671ce5d1cb9664c5f8636329436d/library/core/src/panicking.rs:228:5
[INFO] [stdout]   20:     0x560c0156ef3f - linux_generic_events::test_hardware_counter::hcda219e86c8e867c
[INFO] [stdout]                                at /opt/rustwide/workdir/tests/linux_generic_events.rs:70:19
[INFO] [stdout]   21:     0x560c0156ed17 - linux_generic_events::test_hardware_counter::{{closure}}::h24fda8a0d2ce32df
[INFO] [stdout]                                at /opt/rustwide/workdir/tests/linux_generic_events.rs:55:32
[INFO] [stdout]   22:     0x560c0156e285 - core::ops::function::FnOnce::call_once::h65e1b2928a8b6a3e
[INFO] [stdout]                                at /rustc/1b7dd2252b99671ce5d1cb9664c5f8636329436d/library/core/src/ops/function.rs:250:5
[INFO] [stdout]   23:     0x560c015a74af - core::ops::function::FnOnce::call_once::ha6a70e79f7481a7e
[INFO] [stdout]                                at /rustc/1b7dd2252b99671ce5d1cb9664c5f8636329436d/library/core/src/ops/function.rs:250:5
[INFO] [stdout]   24:     0x560c015a74af - test::__rust_begin_short_backtrace::hce33033019b61e69
[INFO] [stdout]                                at /rustc/1b7dd2252b99671ce5d1cb9664c5f8636329436d/library/test/src/lib.rs:655:18
[INFO] [stdout]   25:     0x560c01574c9c - test::run_test::{{closure}}::h858d3528838ae3e5
[INFO] [stdout]                                at /rustc/1b7dd2252b99671ce5d1cb9664c5f8636329436d/library/test/src/lib.rs:646:30
[INFO] [stdout]   26:     0x560c01574c9c - core::ops::function::FnOnce::call_once{{vtable.shim}}::he8ac2b00f01ae79e
[INFO] [stdout]                                at /rustc/1b7dd2252b99671ce5d1cb9664c5f8636329436d/library/core/src/ops/function.rs:250:5
[INFO] [stdout]   27:     0x560c015a6586 - <alloc::boxed::Box<F,A> as core::ops::function::FnOnce<Args>>::call_once::h8093d25b522725ef
[INFO] [stdout]                                at /rustc/1b7dd2252b99671ce5d1cb9664c5f8636329436d/library/alloc/src/boxed.rs:1973:9
[INFO] [stdout]   28:     0x560c015a6586 - <core::panic::unwind_safe::AssertUnwindSafe<F> as core::ops::function::FnOnce<()>>::call_once::h5c334c204e4a3913
[INFO] [stdout]                                at /rustc/1b7dd2252b99671ce5d1cb9664c5f8636329436d/library/core/src/panic/unwind_safe.rs:271:9
[INFO] [stdout]   29:     0x560c015a6586 - std::panicking::try::do_call::ha8b740c7b9478074
[INFO] [stdout]                                at /rustc/1b7dd2252b99671ce5d1cb9664c5f8636329436d/library/std/src/panicking.rs:485:40
[INFO] [stdout]   30:     0x560c015a6586 - std::panicking::try::h5d34f63d0e41b64e
[INFO] [stdout]                                at /rustc/1b7dd2252b99671ce5d1cb9664c5f8636329436d/library/std/src/panicking.rs:449:19
[INFO] [stdout]   31:     0x560c015a6586 - std::panic::catch_unwind::hcfbb511e1aa7fc67
[INFO] [stdout]                                at /rustc/1b7dd2252b99671ce5d1cb9664c5f8636329436d/library/std/src/panic.rs:140:14
[INFO] [stdout]   32:     0x560c015a6586 - test::run_test_in_process::h9abda90f802eaf21
[INFO] [stdout]                                at /rustc/1b7dd2252b99671ce5d1cb9664c5f8636329436d/library/test/src/lib.rs:678:27
[INFO] [stdout]   33:     0x560c015a6586 - test::run_test::run_test_inner::{{closure}}::h0f058de91f6c6edf
[INFO] [stdout]                                at /rustc/1b7dd2252b99671ce5d1cb9664c5f8636329436d/library/test/src/lib.rs:572:39
[INFO] [stdout]   34:     0x560c0156f4a5 - test::run_test::run_test_inner::{{closure}}::h5ca48a4c59c6c1fb
[INFO] [stdout]                                at /rustc/1b7dd2252b99671ce5d1cb9664c5f8636329436d/library/test/src/lib.rs:599:37
[INFO] [stdout]   35:     0x560c0156f4a5 - std::sys_common::backtrace::__rust_begin_short_backtrace::h32bd51e1495d4a33
[INFO] [stdout]                                at /rustc/1b7dd2252b99671ce5d1cb9664c5f8636329436d/library/std/src/sys_common/backtrace.rs:134:18
[INFO] [stdout]   36:     0x560c015749e1 - std::thread::Builder::spawn_unchecked_::{{closure}}::{{closure}}::hc086fae9b128b2db
[INFO] [stdout]                                at /rustc/1b7dd2252b99671ce5d1cb9664c5f8636329436d/library/std/src/thread/mod.rs:526:17
[INFO] [stdout]   37:     0x560c015749e1 - <core::panic::unwind_safe::AssertUnwindSafe<F> as core::ops::function::FnOnce<()>>::call_once::hb66571888d270d43
[INFO] [stdout]                                at /rustc/1b7dd2252b99671ce5d1cb9664c5f8636329436d/library/core/src/panic/unwind_safe.rs:271:9
[INFO] [stdout]   38:     0x560c015749e1 - std::panicking::try::do_call::h4fa2ef4f6e51fecf
[INFO] [stdout]                                at /rustc/1b7dd2252b99671ce5d1cb9664c5f8636329436d/library/std/src/panicking.rs:485:40
[INFO] [stdout]   39:     0x560c015749e1 - std::panicking::try::h1e9e22b8584489b5
[INFO] [stdout]                                at /rustc/1b7dd2252b99671ce5d1cb9664c5f8636329436d/library/std/src/panicking.rs:449:19
[INFO] [stdout]   40:     0x560c015749e1 - std::panic::catch_unwind::h44698a3de0e0769e
[INFO] [stdout]                                at /rustc/1b7dd2252b99671ce5d1cb9664c5f8636329436d/library/std/src/panic.rs:140:14
[INFO] [stdout]   41:     0x560c015749e1 - std::thread::Builder::spawn_unchecked_::{{closure}}::h50153abde3fe239e
[INFO] [stdout]                                at /rustc/1b7dd2252b99671ce5d1cb9664c5f8636329436d/library/std/src/thread/mod.rs:525:30
[INFO] [stdout]   42:     0x560c015749e1 - core::ops::function::FnOnce::call_once{{vtable.shim}}::hbe5bbf6f38394364
[INFO] [stdout]                                at /rustc/1b7dd2252b99671ce5d1cb9664c5f8636329436d/library/core/src/ops/function.rs:250:5
[INFO] [stdout]   43:     0x560c015d6405 - <alloc::boxed::Box<F,A> as core::ops::function::FnOnce<Args>>::call_once::h0d83cb2920a49046
[INFO] [stdout]                                at /rustc/1b7dd2252b99671ce5d1cb9664c5f8636329436d/library/alloc/src/boxed.rs:1973:9
[INFO] [stdout]   44:     0x560c015d6405 - <alloc::boxed::Box<F,A> as core::ops::function::FnOnce<Args>>::call_once::hbe0a008aa7d9ef59
[INFO] [stdout]                                at /rustc/1b7dd2252b99671ce5d1cb9664c5f8636329436d/library/alloc/src/boxed.rs:1973:9
[INFO] [stdout]   45:     0x560c015d6405 - std::sys::unix::thread::Thread::new::thread_start::h3a466996bdf6b1f9
[INFO] [stdout]                                at /rustc/1b7dd2252b99671ce5d1cb9664c5f8636329436d/library/std/src/sys/unix/thread.rs:108:17
[INFO] [stdout]   46:     0x7f9d18a90b43 - <unknown>
[INFO] [stdout]   47:     0x7f9d18b21bb4 - __clone
[INFO] [stdout]   48:                0x0 - <unknown>
[INFO] [stdout] 
[INFO] [stdout] 
[INFO] [stdout] failures:
[INFO] [stdout]     test_cache_events
[INFO] [stdout]     test_hardware_counter
[INFO] [stdout] 
[INFO] [stdout] test result: FAILED. 0 passed; 2 failed; 0 ignored; 0 measured; 0 filtered out; finished in 0.01s
[INFO] [stdout] 
[INFO] [stderr] error: test failed, to rerun pass `--test linux_generic_events`
[INFO] running `Command { std: "docker" "inspect" "263756ce189f27e6315eed232e7c12c1c88b260c68342e2cdb74d215def331cc", kill_on_drop: false }`
[INFO] running `Command { std: "docker" "rm" "-f" "263756ce189f27e6315eed232e7c12c1c88b260c68342e2cdb74d215def331cc", kill_on_drop: false }`
[INFO] [stdout] 263756ce189f27e6315eed232e7c12c1c88b260c68342e2cdb74d215def331cc
