[INFO] fetching crate peg 0.8.1...
[INFO] testing peg-0.8.1 against 1.69.0 for beta-1.70-1
[INFO] extracting crate peg 0.8.1 into /workspace/builds/worker-1-tc1/source
[INFO] validating manifest of crates.io crate peg 0.8.1 on toolchain 1.69.0
[INFO] running `Command { std: CARGO_HOME="/workspace/cargo-home" RUSTUP_HOME="/workspace/rustup-home" "/workspace/cargo-home/bin/cargo" "+1.69.0" "metadata" "--manifest-path" "Cargo.toml" "--no-deps", kill_on_drop: false }`
[INFO] started tweaking crates.io crate peg 0.8.1
[INFO] removed 0 missing tests
[INFO] finished tweaking crates.io crate peg 0.8.1
[INFO] tweaked toml for crates.io crate peg 0.8.1 written to /workspace/builds/worker-1-tc1/source/Cargo.toml
[INFO] running `Command { std: CARGO_HOME="/workspace/cargo-home" RUSTUP_HOME="/workspace/rustup-home" __CARGO_TEST_CHANNEL_OVERRIDE_DO_NOT_USE_THIS="nightly" "/workspace/cargo-home/bin/cargo" "+1.69.0" "generate-lockfile" "--manifest-path" "Cargo.toml" "-Zno-index-update", kill_on_drop: false }`
[INFO] running `Command { std: CARGO_HOME="/workspace/cargo-home" RUSTUP_HOME="/workspace/rustup-home" "/workspace/cargo-home/bin/cargo" "+1.69.0" "fetch" "--manifest-path" "Cargo.toml", kill_on_drop: false }`
[INFO] [stderr]     Blocking waiting for file lock on package cache
[INFO] [stderr]     Blocking waiting for file lock on package cache
[INFO] [stderr]  Downloading crates ...
[INFO] [stderr]   Downloaded peg-macros v0.8.1
[INFO] [stderr]   Downloaded peg-runtime v0.8.1
[INFO] running `Command { std: "docker" "create" "-v" "/var/lib/crater-agent-workspace/builds/worker-1-tc1/target:/opt/rustwide/target:rw,Z" "-v" "/var/lib/crater-agent-workspace/builds/worker-1-tc1/source:/opt/rustwide/workdir:ro,Z" "-v" "/var/lib/crater-agent-workspace/cargo-home:/opt/rustwide/cargo-home:ro,Z" "-v" "/var/lib/crater-agent-workspace/rustup-home:/opt/rustwide/rustup-home:ro,Z" "-e" "SOURCE_DIR=/opt/rustwide/workdir" "-e" "CARGO_TARGET_DIR=/opt/rustwide/target" "-e" "CARGO_HOME=/opt/rustwide/cargo-home" "-e" "RUSTUP_HOME=/opt/rustwide/rustup-home" "-w" "/opt/rustwide/workdir" "-m" "1610612736" "--user" "0:0" "--network" "none" "ghcr.io/rust-lang/crates-build-env/linux@sha256:5ff2268d62e97bff2cde7d5815dd6ed5b47097566f13b8d0ca110b04b60e07ed" "/opt/rustwide/cargo-home/bin/cargo" "+1.69.0" "metadata" "--no-deps" "--format-version=1", kill_on_drop: false }`
[INFO] [stdout] 4a879b20bf2cb397d2cd53a778e7cbf90e33482b10b69f9cec95fbf136cb09f1
[INFO] running `Command { std: "docker" "start" "-a" "4a879b20bf2cb397d2cd53a778e7cbf90e33482b10b69f9cec95fbf136cb09f1", kill_on_drop: false }`
[INFO] running `Command { std: "docker" "inspect" "4a879b20bf2cb397d2cd53a778e7cbf90e33482b10b69f9cec95fbf136cb09f1", kill_on_drop: false }`
[INFO] running `Command { std: "docker" "rm" "-f" "4a879b20bf2cb397d2cd53a778e7cbf90e33482b10b69f9cec95fbf136cb09f1", kill_on_drop: false }`
[INFO] [stdout] 4a879b20bf2cb397d2cd53a778e7cbf90e33482b10b69f9cec95fbf136cb09f1
[INFO] running `Command { std: "docker" "create" "-v" "/var/lib/crater-agent-workspace/builds/worker-1-tc1/target:/opt/rustwide/target:rw,Z" "-v" "/var/lib/crater-agent-workspace/builds/worker-1-tc1/source:/opt/rustwide/workdir:ro,Z" "-v" "/var/lib/crater-agent-workspace/cargo-home:/opt/rustwide/cargo-home:ro,Z" "-v" "/var/lib/crater-agent-workspace/rustup-home:/opt/rustwide/rustup-home:ro,Z" "-e" "SOURCE_DIR=/opt/rustwide/workdir" "-e" "CARGO_TARGET_DIR=/opt/rustwide/target" "-e" "CARGO_INCREMENTAL=0" "-e" "RUST_BACKTRACE=full" "-e" "RUSTFLAGS=--cap-lints=warn" "-e" "RUSTDOCFLAGS=--cap-lints=warn" "-e" "CARGO_HOME=/opt/rustwide/cargo-home" "-e" "RUSTUP_HOME=/opt/rustwide/rustup-home" "-w" "/opt/rustwide/workdir" "-m" "1610612736" "--user" "0:0" "--network" "none" "ghcr.io/rust-lang/crates-build-env/linux@sha256:5ff2268d62e97bff2cde7d5815dd6ed5b47097566f13b8d0ca110b04b60e07ed" "/opt/rustwide/cargo-home/bin/cargo" "+1.69.0" "build" "--frozen" "--message-format=json", kill_on_drop: false }`
[INFO] [stdout] 766d8142411f8ef73e613c4ab5cdc6369ddd5ab1bfe35ad7a1fa5711bd1e05f0
[INFO] running `Command { std: "docker" "start" "-a" "766d8142411f8ef73e613c4ab5cdc6369ddd5ab1bfe35ad7a1fa5711bd1e05f0", kill_on_drop: false }`
[INFO] [stderr]    Compiling peg-runtime v0.8.1
[INFO] [stderr]    Compiling peg-macros v0.8.1
[INFO] [stderr]    Compiling peg v0.8.1 (/opt/rustwide/workdir)
[INFO] [stderr]     Finished dev [unoptimized + debuginfo] target(s) in 2.39s
[INFO] running `Command { std: "docker" "inspect" "766d8142411f8ef73e613c4ab5cdc6369ddd5ab1bfe35ad7a1fa5711bd1e05f0", kill_on_drop: false }`
[INFO] running `Command { std: "docker" "rm" "-f" "766d8142411f8ef73e613c4ab5cdc6369ddd5ab1bfe35ad7a1fa5711bd1e05f0", kill_on_drop: false }`
[INFO] [stdout] 766d8142411f8ef73e613c4ab5cdc6369ddd5ab1bfe35ad7a1fa5711bd1e05f0
[INFO] running `Command { std: "docker" "create" "-v" "/var/lib/crater-agent-workspace/builds/worker-1-tc1/target:/opt/rustwide/target:rw,Z" "-v" "/var/lib/crater-agent-workspace/builds/worker-1-tc1/source:/opt/rustwide/workdir:ro,Z" "-v" "/var/lib/crater-agent-workspace/cargo-home:/opt/rustwide/cargo-home:ro,Z" "-v" "/var/lib/crater-agent-workspace/rustup-home:/opt/rustwide/rustup-home:ro,Z" "-e" "SOURCE_DIR=/opt/rustwide/workdir" "-e" "CARGO_TARGET_DIR=/opt/rustwide/target" "-e" "CARGO_INCREMENTAL=0" "-e" "RUST_BACKTRACE=full" "-e" "RUSTFLAGS=--cap-lints=warn" "-e" "RUSTDOCFLAGS=--cap-lints=warn" "-e" "CARGO_HOME=/opt/rustwide/cargo-home" "-e" "RUSTUP_HOME=/opt/rustwide/rustup-home" "-w" "/opt/rustwide/workdir" "-m" "1610612736" "--user" "0:0" "--network" "none" "ghcr.io/rust-lang/crates-build-env/linux@sha256:5ff2268d62e97bff2cde7d5815dd6ed5b47097566f13b8d0ca110b04b60e07ed" "/opt/rustwide/cargo-home/bin/cargo" "+1.69.0" "test" "--frozen" "--no-run" "--message-format=json", kill_on_drop: false }`
[INFO] [stdout] 3d2eec7418110df25e5b47dd0ed7345f564091c7ef2750766064277eccb3e04e
[INFO] running `Command { std: "docker" "start" "-a" "3d2eec7418110df25e5b47dd0ed7345f564091c7ef2750766064277eccb3e04e", kill_on_drop: false }`
[INFO] [stderr]    Compiling serde v1.0.160
[INFO] [stderr]    Compiling serde_json v1.0.96
[INFO] [stderr]    Compiling trybuild v1.0.80
[INFO] [stderr]    Compiling glob v0.3.1
[INFO] [stderr]    Compiling syn v2.0.15
[INFO] [stderr]    Compiling serde_derive v1.0.160
[INFO] [stderr]    Compiling basic-toml v0.1.2
[INFO] [stderr]    Compiling peg v0.8.1 (/opt/rustwide/workdir)
[INFO] [stderr]     Finished test [unoptimized + debuginfo] target(s) in 15.13s
[INFO] running `Command { std: "docker" "inspect" "3d2eec7418110df25e5b47dd0ed7345f564091c7ef2750766064277eccb3e04e", kill_on_drop: false }`
[INFO] running `Command { std: "docker" "rm" "-f" "3d2eec7418110df25e5b47dd0ed7345f564091c7ef2750766064277eccb3e04e", kill_on_drop: false }`
[INFO] [stdout] 3d2eec7418110df25e5b47dd0ed7345f564091c7ef2750766064277eccb3e04e
[INFO] running `Command { std: "docker" "create" "-v" "/var/lib/crater-agent-workspace/builds/worker-1-tc1/target:/opt/rustwide/target:rw,Z" "-v" "/var/lib/crater-agent-workspace/builds/worker-1-tc1/source:/opt/rustwide/workdir:ro,Z" "-v" "/var/lib/crater-agent-workspace/cargo-home:/opt/rustwide/cargo-home:ro,Z" "-v" "/var/lib/crater-agent-workspace/rustup-home:/opt/rustwide/rustup-home:ro,Z" "-e" "SOURCE_DIR=/opt/rustwide/workdir" "-e" "CARGO_TARGET_DIR=/opt/rustwide/target" "-e" "CARGO_INCREMENTAL=0" "-e" "RUST_BACKTRACE=full" "-e" "RUSTFLAGS=--cap-lints=warn" "-e" "RUSTDOCFLAGS=--cap-lints=warn" "-e" "CARGO_HOME=/opt/rustwide/cargo-home" "-e" "RUSTUP_HOME=/opt/rustwide/rustup-home" "-w" "/opt/rustwide/workdir" "-m" "1610612736" "--user" "0:0" "--network" "none" "ghcr.io/rust-lang/crates-build-env/linux@sha256:5ff2268d62e97bff2cde7d5815dd6ed5b47097566f13b8d0ca110b04b60e07ed" "/opt/rustwide/cargo-home/bin/cargo" "+1.69.0" "test" "--frozen", kill_on_drop: false }`
[INFO] [stdout] 610faef0fa315e8d3e91ebf416746eda2387053bd043dd95361d5f11cb771a80
[INFO] running `Command { std: "docker" "start" "-a" "610faef0fa315e8d3e91ebf416746eda2387053bd043dd95361d5f11cb771a80", kill_on_drop: false }`
[INFO] [stderr]     Finished test [unoptimized + debuginfo] target(s) in 0.02s
[INFO] [stderr]      Running unittests src/lib.rs (/opt/rustwide/target/debug/deps/peg-69e6faaf5a20cfb0)
[INFO] [stdout] 
[INFO] [stdout] running 0 tests
[INFO] [stdout] 
[INFO] [stdout] test result: ok. 0 passed; 0 failed; 0 ignored; 0 measured; 0 filtered out; finished in 0.00s
[INFO] [stdout] 
[INFO] [stderr]      Running tests/trybuild.rs (/opt/rustwide/target/debug/deps/trybuild-4af9127d702605a2)
[INFO] [stdout] Note: compile-fail tests are normally only tested on the stable rust compiler in CI.
[INFO] [stderr]    Compiling proc-macro2 v1.0.56
[INFO] [stderr]    Compiling unicode-ident v1.0.8
[INFO] [stderr]    Compiling quote v1.0.26
[INFO] [stderr]    Compiling peg-runtime v0.8.1
[INFO] [stderr]    Compiling peg-macros v0.8.1
[INFO] [stderr]    Compiling peg v0.8.1 (/opt/rustwide/workdir)
[INFO] [stderr]    Compiling peg-tests v0.0.0 (/opt/rustwide/target/tests/trybuild/peg)
[INFO] [stderr]     Finished dev [unoptimized + debuginfo] target(s) in 5.94s
[INFO] [stderr] 
[INFO] [stderr] 
[INFO] [stderr] test tests/compile-fail/cache_with_args.rs [should fail to compile] ... ok
[INFO] [stderr] test tests/compile-fail/duplicate_rule.rs [should fail to compile] ... ok
[INFO] [stderr] test tests/compile-fail/left_recursion_without_cache.rs [should fail to compile] ... ok
[INFO] [stderr] test tests/compile-fail/nullable_loop.rs [should fail to compile] ... ok
[INFO] [stderr] test tests/compile-fail/rule_args_errors.rs [should fail to compile] ... ok
[INFO] [stderr] test tests/compile-fail/rust_action_syntax_error.rs [should fail to compile] ... ok
[INFO] [stderr] test tests/compile-fail/rust_action_type_error.rs [should fail to compile] ... mismatch
[INFO] [stderr] 
[INFO] [stderr] EXPECTED:
[INFO] [stderr] ┈┈┈┈┈┈┈┈┈┈┈┈┈┈┈┈┈┈┈┈┈┈┈┈┈┈┈┈┈┈┈┈┈┈┈┈┈┈┈┈┈┈┈┈┈┈┈┈┈┈┈┈┈┈┈┈┈┈┈┈
[INFO] [stderr] error[E0308]: mismatched types
[INFO] [stderr]   --> $DIR/rust_action_type_error.rs:7:27
[INFO] [stderr]    |
[INFO] [stderr] 7  |     rule foo() -> X = "a" { Y } //~ ERROR
[INFO] [stderr]    |                           ^^^^^
[INFO] [stderr]    |                           |
[INFO] [stderr]    |                           expected struct `X`, found struct `Y`
[INFO] [stderr]    |                           arguments to this enum variant are incorrect
[INFO] [stderr]    |
[INFO] [stderr] note: tuple variant defined here
[INFO] [stderr]   --> $DIR/lib.rs:14:5
[INFO] [stderr]    |
[INFO] [stderr] 14 |     Matched(usize, T),
[INFO] [stderr]    |     ^^^^^^^
[INFO] [stderr]    = note: this error originates in the macro `peg::parser` (in Nightly builds, run with -Z macro-backtrace for more info)
[INFO] [stderr] ┈┈┈┈┈┈┈┈┈┈┈┈┈┈┈┈┈┈┈┈┈┈┈┈┈┈┈┈┈┈┈┈┈┈┈┈┈┈┈┈┈┈┈┈┈┈┈┈┈┈┈┈┈┈┈┈┈┈┈┈
[INFO] [stderr] 
[INFO] [stderr] ACTUAL OUTPUT:
[INFO] [stderr] ┈┈┈┈┈┈┈┈┈┈┈┈┈┈┈┈┈┈┈┈┈┈┈┈┈┈┈┈┈┈┈┈┈┈┈┈┈┈┈┈┈┈┈┈┈┈┈┈┈┈┈┈┈┈┈┈┈┈┈┈
[INFO] [stderr] error[E0308]: mismatched types
[INFO] [stderr]  --> tests/compile-fail/rust_action_type_error.rs:7:27
[INFO] [stderr]   |
[INFO] [stderr] 7 |     rule foo() -> X = "a" { Y } //~ ERROR
[INFO] [stderr]   |                           ^^^^^
[INFO] [stderr]   |                           |
[INFO] [stderr]   |                           expected `X`, found `Y`
[INFO] [stderr]   |                           arguments to this enum variant are incorrect
[INFO] [stderr]   |
[INFO] [stderr] help: the type constructed contains `Y` due to the type of the argument passed
[INFO] [stderr]   --> tests/compile-fail/rust_action_type_error.rs:7:27
[INFO] [stderr]    |
[INFO] [stderr] 7  |     rule foo() -> X = "a" { Y } //~ ERROR
[INFO] [stderr]    |                           ^^^^^ this argument influences the type of `{{root}}`
[INFO] [stderr] note: tuple variant defined here
[INFO] [stderr]   --> $CARGO/peg-runtime-0.8.1/lib.rs
[INFO] [stderr]    |
[INFO] [stderr]    |     Matched(usize, T),
[INFO] [stderr]    |     ^^^^^^^
[INFO] [stderr]    = note: this error originates in the macro `peg::parser` (in Nightly builds, run with -Z macro-backtrace for more info)
[INFO] [stderr] ┈┈┈┈┈┈┈┈┈┈┈┈┈┈┈┈┈┈┈┈┈┈┈┈┈┈┈┈┈┈┈┈┈┈┈┈┈┈┈┈┈┈┈┈┈┈┈┈┈┈┈┈┈┈┈┈┈┈┈┈
[INFO] [stderr] note: If the actual output is the correct output you can bless it by rerunning
[INFO] [stderr]       your test with the environment variable TRYBUILD=overwrite
[INFO] [stderr] 
[INFO] [stderr] test tests/compile-fail/syntax_error.rs [should fail to compile] ... ok
[INFO] [stderr] test tests/compile-fail/use_undefined_result.rs [should fail to compile] ... ok
[INFO] [stderr] test tests/compile-fail/use_undefined_rule.rs [should fail to compile] ... ok
[INFO] [stderr] test tests/run-pass/arithmetic.rs [should pass] ... ok
[INFO] [stderr] test tests/run-pass/arithmetic_ast.rs [should pass] ... ok
[INFO] [stderr] test tests/run-pass/arithmetic_infix.rs [should pass] ... ok
[INFO] [stderr] test tests/run-pass/arithmetic_infix_ast.rs [should pass] ... ok
[INFO] [stderr] test tests/run-pass/arithmetic_infix_ast_span.rs [should pass] ... ok
[INFO] [stderr] test tests/run-pass/arithmetic_with_left_recursion.rs [should pass] ... ok
[INFO] [stderr] test tests/run-pass/borrow_from_input.rs [should pass] ... ok
[INFO] [stderr] test tests/run-pass/bytes.rs [should pass] ... ok
[INFO] [stderr] test tests/run-pass/conditional_block.rs [should pass] ... ok
[INFO] [stderr] test tests/run-pass/crate_import.rs [should pass] ... ok
[INFO] [stderr] test tests/run-pass/errors.rs [should pass] ... ok
[INFO] [stderr] test tests/run-pass/grammar_with_args_and_cache.rs [should pass] ... ok
[INFO] [stderr] test tests/run-pass/keyval.rs [should pass] ... ok
[INFO] [stderr] test tests/run-pass/lifetimes.rs [should pass] ... ok
[INFO] [stderr] test tests/run-pass/memoization.rs [should pass] ... ok
[INFO] [stderr] test tests/run-pass/no_eof.rs [should pass] ... ok
[INFO] [stderr] test tests/run-pass/optional.rs [should pass] ... ok
[INFO] [stderr] test tests/run-pass/pattern.rs [should pass] ... ok
[INFO] [stderr] test tests/run-pass/pos_neg_assert.rs [should pass] ... ok
[INFO] [stderr] test tests/run-pass/position.rs [should pass] ... ok
[INFO] [stderr] test tests/run-pass/renamed_imports.rs [should pass] ... ok
[INFO] [stderr] test tests/run-pass/repeats.rs [should pass] ... ok
[INFO] [stderr] test tests/run-pass/rule_args.rs [should pass] ... ok
[INFO] [stderr] test tests/run-pass/test-hygiene.rs [should pass] ... ok
[INFO] [stderr] test tests/run-pass/tokens.rs [should pass] ... ok
[INFO] [stderr] test tests/run-pass/utf8.rs [should pass] ... ok
[INFO] [stderr] 
[INFO] [stderr] 
[INFO] [stderr] thread 'main' panicked at '1 of 36 tests failed', /opt/rustwide/cargo-home/registry/src/github.com-1ecc6299db9ec823/trybuild-1.0.80/src/run.rs:101:13
[INFO] [stderr] stack backtrace:
[INFO] [stderr]    0:     0x561f368fcd8a - std::backtrace_rs::backtrace::libunwind::trace::ha9053a9a07ca49cb
[INFO] [stderr]                                at /rustc/84c898d65adf2f39a5a98507f1fe0ce10a2b8dbc/library/std/src/../../backtrace/src/backtrace/libunwind.rs:93:5
[INFO] [stderr]    1:     0x561f368fcd8a - std::backtrace_rs::backtrace::trace_unsynchronized::h9c2852a457ad564e
[INFO] [stderr]                                at /rustc/84c898d65adf2f39a5a98507f1fe0ce10a2b8dbc/library/std/src/../../backtrace/src/backtrace/mod.rs:66:5
[INFO] [stderr]    2:     0x561f368fcd8a - std::sys_common::backtrace::_print_fmt::h457936fbfaa0070f
[INFO] [stderr]                                at /rustc/84c898d65adf2f39a5a98507f1fe0ce10a2b8dbc/library/std/src/sys_common/backtrace.rs:65:5
[INFO] [stderr]    3:     0x561f368fcd8a - <std::sys_common::backtrace::_print::DisplayBacktrace as core::fmt::Display>::fmt::h5779d7bf7f70cb0c
[INFO] [stderr]                                at /rustc/84c898d65adf2f39a5a98507f1fe0ce10a2b8dbc/library/std/src/sys_common/backtrace.rs:44:22
[INFO] [stderr]    4:     0x561f369213ce - core::fmt::write::h5a4baaff1bcd3eb5
[INFO] [stderr]                                at /rustc/84c898d65adf2f39a5a98507f1fe0ce10a2b8dbc/library/core/src/fmt/mod.rs:1232:17
[INFO] [stderr]    5:     0x561f368f9b55 - std::io::Write::write_fmt::h4bc1f301cb9e9cce
[INFO] [stderr]                                at /rustc/84c898d65adf2f39a5a98507f1fe0ce10a2b8dbc/library/std/src/io/mod.rs:1684:15
[INFO] [stderr]    6:     0x561f368fcb55 - std::sys_common::backtrace::_print::h5fcdc36060f177e8
[INFO] [stderr]                                at /rustc/84c898d65adf2f39a5a98507f1fe0ce10a2b8dbc/library/std/src/sys_common/backtrace.rs:47:5
[INFO] [stderr]    7:     0x561f368fcb55 - std::sys_common::backtrace::print::h54ca9458b876c8bf
[INFO] [stderr]                                at /rustc/84c898d65adf2f39a5a98507f1fe0ce10a2b8dbc/library/std/src/sys_common/backtrace.rs:34:9
[INFO] [stderr]    8:     0x561f368fe4af - std::panicking::default_hook::{{closure}}::hbe471161c7664ed6
[INFO] [stderr]                                at /rustc/84c898d65adf2f39a5a98507f1fe0ce10a2b8dbc/library/std/src/panicking.rs:271:22
[INFO] [stderr]    9:     0x561f368fe1eb - std::panicking::default_hook::ha3500da57aa4ac4f
[INFO] [stderr]                                at /rustc/84c898d65adf2f39a5a98507f1fe0ce10a2b8dbc/library/std/src/panicking.rs:290:9
[INFO] [stderr]   10:     0x561f368fea58 - std::panicking::rust_panic_with_hook::h50c09d000dc561d2
[INFO] [stderr]                                at /rustc/84c898d65adf2f39a5a98507f1fe0ce10a2b8dbc/library/std/src/panicking.rs:692:13
[INFO] [stderr]   11:     0x561f368fe959 - std::panicking::begin_panic_handler::{{closure}}::h9e2b2176e00e0d9c
[INFO] [stderr]                                at /rustc/84c898d65adf2f39a5a98507f1fe0ce10a2b8dbc/library/std/src/panicking.rs:583:13
[INFO] [stderr]   12:     0x561f368fd1f6 - std::sys_common::backtrace::__rust_end_short_backtrace::h5739b8e512c09d02
[INFO] [stderr]                                at /rustc/84c898d65adf2f39a5a98507f1fe0ce10a2b8dbc/library/std/src/sys_common/backtrace.rs:150:18
[INFO] [stderr]   13:     0x561f368fe662 - rust_begin_unwind
[INFO] [stderr]                                at /rustc/84c898d65adf2f39a5a98507f1fe0ce10a2b8dbc/library/std/src/panicking.rs:579:5
[INFO] [stderr]   14:     0x561f366d3823 - core::panicking::panic_fmt::hf33a1475b4dc5c3e
[INFO] [stderr]                                at /rustc/84c898d65adf2f39a5a98507f1fe0ce10a2b8dbc/library/core/src/panicking.rs:64:14
[INFO] [stderr]   15:     0x561f3673799f - trybuild::run::<impl trybuild::Runner>::run::h83f2596e0a22c530
[INFO] [stderr]                                at /opt/rustwide/cargo-home/registry/src/github.com-1ecc6299db9ec823/trybuild-1.0.80/src/run.rs:101:13
[INFO] [stderr]   16:     0x561f3673d17a - <trybuild::TestCases as core::ops::drop::Drop>::drop::hb7b5f9330615bb39
[INFO] [stderr]                                at /opt/rustwide/cargo-home/registry/src/github.com-1ecc6299db9ec823/trybuild-1.0.80/src/lib.rs:315:13
[INFO] [stderr]   17:     0x561f366d3fb7 - core::ptr::drop_in_place<trybuild::TestCases>::h0e27e3ebfce7a9b4
[INFO] [stderr]                                at /rustc/84c898d65adf2f39a5a98507f1fe0ce10a2b8dbc/library/core/src/ptr/mod.rs:490:1
[INFO] [stderr]   18:     0x561f366d4ec4 - trybuild::main::h4edffecd35100db7
[INFO] [stderr]                                at /opt/rustwide/workdir/tests/trybuild.rs:20:1
[INFO] [stderr]   19:     0x561f366d3f8b - core::ops::function::FnOnce::call_once::h9677742761ca4da5
[INFO] [stderr]                                at /rustc/84c898d65adf2f39a5a98507f1fe0ce10a2b8dbc/library/core/src/ops/function.rs:250:5
[INFO] [stderr]   20:     0x561f366d4fae - std::sys_common::backtrace::__rust_begin_short_backtrace::h8ad45b0fe3c4be96
[INFO] [stderr]                                at /rustc/84c898d65adf2f39a5a98507f1fe0ce10a2b8dbc/library/std/src/sys_common/backtrace.rs:134:18
[INFO] [stderr]   21:     0x561f366d4f81 - std::rt::lang_start::{{closure}}::hac75989b467a532e
[INFO] [stderr]                                at /rustc/84c898d65adf2f39a5a98507f1fe0ce10a2b8dbc/library/std/src/rt.rs:166:18
[INFO] [stderr]   22:     0x561f368f511c - core::ops::function::impls::<impl core::ops::function::FnOnce<A> for &F>::call_once::hd6efcd3bec896f2c
[INFO] [stderr]                                at /rustc/84c898d65adf2f39a5a98507f1fe0ce10a2b8dbc/library/core/src/ops/function.rs:287:13
[INFO] [stderr]   23:     0x561f368f511c - std::panicking::try::do_call::hce04e543bb1f4cbb
[INFO] [stderr]                                at /rustc/84c898d65adf2f39a5a98507f1fe0ce10a2b8dbc/library/std/src/panicking.rs:487:40
[INFO] [stderr]   24:     0x561f368f511c - std::panicking::try::h3342dd4e1f680968
[INFO] [stderr]                                at /rustc/84c898d65adf2f39a5a98507f1fe0ce10a2b8dbc/library/std/src/panicking.rs:451:19
[INFO] [stderr]   25:     0x561f368f511c - std::panic::catch_unwind::h148ce1e59ac0cee7
[INFO] [stderr]                                at /rustc/84c898d65adf2f39a5a98507f1fe0ce10a2b8dbc/library/std/src/panic.rs:140:14
[INFO] [stderr]   26:     0x561f368f511c - std::rt::lang_start_internal::{{closure}}::h25f9dda2057a67fe
[INFO] [stderr]                                at /rustc/84c898d65adf2f39a5a98507f1fe0ce10a2b8dbc/library/std/src/rt.rs:148:48
[INFO] [stderr]   27:     0x561f368f511c - std::panicking::try::do_call::h7caaaeaf9401650b
[INFO] [stderr]                                at /rustc/84c898d65adf2f39a5a98507f1fe0ce10a2b8dbc/library/std/src/panicking.rs:487:40
[INFO] [stderr]   28:     0x561f368f511c - std::panicking::try::he7d15285746cbbc2
[INFO] [stderr]                                at /rustc/84c898d65adf2f39a5a98507f1fe0ce10a2b8dbc/library/std/src/panicking.rs:451:19
[INFO] [stderr]   29:     0x561f368f511c - std::panic::catch_unwind::h89fb4f50c0301fe0
[INFO] [stderr]                                at /rustc/84c898d65adf2f39a5a98507f1fe0ce10a2b8dbc/library/std/src/panic.rs:140:14
[INFO] [stderr]   30:     0x561f368f511c - std::rt::lang_start_internal::h078acd489417d3c1
[INFO] [stderr]                                at /rustc/84c898d65adf2f39a5a98507f1fe0ce10a2b8dbc/library/std/src/rt.rs:148:20
[INFO] [stderr]   31:     0x561f366d4f5a - std::rt::lang_start::ha6230163e9b2923a
[INFO] [stderr]                                at /rustc/84c898d65adf2f39a5a98507f1fe0ce10a2b8dbc/library/std/src/rt.rs:165:17
[INFO] [stderr]   32:     0x561f366d4f0e - main
[INFO] [stderr]   33:     0x7f74104fad90 - <unknown>
[INFO] [stderr]   34:     0x7f74104fae40 - __libc_start_main
[INFO] [stderr]   35:     0x561f366d3e55 - _start
[INFO] [stderr]   36:                0x0 - <unknown>
[INFO] [stderr] error: test failed, to rerun pass `--test trybuild`
[INFO] running `Command { std: "docker" "inspect" "610faef0fa315e8d3e91ebf416746eda2387053bd043dd95361d5f11cb771a80", kill_on_drop: false }`
[INFO] running `Command { std: "docker" "rm" "-f" "610faef0fa315e8d3e91ebf416746eda2387053bd043dd95361d5f11cb771a80", kill_on_drop: false }`
[INFO] [stdout] 610faef0fa315e8d3e91ebf416746eda2387053bd043dd95361d5f11cb771a80
