[INFO] fetching crate passivized_docker_engine_client 0.0.7...
[INFO] testing passivized_docker_engine_client-0.0.7 against beta-2023-04-20 for beta-1.70-1
[INFO] extracting crate passivized_docker_engine_client 0.0.7 into /workspace/builds/worker-1-tc2/source
[INFO] validating manifest of crates.io crate passivized_docker_engine_client 0.0.7 on toolchain beta-2023-04-20
[INFO] running `Command { std: CARGO_HOME="/workspace/cargo-home" RUSTUP_HOME="/workspace/rustup-home" "/workspace/cargo-home/bin/cargo" "+beta-2023-04-20" "metadata" "--manifest-path" "Cargo.toml" "--no-deps", kill_on_drop: false }`
[INFO] started tweaking crates.io crate passivized_docker_engine_client 0.0.7
[INFO] finished tweaking crates.io crate passivized_docker_engine_client 0.0.7
[INFO] tweaked toml for crates.io crate passivized_docker_engine_client 0.0.7 written to /workspace/builds/worker-1-tc2/source/Cargo.toml
[INFO] crate crates.io crate passivized_docker_engine_client 0.0.7 already has a lockfile, it will not be regenerated
[INFO] running `Command { std: CARGO_HOME="/workspace/cargo-home" RUSTUP_HOME="/workspace/rustup-home" "/workspace/cargo-home/bin/cargo" "+beta-2023-04-20" "fetch" "--manifest-path" "Cargo.toml", kill_on_drop: false }`
[INFO] [stderr]     Updating crates.io index
[INFO] [stderr]  Downloading crates ...
[INFO] [stderr]   Downloaded serial_test v0.10.0
[INFO] [stderr]   Downloaded serial_test_derive v0.10.0
[INFO] [stderr]   Downloaded pwhash v1.0.0
[INFO] [stderr]   Downloaded blowfish v0.7.0
[INFO] [stderr]   Downloaded bcrypt v0.13.0
[INFO] [stderr]   Downloaded blowfish v0.9.1
[INFO] [stderr]   Downloaded mockito v0.31.0
[INFO] [stderr]   Downloaded const-str v0.5.2
[INFO] [stderr]   Downloaded passivized_htpasswd v0.0.3
[INFO] [stderr]   Downloaded passivized_test_support v0.0.7
[INFO] [stderr]   Downloaded simple_logger v4.0.0
[INFO] running `Command { std: "docker" "create" "-v" "/var/lib/crater-agent-workspace/builds/worker-1-tc2/target:/opt/rustwide/target:rw,Z" "-v" "/var/lib/crater-agent-workspace/builds/worker-1-tc2/source:/opt/rustwide/workdir:ro,Z" "-v" "/var/lib/crater-agent-workspace/cargo-home:/opt/rustwide/cargo-home:ro,Z" "-v" "/var/lib/crater-agent-workspace/rustup-home:/opt/rustwide/rustup-home:ro,Z" "-e" "SOURCE_DIR=/opt/rustwide/workdir" "-e" "CARGO_TARGET_DIR=/opt/rustwide/target" "-e" "CARGO_HOME=/opt/rustwide/cargo-home" "-e" "RUSTUP_HOME=/opt/rustwide/rustup-home" "-w" "/opt/rustwide/workdir" "-m" "1610612736" "--user" "0:0" "--network" "none" "ghcr.io/rust-lang/crates-build-env/linux@sha256:5ff2268d62e97bff2cde7d5815dd6ed5b47097566f13b8d0ca110b04b60e07ed" "/opt/rustwide/cargo-home/bin/cargo" "+beta-2023-04-20" "metadata" "--no-deps" "--format-version=1", kill_on_drop: false }`
[INFO] [stdout] 316e1b78fd8beec3d94a33640586dcaca3bdacb34ab38898a4fdb3a9b457a675
[INFO] running `Command { std: "docker" "start" "-a" "316e1b78fd8beec3d94a33640586dcaca3bdacb34ab38898a4fdb3a9b457a675", kill_on_drop: false }`
[INFO] running `Command { std: "docker" "inspect" "316e1b78fd8beec3d94a33640586dcaca3bdacb34ab38898a4fdb3a9b457a675", kill_on_drop: false }`
[INFO] running `Command { std: "docker" "rm" "-f" "316e1b78fd8beec3d94a33640586dcaca3bdacb34ab38898a4fdb3a9b457a675", kill_on_drop: false }`
[INFO] [stdout] 316e1b78fd8beec3d94a33640586dcaca3bdacb34ab38898a4fdb3a9b457a675
[INFO] running `Command { std: "docker" "create" "-v" "/var/lib/crater-agent-workspace/builds/worker-1-tc2/target:/opt/rustwide/target:rw,Z" "-v" "/var/lib/crater-agent-workspace/builds/worker-1-tc2/source:/opt/rustwide/workdir:ro,Z" "-v" "/var/lib/crater-agent-workspace/cargo-home:/opt/rustwide/cargo-home:ro,Z" "-v" "/var/lib/crater-agent-workspace/rustup-home:/opt/rustwide/rustup-home:ro,Z" "-e" "SOURCE_DIR=/opt/rustwide/workdir" "-e" "CARGO_TARGET_DIR=/opt/rustwide/target" "-e" "CARGO_INCREMENTAL=0" "-e" "RUST_BACKTRACE=full" "-e" "RUSTFLAGS=--cap-lints=warn" "-e" "RUSTDOCFLAGS=--cap-lints=warn" "-e" "CARGO_HOME=/opt/rustwide/cargo-home" "-e" "RUSTUP_HOME=/opt/rustwide/rustup-home" "-w" "/opt/rustwide/workdir" "-m" "1610612736" "--user" "0:0" "--network" "none" "ghcr.io/rust-lang/crates-build-env/linux@sha256:5ff2268d62e97bff2cde7d5815dd6ed5b47097566f13b8d0ca110b04b60e07ed" "/opt/rustwide/cargo-home/bin/cargo" "+beta-2023-04-20" "build" "--frozen" "--message-format=json", kill_on_drop: false }`
[INFO] [stdout] 7e37d7ffa0202619639c0d681325068f9e185b556af210c643d2fcc671207b76
[INFO] running `Command { std: "docker" "start" "-a" "7e37d7ffa0202619639c0d681325068f9e185b556af210c643d2fcc671207b76", kill_on_drop: false }`
[INFO] [stderr]    Compiling proc-macro2 v1.0.47
[INFO] [stderr]    Compiling unicode-ident v1.0.5
[INFO] [stderr]    Compiling quote v1.0.21
[INFO] [stderr]    Compiling syn v1.0.103
[INFO] [stderr]    Compiling libc v0.2.137
[INFO] [stderr]    Compiling futures-core v0.3.25
[INFO] [stderr]    Compiling once_cell v1.16.0
[INFO] [stderr]    Compiling futures-sink v0.3.25
[INFO] [stderr]    Compiling cc v1.0.76
[INFO] [stderr]    Compiling bytes v1.2.1
[INFO] [stderr]    Compiling slab v0.4.7
[INFO] [stderr]    Compiling futures-task v0.3.25
[INFO] [stderr]    Compiling futures-channel v0.3.25
[INFO] [stderr]    Compiling tokio v1.23.0
[INFO] [stderr]    Compiling futures-util v0.3.25
[INFO] [stderr]    Compiling futures-io v0.3.25
[INFO] [stderr]    Compiling itoa v1.0.4
[INFO] [stderr]    Compiling indexmap v1.9.2
[INFO] [stderr]    Compiling openssl v0.10.42
[INFO] [stderr]    Compiling serde_derive v1.0.147
[INFO] [stderr]    Compiling tracing-core v0.1.30
[INFO] [stderr]    Compiling try-lock v0.2.3
[INFO] [stderr]    Compiling tinyvec v1.6.0
[INFO] [stderr]    Compiling serde v1.0.147
[INFO] [stderr]    Compiling want v0.3.0
[INFO] [stderr]    Compiling http v0.2.8
[INFO] [stderr]    Compiling serde_json v1.0.88
[INFO] [stderr]    Compiling thiserror v1.0.37
[INFO] [stderr]    Compiling unicode-bidi v0.3.8
[INFO] [stderr]    Compiling ryu v1.0.11
[INFO] [stderr]    Compiling hex v0.4.3
[INFO] [stderr]    Compiling time-core v0.1.0
[INFO] [stderr]    Compiling tracing v0.1.37
[INFO] [stderr]    Compiling time v0.3.17
[INFO] [stderr]    Compiling const-str v0.5.2
[INFO] [stderr]    Compiling num_cpus v1.14.0
[INFO] [stderr]    Compiling mio v0.8.5
[INFO] [stderr]    Compiling socket2 v0.4.7
[INFO] [stderr]    Compiling openssl-sys v0.9.77
[INFO] [stderr]    Compiling unicode-normalization v0.1.22
[INFO] [stderr]    Compiling idna v0.3.0
[INFO] [stderr]    Compiling native-tls v0.2.11
[INFO] [stderr]    Compiling http-body v0.4.5
[INFO] [stderr]    Compiling url v2.3.1
[INFO] [stderr]    Compiling futures-macro v0.3.25
[INFO] [stderr]    Compiling tokio-macros v1.8.0
[INFO] [stderr]    Compiling openssl-macros v0.1.0
[INFO] [stderr]    Compiling pin-project-internal v1.0.12
[INFO] [stderr]    Compiling thiserror-impl v1.0.37
[INFO] [stderr]    Compiling pin-project v1.0.12
[INFO] [stderr]    Compiling futures-executor v0.3.25
[INFO] [stderr]    Compiling futures v0.3.25
[INFO] [stderr]    Compiling tokio-util v0.7.4
[INFO] [stderr]    Compiling tokio-native-tls v0.3.0
[INFO] [stderr]    Compiling h2 v0.3.15
[INFO] [stderr]    Compiling hyper v0.14.23
[INFO] [stderr]    Compiling hyper-tls v0.5.0
[INFO] [stderr]    Compiling hyperlocal v0.8.0
[INFO] [stderr]    Compiling passivized_docker_engine_client v0.0.7 (/opt/rustwide/workdir)
[INFO] [stderr]     Finished dev [unoptimized + debuginfo] target(s) in 23.85s
[INFO] running `Command { std: "docker" "inspect" "7e37d7ffa0202619639c0d681325068f9e185b556af210c643d2fcc671207b76", kill_on_drop: false }`
[INFO] running `Command { std: "docker" "rm" "-f" "7e37d7ffa0202619639c0d681325068f9e185b556af210c643d2fcc671207b76", kill_on_drop: false }`
[INFO] [stdout] 7e37d7ffa0202619639c0d681325068f9e185b556af210c643d2fcc671207b76
[INFO] running `Command { std: "docker" "create" "-v" "/var/lib/crater-agent-workspace/builds/worker-1-tc2/target:/opt/rustwide/target:rw,Z" "-v" "/var/lib/crater-agent-workspace/builds/worker-1-tc2/source:/opt/rustwide/workdir:ro,Z" "-v" "/var/lib/crater-agent-workspace/cargo-home:/opt/rustwide/cargo-home:ro,Z" "-v" "/var/lib/crater-agent-workspace/rustup-home:/opt/rustwide/rustup-home:ro,Z" "-e" "SOURCE_DIR=/opt/rustwide/workdir" "-e" "CARGO_TARGET_DIR=/opt/rustwide/target" "-e" "CARGO_INCREMENTAL=0" "-e" "RUST_BACKTRACE=full" "-e" "RUSTFLAGS=--cap-lints=warn" "-e" "RUSTDOCFLAGS=--cap-lints=warn" "-e" "CARGO_HOME=/opt/rustwide/cargo-home" "-e" "RUSTUP_HOME=/opt/rustwide/rustup-home" "-w" "/opt/rustwide/workdir" "-m" "1610612736" "--user" "0:0" "--network" "none" "ghcr.io/rust-lang/crates-build-env/linux@sha256:5ff2268d62e97bff2cde7d5815dd6ed5b47097566f13b8d0ca110b04b60e07ed" "/opt/rustwide/cargo-home/bin/cargo" "+beta-2023-04-20" "test" "--frozen" "--no-run" "--message-format=json", kill_on_drop: false }`
[INFO] [stdout] 5a8292bc071069f16f7618f1b6d890e35f560d3f70005d9833b8777d7a22c7bf
[INFO] running `Command { std: "docker" "start" "-a" "5a8292bc071069f16f7618f1b6d890e35f560d3f70005d9833b8777d7a22c7bf", kill_on_drop: false }`
[INFO] [stderr]     Blocking waiting for file lock on package cache
[INFO] [stderr]    Compiling log v0.4.17
[INFO] [stderr]    Compiling tokio v1.23.0
[INFO] [stderr]    Compiling generic-array v0.14.6
[INFO] [stderr]    Compiling getrandom v0.2.8
[INFO] [stderr]    Compiling parking_lot_core v0.9.4
[INFO] [stderr]    Compiling time-macros v0.2.6
[INFO] [stderr]    Compiling num_threads v0.1.6
[INFO] [stderr]    Compiling cpufeatures v0.2.5
[INFO] [stderr]    Compiling serial_test_derive v0.10.0
[INFO] [stderr]    Compiling aho-corasick v0.7.19
[INFO] [stderr]    Compiling atty v0.2.14
[INFO] [stderr]    Compiling zeroize v1.5.7
[INFO] [stderr]    Compiling regex-syntax v0.6.28
[INFO] [stderr]    Compiling base64 v0.13.1
[INFO] [stderr]    Compiling assert-json-diff v2.0.2
[INFO] [stderr]    Compiling serde_urlencoded v0.7.1
[INFO] [stderr]    Compiling colored v2.0.0
[INFO] [stderr]    Compiling xattr v0.2.3
[INFO] [stderr]    Compiling rand_core v0.6.4
[INFO] [stderr]    Compiling filetime v0.2.18
[INFO] [stderr]    Compiling fastrand v1.8.0
[INFO] [stderr]    Compiling remove_dir_all v0.5.3
[INFO] [stderr]    Compiling either v1.8.0
[INFO] [stderr]    Compiling similar v2.2.1
[INFO] [stderr]    Compiling rand_chacha v0.3.1
[INFO] [stderr]    Compiling mio v0.8.5
[INFO] [stderr]    Compiling want v0.3.0
[INFO] [stderr]    Compiling native-tls v0.2.11
[INFO] [stderr]    Compiling dashmap v5.4.0
[INFO] [stderr]    Compiling parking_lot v0.12.1
[INFO] [stderr]    Compiling digest v0.9.0
[INFO] [stderr]    Compiling rand v0.8.5
[INFO] [stderr]    Compiling block-buffer v0.9.0
[INFO] [stderr]    Compiling inout v0.1.3
[INFO] [stderr]    Compiling crypto-common v0.1.6
[INFO] [stderr]    Compiling crypto-mac v0.10.1
[INFO] [stderr]    Compiling cipher v0.2.5
[INFO] [stderr]    Compiling md-5 v0.9.1
[INFO] [stderr]    Compiling sha2 v0.9.9
[INFO] [stderr]    Compiling sha-1 v0.9.8
[INFO] [stderr]    Compiling cipher v0.4.3
[INFO] [stderr]    Compiling hmac v0.10.1
[INFO] [stderr]    Compiling blowfish v0.7.0
[INFO] [stderr]    Compiling serial_test v0.10.0
[INFO] [stderr]    Compiling itertools v0.10.5
[INFO] [stderr]    Compiling tempfile v3.3.0
[INFO] [stderr]    Compiling blowfish v0.9.1
[INFO] [stderr]    Compiling tar v0.4.38
[INFO] [stderr]    Compiling time v0.3.17
[INFO] [stderr]    Compiling bcrypt v0.13.0
[INFO] [stderr]    Compiling pwhash v1.0.0
[INFO] [stderr]    Compiling regex v1.7.0
[INFO] [stderr]    Compiling passivized_htpasswd v0.0.3
[INFO] [stderr]    Compiling simple_logger v4.0.0
[INFO] [stderr]    Compiling mockito v0.31.0
[INFO] [stderr]    Compiling tokio-util v0.7.4
[INFO] [stderr]    Compiling tokio-native-tls v0.3.0
[INFO] [stderr]    Compiling backoff v0.4.0
[INFO] [stderr]    Compiling h2 v0.3.15
[INFO] [stderr]    Compiling hyper v0.14.23
[INFO] [stderr]    Compiling hyper-tls v0.5.0
[INFO] [stderr]    Compiling hyperlocal v0.8.0
[INFO] [stderr]    Compiling passivized_test_support v0.0.7
[INFO] [stderr]    Compiling passivized_docker_engine_client v0.0.7 (/opt/rustwide/workdir)
[INFO] [stderr]     Finished test [unoptimized + debuginfo] target(s) in 26.93s
[INFO] running `Command { std: "docker" "inspect" "5a8292bc071069f16f7618f1b6d890e35f560d3f70005d9833b8777d7a22c7bf", kill_on_drop: false }`
[INFO] running `Command { std: "docker" "rm" "-f" "5a8292bc071069f16f7618f1b6d890e35f560d3f70005d9833b8777d7a22c7bf", kill_on_drop: false }`
[INFO] [stdout] 5a8292bc071069f16f7618f1b6d890e35f560d3f70005d9833b8777d7a22c7bf
[INFO] running `Command { std: "docker" "create" "-v" "/var/lib/crater-agent-workspace/builds/worker-1-tc2/target:/opt/rustwide/target:rw,Z" "-v" "/var/lib/crater-agent-workspace/builds/worker-1-tc2/source:/opt/rustwide/workdir:ro,Z" "-v" "/var/lib/crater-agent-workspace/cargo-home:/opt/rustwide/cargo-home:ro,Z" "-v" "/var/lib/crater-agent-workspace/rustup-home:/opt/rustwide/rustup-home:ro,Z" "-e" "SOURCE_DIR=/opt/rustwide/workdir" "-e" "CARGO_TARGET_DIR=/opt/rustwide/target" "-e" "CARGO_INCREMENTAL=0" "-e" "RUST_BACKTRACE=full" "-e" "RUSTFLAGS=--cap-lints=warn" "-e" "RUSTDOCFLAGS=--cap-lints=warn" "-e" "CARGO_HOME=/opt/rustwide/cargo-home" "-e" "RUSTUP_HOME=/opt/rustwide/rustup-home" "-w" "/opt/rustwide/workdir" "-m" "1610612736" "--user" "0:0" "--network" "none" "ghcr.io/rust-lang/crates-build-env/linux@sha256:5ff2268d62e97bff2cde7d5815dd6ed5b47097566f13b8d0ca110b04b60e07ed" "/opt/rustwide/cargo-home/bin/cargo" "+beta-2023-04-20" "test" "--frozen", kill_on_drop: false }`
[INFO] [stdout] 2363abb9c4a9e78d000b0cb0ad56eea9edf5799a46c5f8eeee16e00e775d1019
[INFO] running `Command { std: "docker" "start" "-a" "2363abb9c4a9e78d000b0cb0ad56eea9edf5799a46c5f8eeee16e00e775d1019", kill_on_drop: false }`
[INFO] [stderr]     Finished test [unoptimized + debuginfo] target(s) in 0.19s
[INFO] [stderr]      Running unittests src/lib.rs (/opt/rustwide/target/debug/deps/passivized_docker_engine_client-c1e3a493559b1856)
[INFO] [stdout] 
[INFO] [stdout] running 160 tests
[INFO] [stdout] test client::base::test_docker_engine_client::display_http ... ok
[INFO] [stdout] test client::shared::test_parse_container_log_timestamp::parses ... ok
[INFO] [stdout] test client::base::test_docker_engine_client::display_tcp ... ok
[INFO] [stdout] test client::shared::test_split_container_log_timestamp_line::splits_trailing_separator ... ok
[INFO] [stdout] test errors::dec::test_dec_error_display::during_creation ... ok
[INFO] [stdout] test errors::dec::test_dec_error_display::during_use ... ok
[INFO] [stdout] test errors::dec_use::test_error_message_and_display::response_content_type_wrong ... ok
[INFO] [stdout] test client::shared::test_split_container_log_timestamp_line::splits_bare ... ok
[INFO] [stdout] test imp::api::test_docker_engine_api::display::http ... ok
[INFO] [stdout] test errors::dec_use::test_error_message_and_display::response_content_type_missing ... ok
[INFO] [stdout] test client::shared::test_split_container_log_timestamp_line::splits ... ok
[INFO] [stdout] test client::shared::test_parse_container_log_timestamp::when_empty ... ok
[INFO] [stdout] test client::shared::test_parse_container_log::wrong_content_type ... ok
[INFO] [stdout] test errors::dec_library::test_error_message_and_display::request_builder_error ... ok
[INFO] [stdout] test client::base::test_docker_engine_client::display_unix_stripped ... ok
[INFO] [stdout] test client::shared::test_split_container_log_timestamp_line::does_not_split ... ok
[INFO] [stdout] test client::base::test_docker_engine_client::display_unix ... ok
[INFO] [stdout] test client::shared::test_parse_container_log::parses ... ok
[INFO] [stdout] test errors::dec_library::test_error_message_and_display::url_builder_json_encoding_failed ... ok
[INFO] [stdout] test imp::api::test_docker_engine_api::display::tcp ... ok
[INFO] [stdout] test imp::api::test_docker_engine_api_path::containers::create_named ... ok
[INFO] [stdout] test imp::api::test_docker_engine_api_path::containers::create_no_name ... ok
[INFO] [stdout] test client::exec::tests::start::response_has_wrong_status ... ok
[INFO] [stdout] test imp::api::test_docker_engine_api::display::unix_explicit ... ok
[INFO] [stdout] test imp::api::test_docker_engine_api::display::https ... ok
[INFO] [stdout] test imp::api::test_docker_engine_api::display::unix_implicit ... ok
[INFO] [stdout] test imp::api::test_docker_engine_api_path::containers::create ... ok
[INFO] [stdout] test imp::api::test_docker_engine_api::version ... ok
[INFO] [stdout] test imp::api::test_docker_engine_api_path::containers::inspect ... ok
[INFO] [stdout] test imp::api::test_docker_engine_api_path::containers::list_limit_10 ... ok
[INFO] [stdout] test imp::api::test_docker_engine_api_path::containers::remove ... ok
[INFO] [stdout] test imp::api::test_docker_engine_api_path::containers::logs ... ok
[INFO] [stdout] test imp::api::test_docker_engine_api_path::containers::files_get ... ok
[INFO] [stdout] test imp::api::test_docker_engine_api_path::containers::rename ... ok
[INFO] [stdout] test imp::api::test_docker_engine_api_path::containers::remove_with_volumes ... ok
[INFO] [stdout] test imp::api::test_docker_engine_api_path::containers::pause ... ok
[INFO] [stdout] test imp::api::test_docker_engine_api_path::containers::kill_now ... ok
[INFO] [stdout] test imp::api::test_docker_engine_api_path::containers::files_changes ... ok
[INFO] [stdout] test imp::api::test_docker_engine_api_path::containers::kill ... ok
[INFO] [stdout] test imp::api::test_docker_engine_api_path::containers::inspect_with_size ... ok
[INFO] [stdout] test imp::api::test_docker_engine_api_path::exec::start ... ok
[INFO] [stdout] test imp::api::test_docker_engine_api_path::containers::wait_until_not_running ... ok
[INFO] [stdout] test imp::api::test_docker_engine_api_path::ctor::from_http ... ok
[INFO] [stdout] test imp::api::test_docker_engine_api_path::containers::start ... ok
[INFO] [stdout] test imp::api::test_docker_engine_api_path::containers::unpause ... ok
[INFO] [stdout] test imp::api::test_docker_engine_api_path::ctor::from_https ... ok
[INFO] [stdout] test imp::api::test_docker_engine_api_path::containers::stop ... ok
[INFO] [stdout] test imp::api::test_docker_engine_api_path::containers::top ... ok
[INFO] [stdout] test imp::api::test_docker_engine_api_path::exec::inspect ... ok
[INFO] [stdout] test imp::api::test_docker_engine_api_path::ctor::from_unix_path ... ok
[INFO] [stdout] test imp::api::test_docker_engine_api_path::containers::list_all ... ok
[INFO] [stdout] test imp::api::test_docker_engine_api_path::ctor::from_unix_uri ... ok
[INFO] [stdout] test imp::api::test_docker_engine_api_path::images::tag ... ok
[INFO] [stdout] test imp::api::test_docker_engine_api_path::networks::remove ... ok
[INFO] [stdout] test imp::api::test_docker_engine_api_path::volumes::list ... ok
[INFO] [stdout] test imp::api::test_docker_engine_api_path::images::untag ... ok
[INFO] [stdout] test imp::api::test_docker_engine_api_path::networks::create ... ok
[INFO] [stdout] test imp::api::test_docker_engine_api_path::volumes::create ... ok
[INFO] [stdout] test imp::api::test_docker_engine_api_path::volumes::prune ... ok
[INFO] [stdout] test imp::api::test_docker_engine_api_path::volumes::remove ... ok
[INFO] [stdout] test imp::api::test_docker_engine_api_path::images::build_labeled ... ok
[INFO] [stdout] test imp::api::test_docker_engine_api_path::volumes::inspect ... ok
[INFO] [stdout] test imp::api::test_docker_engine_api_path::images::json ... ok
[INFO] [stdout] test imp::api::test_docker_engine_api_path::networks::inspect_basic_verbose_in_scope ... ok
[INFO] [stdout] test imp::api::test_docker_engine_api_path::networks::inspect_basic ... ok
[INFO] [stdout] test imp::api::test_docker_engine_api_path::images::build_typical ... ok
[INFO] [stdout] test imp::api::test_sz_vec::populated ... ok
[INFO] [stdout] test imp::http_proxy::test_der::assert_item_status::fails_and_parses_docker_json_error_when_different ... ok
[INFO] [stdout] test imp::api::test_docker_engine_server::adds_version_to_base_url ... ok
[INFO] [stdout] test imp::http_proxy::test_der::assert_content_type::err_when_different ... ok
[INFO] [stdout] test imp::api::test_sz_vec::empty ... ok
[INFO] [stdout] test imp::http_proxy::test_der::assert_item_status::fails_when_item_not_found ... ok
[INFO] [stdout] test imp::api::test_sz_map::empty ... ok
[INFO] [stdout] test imp::http_proxy::test_der::assert_content_type::ok_when_match ... ok
[INFO] [stdout] test imp::env::test_docker_host::gets ... ok
[INFO] [stdout] test imp::http_proxy::test_der::assert_content_type::err_when_none ... ok
[INFO] [stdout] test imp::http_proxy::test_der::assert_item_status::passes_when_equal ... ok
[INFO] [stdout] test imp::api::test_sz_map::populated ... ok
[INFO] [stdout] test imp::http_proxy::test_der::assert_item_status_in::fails_and_parses_docker_json_error_when_no_match ... ok
[INFO] [stdout] test imp::http_proxy::test_der::assert_list_status::fails_when_api_not_found ... ok
[INFO] [stdout] test imp::http_proxy::test_der::assume_utf8::invalid_utf8 ... ok
[INFO] [stdout] test imp::http_proxy::test_der::parse_other_list_response::maps_status_to_error_when_api_not_found ... ok
[INFO] [stdout] test imp::http_proxy::test_der::assume_utf8::valid_utf8 ... ok
[INFO] [stdout] test imp::http_proxy::test_der::parse_other_list_response::maps_status_to_error_when_api_not_implemented ... ok
[INFO] [stdout] test imp::other::test_base64_encode::encodes ... ok
[INFO] [stdout] test imp::other::test_converge::failure ... ok
[INFO] [stdout] test imp::serde::test_dz_empty_as_none::when_absent ... ok
[INFO] [stdout] test imp::serde::test_dz_empty_as_none::when_empty ... ok
[INFO] [stdout] test imp::serde::test_dz_empty_as_none::when_null ... ok
[INFO] [stdout] test imp::serde::test_dz_empty_as_none::when_populated ... ok
[INFO] [stdout] test imp::serde::test_dz_hashmap::when_empty ... ok
[INFO] [stdout] test imp::serde::test_dz_hashmap::when_populated ... ok
[INFO] [stdout] test imp::serde::test_dz_hashmap::when_value_null ... ok
[INFO] [stdout] test imp::serde::test_dz_hashmap_keys::when_absent ... ok
[INFO] [stdout] test imp::serde::test_dz_hashmap_keys::when_populated ... ok
[INFO] [stdout] test imp::http_proxy::test_der::assert_item_status_in::passes_when_matched ... ok
[INFO] [stdout] test imp::serde::test_dz_hashmap_of_nullable::when_empty ... ok
[INFO] [stdout] test imp::http_proxy::test_der::assume_content_type::ok_when_match ... ok
[INFO] [stdout] test imp::serde::test_dz_hashmap_keys::when_empty ... ok
[INFO] [stdout] test imp::serde::test_dz_hashmap_keys::when_null ... ok
[INFO] [stdout] test imp::serde::test_dz_hashmap_keys::when_value_null ... ok
[INFO] [stdout] test imp::serde::test_dz_hashmap_of_nullable::when_absent ... ok
[INFO] [stdout] test imp::serde::test_dz_hashmap_of_nullable::when_null ... ok
[INFO] [stdout] test imp::http_proxy::test_der::assume_content_type::err_when_different ... ok
[INFO] [stdout] test imp::serde::test_dz_hashmap_of_nullable::when_value_null ... ok
[INFO] [stdout] test imp::serde::test_dz_vec::when_absent ... ok
[INFO] [stdout] test imp::http_proxy::test_der::parse_other_item_response::maps_status_to_error_when_api_not_implemented ... ok
[INFO] [stdout] test imp::http_proxy::test_der::assume_content_type::ok_when_none ... ok
[INFO] [stdout] test imp::serde::test_dz_hashmap_of_nullable::when_populated ... ok
[INFO] [stdout] test imp::serde::test_dz_hashmap::when_null ... ok
[INFO] [stdout] test imp::serde::test_dz_vec::when_empty ... ok
[INFO] [stdout] test imp::serde::test_dz_vec::when_populated_with_str ... ok
[INFO] [stdout] test imp::serde::test_dz_vec_of_string::when_absent ... ok
[INFO] [stdout] test imp::serde::test_dz_vec::when_value_null ... ok
[INFO] [stdout] test imp::serde::test_dz_vec::when_populated ... ok
[INFO] [stdout] test imp::serde::test_dz_vec::when_null ... ok
[INFO] [stdout] test imp::hyper_proxy::test_hyper_http_client::gets_from_http_server ... ok
[INFO] [stdout] test imp::other::test_converge::success ... ok
[INFO] [stdout] test imp::serde::test_dz_hashmap::when_absent ... ok
[INFO] [stdout] test imp::url::test_url_builder::appends_none_with_same_name ... ok
[INFO] [stdout] test imp::serde::test_dz_vec_of_string::when_empty ... ok
[INFO] [stdout] test imp::serde::test_dz_vec_of_string::when_populated ... ok
[INFO] [stdout] test imp::url::test_url_builder::appends_path_to_base_with_trailing_slash ... ok
[INFO] [stdout] test imp::url::test_url_builder::appends_all_with_same_name ... ok
[INFO] [stdout] test imp::serde::test_dz_vec_of_string::when_value_null ... ok
[INFO] [stdout] test imp::url::test_url_builder::appends_path_to_base_without_trailing_slash ... ok
[INFO] [stdout] test imp::url::test_url_builder::encodes_path ... ok
[INFO] [stdout] test imp::url::test_url_builder::appends_path_to_path_without_trailing_slash ... ok
[INFO] [stdout] test imp::url::test_url_builder::builds_path_and_optional_query ... ok
[INFO] [stdout] test imp::url::test_url_builder::errors_from_empty_string ... ok
[INFO] [stdout] test imp::url::test_url_builder::builds_path_and_query ... ok
[INFO] [stdout] test imp::url::test_url_builder::encodes_query_value ... ok
[INFO] [stdout] test imp::url::test_url_builder::appends_path_to_path_with_trailing_slash ... ok
[INFO] [stdout] test imp::url::test_url_builder::errors_from_invalid_url ... ok
[INFO] [stdout] test imp::serde::test_dz_vec_of_string::when_null ... ok
[INFO] [stdout] test imp::url_parser::test_is_http::returns_false::when_unix_uri ... ok
[INFO] [stdout] test model::container_ipam::test_container_ipam_config::set_ipv6 ... ok
[INFO] [stdout] test requests::list_containers::test_serialize_filters::empty ... ok
[INFO] [stdout] test requests::list_containers::test_serialize_filters::label_only ... ok
[INFO] [stdout] test imp::url_parser::test_is_http::returns_true::when_http ... ok
[INFO] [stdout] test model::container_ipam::test_container_ipam_config::create_from_ipv4 ... ok
[INFO] [stdout] test imp::url_parser::test_is_http::returns_true::when_https ... ok
[INFO] [stdout] test model::mount::test_mount_mode::display_read_only ... ok
[INFO] [stdout] test requests::list_containers::test_serialize_filters::label_with_value ... ok
[INFO] [stdout] test imp::url_parser::test_is_http::returns_false::when_empty ... ok
[INFO] [stdout] test imp::url_parser::test_is_http::returns_false::when_tcp_uri ... ok
[INFO] [stdout] test responses::build_image::test_build_image_response_stream_item::test_has_error::when_error ... ok
[INFO] [stdout] test model::container_ipam::test_container_ipam_config::set_ipv4 ... ok
[INFO] [stdout] test responses::build_image::test_build_image_response_stream_item::test_has_error::when_error_detail ... ok
[INFO] [stdout] test responses::container_network_settings::test_inspect_container_response::test_first_ip_address::multiple_networks_one_ip ... ok
[INFO] [stdout] test responses::errors::test_error_response::display ... ok
[INFO] [stdout] test responses::container_network_settings::test_inspect_container_response::test_first_ip_address::no_networks ... ok
[INFO] [stdout] test responses::container_network_settings::test_inspect_container_response::test_first_ip_address::one_network_one_ip ... ok
[INFO] [stdout] test responses::file_changes::test_file_system_change_kind::from_i32::other ... ok
[INFO] [stdout] test responses::build_image::test_build_image_response_stream_item::test_has_error::when_none ... ok
[INFO] [stdout] test responses::file_changes::test_file_system_change_kind::from_i32::modified ... ok
[INFO] [stdout] test model::streams::test_stream_kind::parses::hello_world_line ... FAILED
[INFO] [stdout] test model::streams::test_stream_kind::parses::hello_world_lines ... FAILED
[INFO] [stdout] test client::base::test_docker_engine_client::display_https ... ok
[INFO] [stdout] test client::exec::tests::start::response_has_wrong_content_type ... ok
[INFO] [stdout] 
[INFO] [stdout] failures:
[INFO] [stdout] 
[INFO] [stdout] ---- model::streams::test_stream_kind::parses::hello_world_line stdout ----
[INFO] [stdout] thread 'model::streams::test_stream_kind::parses::hello_world_line' panicked at 'called `Result::unwrap()` on an `Err` value: Os { code: 2, kind: NotFound, message: "No such file or directory" }', src/model/streams.rs:217:47
[INFO] [stdout] stack backtrace:
[INFO] [stdout]    0:     0x55851bd2f94a - std::backtrace_rs::backtrace::libunwind::trace::h2f05d0192276a8f6
[INFO] [stdout]                                at /rustc/1b7dd2252b99671ce5d1cb9664c5f8636329436d/library/std/src/../../backtrace/src/backtrace/libunwind.rs:93:5
[INFO] [stdout]    1:     0x55851bd2f94a - std::backtrace_rs::backtrace::trace_unsynchronized::hedc23dff7a1af150
[INFO] [stdout]                                at /rustc/1b7dd2252b99671ce5d1cb9664c5f8636329436d/library/std/src/../../backtrace/src/backtrace/mod.rs:66:5
[INFO] [stdout]    2:     0x55851bd2f94a - std::sys_common::backtrace::_print_fmt::h17541ef7592f3ce2
[INFO] [stdout]                                at /rustc/1b7dd2252b99671ce5d1cb9664c5f8636329436d/library/std/src/sys_common/backtrace.rs:65:5
[INFO] [stdout]    3:     0x55851bd2f94a - <std::sys_common::backtrace::_print::DisplayBacktrace as core::fmt::Display>::fmt::h20f75df5ab0c0792
[INFO] [stdout]                                at /rustc/1b7dd2252b99671ce5d1cb9664c5f8636329436d/library/std/src/sys_common/backtrace.rs:44:22
[INFO] [stdout]    4:     0x55851bd5837f - core::fmt::write::h78109e6f466b3af6
[INFO] [stdout]                                at /rustc/1b7dd2252b99671ce5d1cb9664c5f8636329436d/library/core/src/fmt/mod.rs:1254:17
[INFO] [stdout]    5:     0x55851bd2bd85 - std::io::Write::write_fmt::hd24bfb68a1b35a25
[INFO] [stdout]                                at /rustc/1b7dd2252b99671ce5d1cb9664c5f8636329436d/library/std/src/io/mod.rs:1698:15
[INFO] [stdout]    6:     0x55851bd2f715 - std::sys_common::backtrace::_print::h8dac57a9f8fbf9a5
[INFO] [stdout]                                at /rustc/1b7dd2252b99671ce5d1cb9664c5f8636329436d/library/std/src/sys_common/backtrace.rs:47:5
[INFO] [stdout]    7:     0x55851bd2f715 - std::sys_common::backtrace::print::hf9ecbf41d1aa712f
[INFO] [stdout]                                at /rustc/1b7dd2252b99671ce5d1cb9664c5f8636329436d/library/std/src/sys_common/backtrace.rs:34:9
[INFO] [stdout]    8:     0x55851bd313ce - std::panicking::default_hook::{{closure}}::h04c07acfc84ca028
[INFO] [stdout]                                at /rustc/1b7dd2252b99671ce5d1cb9664c5f8636329436d/library/std/src/panicking.rs:269:22
[INFO] [stdout]    9:     0x55851bd31101 - std::panicking::default_hook::h01f6bb23e1eceb2c
[INFO] [stdout]                                at /rustc/1b7dd2252b99671ce5d1cb9664c5f8636329436d/library/std/src/panicking.rs:285:9
[INFO] [stdout]   10:     0x55851ba3853b - <alloc::boxed::Box<F,A> as core::ops::function::Fn<Args>>::call::h87fe9f7b2fd49e4c
[INFO] [stdout]                                at /rustc/1b7dd2252b99671ce5d1cb9664c5f8636329436d/library/alloc/src/boxed.rs:1987:9
[INFO] [stdout]   11:     0x55851ba3853b - test::test_main::{{closure}}::he94d679243a7531b
[INFO] [stdout]                                at /rustc/1b7dd2252b99671ce5d1cb9664c5f8636329436d/library/test/src/lib.rs:134:21
[INFO] [stdout]   12:     0x55851bd31ab4 - <alloc::boxed::Box<F,A> as core::ops::function::Fn<Args>>::call::h3f2d6d8b14c4769f
[INFO] [stdout]                                at /rustc/1b7dd2252b99671ce5d1cb9664c5f8636329436d/library/alloc/src/boxed.rs:1987:9
[INFO] [stdout]   13:     0x55851bd31ab4 - std::panicking::rust_panic_with_hook::h2bb3722bbaf2f6df
[INFO] [stdout]                                at /rustc/1b7dd2252b99671ce5d1cb9664c5f8636329436d/library/std/src/panicking.rs:695:13
[INFO] [stdout]   14:     0x55851bd31829 - std::panicking::begin_panic_handler::{{closure}}::h91bc7f36a4be011b
[INFO] [stdout]                                at /rustc/1b7dd2252b99671ce5d1cb9664c5f8636329436d/library/std/src/panicking.rs:582:13
[INFO] [stdout]   15:     0x55851bd2fdb6 - std::sys_common::backtrace::__rust_end_short_backtrace::h8b3d3717114f9e59
[INFO] [stdout]                                at /rustc/1b7dd2252b99671ce5d1cb9664c5f8636329436d/library/std/src/sys_common/backtrace.rs:150:18
[INFO] [stdout]   16:     0x55851bd31582 - rust_begin_unwind
[INFO] [stdout]                                at /rustc/1b7dd2252b99671ce5d1cb9664c5f8636329436d/library/std/src/panicking.rs:578:5
[INFO] [stdout]   17:     0x55851b52b4d3 - core::panicking::panic_fmt::hfd368e3fbdabea26
[INFO] [stdout]                                at /rustc/1b7dd2252b99671ce5d1cb9664c5f8636329436d/library/core/src/panicking.rs:67:14
[INFO] [stdout]   18:     0x55851b52ba73 - core::result::unwrap_failed::he54eb4b2f125b26f
[INFO] [stdout]                                at /rustc/1b7dd2252b99671ce5d1cb9664c5f8636329436d/library/core/src/result.rs:1687:5
[INFO] [stdout]   19:     0x55851b79dbeb - core::result::Result<T,E>::unwrap::hae732bfc8dd5e726
[INFO] [stdout]                                at /rustc/1b7dd2252b99671ce5d1cb9664c5f8636329436d/library/core/src/result.rs:1089:23
[INFO] [stdout]   20:     0x55851b60eff1 - passivized_docker_engine_client::model::streams::test_stream_kind::fixtures::binary::h1eb819ac31f74264
[INFO] [stdout]                                at /opt/rustwide/workdir/src/model/streams.rs:217:25
[INFO] [stdout]   21:     0x55851b5ad86d - passivized_docker_engine_client::model::streams::test_stream_kind::parses::hello_world_line::h08a4ea47bebc9ee6
[INFO] [stdout]                                at /opt/rustwide/workdir/src/model/streams.rs:231:36
[INFO] [stdout]   22:     0x55851b5ad837 - passivized_docker_engine_client::model::streams::test_stream_kind::parses::hello_world_line::{{closure}}::hf326fc3f7aa37619
[INFO] [stdout]                                at /opt/rustwide/workdir/src/model/streams.rs:230:31
[INFO] [stdout]   23:     0x55851b6dffa5 - core::ops::function::FnOnce::call_once::hac3562b66a2eac9e
[INFO] [stdout]                                at /rustc/1b7dd2252b99671ce5d1cb9664c5f8636329436d/library/core/src/ops/function.rs:250:5
[INFO] [stdout]   24:     0x55851ba3d40f - core::ops::function::FnOnce::call_once::ha6a70e79f7481a7e
[INFO] [stdout]                                at /rustc/1b7dd2252b99671ce5d1cb9664c5f8636329436d/library/core/src/ops/function.rs:250:5
[INFO] [stdout]   25:     0x55851ba3d40f - test::__rust_begin_short_backtrace::hce33033019b61e69
[INFO] [stdout]                                at /rustc/1b7dd2252b99671ce5d1cb9664c5f8636329436d/library/test/src/lib.rs:655:18
[INFO] [stdout]   26:     0x55851ba0abfc - test::run_test::{{closure}}::h858d3528838ae3e5
[INFO] [stdout]                                at /rustc/1b7dd2252b99671ce5d1cb9664c5f8636329436d/library/test/src/lib.rs:646:30
[INFO] [stdout]   27:     0x55851ba0abfc - core::ops::function::FnOnce::call_once{{vtable.shim}}::he8ac2b00f01ae79e
[INFO] [stdout]                                at /rustc/1b7dd2252b99671ce5d1cb9664c5f8636329436d/library/core/src/ops/function.rs:250:5
[INFO] [stdout]   28:     0x55851ba3c4e6 - <alloc::boxed::Box<F,A> as core::ops::function::FnOnce<Args>>::call_once::h8093d25b522725ef
[INFO] [stdout]                                at /rustc/1b7dd2252b99671ce5d1cb9664c5f8636329436d/library/alloc/src/boxed.rs:1973:9
[INFO] [stdout]   29:     0x55851ba3c4e6 - <core::panic::unwind_safe::AssertUnwindSafe<F> as core::ops::function::FnOnce<()>>::call_once::h5c334c204e4a3913
[INFO] [stdout]                                at /rustc/1b7dd2252b99671ce5d1cb9664c5f8636329436d/library/core/src/panic/unwind_safe.rs:271:9
[INFO] [stdout]   30:     0x55851ba3c4e6 - std::panicking::try::do_call::ha8b740c7b9478074
[INFO] [stdout]                                at /rustc/1b7dd2252b99671ce5d1cb9664c5f8636329436d/library/std/src/panicking.rs:485:40
[INFO] [stdout]   31:     0x55851ba3c4e6 - std::panicking::try::h5d34f63d0e41b64e
[INFO] [stdout]                                at /rustc/1b7dd2252b99671ce5d1cb9664c5f8636329436d/library/std/src/panicking.rs:449:19
[INFO] [stdout]   32:     0x55851ba3c4e6 - std::panic::catch_unwind::hcfbb511e1aa7fc67
[INFO] [stdout]                                at /rustc/1b7dd2252b99671ce5d1cb9664c5f8636329436d/library/std/src/panic.rs:140:14
[INFO] [stdout]   33:     0x55851ba3c4e6 - test::run_test_in_process::h9abda90f802eaf21
[INFO] [stdout]                                at /rustc/1b7dd2252b99671ce5d1cb9664c5f8636329436d/library/test/src/lib.rs:678:27
[INFO] [stdout]   34:     0x55851ba3c4e6 - test::run_test::run_test_inner::{{closure}}::h0f058de91f6c6edf
[INFO] [stdout]                                at /rustc/1b7dd2252b99671ce5d1cb9664c5f8636329436d/library/test/src/lib.rs:572:39
[INFO] [stdout]   35:     0x55851ba05405 - test::run_test::run_test_inner::{{closure}}::h5ca48a4c59c6c1fb
[INFO] [stdout]                                at /rustc/1b7dd2252b99671ce5d1cb9664c5f8636329436d/library/test/src/lib.rs:599:37
[INFO] [stdout]   36:     0x55851ba05405 - std::sys_common::backtrace::__rust_begin_short_backtrace::h32bd51e1495d4a33
[INFO] [stdout]                                at /rustc/1b7dd2252b99671ce5d1cb9664c5f8636329436d/library/std/src/sys_common/backtrace.rs:134:18
[INFO] [stdout]   37:     0x55851ba0a941 - std::thread::Builder::spawn_unchecked_::{{closure}}::{{closure}}::hc086fae9b128b2db
[INFO] [stdout]                                at /rustc/1b7dd2252b99671ce5d1cb9664c5f8636329436d/library/std/src/thread/mod.rs:526:17
[INFO] [stdout]   38:     0x55851ba0a941 - <core::panic::unwind_safe::AssertUnwindSafe<F> as core::ops::function::FnOnce<()>>::call_once::hb66571888d270d43
[INFO] [stdout]                                at /rustc/1b7dd2252b99671ce5d1cb9664c5f8636329436d/library/core/src/panic/unwind_safe.rs:271:9
[INFO] [stdout]   39:     0x55851ba0a941 - std::panicking::try::do_call::h4fa2ef4f6e51fecf
[INFO] [stdout]                                at /rustc/1b7dd2252b99671ce5d1cb9664c5f8636329436d/library/std/src/panicking.rs:485:40
[INFO] [stdout]   40:     0x55851ba0a941 - std::panicking::try::h1e9e22b8584489b5
[INFO] [stdout]                                at /rustc/1b7dd2252b99671ce5d1cb9664c5f8636329436d/library/std/src/panicking.rs:449:19
[INFO] [stdout]   41:     0x55851ba0a941 - std::panic::catch_unwind::h44698a3de0e0769e
[INFO] [stdout]                                at /rustc/1b7dd2252b99671ce5d1cb9664c5f8636329436d/library/std/src/panic.rs:140:14
[INFO] [stdout]   42:     0x55851ba0a941 - std::thread::Builder::spawn_unchecked_::{{closure}}::h50153abde3fe239e
[INFO] [stdout]                                at /rustc/1b7dd2252b99671ce5d1cb9664c5f8636329436d/library/std/src/thread/mod.rs:525:30
[INFO] [stdout]   43:     0x55851ba0a941 - core::ops::function::FnOnce::call_once{{vtable.shim}}::hbe5bbf6f38394364
[INFO] [stdout]                                at /rustc/1b7dd2252b99671ce5d1cb9664c5f8636329436d/library/core/src/ops/function.rs:250:5
[INFO] [stdout]   44:     0x55851bd361b5 - <alloc::boxed::Box<F,A> as core::ops::function::FnOnce<Args>>::call_once::h0d83cb2920a49046
[INFO] [stdout]                                at /rustc/1b7dd2252b99671ce5d1cb9664c5f8636329436d/library/alloc/src/boxed.rs:1973:9
[INFO] [stdout]   45:     0x55851bd361b5 - <alloc::boxed::Box<F,A> as core::ops::function::FnOnce<Args>>::call_once::hbe0a008aa7d9ef59
[INFO] [stdout]                                at /rustc/1b7dd2252b99671ce5d1cb9664c5f8636329436d/library/alloc/src/boxed.rs:1973:9
[INFO] [stdout]   46:     0x55851bd361b5 - std::sys::unix::thread::Thread::new::thread_start::h3a466996bdf6b1f9
[INFO] [stdout]                                at /rustc/1b7dd2252b99671ce5d1cb9664c5f8636329436d/library/std/src/sys/unix/thread.rs:108:17
[INFO] [stdout]   47:     0x7f9762b9eb43 - <unknown>
[INFO] [stdout]   48:     0x7f9762c2fbb4 - __clone
[INFO] [stdout]   49:                0x0 - <unknown>
[INFO] [stdout] 
[INFO] [stdout] ---- model::streams::test_stream_kind::parses::hello_world_lines stdout ----
[INFO] [stdout] thread 'model::streams::test_stream_kind::parses::hello_world_lines' panicked at 'called `Result::unwrap()` on an `Err` value: Os { code: 2, kind: NotFound, message: "No such file or directory" }', src/model/streams.rs:217:47
[INFO] [stdout] stack backtrace:
[INFO] [stdout]    0:     0x55851bd2f94a - std::backtrace_rs::backtrace::libunwind::trace::h2f05d0192276a8f6
[INFO] [stdout]                                at /rustc/1b7dd2252b99671ce5d1cb9664c5f8636329436d/library/std/src/../../backtrace/src/backtrace/libunwind.rs:93:5
[INFO] [stdout]    1:     0x55851bd2f94a - std::backtrace_rs::backtrace::trace_unsynchronized::hedc23dff7a1af150
[INFO] [stdout]                                at /rustc/1b7dd2252b99671ce5d1cb9664c5f8636329436d/library/std/src/../../backtrace/src/backtrace/mod.rs:66:5
[INFO] [stdout]    2:     0x55851bd2f94a - std::sys_common::backtrace::_print_fmt::h17541ef7592f3ce2
[INFO] [stdout]                                at /rustc/1b7dd2252b99671ce5d1cb9664c5f8636329436d/library/std/src/sys_common/backtrace.rs:65:5
[INFO] [stdout]    3:     0x55851bd2f94a - <std::sys_common::backtrace::_print::DisplayBacktrace as core::fmt::Display>::fmt::h20f75df5ab0c0792
[INFO] [stdout]                                at /rustc/1b7dd2252b99671ce5d1cb9664c5f8636329436d/library/std/src/sys_common/backtrace.rs:44:22
[INFO] [stdout]    4:     0x55851bd5837f - core::fmt::write::h78109e6f466b3af6
[INFO] [stdout]                                at /rustc/1b7dd2252b99671ce5d1cb9664c5f8636329436d/library/core/src/fmt/mod.rs:1254:17
[INFO] [stdout]    5:     0x55851bd2bd85 - std::io::Write::write_fmt::hd24bfb68a1b35a25
[INFO] [stdout]                                at /rustc/1b7dd2252b99671ce5d1cb9664c5f8636329436d/library/std/src/io/mod.rs:1698:15
[INFO] [stdout]    6:     0x55851bd2f715 - std::sys_common::backtrace::_print::h8dac57a9f8fbf9a5
[INFO] [stdout]                                at /rustc/1b7dd2252b99671ce5d1cb9664c5f8636329436d/library/std/src/sys_common/backtrace.rs:47:5
[INFO] [stdout]    7:     0x55851bd2f715 - std::sys_common::backtrace::print::hf9ecbf41d1aa712f
[INFO] [stdout]                                at /rustc/1b7dd2252b99671ce5d1cb9664c5f8636329436d/library/std/src/sys_common/backtrace.rs:34:9
[INFO] [stdout]    8:     0x55851bd313ce - std::panicking::default_hook::{{closure}}::h04c07acfc84ca028
[INFO] [stdout]                                at /rustc/1b7dd2252b99671ce5d1cb9664c5f8636329436d/library/std/src/panicking.rs:269:22
[INFO] [stdout]    9:     0x55851bd31101 - std::panicking::default_hook::h01f6bb23e1eceb2c
[INFO] [stdout]                                at /rustc/1b7dd2252b99671ce5d1cb9664c5f8636329436d/library/std/src/panicking.rs:285:9
[INFO] [stdout]   10:     0x55851ba3853b - <alloc::boxed::Box<F,A> as core::ops::function::Fn<Args>>::call::h87fe9f7b2fd49e4c
[INFO] [stdout]                                at /rustc/1b7dd2252b99671ce5d1cb9664c5f8636329436d/library/alloc/src/boxed.rs:1987:9
[INFO] [stdout]   11:     0x55851ba3853b - test::test_main::{{closure}}::he94d679243a7531b
[INFO] [stdout]                                at /rustc/1b7dd2252b99671ce5d1cb9664c5f8636329436d/library/test/src/lib.rs:134:21
[INFO] [stdout]   12:     0x55851bd31ab4 - <alloc::boxed::Box<F,A> as core::ops::function::Fn<Args>>::call::h3f2d6d8b14c4769f
[INFO] [stdout]                                at /rustc/1b7dd2252b99671ce5d1cb9664c5f8636329436d/library/alloc/src/boxed.rs:1987:9
[INFO] [stdout]   13:     0x55851bd31ab4 - std::panicking::rust_panic_with_hook::h2bb3722bbaf2f6df
[INFO] [stdout]                                at /rustc/1b7dd2252b99671ce5d1cb9664c5f8636329436d/library/std/src/panicking.rs:695:13
[INFO] [stdout]   14:     0x55851bd31829 - std::panicking::begin_panic_handler::{{closure}}::h91bc7f36a4be011b
[INFO] [stdout]                                at /rustc/1b7dd2252b99671ce5d1cb9664c5f8636329436d/library/std/src/panicking.rs:582:13
[INFO] [stdout]   15:     0x55851bd2fdb6 - std::sys_common::backtrace::__rust_end_short_backtrace::h8b3d3717114f9e59
[INFO] [stdout]                                at /rustc/1b7dd2252b99671ce5d1cb9664c5f8636329436d/library/std/src/sys_common/backtrace.rs:150:18
[INFO] [stdout]   16:     0x55851bd31582 - rust_begin_unwind
[INFO] [stdout]                                at /rustc/1b7dd2252b99671ce5d1cb9664c5f8636329436d/library/std/src/panicking.rs:578:5
[INFO] [stdout]   17:     0x55851b52b4d3 - core::panicking::panic_fmt::hfd368e3fbdabea26
[INFO] [stdout]                                at /rustc/1b7dd2252b99671ce5d1cb9664c5f8636329436d/library/core/src/panicking.rs:67:14
[INFO] [stdout]   18:     0x55851b52ba73 - core::result::unwrap_failed::he54eb4b2f125b26f
[INFO] [stdout]                                at /rustc/1b7dd2252b99671ce5d1cb9664c5f8636329436d/library/core/src/result.rs:1687:5
[INFO] [stdout]   19:     0x55851b79dbeb - core::result::Result<T,E>::unwrap::hae732bfc8dd5e726
[INFO] [stdout]                                at /rustc/1b7dd2252b99671ce5d1cb9664c5f8636329436d/library/core/src/result.rs:1089:23
[INFO] [stdout]   20:     0x55851b60eff1 - passivized_docker_engine_client::model::streams::test_stream_kind::fixtures::binary::h1eb819ac31f74264
[INFO] [stdout]                                at /opt/rustwide/workdir/src/model/streams.rs:217:25
[INFO] [stdout]   21:     0x55851b5adc0d - passivized_docker_engine_client::model::streams::test_stream_kind::parses::hello_world_lines::hbd5c4717bc142fe8
[INFO] [stdout]                                at /opt/rustwide/workdir/src/model/streams.rs:249:36
[INFO] [stdout]   22:     0x55851b5adbd7 - passivized_docker_engine_client::model::streams::test_stream_kind::parses::hello_world_lines::{{closure}}::h5f164d93fd763138
[INFO] [stdout]                                at /opt/rustwide/workdir/src/model/streams.rs:248:32
[INFO] [stdout]   23:     0x55851b6dc6c5 - core::ops::function::FnOnce::call_once::h346b43a8309de0d9
[INFO] [stdout]                                at /rustc/1b7dd2252b99671ce5d1cb9664c5f8636329436d/library/core/src/ops/function.rs:250:5
[INFO] [stdout]   24:     0x55851ba3d40f - core::ops::function::FnOnce::call_once::ha6a70e79f7481a7e
[INFO] [stdout]                                at /rustc/1b7dd2252b99671ce5d1cb9664c5f8636329436d/library/core/src/ops/function.rs:250:5
[INFO] [stdout]   25:     0x55851ba3d40f - test::__rust_begin_short_backtrace::hce33033019b61e69
[INFO] [stdout]                                at /rustc/1b7dd2252b99671ce5d1cb9664c5f8636329436d/library/test/src/lib.rs:655:18
[INFO] [stdout]   26:     0x55851ba0abfc - test::run_test::{{closure}}::h858d3528838ae3e5
[INFO] [stdout]                                at /rustc/1b7dd2252b99671ce5d1cb9664c5f8636329436d/library/test/src/lib.rs:646:30
[INFO] [stdout]   27:     0x55851ba0abfc - core::ops::function::FnOnce::call_once{{vtable.shim}}::he8ac2b00f01ae79e
[INFO] [stdout]                                at /rustc/1b7dd2252b99671ce5d1cb9664c5f8636329436d/library/core/src/ops/function.rs:250:5
[INFO] [stdout]   28:     0x55851ba3c4e6 - <alloc::boxed::Box<F,A> as core::ops::function::FnOnce<Args>>::call_once::h8093d25b522725ef
[INFO] [stdout]                                at /rustc/1b7dd2252b99671ce5d1cb9664c5f8636329436d/library/alloc/src/boxed.rs:1973:9
[INFO] [stdout]   29:     0x55851ba3c4e6 - <core::panic::unwind_safe::AssertUnwindSafe<F> as core::ops::function::FnOnce<()>>::call_once::h5c334c204e4a3913
[INFO] [stdout]                                at /rustc/1b7dd2252b99671ce5d1cb9664c5f8636329436d/library/core/src/panic/unwind_safe.rs:271:9
[INFO] [stdout]   30:     0x55851ba3c4e6 - std::panicking::try::do_call::ha8b740c7b9478074
[INFO] [stdout]                                at /rustc/1b7dd2252b99671ce5d1cb9664c5f8636329436d/library/std/src/panicking.rs:485:40
[INFO] [stdout]   31:     0x55851ba3c4e6 - std::panicking::try::h5d34f63d0e41b64e
[INFO] [stdout]                                at /rustc/1b7dd2252b99671ce5d1cb9664c5f8636329436d/library/std/src/panicking.rs:449:19
[INFO] [stdout]   32:     0x55851ba3c4e6 - std::panic::catch_unwind::hcfbb511e1aa7fc67
[INFO] [stdout]                                at /rustc/1b7dd2252b99671ce5d1cb9664c5f8636329436d/library/std/src/panic.rs:140:14
[INFO] [stdout]   33:     0x55851ba3c4e6 - test::run_test_in_process::h9abda90f802eaf21
[INFO] [stdout]                                at /rustc/1b7dd2252b99671ce5d1cb9664c5f8636329436d/library/test/src/lib.rs:678:27
[INFO] [stdout]   34:     0x55851ba3c4e6 - test::run_test::run_test_inner::{{closure}}::h0f058de91f6c6edf
[INFO] [stdout]                                at /rustc/1b7dd2252b99671ce5d1cb9664c5f8636329436d/library/test/src/lib.rs:572:39
[INFO] [stdout]   35:     0x55851ba05405 - test::run_test::run_test_inner::{{closure}}::h5ca48a4c59c6c1fb
[INFO] [stdout]                                at /rustc/1b7dd2252b99671ce5d1cb9664c5f8636329436d/library/test/src/lib.rs:599:37
[INFO] [stdout]   36:     0x55851ba05405 - std::sys_common::backtrace::__rust_begin_short_backtrace::h32bd51e1495d4a33
[INFO] [stdout]                                at /rustc/1b7dd2252b99671ce5d1cb9664c5f8636329436d/library/std/src/sys_common/backtrace.rs:134:18
[INFO] [stdout]   37:     0x55851ba0a941 - std::thread::Builder::spawn_unchecked_::{{closure}}::{{closure}}::hc086fae9b128b2db
[INFO] [stdout]                                at /rustc/1b7dd2252b99671ce5d1cb9664c5f8636329436d/library/std/src/thread/mod.rs:526:17
[INFO] [stdout]   38:     0x55851ba0a941 - <core::panic::unwind_safe::AssertUnwindSafe<F> as core::ops::function::FnOnce<()>>::call_once::hb66571888d270d43
[INFO] [stdout]                                at /rustc/1b7dd2252b99671ce5d1cb9664c5f8636329436d/library/core/src/panic/unwind_safe.rs:271:9
[INFO] [stdout]   39:     0x55851ba0a941 - std::panicking::try::do_call::h4fa2ef4f6e51fecf
[INFO] [stdout]                                at /rustc/1b7dd2252b99671ce5d1cb9664c5f8636329436d/library/std/src/panicking.rs:485:40
[INFO] [stdout]   40:     0x55851ba0a941 - std::panicking::try::h1e9e22b8584489b5
[INFO] [stdout]                                at /rustc/1b7dd2252b99671ce5d1cb9664c5f8636329436d/library/std/src/panicking.rs:449:19
[INFO] [stdout]   41:     0x55851ba0a941 - std::panic::catch_unwind::h44698a3de0e0769e
[INFO] [stdout]                                at /rustc/1b7dd2252b99671ce5d1cb9664c5f8636329436d/library/std/src/panic.rs:140:14
[INFO] [stdout]   42:     0x55851ba0a941 - std::thread::Builder::spawn_unchecked_::{{closure}}::h50153abde3fe239e
[INFO] [stdout]                                at /rustc/1b7dd2252b99671ce5d1cb9664c5f8636329436d/library/std/src/thread/mod.rs:525:30
[INFO] [stdout]   43:     0x55851ba0a941 - core::ops::function::FnOnce::call_once{{vtable.shim}}::hbe5bbf6f38394364
[INFO] [stdout]                                at /rustc/1b7dd2252b99671ce5d1cb9664c5f8636329436d/library/core/src/ops/function.rs:250:5
[INFO] [stdout]   44:     0x55851bd361b5 - <alloc::boxed::Box<F,A> as core::ops::function::FnOnce<Args>>::call_once::h0d83cb2920a49046
[INFO] [stdout]                                at /rustc/1b7dd2252b99671ce5d1cb9664c5f8636329436d/library/alloc/src/boxed.rs:1973:9
[INFO] [stdout]   45:     0x55851bd361b5 - <alloc::boxed::Box<F,A> as core::ops::function::FnOnce<Args>>::call_once::hbe0a008aa7d9ef59
[INFO] [stdout]                                at /rustc/1b7dd2252b99671ce5d1cb9664c5f8636329436d/library/alloc/src/boxed.rs:1973:9
[INFO] [stdout]   46:     0x55851bd361b5 - std::sys::unix::thread::Thread::new::thread_start::h3a466996bdf6b1f9
[INFO] [stdout]                                at /rustc/1b7dd2252b99671ce5d1cb9664c5f8636329436d/library/std/src/sys/unix/thread.rs:108:17
[INFO] [stdout]   47:     0x7f9762b9eb43 - <unknown>
[INFO] [stdout]   48:     0x7f9762c2fbb4 - __clone
[INFO] [stdout]   49:                0x0 - <unknown>
[INFO] [stdout] 
[INFO] [stdout] 
[INFO] [stdout] failures:
[INFO] [stdout]     model::streams::test_stream_kind::parses::hello_world_line
[INFO] [stdout]     model::streams::test_stream_kind::parses::hello_world_lines
[INFO] [stdout] 
[INFO] [stdout] test result: FAILED. 158 passed; 2 failed; 0 ignored; 0 measured; 0 filtered out; finished in 1.19s
[INFO] [stdout] 
[INFO] [stderr] error: test failed, to rerun pass `--lib`
[INFO] running `Command { std: "docker" "inspect" "2363abb9c4a9e78d000b0cb0ad56eea9edf5799a46c5f8eeee16e00e775d1019", kill_on_drop: false }`
[INFO] running `Command { std: "docker" "rm" "-f" "2363abb9c4a9e78d000b0cb0ad56eea9edf5799a46c5f8eeee16e00e775d1019", kill_on_drop: false }`
[INFO] [stdout] 2363abb9c4a9e78d000b0cb0ad56eea9edf5799a46c5f8eeee16e00e775d1019
