[INFO] fetching crate parol 0.21.3...
[INFO] testing parol-0.21.3 against 1.69.0 for beta-1.70-1
[INFO] extracting crate parol 0.21.3 into /workspace/builds/worker-1-tc1/source
[INFO] validating manifest of crates.io crate parol 0.21.3 on toolchain 1.69.0
[INFO] running `Command { std: CARGO_HOME="/workspace/cargo-home" RUSTUP_HOME="/workspace/rustup-home" "/workspace/cargo-home/bin/cargo" "+1.69.0" "metadata" "--manifest-path" "Cargo.toml" "--no-deps", kill_on_drop: false }`
[INFO] started tweaking crates.io crate parol 0.21.3
[INFO] removed 9 missing examples
[INFO] finished tweaking crates.io crate parol 0.21.3
[INFO] tweaked toml for crates.io crate parol 0.21.3 written to /workspace/builds/worker-1-tc1/source/Cargo.toml
[INFO] crate crates.io crate parol 0.21.3 already has a lockfile, it will not be regenerated
[INFO] running `Command { std: CARGO_HOME="/workspace/cargo-home" RUSTUP_HOME="/workspace/rustup-home" "/workspace/cargo-home/bin/cargo" "+1.69.0" "fetch" "--manifest-path" "Cargo.toml", kill_on_drop: false }`
[INFO] [stderr]  Downloading crates ...
[INFO] [stderr]   Downloaded ume v0.1.0
[INFO] [stderr]   Downloaded assert_cmd v2.0.11
[INFO] [stderr]   Downloaded syntree_layout v0.2.0
[INFO] [stderr]   Downloaded rand_regex v0.15.1
[INFO] [stderr]   Downloaded bitflags v2.1.0
[INFO] [stderr]   Downloaded regex-automata v0.2.0
[INFO] [stderr]   Downloaded parol_runtime v0.16.0
[INFO] [stderr]   Downloaded syntree v0.14.5
[INFO] [stderr]   Downloaded parol-macros v0.2.0
[INFO] [stderr]   Downloaded xml_writer v0.4.0
[INFO] running `Command { std: "docker" "create" "-v" "/var/lib/crater-agent-workspace/builds/worker-1-tc1/target:/opt/rustwide/target:rw,Z" "-v" "/var/lib/crater-agent-workspace/builds/worker-1-tc1/source:/opt/rustwide/workdir:ro,Z" "-v" "/var/lib/crater-agent-workspace/cargo-home:/opt/rustwide/cargo-home:ro,Z" "-v" "/var/lib/crater-agent-workspace/rustup-home:/opt/rustwide/rustup-home:ro,Z" "-e" "SOURCE_DIR=/opt/rustwide/workdir" "-e" "CARGO_TARGET_DIR=/opt/rustwide/target" "-e" "CARGO_HOME=/opt/rustwide/cargo-home" "-e" "RUSTUP_HOME=/opt/rustwide/rustup-home" "-w" "/opt/rustwide/workdir" "-m" "1610612736" "--user" "0:0" "--network" "none" "ghcr.io/rust-lang/crates-build-env/linux@sha256:5ff2268d62e97bff2cde7d5815dd6ed5b47097566f13b8d0ca110b04b60e07ed" "/opt/rustwide/cargo-home/bin/cargo" "+1.69.0" "metadata" "--no-deps" "--format-version=1", kill_on_drop: false }`
[INFO] [stdout] c4e61d2ace6e0d089780f54b808369d76f5f9fab7b0175a39a633d58aa38b083
[INFO] running `Command { std: "docker" "start" "-a" "c4e61d2ace6e0d089780f54b808369d76f5f9fab7b0175a39a633d58aa38b083", kill_on_drop: false }`
[INFO] running `Command { std: "docker" "inspect" "c4e61d2ace6e0d089780f54b808369d76f5f9fab7b0175a39a633d58aa38b083", kill_on_drop: false }`
[INFO] running `Command { std: "docker" "rm" "-f" "c4e61d2ace6e0d089780f54b808369d76f5f9fab7b0175a39a633d58aa38b083", kill_on_drop: false }`
[INFO] [stdout] c4e61d2ace6e0d089780f54b808369d76f5f9fab7b0175a39a633d58aa38b083
[INFO] running `Command { std: "docker" "create" "-v" "/var/lib/crater-agent-workspace/builds/worker-1-tc1/target:/opt/rustwide/target:rw,Z" "-v" "/var/lib/crater-agent-workspace/builds/worker-1-tc1/source:/opt/rustwide/workdir:ro,Z" "-v" "/var/lib/crater-agent-workspace/cargo-home:/opt/rustwide/cargo-home:ro,Z" "-v" "/var/lib/crater-agent-workspace/rustup-home:/opt/rustwide/rustup-home:ro,Z" "-e" "SOURCE_DIR=/opt/rustwide/workdir" "-e" "CARGO_TARGET_DIR=/opt/rustwide/target" "-e" "CARGO_INCREMENTAL=0" "-e" "RUST_BACKTRACE=full" "-e" "RUSTFLAGS=--cap-lints=warn" "-e" "RUSTDOCFLAGS=--cap-lints=warn" "-e" "CARGO_HOME=/opt/rustwide/cargo-home" "-e" "RUSTUP_HOME=/opt/rustwide/rustup-home" "-w" "/opt/rustwide/workdir" "-m" "1610612736" "--user" "0:0" "--network" "none" "ghcr.io/rust-lang/crates-build-env/linux@sha256:5ff2268d62e97bff2cde7d5815dd6ed5b47097566f13b8d0ca110b04b60e07ed" "/opt/rustwide/cargo-home/bin/cargo" "+1.69.0" "build" "--frozen" "--message-format=json", kill_on_drop: false }`
[INFO] [stdout] 22c6e2bd7f9b520e8be5a1e246ee01e5e23c98dde4e3b11def4904ddbf466fd5
[INFO] running `Command { std: "docker" "start" "-a" "22c6e2bd7f9b520e8be5a1e246ee01e5e23c98dde4e3b11def4904ddbf466fd5", kill_on_drop: false }`
[INFO] [stderr]     Blocking waiting for file lock on package cache
[INFO] [stderr]    Compiling unicode-ident v1.0.8
[INFO] [stderr]    Compiling libc v0.2.141
[INFO] [stderr]    Compiling syn v1.0.109
[INFO] [stderr]    Compiling io-lifetimes v1.0.10
[INFO] [stderr]    Compiling rustix v0.37.11
[INFO] [stderr]    Compiling fnv v1.0.7
[INFO] [stderr]    Compiling linux-raw-sys v0.3.1
[INFO] [stderr]    Compiling utf8parse v0.2.1
[INFO] [stderr]    Compiling anstyle-query v1.0.0
[INFO] [stderr]    Compiling anstyle v1.0.0
[INFO] [stderr]    Compiling proc-macro2 v1.0.56
[INFO] [stderr]    Compiling serde v1.0.160
[INFO] [stderr]    Compiling colorchoice v1.0.0
[INFO] [stderr]    Compiling xml_writer v0.4.0
[INFO] [stderr]    Compiling function_name-proc-macro v0.3.0
[INFO] [stderr]    Compiling heck v0.4.1
[INFO] [stderr]    Compiling anstyle-parse v0.2.0
[INFO] [stderr]    Compiling syntree v0.14.5
[INFO] [stderr]    Compiling unicode-width v0.1.10
[INFO] [stderr]    Compiling clap_lex v0.4.1
[INFO] [stderr]    Compiling regex v1.7.3
[INFO] [stderr]    Compiling codespan-reporting v0.11.1
[INFO] [stderr]    Compiling regex-automata v0.2.0
[INFO] [stderr]    Compiling parol-macros v0.2.0
[INFO] [stderr]    Compiling bitflags v2.1.0
[INFO] [stderr]    Compiling function_name v0.3.0
[INFO] [stderr]    Compiling owo-colors v3.5.0
[INFO] [stderr]    Compiling ume v0.1.0
[INFO] [stderr]    Compiling quote v1.0.26
[INFO] [stderr]    Compiling syn v2.0.15
[INFO] [stderr]    Compiling getrandom v0.2.9
[INFO] [stderr]    Compiling num_cpus v1.15.0
[INFO] [stderr]    Compiling rand_core v0.6.4
[INFO] [stderr]    Compiling rand_chacha v0.3.1
[INFO] [stderr]    Compiling rand v0.8.5
[INFO] [stderr]    Compiling is-terminal v0.4.7
[INFO] [stderr]    Compiling anstream v0.3.0
[INFO] [stderr]    Compiling env_logger v0.10.0
[INFO] [stderr]    Compiling rand_regex v0.15.1
[INFO] [stderr]    Compiling clap_builder v4.2.4
[INFO] [stderr]    Compiling darling_core v0.14.4
[INFO] [stderr]    Compiling thiserror-impl v1.0.40
[INFO] [stderr]    Compiling serde_derive v1.0.160
[INFO] [stderr]    Compiling clap_derive v4.2.0
[INFO] [stderr]    Compiling thiserror v1.0.40
[INFO] [stderr]    Compiling syntree_layout v0.2.0
[INFO] [stderr]    Compiling darling_macro v0.14.4
[INFO] [stderr]    Compiling clap v4.2.4
[INFO] [stderr]    Compiling darling v0.14.4
[INFO] [stderr]    Compiling derive_builder_core v0.12.0
[INFO] [stderr]    Compiling derive_builder_macro v0.12.0
[INFO] [stderr]    Compiling derive_builder v0.12.0
[INFO] [stderr]    Compiling parol_runtime v0.16.0
[INFO] [stderr]    Compiling serde_json v1.0.96
[INFO] [stderr]    Compiling parol v0.21.3 (/opt/rustwide/workdir)
[INFO] [stderr]     Finished dev [unoptimized + debuginfo] target(s) in 41.87s
[INFO] running `Command { std: "docker" "inspect" "22c6e2bd7f9b520e8be5a1e246ee01e5e23c98dde4e3b11def4904ddbf466fd5", kill_on_drop: false }`
[INFO] running `Command { std: "docker" "rm" "-f" "22c6e2bd7f9b520e8be5a1e246ee01e5e23c98dde4e3b11def4904ddbf466fd5", kill_on_drop: false }`
[INFO] [stdout] 22c6e2bd7f9b520e8be5a1e246ee01e5e23c98dde4e3b11def4904ddbf466fd5
[INFO] running `Command { std: "docker" "create" "-v" "/var/lib/crater-agent-workspace/builds/worker-1-tc1/target:/opt/rustwide/target:rw,Z" "-v" "/var/lib/crater-agent-workspace/builds/worker-1-tc1/source:/opt/rustwide/workdir:ro,Z" "-v" "/var/lib/crater-agent-workspace/cargo-home:/opt/rustwide/cargo-home:ro,Z" "-v" "/var/lib/crater-agent-workspace/rustup-home:/opt/rustwide/rustup-home:ro,Z" "-e" "SOURCE_DIR=/opt/rustwide/workdir" "-e" "CARGO_TARGET_DIR=/opt/rustwide/target" "-e" "CARGO_INCREMENTAL=0" "-e" "RUST_BACKTRACE=full" "-e" "RUSTFLAGS=--cap-lints=warn" "-e" "RUSTDOCFLAGS=--cap-lints=warn" "-e" "CARGO_HOME=/opt/rustwide/cargo-home" "-e" "RUSTUP_HOME=/opt/rustwide/rustup-home" "-w" "/opt/rustwide/workdir" "-m" "1610612736" "--user" "0:0" "--network" "none" "ghcr.io/rust-lang/crates-build-env/linux@sha256:5ff2268d62e97bff2cde7d5815dd6ed5b47097566f13b8d0ca110b04b60e07ed" "/opt/rustwide/cargo-home/bin/cargo" "+1.69.0" "test" "--frozen" "--no-run" "--message-format=json", kill_on_drop: false }`
[INFO] [stdout] 388beff1b56d70ba80fa6215a10d65bc709d42f65aa9fa7932bc601349fcf91a
[INFO] running `Command { std: "docker" "start" "-a" "388beff1b56d70ba80fa6215a10d65bc709d42f65aa9fa7932bc601349fcf91a", kill_on_drop: false }`
[INFO] [stderr]     Blocking waiting for file lock on package cache
[INFO] [stderr]    Compiling rustix v0.37.11
[INFO] [stderr]    Compiling crossbeam-utils v0.8.15
[INFO] [stderr]    Compiling memoffset v0.8.0
[INFO] [stderr]    Compiling crossbeam-epoch v0.9.14
[INFO] [stderr]    Compiling rayon-core v1.11.0
[INFO] [stderr]    Compiling serde v1.0.160
[INFO] [stderr]    Compiling rand v0.8.5
[INFO] [stderr]    Compiling ciborium-io v0.2.0
[INFO] [stderr]    Compiling half v1.8.2
[INFO] [stderr]    Compiling plotters-backend v0.3.4
[INFO] [stderr]    Compiling clap_lex v0.2.4
[INFO] [stderr]    Compiling cast v0.3.0
[INFO] [stderr]    Compiling same-file v1.0.6
[INFO] [stderr]    Compiling textwrap v0.16.0
[INFO] [stderr]    Compiling predicates v3.0.3
[INFO] [stderr]    Compiling env_logger v0.8.4
[INFO] [stderr]    Compiling walkdir v2.3.3
[INFO] [stderr]    Compiling criterion-plot v0.5.0
[INFO] [stderr]    Compiling atty v0.2.14
[INFO] [stderr]    Compiling plotters-svg v0.3.3
[INFO] [stderr]    Compiling clap v3.2.23
[INFO] [stderr]    Compiling wait-timeout v0.2.0
[INFO] [stderr]    Compiling ciborium-ll v0.2.0
[INFO] [stderr]    Compiling plotters v0.3.4
[INFO] [stderr]    Compiling anes v0.1.6
[INFO] [stderr]    Compiling fastrand v1.9.0
[INFO] [stderr]    Compiling yansi v0.5.1
[INFO] [stderr]    Compiling diff v0.1.13
[INFO] [stderr]    Compiling oorandom v11.1.3
[INFO] [stderr]    Compiling assert_cmd v2.0.11
[INFO] [stderr]    Compiling crossbeam-channel v0.5.8
[INFO] [stderr]    Compiling pretty_assertions v1.3.0
[INFO] [stderr]    Compiling quickcheck_macros v1.0.0
[INFO] [stderr]    Compiling rand_regex v0.15.1
[INFO] [stderr]    Compiling quickcheck v1.0.3
[INFO] [stderr]    Compiling crossbeam-deque v0.8.3
[INFO] [stderr]    Compiling rayon v1.7.0
[INFO] [stderr]    Compiling is-terminal v0.4.7
[INFO] [stderr]    Compiling tempfile v3.5.0
[INFO] [stderr]    Compiling anstream v0.3.0
[INFO] [stderr]    Compiling env_logger v0.10.0
[INFO] [stderr]    Compiling clap_builder v4.2.4
[INFO] [stderr]    Compiling serde_json v1.0.96
[INFO] [stderr]    Compiling ciborium v0.2.0
[INFO] [stderr]    Compiling tinytemplate v1.2.1
[INFO] [stderr]    Compiling criterion v0.4.0
[INFO] [stderr]    Compiling clap v4.2.4
[INFO] [stderr]    Compiling parol v0.21.3 (/opt/rustwide/workdir)
[INFO] [stderr]     Finished test [unoptimized + debuginfo] target(s) in 26.39s
[INFO] running `Command { std: "docker" "inspect" "388beff1b56d70ba80fa6215a10d65bc709d42f65aa9fa7932bc601349fcf91a", kill_on_drop: false }`
[INFO] running `Command { std: "docker" "rm" "-f" "388beff1b56d70ba80fa6215a10d65bc709d42f65aa9fa7932bc601349fcf91a", kill_on_drop: false }`
[INFO] [stdout] 388beff1b56d70ba80fa6215a10d65bc709d42f65aa9fa7932bc601349fcf91a
[INFO] running `Command { std: "docker" "create" "-v" "/var/lib/crater-agent-workspace/builds/worker-1-tc1/target:/opt/rustwide/target:rw,Z" "-v" "/var/lib/crater-agent-workspace/builds/worker-1-tc1/source:/opt/rustwide/workdir:ro,Z" "-v" "/var/lib/crater-agent-workspace/cargo-home:/opt/rustwide/cargo-home:ro,Z" "-v" "/var/lib/crater-agent-workspace/rustup-home:/opt/rustwide/rustup-home:ro,Z" "-e" "SOURCE_DIR=/opt/rustwide/workdir" "-e" "CARGO_TARGET_DIR=/opt/rustwide/target" "-e" "CARGO_INCREMENTAL=0" "-e" "RUST_BACKTRACE=full" "-e" "RUSTFLAGS=--cap-lints=warn" "-e" "RUSTDOCFLAGS=--cap-lints=warn" "-e" "CARGO_HOME=/opt/rustwide/cargo-home" "-e" "RUSTUP_HOME=/opt/rustwide/rustup-home" "-w" "/opt/rustwide/workdir" "-m" "1610612736" "--user" "0:0" "--network" "none" "ghcr.io/rust-lang/crates-build-env/linux@sha256:5ff2268d62e97bff2cde7d5815dd6ed5b47097566f13b8d0ca110b04b60e07ed" "/opt/rustwide/cargo-home/bin/cargo" "+1.69.0" "test" "--frozen", kill_on_drop: false }`
[INFO] [stdout] 10b26f2d1965758022b201f42714341680f6700a82aedd2ebb80876a09cafea5
[INFO] running `Command { std: "docker" "start" "-a" "10b26f2d1965758022b201f42714341680f6700a82aedd2ebb80876a09cafea5", kill_on_drop: false }`
[INFO] [stderr]     Finished test [unoptimized + debuginfo] target(s) in 0.20s
[INFO] [stderr]      Running unittests src/lib.rs (/opt/rustwide/target/debug/deps/parol-94370f39e96d089b)
[INFO] [stdout] 
[INFO] [stdout] running 59 tests
[INFO] [stdout] test analysis::k_tuple::test::check_from_slice ... ok
[INFO] [stdout] test analysis::k_tuple::test::check_from_slice_with ... ok
[INFO] [stdout] test analysis::k_tuple::test::check_k_concat ... ok
[INFO] [stdout] test analysis::k_tuple::test::check_term ... ok
[INFO] [stdout] test analysis::k_tuples::test::k_tuples_eq_negative ... ok
[INFO] [stdout] test analysis::k_tuple::test::check_with_terminal_indices ... ok
[INFO] [stdout] test analysis::k_tuple::test::check_k_tuple_of ... ok
[INFO] [stdout] test analysis::k_tuples::test::k_tuples_eq_positive ... ok
[INFO] [stdout] test analysis::terminals_trie::test::node_children ... ok
[INFO] [stdout] test analysis::terminals_trie::test::trie_eq_negative ... ok
[INFO] [stdout] test analysis::terminals_trie::test::trie_eps ... ok
[INFO] [stdout] test analysis::terminals_trie::test::trie_eq_positive ... ok
[INFO] [stdout] test analysis::terminals_trie::test::node_terminal ... ok
[INFO] [stdout] test analysis::terminals_trie::test::trie_extend ... ok
[INFO] [stdout] test analysis::terminals_trie::test::trie_empty_iter ... ok
[INFO] [stdout] test analysis::terminals_trie::test::trie_insert ... ok
[INFO] [stdout] test analysis::terminals_trie::test::trie_end ... ok
[INFO] [stdout] test analysis::terminals_trie::test::node_new ... ok
[INFO] [stdout] test analysis::terminals_trie::test::node_default ... ok
[INFO] [stdout] test analysis::terminals_trie::test::trie_is_disjoint_negative ... ok
[INFO] [stdout] test analysis::terminals_trie::test::trie_is_disjoint_positive ... ok
[INFO] [stdout] test analysis::terminals_trie::test::trie_iter_empty_single ... ok
[INFO] [stdout] test analysis::terminals_trie::test::trie_iter ... ok
[INFO] [stdout] test analysis::terminals_trie::test::trie_insert_is_commutative_regarding_eq ... ok
[INFO] [stdout] test analysis::terminals_trie::test::node_is_child ... ok
[INFO] [stdout] test analysis::terminals_trie::test::trie_intersection ... ok
[INFO] [stdout] test analysis::terminals_trie::test::trie_iter_single ... ok
[INFO] [stdout] test analysis::terminals_trie::test::trie_multiple_inserts_two_roots ... ok
[INFO] [stdout] test analysis::k_tuples::test::k_tuples_insert_is_commutative_regarding_eq ... ok
[INFO] [stdout] test conversions::dot::lookahead_dfa_to_dot::tests::test_render_dfa_dot_string ... ok
[INFO] [stdout] test generators::grammar_config::test::check_generate_augmented_terminals ... ok
[INFO] [stdout] test analysis::terminals_trie::test::trie_new ... ok
[INFO] [stdout] test analysis::terminals_trie::test::trie_multiple_inserts_single_root ... ok
[INFO] [stdout] test analysis::terminals_trie::test::trie_multiple_inserts_no_change ... ok
[INFO] [stdout] test transformation::canonicalization::test::eliminate_single_rep_case_2 ... ok
[INFO] [stdout] test transformation::canonicalization::test::test_apply_production_transformation1 ... ok
[INFO] [stdout] test transformation::canonicalization::test::eliminate_single_rep_case_1 ... ok
[INFO] [stdout] test transformation::canonicalization::test::eliminate_single_opt_case_1 ... ok
[INFO] [stdout] test transformation::canonicalization::test::eliminate_single_opt_case_2 ... ok
[INFO] [stdout] test conversions::par::grammar_to_par::test::check_par_format ... ok
[INFO] [stdout] test transformation::canonicalization::test::test_apply_production_transformation_no_change ... ok
[INFO] [stdout] test transformation::left_factoring::tests::check_find_prefix_2 ... ok
[INFO] [stdout] test transformation::left_factoring::tests::check_find_prefix_1 ... ok
[INFO] [stdout] test transformation::left_factoring::tests::check_find_prefix_on_diffs ... ok
[INFO] [stdout] test transformation::left_factoring::tests::check_find_prefix_on_empty ... ok
[INFO] [stdout] test transformation::canonicalization::test::test_apply_production_transformation_empty_substitute ... ok
[INFO] [stdout] test transformation::canonicalization::test::test_apply_production_transformation2 ... ok
[INFO] [stdout] test transformation::left_factoring::tests::check_find_prefix_on_single ... ok
[INFO] [stdout] test analysis::terminals_trie::test::trie_iter_single_plus ... ok
[INFO] [stdout] test generators::symbol_table::tests::test_scope_relations ... ok
[INFO] [stdout] test transformation::canonicalization::test::eliminate_single_grp_case_1 ... ok
[INFO] [stdout] test transformation::canonicalization::test::eliminate_single_grp_case_2 ... ok
[INFO] [stdout] test conversions::dot::grammar_to_dot::test::check_dot_format ... ok
[INFO] [stdout] test analysis::k_decision::test::check_decidable ... ok
[INFO] [stdout] test analysis::k_decision::test::check_calculate_k ... ok
[INFO] [stdout] test analysis::terminals_trie::test::trie_behaves_like_hash_set ... ok
[INFO] [stdout] test analysis::terminals_trie::test::trie_item_count_equals_end_node_count ... ok
[INFO] [stdout] test generators::grammar_config::test::check_generate_augmented_terminals_generic ... ok
[INFO] [stdout] test analysis::left_recursion::test::check_detect_left_recursive_non_terminals ... ok
[INFO] [stderr]      Running unittests src/bin/parol/main.rs (/opt/rustwide/target/debug/deps/parol-bf0353fc225102ae)
[INFO] [stdout] 
[INFO] [stdout] test result: ok. 59 passed; 0 failed; 0 ignored; 0 measured; 0 filtered out; finished in 0.58s
[INFO] [stdout] 
[INFO] [stdout] 
[INFO] [stderr]    Doc-tests parol
[INFO] [stdout] running 0 tests
[INFO] [stdout] 
[INFO] [stdout] test result: ok. 0 passed; 0 failed; 0 ignored; 0 measured; 0 filtered out; finished in 0.00s
[INFO] [stdout] 
[INFO] [stdout] 
[INFO] [stdout] running 26 tests
[INFO] [stdout] test src/build.rs - build (line 24) ... ignored
[INFO] [stdout] test src/generators/naming_helper.rs - generators::naming_helper::NamingHelper::is_valid_name_character (line 163) ... FAILED
[INFO] [stdout] test src/analysis/k_tuple.rs - analysis::k_tuple::Terminals::eps (line 54) ... FAILED
[INFO] [stdout] test src/generators/naming_helper.rs - generators::naming_helper::NamingHelper::escape_rust_keyword (line 39) ... FAILED
[INFO] [stdout] test src/analysis/reachability.rs - analysis::reachability::unreachable_non_terminals (line 67) ... FAILED
[INFO] [stdout] test src/generators/naming_helper.rs - generators::naming_helper::NamingHelper::is_raw_identifier (line 28) ... FAILED
[INFO] [stdout] test src/analysis/k_tuple.rs - analysis::k_tuple::Terminals::end (line 73) ... FAILED
[INFO] [stdout] test src/analysis/k_tuple.rs - analysis::k_tuple::Terminals::new (line 39) ... FAILED
[INFO] [stdout] test src/generators/naming_helper.rs - generators::naming_helper::NamingHelper::add_unused_indicator (line 63) ... FAILED
[INFO] [stdout] test src/analysis/k_tuple.rs - analysis::k_tuple::Terminals::is_k_complete (line 161) ... FAILED
[INFO] [stdout] test src/generators/naming_helper.rs - generators::naming_helper::NamingHelper::is_rust_keyword (line 17) ... FAILED
[INFO] [stdout] test src/analysis/reachability.rs - analysis::reachability::reachable_from_non_terminal (line 241) ... FAILED
[INFO] [stdout] test src/analysis/reachability.rs - analysis::reachability::nt_producing_productions (line 339) ... FAILED
[INFO] [stdout] test src/analysis/reachability.rs - analysis::reachability::reachable_non_terminals (line 7) ... FAILED
[INFO] [stdout] test src/analysis/reachability.rs - analysis::reachability::reachable_from_production (line 117) ... FAILED
[INFO] [stdout] test src/generators/naming_helper.rs - generators::naming_helper::NamingHelper::to_lower_snake_case (line 85) ... FAILED
[INFO] [stdout] test src/generators/naming_helper.rs - generators::naming_helper::NamingHelper::to_upper_camel_case (line 124) ... FAILED
[INFO] [stdout] test src/generators/naming_helper.rs - generators::naming_helper::NamingHelper::purge_name (line 184) ... FAILED
[INFO] [stdout] test src/analysis/k_tuples.rs - analysis::k_tuples::KTuples::k_concat (line 96) ... FAILED
[INFO] [stdout] test src/grammar/cfg.rs - grammar::cfg::Cfg::calculate_nullable_non_terminals (line 283) ... FAILED
[INFO] [stdout] test src/grammar/symbol.rs - grammar::symbol::TerminalKind::expands_like (line 66) ... ok
[INFO] [stdout] test src/grammar/symbol.rs - grammar::symbol::TerminalKind::behaves_like (line 38) ... ok
[INFO] [stdout] test src/analysis/reachability.rs - analysis::reachability::nt_reachability (line 411) ... ok
[INFO] [stdout] test src/parser/parol_grammar.rs - parser::parol_grammar::UserDefinedTypeName::get_module_scoped_name (line 57) ... ok
[INFO] [stdout] test src/parser/parol_grammar.rs - parser::parol_grammar::UserDefinedTypeName::is_empty (line 39) ... ok
[INFO] [stdout] test src/grammar/production.rs - grammar::production::Pr::fmt (line 31) ... ok
[INFO] [stdout] 
[INFO] [stdout] failures:
[INFO] [stdout] 
[INFO] [stdout] ---- src/generators/naming_helper.rs - generators::naming_helper::NamingHelper::is_valid_name_character (line 163) stdout ----
[INFO] [stdout] error: linking with `cc` failed: exit status: 1
[INFO] [stdout]   |
[INFO] [stdout]   = note: LC_ALL="C" PATH="/opt/rustwide/rustup-home/toolchains/1.69.0-x86_64-unknown-linux-gnu/lib/rustlib/x86_64-unknown-linux-gnu/bin:/opt/rustwide/cargo-home/bin:/usr/local/sbin:/usr/local/bin:/usr/sbin:/usr/bin:/sbin:/bin" VSLANG="1033" "cc" "-m64" "/tmp/rustcnloQyr/symbols.o" "/tmp/rustdoctestPHp1a7/rust_out.rust_out.5bfee551-cgu.0.rcgu.o" "/tmp/rustdoctestPHp1a7/rust_out.j00p4ncf7xg64kg.rcgu.o" "-Wl,--as-needed" "-L" "/opt/rustwide/target/debug/deps" "-L" "/opt/rustwide/target/debug/deps" "-L" "/opt/rustwide/rustup-home/toolchains/1.69.0-x86_64-unknown-linux-gnu/lib/rustlib/x86_64-unknown-linux-gnu/lib" "-Wl,-Bstatic" "/opt/rustwide/target/debug/deps/libparol-83e12ffa8283f139.rlib" "/opt/rustwide/target/debug/deps/libnum_cpus-a113ddc094185f59.rlib" "/opt/rustwide/target/debug/deps/libbitflags-372beabd903b8765.rlib" "/opt/rustwide/target/debug/deps/libregex-bc0557adb69c609c.rlib" "/opt/rustwide/target/debug/deps/libaho_corasick-9bb9d75852409017.rlib" "/opt/rustwide/target/debug/deps/libserde-d4c673f14439486d.rlib" "/opt/rustwide/target/debug/deps/libparol_runtime-ec66f223ca91507d.rlib" "/opt/rustwide/target/debug/deps/libcodespan_reporting-dc4f3445555cebf8.rlib" "/opt/rustwide/target/debug/deps/libunicode_width-f75bb0008a5efcfa.rlib" "/opt/rustwide/target/debug/deps/libtermcolor-b72ffe4cbd1728e7.rlib" "/opt/rustwide/target/debug/deps/libsyntree_layout-3a3661db8f3f8a24.rlib" "/opt/rustwide/target/debug/deps/libxml_writer-ac7d454c7659fe3c.rlib" "/opt/rustwide/target/debug/deps/libthiserror-0585cb50e2f72692.rlib" "/opt/rustwide/target/debug/deps/libsyntree-b713ca6df61dc6a4.rlib" "/opt/rustwide/target/debug/deps/liblog-e4acea3c8ca43b70.rlib" "/opt/rustwide/target/debug/deps/libanyhow-06517169a980eda8.rlib" "/opt/rustwide/target/debug/deps/libregex_automata-3a883838023b0e47.rlib" "/opt/rustwide/target/debug/deps/libmemchr-b18e4aa3c7a38625.rlib" "/opt/rustwide/target/debug/deps/libparol_macros-4d77d37e5fb8e6c6.rlib" "/opt/rustwide/target/debug/deps/libclap-5a7c56e0fe821fa7.rlib" "/opt/rustwide/target/debug/deps/libclap_builder-574b9e60a09af206.rlib" "/opt/rustwide/target/debug/deps/libstrsim-6c4a301b03dc606f.rlib" "/opt/rustwide/target/debug/deps/libanstream-37a453ca43956363.rlib" "/opt/rustwide/target/debug/deps/libanstyle_query-557530b7a0584f9c.rlib" "/opt/rustwide/target/debug/deps/libis_terminal-4ae3e4111b4d87b7.rlib" "/opt/rustwide/target/debug/deps/librustix-849894367a7c21df.rlib" "/opt/rustwide/target/debug/deps/liblinux_raw_sys-10042d475b0cdd7a.rlib" "/opt/rustwide/target/debug/deps/libio_lifetimes-afa3204175273c6d.rlib" "/opt/rustwide/target/debug/deps/libanstyle-65bab265c6b958b3.rlib" "/opt/rustwide/target/debug/deps/libcolorchoice-804ff24ea1444180.rlib" "/opt/rustwide/target/debug/deps/libanstyle_parse-8108e06ab49dbaf2.rlib" "/opt/rustwide/target/debug/deps/libutf8parse-03cddaef72c90e73.rlib" "/opt/rustwide/target/debug/deps/libclap_lex-40e30411ea835822.rlib" "/opt/rustwide/target/debug/deps/libbitflags-82cc2d155c6eb112.rlib" "/opt/rustwide/target/debug/deps/libonce_cell-7d2ec3fb6b6c5a4d.rlib" "/opt/rustwide/target/debug/deps/librand_regex-02ceab19eb5d5a93.rlib" "/opt/rustwide/target/debug/deps/libregex_syntax-4f5764d8391a61ee.rlib" "/opt/rustwide/target/debug/deps/librand-cdbfe7894fbe6480.rlib" "/opt/rustwide/target/debug/deps/librand_chacha-a83a780ec0834b22.rlib" "/opt/rustwide/target/debug/deps/libppv_lite86-c3ad053967cc551c.rlib" "/opt/rustwide/target/debug/deps/librand_core-e8a82d14a9afd42d.rlib" "/opt/rustwide/target/debug/deps/libgetrandom-9d41a64033a18804.rlib" "/opt/rustwide/target/debug/deps/liblibc-09c46731ae1c781e.rlib" "/opt/rustwide/target/debug/deps/libcfg_if-e5e118dd7d121aaa.rlib" "/opt/rustwide/target/debug/deps/libderive_builder-0a54f4d5f1ec8f88.rlib" "/opt/rustwide/target/debug/deps/libfunction_name-b07710bdc33b9394.rlib" "/opt/rustwide/rustup-home/toolchains/1.69.0-x86_64-unknown-linux-gnu/lib/rustlib/x86_64-unknown-linux-gnu/lib/libstd-89bc084783fdc439.rlib" "/opt/rustwide/rustup-home/toolchains/1.69.0-x86_64-unknown-linux-gnu/lib/rustlib/x86_64-unknown-linux-gnu/lib/libpanic_unwind-8bee4b287d4367c1.rlib" "/opt/rustwide/rustup-home/toolchains/1.69.0-x86_64-unknown-linux-gnu/lib/rustlib/x86_64-unknown-linux-gnu/lib/libobject-d61707aed80694c0.rlib" "/opt/rustwide/rustup-home/toolchains/1.69.0-x86_64-unknown-linux-gnu/lib/rustlib/x86_64-unknown-linux-gnu/lib/libmemchr-d85366256f22345b.rlib" "/opt/rustwide/rustup-home/toolchains/1.69.0-x86_64-unknown-linux-gnu/lib/rustlib/x86_64-unknown-linux-gnu/lib/libaddr2line-96069b86b8a8cae9.rlib" "/opt/rustwide/rustup-home/toolchains/1.69.0-x86_64-unknown-linux-gnu/lib/rustlib/x86_64-unknown-linux-gnu/lib/libgimli-d19d53abf68dfa6c.rlib" "/opt/rustwide/rustup-home/toolchains/1.69.0-x86_64-unknown-linux-gnu/lib/rustlib/x86_64-unknown-linux-gnu/lib/librustc_demangle-787cbccd19d64ac6.rlib" "/opt/rustwide/rustup-home/toolchains/1.69.0-x86_64-unknown-linux-gnu/lib/rustlib/x86_64-unknown-linux-gnu/lib/libstd_detect-b3837a36b830e0d0.rlib" "/opt/rustwide/rustup-home/toolchains/1.69.0-x86_64-unknown-linux-gnu/lib/rustlib/x86_64-unknown-linux-gnu/lib/libhashbrown-e3deb0e7e3f04966.rlib" "/opt/rustwide/rustup-home/toolchains/1.69.0-x86_64-unknown-linux-gnu/lib/rustlib/x86_64-unknown-linux-gnu/lib/libminiz_oxide-dabbb79c9815def4.rlib" "/opt/rustwide/rustup-home/toolchains/1.69.0-x86_64-unknown-linux-gnu/lib/rustlib/x86_64-unknown-linux-gnu/lib/libadler-305b01f34c9409f2.rlib" "/opt/rustwide/rustup-home/toolchains/1.69.0-x86_64-unknown-linux-gnu/lib/rustlib/x86_64-unknown-linux-gnu/lib/librustc_std_workspace_alloc-f833521df6074e73.rlib" "/opt/rustwide/rustup-home/toolchains/1.69.0-x86_64-unknown-linux-gnu/lib/rustlib/x86_64-unknown-linux-gnu/lib/libunwind-9ac333113350d171.rlib" "/opt/rustwide/rustup-home/toolchains/1.69.0-x86_64-unknown-linux-gnu/lib/rustlib/x86_64-unknown-linux-gnu/lib/libcfg_if-1c126114322d0eee.rlib" "/opt/rustwide/rustup-home/toolchains/1.69.0-x86_64-unknown-linux-gnu/lib/rustlib/x86_64-unknown-linux-gnu/lib/liblibc-bad9164fdeeecf92.rlib" "/opt/rustwide/rustup-home/toolchains/1.69.0-x86_64-unknown-linux-gnu/lib/rustlib/x86_64-unknown-linux-gnu/lib/liballoc-f9374b1e480fa681.rlib" "/opt/rustwide/rustup-home/toolchains/1.69.0-x86_64-unknown-linux-gnu/lib/rustlib/x86_64-unknown-linux-gnu/lib/librustc_std_workspace_core-207f06e41d9603af.rlib" "/opt/rustwide/rustup-home/toolchains/1.69.0-x86_64-unknown-linux-gnu/lib/rustlib/x86_64-unknown-linux-gnu/lib/libcore-7e2768e66e984e85.rlib" "/opt/rustwide/rustup-home/toolchains/1.69.0-x86_64-unknown-linux-gnu/lib/rustlib/x86_64-unknown-linux-gnu/lib/libcompiler_builtins-957b4aff41f8cd46.rlib" "-Wl,-Bdynamic" "-lgcc_s" "-lutil" "-lrt" "-lpthread" "-lm" "-ldl" "-lc" "-Wl,--eh-frame-hdr" "-Wl,-z,noexecstack" "-L" "/opt/rustwide/rustup-home/toolchains/1.69.0-x86_64-unknown-linux-gnu/lib/rustlib/x86_64-unknown-linux-gnu/lib" "-o" "/tmp/rustdoctestPHp1a7/rust_out" "-Wl,--gc-sections" "-pie" "-Wl,-z,relro,-z,now" "-nodefaultlibs"
[INFO] [stdout]   = note: collect2: fatal error: ld terminated with signal 9 [Killed]
[INFO] [stdout]           compilation terminated.
[INFO] [stdout]           
[INFO] [stdout] 
[INFO] [stdout] error: aborting due to previous error
[INFO] [stdout] 
[INFO] [stdout] Couldn't compile the test.
[INFO] [stdout] ---- src/analysis/k_tuple.rs - analysis::k_tuple::Terminals::eps (line 54) stdout ----
[INFO] [stdout] error: linking with `cc` failed: exit status: 1
[INFO] [stdout]   |
[INFO] [stdout]   = note: LC_ALL="C" PATH="/opt/rustwide/rustup-home/toolchains/1.69.0-x86_64-unknown-linux-gnu/lib/rustlib/x86_64-unknown-linux-gnu/bin:/opt/rustwide/cargo-home/bin:/usr/local/sbin:/usr/local/bin:/usr/sbin:/usr/bin:/sbin:/bin" VSLANG="1033" "cc" "-m64" "/tmp/rustcqUq0i9/symbols.o" "/tmp/rustdoctestUAAjeM/rust_out.rust_out.5bfee551-cgu.0.rcgu.o" "/tmp/rustdoctestUAAjeM/rust_out.j00p4ncf7xg64kg.rcgu.o" "-Wl,--as-needed" "-L" "/opt/rustwide/target/debug/deps" "-L" "/opt/rustwide/target/debug/deps" "-L" "/opt/rustwide/rustup-home/toolchains/1.69.0-x86_64-unknown-linux-gnu/lib/rustlib/x86_64-unknown-linux-gnu/lib" "-Wl,-Bstatic" "/opt/rustwide/target/debug/deps/libparol-83e12ffa8283f139.rlib" "/opt/rustwide/target/debug/deps/libnum_cpus-a113ddc094185f59.rlib" "/opt/rustwide/target/debug/deps/libbitflags-372beabd903b8765.rlib" "/opt/rustwide/target/debug/deps/libregex-bc0557adb69c609c.rlib" "/opt/rustwide/target/debug/deps/libaho_corasick-9bb9d75852409017.rlib" "/opt/rustwide/target/debug/deps/libserde-d4c673f14439486d.rlib" "/opt/rustwide/target/debug/deps/libparol_runtime-ec66f223ca91507d.rlib" "/opt/rustwide/target/debug/deps/libcodespan_reporting-dc4f3445555cebf8.rlib" "/opt/rustwide/target/debug/deps/libunicode_width-f75bb0008a5efcfa.rlib" "/opt/rustwide/target/debug/deps/libtermcolor-b72ffe4cbd1728e7.rlib" "/opt/rustwide/target/debug/deps/libsyntree_layout-3a3661db8f3f8a24.rlib" "/opt/rustwide/target/debug/deps/libxml_writer-ac7d454c7659fe3c.rlib" "/opt/rustwide/target/debug/deps/libthiserror-0585cb50e2f72692.rlib" "/opt/rustwide/target/debug/deps/libsyntree-b713ca6df61dc6a4.rlib" "/opt/rustwide/target/debug/deps/liblog-e4acea3c8ca43b70.rlib" "/opt/rustwide/target/debug/deps/libanyhow-06517169a980eda8.rlib" "/opt/rustwide/target/debug/deps/libregex_automata-3a883838023b0e47.rlib" "/opt/rustwide/target/debug/deps/libmemchr-b18e4aa3c7a38625.rlib" "/opt/rustwide/target/debug/deps/libparol_macros-4d77d37e5fb8e6c6.rlib" "/opt/rustwide/target/debug/deps/libclap-5a7c56e0fe821fa7.rlib" "/opt/rustwide/target/debug/deps/libclap_builder-574b9e60a09af206.rlib" "/opt/rustwide/target/debug/deps/libstrsim-6c4a301b03dc606f.rlib" "/opt/rustwide/target/debug/deps/libanstream-37a453ca43956363.rlib" "/opt/rustwide/target/debug/deps/libanstyle_query-557530b7a0584f9c.rlib" "/opt/rustwide/target/debug/deps/libis_terminal-4ae3e4111b4d87b7.rlib" "/opt/rustwide/target/debug/deps/librustix-849894367a7c21df.rlib" "/opt/rustwide/target/debug/deps/liblinux_raw_sys-10042d475b0cdd7a.rlib" "/opt/rustwide/target/debug/deps/libio_lifetimes-afa3204175273c6d.rlib" "/opt/rustwide/target/debug/deps/libanstyle-65bab265c6b958b3.rlib" "/opt/rustwide/target/debug/deps/libcolorchoice-804ff24ea1444180.rlib" "/opt/rustwide/target/debug/deps/libanstyle_parse-8108e06ab49dbaf2.rlib" "/opt/rustwide/target/debug/deps/libutf8parse-03cddaef72c90e73.rlib" "/opt/rustwide/target/debug/deps/libclap_lex-40e30411ea835822.rlib" "/opt/rustwide/target/debug/deps/libbitflags-82cc2d155c6eb112.rlib" "/opt/rustwide/target/debug/deps/libonce_cell-7d2ec3fb6b6c5a4d.rlib" "/opt/rustwide/target/debug/deps/librand_regex-02ceab19eb5d5a93.rlib" "/opt/rustwide/target/debug/deps/libregex_syntax-4f5764d8391a61ee.rlib" "/opt/rustwide/target/debug/deps/librand-cdbfe7894fbe6480.rlib" "/opt/rustwide/target/debug/deps/librand_chacha-a83a780ec0834b22.rlib" "/opt/rustwide/target/debug/deps/libppv_lite86-c3ad053967cc551c.rlib" "/opt/rustwide/target/debug/deps/librand_core-e8a82d14a9afd42d.rlib" "/opt/rustwide/target/debug/deps/libgetrandom-9d41a64033a18804.rlib" "/opt/rustwide/target/debug/deps/liblibc-09c46731ae1c781e.rlib" "/opt/rustwide/target/debug/deps/libcfg_if-e5e118dd7d121aaa.rlib" "/opt/rustwide/target/debug/deps/libderive_builder-0a54f4d5f1ec8f88.rlib" "/opt/rustwide/target/debug/deps/libfunction_name-b07710bdc33b9394.rlib" "/opt/rustwide/rustup-home/toolchains/1.69.0-x86_64-unknown-linux-gnu/lib/rustlib/x86_64-unknown-linux-gnu/lib/libstd-89bc084783fdc439.rlib" "/opt/rustwide/rustup-home/toolchains/1.69.0-x86_64-unknown-linux-gnu/lib/rustlib/x86_64-unknown-linux-gnu/lib/libpanic_unwind-8bee4b287d4367c1.rlib" "/opt/rustwide/rustup-home/toolchains/1.69.0-x86_64-unknown-linux-gnu/lib/rustlib/x86_64-unknown-linux-gnu/lib/libobject-d61707aed80694c0.rlib" "/opt/rustwide/rustup-home/toolchains/1.69.0-x86_64-unknown-linux-gnu/lib/rustlib/x86_64-unknown-linux-gnu/lib/libmemchr-d85366256f22345b.rlib" "/opt/rustwide/rustup-home/toolchains/1.69.0-x86_64-unknown-linux-gnu/lib/rustlib/x86_64-unknown-linux-gnu/lib/libaddr2line-96069b86b8a8cae9.rlib" "/opt/rustwide/rustup-home/toolchains/1.69.0-x86_64-unknown-linux-gnu/lib/rustlib/x86_64-unknown-linux-gnu/lib/libgimli-d19d53abf68dfa6c.rlib" "/opt/rustwide/rustup-home/toolchains/1.69.0-x86_64-unknown-linux-gnu/lib/rustlib/x86_64-unknown-linux-gnu/lib/librustc_demangle-787cbccd19d64ac6.rlib" "/opt/rustwide/rustup-home/toolchains/1.69.0-x86_64-unknown-linux-gnu/lib/rustlib/x86_64-unknown-linux-gnu/lib/libstd_detect-b3837a36b830e0d0.rlib" "/opt/rustwide/rustup-home/toolchains/1.69.0-x86_64-unknown-linux-gnu/lib/rustlib/x86_64-unknown-linux-gnu/lib/libhashbrown-e3deb0e7e3f04966.rlib" "/opt/rustwide/rustup-home/toolchains/1.69.0-x86_64-unknown-linux-gnu/lib/rustlib/x86_64-unknown-linux-gnu/lib/libminiz_oxide-dabbb79c9815def4.rlib" "/opt/rustwide/rustup-home/toolchains/1.69.0-x86_64-unknown-linux-gnu/lib/rustlib/x86_64-unknown-linux-gnu/lib/libadler-305b01f34c9409f2.rlib" "/opt/rustwide/rustup-home/toolchains/1.69.0-x86_64-unknown-linux-gnu/lib/rustlib/x86_64-unknown-linux-gnu/lib/librustc_std_workspace_alloc-f833521df6074e73.rlib" "/opt/rustwide/rustup-home/toolchains/1.69.0-x86_64-unknown-linux-gnu/lib/rustlib/x86_64-unknown-linux-gnu/lib/libunwind-9ac333113350d171.rlib" "/opt/rustwide/rustup-home/toolchains/1.69.0-x86_64-unknown-linux-gnu/lib/rustlib/x86_64-unknown-linux-gnu/lib/libcfg_if-1c126114322d0eee.rlib" "/opt/rustwide/rustup-home/toolchains/1.69.0-x86_64-unknown-linux-gnu/lib/rustlib/x86_64-unknown-linux-gnu/lib/liblibc-bad9164fdeeecf92.rlib" "/opt/rustwide/rustup-home/toolchains/1.69.0-x86_64-unknown-linux-gnu/lib/rustlib/x86_64-unknown-linux-gnu/lib/liballoc-f9374b1e480fa681.rlib" "/opt/rustwide/rustup-home/toolchains/1.69.0-x86_64-unknown-linux-gnu/lib/rustlib/x86_64-unknown-linux-gnu/lib/librustc_std_workspace_core-207f06e41d9603af.rlib" "/opt/rustwide/rustup-home/toolchains/1.69.0-x86_64-unknown-linux-gnu/lib/rustlib/x86_64-unknown-linux-gnu/lib/libcore-7e2768e66e984e85.rlib" "/opt/rustwide/rustup-home/toolchains/1.69.0-x86_64-unknown-linux-gnu/lib/rustlib/x86_64-unknown-linux-gnu/lib/libcompiler_builtins-957b4aff41f8cd46.rlib" "-Wl,-Bdynamic" "-lgcc_s" "-lutil" "-lrt" "-lpthread" "-lm" "-ldl" "-lc" "-Wl,--eh-frame-hdr" "-Wl,-z,noexecstack" "-L" "/opt/rustwide/rustup-home/toolchains/1.69.0-x86_64-unknown-linux-gnu/lib/rustlib/x86_64-unknown-linux-gnu/lib" "-o" "/tmp/rustdoctestUAAjeM/rust_out" "-Wl,--gc-sections" "-pie" "-Wl,-z,relro,-z,now" "-nodefaultlibs"
[INFO] [stdout]   = note: collect2: fatal error: ld terminated with signal 9 [Killed]
[INFO] [stdout]           compilation terminated.
[INFO] [stdout]           
[INFO] [stdout] 
[INFO] [stdout] error: aborting due to previous error
[INFO] [stdout] 
[INFO] [stdout] Couldn't compile the test.
[INFO] [stdout] ---- src/generators/naming_helper.rs - generators::naming_helper::NamingHelper::escape_rust_keyword (line 39) stdout ----
[INFO] [stdout] error: linking with `cc` failed: exit status: 1
[INFO] [stdout]   |
[INFO] [stdout]   = note: LC_ALL="C" PATH="/opt/rustwide/rustup-home/toolchains/1.69.0-x86_64-unknown-linux-gnu/lib/rustlib/x86_64-unknown-linux-gnu/bin:/opt/rustwide/cargo-home/bin:/usr/local/sbin:/usr/local/bin:/usr/sbin:/usr/bin:/sbin:/bin" VSLANG="1033" "cc" "-m64" "/tmp/rustc3iW2T0/symbols.o" "/tmp/rustdoctestZmwzRl/rust_out.rust_out.5bfee551-cgu.0.rcgu.o" "/tmp/rustdoctestZmwzRl/rust_out.j00p4ncf7xg64kg.rcgu.o" "-Wl,--as-needed" "-L" "/opt/rustwide/target/debug/deps" "-L" "/opt/rustwide/target/debug/deps" "-L" "/opt/rustwide/rustup-home/toolchains/1.69.0-x86_64-unknown-linux-gnu/lib/rustlib/x86_64-unknown-linux-gnu/lib" "-Wl,-Bstatic" "/opt/rustwide/target/debug/deps/libparol-83e12ffa8283f139.rlib" "/opt/rustwide/target/debug/deps/libnum_cpus-a113ddc094185f59.rlib" "/opt/rustwide/target/debug/deps/libbitflags-372beabd903b8765.rlib" "/opt/rustwide/target/debug/deps/libregex-bc0557adb69c609c.rlib" "/opt/rustwide/target/debug/deps/libaho_corasick-9bb9d75852409017.rlib" "/opt/rustwide/target/debug/deps/libserde-d4c673f14439486d.rlib" "/opt/rustwide/target/debug/deps/libparol_runtime-ec66f223ca91507d.rlib" "/opt/rustwide/target/debug/deps/libcodespan_reporting-dc4f3445555cebf8.rlib" "/opt/rustwide/target/debug/deps/libunicode_width-f75bb0008a5efcfa.rlib" "/opt/rustwide/target/debug/deps/libtermcolor-b72ffe4cbd1728e7.rlib" "/opt/rustwide/target/debug/deps/libsyntree_layout-3a3661db8f3f8a24.rlib" "/opt/rustwide/target/debug/deps/libxml_writer-ac7d454c7659fe3c.rlib" "/opt/rustwide/target/debug/deps/libthiserror-0585cb50e2f72692.rlib" "/opt/rustwide/target/debug/deps/libsyntree-b713ca6df61dc6a4.rlib" "/opt/rustwide/target/debug/deps/liblog-e4acea3c8ca43b70.rlib" "/opt/rustwide/target/debug/deps/libanyhow-06517169a980eda8.rlib" "/opt/rustwide/target/debug/deps/libregex_automata-3a883838023b0e47.rlib" "/opt/rustwide/target/debug/deps/libmemchr-b18e4aa3c7a38625.rlib" "/opt/rustwide/target/debug/deps/libparol_macros-4d77d37e5fb8e6c6.rlib" "/opt/rustwide/target/debug/deps/libclap-5a7c56e0fe821fa7.rlib" "/opt/rustwide/target/debug/deps/libclap_builder-574b9e60a09af206.rlib" "/opt/rustwide/target/debug/deps/libstrsim-6c4a301b03dc606f.rlib" "/opt/rustwide/target/debug/deps/libanstream-37a453ca43956363.rlib" "/opt/rustwide/target/debug/deps/libanstyle_query-557530b7a0584f9c.rlib" "/opt/rustwide/target/debug/deps/libis_terminal-4ae3e4111b4d87b7.rlib" "/opt/rustwide/target/debug/deps/librustix-849894367a7c21df.rlib" "/opt/rustwide/target/debug/deps/liblinux_raw_sys-10042d475b0cdd7a.rlib" "/opt/rustwide/target/debug/deps/libio_lifetimes-afa3204175273c6d.rlib" "/opt/rustwide/target/debug/deps/libanstyle-65bab265c6b958b3.rlib" "/opt/rustwide/target/debug/deps/libcolorchoice-804ff24ea1444180.rlib" "/opt/rustwide/target/debug/deps/libanstyle_parse-8108e06ab49dbaf2.rlib" "/opt/rustwide/target/debug/deps/libutf8parse-03cddaef72c90e73.rlib" "/opt/rustwide/target/debug/deps/libclap_lex-40e30411ea835822.rlib" "/opt/rustwide/target/debug/deps/libbitflags-82cc2d155c6eb112.rlib" "/opt/rustwide/target/debug/deps/libonce_cell-7d2ec3fb6b6c5a4d.rlib" "/opt/rustwide/target/debug/deps/librand_regex-02ceab19eb5d5a93.rlib" "/opt/rustwide/target/debug/deps/libregex_syntax-4f5764d8391a61ee.rlib" "/opt/rustwide/target/debug/deps/librand-cdbfe7894fbe6480.rlib" "/opt/rustwide/target/debug/deps/librand_chacha-a83a780ec0834b22.rlib" "/opt/rustwide/target/debug/deps/libppv_lite86-c3ad053967cc551c.rlib" "/opt/rustwide/target/debug/deps/librand_core-e8a82d14a9afd42d.rlib" "/opt/rustwide/target/debug/deps/libgetrandom-9d41a64033a18804.rlib" "/opt/rustwide/target/debug/deps/liblibc-09c46731ae1c781e.rlib" "/opt/rustwide/target/debug/deps/libcfg_if-e5e118dd7d121aaa.rlib" "/opt/rustwide/target/debug/deps/libderive_builder-0a54f4d5f1ec8f88.rlib" "/opt/rustwide/target/debug/deps/libfunction_name-b07710bdc33b9394.rlib" "/opt/rustwide/rustup-home/toolchains/1.69.0-x86_64-unknown-linux-gnu/lib/rustlib/x86_64-unknown-linux-gnu/lib/libstd-89bc084783fdc439.rlib" "/opt/rustwide/rustup-home/toolchains/1.69.0-x86_64-unknown-linux-gnu/lib/rustlib/x86_64-unknown-linux-gnu/lib/libpanic_unwind-8bee4b287d4367c1.rlib" "/opt/rustwide/rustup-home/toolchains/1.69.0-x86_64-unknown-linux-gnu/lib/rustlib/x86_64-unknown-linux-gnu/lib/libobject-d61707aed80694c0.rlib" "/opt/rustwide/rustup-home/toolchains/1.69.0-x86_64-unknown-linux-gnu/lib/rustlib/x86_64-unknown-linux-gnu/lib/libmemchr-d85366256f22345b.rlib" "/opt/rustwide/rustup-home/toolchains/1.69.0-x86_64-unknown-linux-gnu/lib/rustlib/x86_64-unknown-linux-gnu/lib/libaddr2line-96069b86b8a8cae9.rlib" "/opt/rustwide/rustup-home/toolchains/1.69.0-x86_64-unknown-linux-gnu/lib/rustlib/x86_64-unknown-linux-gnu/lib/libgimli-d19d53abf68dfa6c.rlib" "/opt/rustwide/rustup-home/toolchains/1.69.0-x86_64-unknown-linux-gnu/lib/rustlib/x86_64-unknown-linux-gnu/lib/librustc_demangle-787cbccd19d64ac6.rlib" "/opt/rustwide/rustup-home/toolchains/1.69.0-x86_64-unknown-linux-gnu/lib/rustlib/x86_64-unknown-linux-gnu/lib/libstd_detect-b3837a36b830e0d0.rlib" "/opt/rustwide/rustup-home/toolchains/1.69.0-x86_64-unknown-linux-gnu/lib/rustlib/x86_64-unknown-linux-gnu/lib/libhashbrown-e3deb0e7e3f04966.rlib" "/opt/rustwide/rustup-home/toolchains/1.69.0-x86_64-unknown-linux-gnu/lib/rustlib/x86_64-unknown-linux-gnu/lib/libminiz_oxide-dabbb79c9815def4.rlib" "/opt/rustwide/rustup-home/toolchains/1.69.0-x86_64-unknown-linux-gnu/lib/rustlib/x86_64-unknown-linux-gnu/lib/libadler-305b01f34c9409f2.rlib" "/opt/rustwide/rustup-home/toolchains/1.69.0-x86_64-unknown-linux-gnu/lib/rustlib/x86_64-unknown-linux-gnu/lib/librustc_std_workspace_alloc-f833521df6074e73.rlib" "/opt/rustwide/rustup-home/toolchains/1.69.0-x86_64-unknown-linux-gnu/lib/rustlib/x86_64-unknown-linux-gnu/lib/libunwind-9ac333113350d171.rlib" "/opt/rustwide/rustup-home/toolchains/1.69.0-x86_64-unknown-linux-gnu/lib/rustlib/x86_64-unknown-linux-gnu/lib/libcfg_if-1c126114322d0eee.rlib" "/opt/rustwide/rustup-home/toolchains/1.69.0-x86_64-unknown-linux-gnu/lib/rustlib/x86_64-unknown-linux-gnu/lib/liblibc-bad9164fdeeecf92.rlib" "/opt/rustwide/rustup-home/toolchains/1.69.0-x86_64-unknown-linux-gnu/lib/rustlib/x86_64-unknown-linux-gnu/lib/liballoc-f9374b1e480fa681.rlib" "/opt/rustwide/rustup-home/toolchains/1.69.0-x86_64-unknown-linux-gnu/lib/rustlib/x86_64-unknown-linux-gnu/lib/librustc_std_workspace_core-207f06e41d9603af.rlib" "/opt/rustwide/rustup-home/toolchains/1.69.0-x86_64-unknown-linux-gnu/lib/rustlib/x86_64-unknown-linux-gnu/lib/libcore-7e2768e66e984e85.rlib" "/opt/rustwide/rustup-home/toolchains/1.69.0-x86_64-unknown-linux-gnu/lib/rustlib/x86_64-unknown-linux-gnu/lib/libcompiler_builtins-957b4aff41f8cd46.rlib" "-Wl,-Bdynamic" "-lgcc_s" "-lutil" "-lrt" "-lpthread" "-lm" "-ldl" "-lc" "-Wl,--eh-frame-hdr" "-Wl,-z,noexecstack" "-L" "/opt/rustwide/rustup-home/toolchains/1.69.0-x86_64-unknown-linux-gnu/lib/rustlib/x86_64-unknown-linux-gnu/lib" "-o" "/tmp/rustdoctestZmwzRl/rust_out" "-Wl,--gc-sections" "-pie" "-Wl,-z,relro,-z,now" "-nodefaultlibs"
[INFO] [stdout]   = note: collect2: fatal error: ld terminated with signal 9 [Killed]
[INFO] [stdout]           compilation terminated.
[INFO] [stdout]           
[INFO] [stdout] 
[INFO] [stdout] error: aborting due to previous error
[INFO] [stdout] 
[INFO] [stdout] Couldn't compile the test.
[INFO] [stdout] ---- src/analysis/reachability.rs - analysis::reachability::unreachable_non_terminals (line 67) stdout ----
[INFO] [stdout] error: linking with `cc` failed: exit status: 1
[INFO] [stdout]   |
[INFO] [stdout]   = note: LC_ALL="C" PATH="/opt/rustwide/rustup-home/toolchains/1.69.0-x86_64-unknown-linux-gnu/lib/rustlib/x86_64-unknown-linux-gnu/bin:/opt/rustwide/cargo-home/bin:/usr/local/sbin:/usr/local/bin:/usr/sbin:/usr/bin:/sbin:/bin" VSLANG="1033" "cc" "-m64" "/tmp/rustc3ICV9F/symbols.o" "/tmp/rustdoctestkVtb2A/rust_out.rust_out.5bfee551-cgu.0.rcgu.o" "/tmp/rustdoctestkVtb2A/rust_out.j00p4ncf7xg64kg.rcgu.o" "-Wl,--as-needed" "-L" "/opt/rustwide/target/debug/deps" "-L" "/opt/rustwide/target/debug/deps" "-L" "/opt/rustwide/rustup-home/toolchains/1.69.0-x86_64-unknown-linux-gnu/lib/rustlib/x86_64-unknown-linux-gnu/lib" "-Wl,-Bstatic" "/opt/rustwide/target/debug/deps/libparol-83e12ffa8283f139.rlib" "/opt/rustwide/target/debug/deps/libnum_cpus-a113ddc094185f59.rlib" "/opt/rustwide/target/debug/deps/libbitflags-372beabd903b8765.rlib" "/opt/rustwide/target/debug/deps/libregex-bc0557adb69c609c.rlib" "/opt/rustwide/target/debug/deps/libaho_corasick-9bb9d75852409017.rlib" "/opt/rustwide/target/debug/deps/libserde-d4c673f14439486d.rlib" "/opt/rustwide/target/debug/deps/libparol_runtime-ec66f223ca91507d.rlib" "/opt/rustwide/target/debug/deps/libcodespan_reporting-dc4f3445555cebf8.rlib" "/opt/rustwide/target/debug/deps/libunicode_width-f75bb0008a5efcfa.rlib" "/opt/rustwide/target/debug/deps/libtermcolor-b72ffe4cbd1728e7.rlib" "/opt/rustwide/target/debug/deps/libsyntree_layout-3a3661db8f3f8a24.rlib" "/opt/rustwide/target/debug/deps/libxml_writer-ac7d454c7659fe3c.rlib" "/opt/rustwide/target/debug/deps/libthiserror-0585cb50e2f72692.rlib" "/opt/rustwide/target/debug/deps/libsyntree-b713ca6df61dc6a4.rlib" "/opt/rustwide/target/debug/deps/liblog-e4acea3c8ca43b70.rlib" "/opt/rustwide/target/debug/deps/libanyhow-06517169a980eda8.rlib" "/opt/rustwide/target/debug/deps/libregex_automata-3a883838023b0e47.rlib" "/opt/rustwide/target/debug/deps/libmemchr-b18e4aa3c7a38625.rlib" "/opt/rustwide/target/debug/deps/libparol_macros-4d77d37e5fb8e6c6.rlib" "/opt/rustwide/target/debug/deps/libclap-5a7c56e0fe821fa7.rlib" "/opt/rustwide/target/debug/deps/libclap_builder-574b9e60a09af206.rlib" "/opt/rustwide/target/debug/deps/libstrsim-6c4a301b03dc606f.rlib" "/opt/rustwide/target/debug/deps/libanstream-37a453ca43956363.rlib" "/opt/rustwide/target/debug/deps/libanstyle_query-557530b7a0584f9c.rlib" "/opt/rustwide/target/debug/deps/libis_terminal-4ae3e4111b4d87b7.rlib" "/opt/rustwide/target/debug/deps/librustix-849894367a7c21df.rlib" "/opt/rustwide/target/debug/deps/liblinux_raw_sys-10042d475b0cdd7a.rlib" "/opt/rustwide/target/debug/deps/libio_lifetimes-afa3204175273c6d.rlib" "/opt/rustwide/target/debug/deps/libanstyle-65bab265c6b958b3.rlib" "/opt/rustwide/target/debug/deps/libcolorchoice-804ff24ea1444180.rlib" "/opt/rustwide/target/debug/deps/libanstyle_parse-8108e06ab49dbaf2.rlib" "/opt/rustwide/target/debug/deps/libutf8parse-03cddaef72c90e73.rlib" "/opt/rustwide/target/debug/deps/libclap_lex-40e30411ea835822.rlib" "/opt/rustwide/target/debug/deps/libbitflags-82cc2d155c6eb112.rlib" "/opt/rustwide/target/debug/deps/libonce_cell-7d2ec3fb6b6c5a4d.rlib" "/opt/rustwide/target/debug/deps/librand_regex-02ceab19eb5d5a93.rlib" "/opt/rustwide/target/debug/deps/libregex_syntax-4f5764d8391a61ee.rlib" "/opt/rustwide/target/debug/deps/librand-cdbfe7894fbe6480.rlib" "/opt/rustwide/target/debug/deps/librand_chacha-a83a780ec0834b22.rlib" "/opt/rustwide/target/debug/deps/libppv_lite86-c3ad053967cc551c.rlib" "/opt/rustwide/target/debug/deps/librand_core-e8a82d14a9afd42d.rlib" "/opt/rustwide/target/debug/deps/libgetrandom-9d41a64033a18804.rlib" "/opt/rustwide/target/debug/deps/liblibc-09c46731ae1c781e.rlib" "/opt/rustwide/target/debug/deps/libcfg_if-e5e118dd7d121aaa.rlib" "/opt/rustwide/target/debug/deps/libderive_builder-0a54f4d5f1ec8f88.rlib" "/opt/rustwide/target/debug/deps/libfunction_name-b07710bdc33b9394.rlib" "/opt/rustwide/rustup-home/toolchains/1.69.0-x86_64-unknown-linux-gnu/lib/rustlib/x86_64-unknown-linux-gnu/lib/libstd-89bc084783fdc439.rlib" "/opt/rustwide/rustup-home/toolchains/1.69.0-x86_64-unknown-linux-gnu/lib/rustlib/x86_64-unknown-linux-gnu/lib/libpanic_unwind-8bee4b287d4367c1.rlib" "/opt/rustwide/rustup-home/toolchains/1.69.0-x86_64-unknown-linux-gnu/lib/rustlib/x86_64-unknown-linux-gnu/lib/libobject-d61707aed80694c0.rlib" "/opt/rustwide/rustup-home/toolchains/1.69.0-x86_64-unknown-linux-gnu/lib/rustlib/x86_64-unknown-linux-gnu/lib/libmemchr-d85366256f22345b.rlib" "/opt/rustwide/rustup-home/toolchains/1.69.0-x86_64-unknown-linux-gnu/lib/rustlib/x86_64-unknown-linux-gnu/lib/libaddr2line-96069b86b8a8cae9.rlib" "/opt/rustwide/rustup-home/toolchains/1.69.0-x86_64-unknown-linux-gnu/lib/rustlib/x86_64-unknown-linux-gnu/lib/libgimli-d19d53abf68dfa6c.rlib" "/opt/rustwide/rustup-home/toolchains/1.69.0-x86_64-unknown-linux-gnu/lib/rustlib/x86_64-unknown-linux-gnu/lib/librustc_demangle-787cbccd19d64ac6.rlib" "/opt/rustwide/rustup-home/toolchains/1.69.0-x86_64-unknown-linux-gnu/lib/rustlib/x86_64-unknown-linux-gnu/lib/libstd_detect-b3837a36b830e0d0.rlib" "/opt/rustwide/rustup-home/toolchains/1.69.0-x86_64-unknown-linux-gnu/lib/rustlib/x86_64-unknown-linux-gnu/lib/libhashbrown-e3deb0e7e3f04966.rlib" "/opt/rustwide/rustup-home/toolchains/1.69.0-x86_64-unknown-linux-gnu/lib/rustlib/x86_64-unknown-linux-gnu/lib/libminiz_oxide-dabbb79c9815def4.rlib" "/opt/rustwide/rustup-home/toolchains/1.69.0-x86_64-unknown-linux-gnu/lib/rustlib/x86_64-unknown-linux-gnu/lib/libadler-305b01f34c9409f2.rlib" "/opt/rustwide/rustup-home/toolchains/1.69.0-x86_64-unknown-linux-gnu/lib/rustlib/x86_64-unknown-linux-gnu/lib/librustc_std_workspace_alloc-f833521df6074e73.rlib" "/opt/rustwide/rustup-home/toolchains/1.69.0-x86_64-unknown-linux-gnu/lib/rustlib/x86_64-unknown-linux-gnu/lib/libunwind-9ac333113350d171.rlib" "/opt/rustwide/rustup-home/toolchains/1.69.0-x86_64-unknown-linux-gnu/lib/rustlib/x86_64-unknown-linux-gnu/lib/libcfg_if-1c126114322d0eee.rlib" "/opt/rustwide/rustup-home/toolchains/1.69.0-x86_64-unknown-linux-gnu/lib/rustlib/x86_64-unknown-linux-gnu/lib/liblibc-bad9164fdeeecf92.rlib" "/opt/rustwide/rustup-home/toolchains/1.69.0-x86_64-unknown-linux-gnu/lib/rustlib/x86_64-unknown-linux-gnu/lib/liballoc-f9374b1e480fa681.rlib" "/opt/rustwide/rustup-home/toolchains/1.69.0-x86_64-unknown-linux-gnu/lib/rustlib/x86_64-unknown-linux-gnu/lib/librustc_std_workspace_core-207f06e41d9603af.rlib" "/opt/rustwide/rustup-home/toolchains/1.69.0-x86_64-unknown-linux-gnu/lib/rustlib/x86_64-unknown-linux-gnu/lib/libcore-7e2768e66e984e85.rlib" "/opt/rustwide/rustup-home/toolchains/1.69.0-x86_64-unknown-linux-gnu/lib/rustlib/x86_64-unknown-linux-gnu/lib/libcompiler_builtins-957b4aff41f8cd46.rlib" "-Wl,-Bdynamic" "-lgcc_s" "-lutil" "-lrt" "-lpthread" "-lm" "-ldl" "-lc" "-Wl,--eh-frame-hdr" "-Wl,-z,noexecstack" "-L" "/opt/rustwide/rustup-home/toolchains/1.69.0-x86_64-unknown-linux-gnu/lib/rustlib/x86_64-unknown-linux-gnu/lib" "-o" "/tmp/rustdoctestkVtb2A/rust_out" "-Wl,--gc-sections" "-pie" "-Wl,-z,relro,-z,now" "-nodefaultlibs"
[INFO] [stdout]   = note: collect2: fatal error: ld terminated with signal 9 [Killed]
[INFO] [stdout]           compilation terminated.
[INFO] [stdout]           
[INFO] [stdout] 
[INFO] [stdout] error: aborting due to previous error
[INFO] [stdout] 
[INFO] [stdout] Couldn't compile the test.
[INFO] [stdout] ---- src/generators/naming_helper.rs - generators::naming_helper::NamingHelper::is_raw_identifier (line 28) stdout ----
[INFO] [stdout] error: linking with `cc` failed: exit status: 1
[INFO] [stdout]   |
[INFO] [stdout]   = note: LC_ALL="C" PATH="/opt/rustwide/rustup-home/toolchains/1.69.0-x86_64-unknown-linux-gnu/lib/rustlib/x86_64-unknown-linux-gnu/bin:/opt/rustwide/cargo-home/bin:/usr/local/sbin:/usr/local/bin:/usr/sbin:/usr/bin:/sbin:/bin" VSLANG="1033" "cc" "-m64" "/tmp/rustcnw7fp7/symbols.o" "/tmp/rustdoctestq4zige/rust_out.rust_out.5bfee551-cgu.0.rcgu.o" "/tmp/rustdoctestq4zige/rust_out.j00p4ncf7xg64kg.rcgu.o" "-Wl,--as-needed" "-L" "/opt/rustwide/target/debug/deps" "-L" "/opt/rustwide/target/debug/deps" "-L" "/opt/rustwide/rustup-home/toolchains/1.69.0-x86_64-unknown-linux-gnu/lib/rustlib/x86_64-unknown-linux-gnu/lib" "-Wl,-Bstatic" "/opt/rustwide/target/debug/deps/libparol-83e12ffa8283f139.rlib" "/opt/rustwide/target/debug/deps/libnum_cpus-a113ddc094185f59.rlib" "/opt/rustwide/target/debug/deps/libbitflags-372beabd903b8765.rlib" "/opt/rustwide/target/debug/deps/libregex-bc0557adb69c609c.rlib" "/opt/rustwide/target/debug/deps/libaho_corasick-9bb9d75852409017.rlib" "/opt/rustwide/target/debug/deps/libserde-d4c673f14439486d.rlib" "/opt/rustwide/target/debug/deps/libparol_runtime-ec66f223ca91507d.rlib" "/opt/rustwide/target/debug/deps/libcodespan_reporting-dc4f3445555cebf8.rlib" "/opt/rustwide/target/debug/deps/libunicode_width-f75bb0008a5efcfa.rlib" "/opt/rustwide/target/debug/deps/libtermcolor-b72ffe4cbd1728e7.rlib" "/opt/rustwide/target/debug/deps/libsyntree_layout-3a3661db8f3f8a24.rlib" "/opt/rustwide/target/debug/deps/libxml_writer-ac7d454c7659fe3c.rlib" "/opt/rustwide/target/debug/deps/libthiserror-0585cb50e2f72692.rlib" "/opt/rustwide/target/debug/deps/libsyntree-b713ca6df61dc6a4.rlib" "/opt/rustwide/target/debug/deps/liblog-e4acea3c8ca43b70.rlib" "/opt/rustwide/target/debug/deps/libanyhow-06517169a980eda8.rlib" "/opt/rustwide/target/debug/deps/libregex_automata-3a883838023b0e47.rlib" "/opt/rustwide/target/debug/deps/libmemchr-b18e4aa3c7a38625.rlib" "/opt/rustwide/target/debug/deps/libparol_macros-4d77d37e5fb8e6c6.rlib" "/opt/rustwide/target/debug/deps/libclap-5a7c56e0fe821fa7.rlib" "/opt/rustwide/target/debug/deps/libclap_builder-574b9e60a09af206.rlib" "/opt/rustwide/target/debug/deps/libstrsim-6c4a301b03dc606f.rlib" "/opt/rustwide/target/debug/deps/libanstream-37a453ca43956363.rlib" "/opt/rustwide/target/debug/deps/libanstyle_query-557530b7a0584f9c.rlib" "/opt/rustwide/target/debug/deps/libis_terminal-4ae3e4111b4d87b7.rlib" "/opt/rustwide/target/debug/deps/librustix-849894367a7c21df.rlib" "/opt/rustwide/target/debug/deps/liblinux_raw_sys-10042d475b0cdd7a.rlib" "/opt/rustwide/target/debug/deps/libio_lifetimes-afa3204175273c6d.rlib" "/opt/rustwide/target/debug/deps/libanstyle-65bab265c6b958b3.rlib" "/opt/rustwide/target/debug/deps/libcolorchoice-804ff24ea1444180.rlib" "/opt/rustwide/target/debug/deps/libanstyle_parse-8108e06ab49dbaf2.rlib" "/opt/rustwide/target/debug/deps/libutf8parse-03cddaef72c90e73.rlib" "/opt/rustwide/target/debug/deps/libclap_lex-40e30411ea835822.rlib" "/opt/rustwide/target/debug/deps/libbitflags-82cc2d155c6eb112.rlib" "/opt/rustwide/target/debug/deps/libonce_cell-7d2ec3fb6b6c5a4d.rlib" "/opt/rustwide/target/debug/deps/librand_regex-02ceab19eb5d5a93.rlib" "/opt/rustwide/target/debug/deps/libregex_syntax-4f5764d8391a61ee.rlib" "/opt/rustwide/target/debug/deps/librand-cdbfe7894fbe6480.rlib" "/opt/rustwide/target/debug/deps/librand_chacha-a83a780ec0834b22.rlib" "/opt/rustwide/target/debug/deps/libppv_lite86-c3ad053967cc551c.rlib" "/opt/rustwide/target/debug/deps/librand_core-e8a82d14a9afd42d.rlib" "/opt/rustwide/target/debug/deps/libgetrandom-9d41a64033a18804.rlib" "/opt/rustwide/target/debug/deps/liblibc-09c46731ae1c781e.rlib" "/opt/rustwide/target/debug/deps/libcfg_if-e5e118dd7d121aaa.rlib" "/opt/rustwide/target/debug/deps/libderive_builder-0a54f4d5f1ec8f88.rlib" "/opt/rustwide/target/debug/deps/libfunction_name-b07710bdc33b9394.rlib" "/opt/rustwide/rustup-home/toolchains/1.69.0-x86_64-unknown-linux-gnu/lib/rustlib/x86_64-unknown-linux-gnu/lib/libstd-89bc084783fdc439.rlib" "/opt/rustwide/rustup-home/toolchains/1.69.0-x86_64-unknown-linux-gnu/lib/rustlib/x86_64-unknown-linux-gnu/lib/libpanic_unwind-8bee4b287d4367c1.rlib" "/opt/rustwide/rustup-home/toolchains/1.69.0-x86_64-unknown-linux-gnu/lib/rustlib/x86_64-unknown-linux-gnu/lib/libobject-d61707aed80694c0.rlib" "/opt/rustwide/rustup-home/toolchains/1.69.0-x86_64-unknown-linux-gnu/lib/rustlib/x86_64-unknown-linux-gnu/lib/libmemchr-d85366256f22345b.rlib" "/opt/rustwide/rustup-home/toolchains/1.69.0-x86_64-unknown-linux-gnu/lib/rustlib/x86_64-unknown-linux-gnu/lib/libaddr2line-96069b86b8a8cae9.rlib" "/opt/rustwide/rustup-home/toolchains/1.69.0-x86_64-unknown-linux-gnu/lib/rustlib/x86_64-unknown-linux-gnu/lib/libgimli-d19d53abf68dfa6c.rlib" "/opt/rustwide/rustup-home/toolchains/1.69.0-x86_64-unknown-linux-gnu/lib/rustlib/x86_64-unknown-linux-gnu/lib/librustc_demangle-787cbccd19d64ac6.rlib" "/opt/rustwide/rustup-home/toolchains/1.69.0-x86_64-unknown-linux-gnu/lib/rustlib/x86_64-unknown-linux-gnu/lib/libstd_detect-b3837a36b830e0d0.rlib" "/opt/rustwide/rustup-home/toolchains/1.69.0-x86_64-unknown-linux-gnu/lib/rustlib/x86_64-unknown-linux-gnu/lib/libhashbrown-e3deb0e7e3f04966.rlib" "/opt/rustwide/rustup-home/toolchains/1.69.0-x86_64-unknown-linux-gnu/lib/rustlib/x86_64-unknown-linux-gnu/lib/libminiz_oxide-dabbb79c9815def4.rlib" "/opt/rustwide/rustup-home/toolchains/1.69.0-x86_64-unknown-linux-gnu/lib/rustlib/x86_64-unknown-linux-gnu/lib/libadler-305b01f34c9409f2.rlib" "/opt/rustwide/rustup-home/toolchains/1.69.0-x86_64-unknown-linux-gnu/lib/rustlib/x86_64-unknown-linux-gnu/lib/librustc_std_workspace_alloc-f833521df6074e73.rlib" "/opt/rustwide/rustup-home/toolchains/1.69.0-x86_64-unknown-linux-gnu/lib/rustlib/x86_64-unknown-linux-gnu/lib/libunwind-9ac333113350d171.rlib" "/opt/rustwide/rustup-home/toolchains/1.69.0-x86_64-unknown-linux-gnu/lib/rustlib/x86_64-unknown-linux-gnu/lib/libcfg_if-1c126114322d0eee.rlib" "/opt/rustwide/rustup-home/toolchains/1.69.0-x86_64-unknown-linux-gnu/lib/rustlib/x86_64-unknown-linux-gnu/lib/liblibc-bad9164fdeeecf92.rlib" "/opt/rustwide/rustup-home/toolchains/1.69.0-x86_64-unknown-linux-gnu/lib/rustlib/x86_64-unknown-linux-gnu/lib/liballoc-f9374b1e480fa681.rlib" "/opt/rustwide/rustup-home/toolchains/1.69.0-x86_64-unknown-linux-gnu/lib/rustlib/x86_64-unknown-linux-gnu/lib/librustc_std_workspace_core-207f06e41d9603af.rlib" "/opt/rustwide/rustup-home/toolchains/1.69.0-x86_64-unknown-linux-gnu/lib/rustlib/x86_64-unknown-linux-gnu/lib/libcore-7e2768e66e984e85.rlib" "/opt/rustwide/rustup-home/toolchains/1.69.0-x86_64-unknown-linux-gnu/lib/rustlib/x86_64-unknown-linux-gnu/lib/libcompiler_builtins-957b4aff41f8cd46.rlib" "-Wl,-Bdynamic" "-lgcc_s" "-lutil" "-lrt" "-lpthread" "-lm" "-ldl" "-lc" "-Wl,--eh-frame-hdr" "-Wl,-z,noexecstack" "-L" "/opt/rustwide/rustup-home/toolchains/1.69.0-x86_64-unknown-linux-gnu/lib/rustlib/x86_64-unknown-linux-gnu/lib" "-o" "/tmp/rustdoctestq4zige/rust_out" "-Wl,--gc-sections" "-pie" "-Wl,-z,relro,-z,now" "-nodefaultlibs"
[INFO] [stdout]   = note: collect2: fatal error: ld terminated with signal 9 [Killed]
[INFO] [stdout]           compilation terminated.
[INFO] [stdout]           
[INFO] [stdout] 
[INFO] [stdout] error: aborting due to previous error
[INFO] [stdout] 
[INFO] [stdout] Couldn't compile the test.
[INFO] [stdout] ---- src/analysis/k_tuple.rs - analysis::k_tuple::Terminals::end (line 73) stdout ----
[INFO] [stdout] error: linking with `cc` failed: exit status: 1
[INFO] [stdout]   |
[INFO] [stdout]   = note: LC_ALL="C" PATH="/opt/rustwide/rustup-home/toolchains/1.69.0-x86_64-unknown-linux-gnu/lib/rustlib/x86_64-unknown-linux-gnu/bin:/opt/rustwide/cargo-home/bin:/usr/local/sbin:/usr/local/bin:/usr/sbin:/usr/bin:/sbin:/bin" VSLANG="1033" "cc" "-m64" "/tmp/rustc9oVjWK/symbols.o" "/tmp/rustdoctestBQjyw7/rust_out.rust_out.5bfee551-cgu.0.rcgu.o" "/tmp/rustdoctestBQjyw7/rust_out.j00p4ncf7xg64kg.rcgu.o" "-Wl,--as-needed" "-L" "/opt/rustwide/target/debug/deps" "-L" "/opt/rustwide/target/debug/deps" "-L" "/opt/rustwide/rustup-home/toolchains/1.69.0-x86_64-unknown-linux-gnu/lib/rustlib/x86_64-unknown-linux-gnu/lib" "-Wl,-Bstatic" "/opt/rustwide/target/debug/deps/libparol-83e12ffa8283f139.rlib" "/opt/rustwide/target/debug/deps/libnum_cpus-a113ddc094185f59.rlib" "/opt/rustwide/target/debug/deps/libbitflags-372beabd903b8765.rlib" "/opt/rustwide/target/debug/deps/libregex-bc0557adb69c609c.rlib" "/opt/rustwide/target/debug/deps/libaho_corasick-9bb9d75852409017.rlib" "/opt/rustwide/target/debug/deps/libserde-d4c673f14439486d.rlib" "/opt/rustwide/target/debug/deps/libparol_runtime-ec66f223ca91507d.rlib" "/opt/rustwide/target/debug/deps/libcodespan_reporting-dc4f3445555cebf8.rlib" "/opt/rustwide/target/debug/deps/libunicode_width-f75bb0008a5efcfa.rlib" "/opt/rustwide/target/debug/deps/libtermcolor-b72ffe4cbd1728e7.rlib" "/opt/rustwide/target/debug/deps/libsyntree_layout-3a3661db8f3f8a24.rlib" "/opt/rustwide/target/debug/deps/libxml_writer-ac7d454c7659fe3c.rlib" "/opt/rustwide/target/debug/deps/libthiserror-0585cb50e2f72692.rlib" "/opt/rustwide/target/debug/deps/libsyntree-b713ca6df61dc6a4.rlib" "/opt/rustwide/target/debug/deps/liblog-e4acea3c8ca43b70.rlib" "/opt/rustwide/target/debug/deps/libanyhow-06517169a980eda8.rlib" "/opt/rustwide/target/debug/deps/libregex_automata-3a883838023b0e47.rlib" "/opt/rustwide/target/debug/deps/libmemchr-b18e4aa3c7a38625.rlib" "/opt/rustwide/target/debug/deps/libparol_macros-4d77d37e5fb8e6c6.rlib" "/opt/rustwide/target/debug/deps/libclap-5a7c56e0fe821fa7.rlib" "/opt/rustwide/target/debug/deps/libclap_builder-574b9e60a09af206.rlib" "/opt/rustwide/target/debug/deps/libstrsim-6c4a301b03dc606f.rlib" "/opt/rustwide/target/debug/deps/libanstream-37a453ca43956363.rlib" "/opt/rustwide/target/debug/deps/libanstyle_query-557530b7a0584f9c.rlib" "/opt/rustwide/target/debug/deps/libis_terminal-4ae3e4111b4d87b7.rlib" "/opt/rustwide/target/debug/deps/librustix-849894367a7c21df.rlib" "/opt/rustwide/target/debug/deps/liblinux_raw_sys-10042d475b0cdd7a.rlib" "/opt/rustwide/target/debug/deps/libio_lifetimes-afa3204175273c6d.rlib" "/opt/rustwide/target/debug/deps/libanstyle-65bab265c6b958b3.rlib" "/opt/rustwide/target/debug/deps/libcolorchoice-804ff24ea1444180.rlib" "/opt/rustwide/target/debug/deps/libanstyle_parse-8108e06ab49dbaf2.rlib" "/opt/rustwide/target/debug/deps/libutf8parse-03cddaef72c90e73.rlib" "/opt/rustwide/target/debug/deps/libclap_lex-40e30411ea835822.rlib" "/opt/rustwide/target/debug/deps/libbitflags-82cc2d155c6eb112.rlib" "/opt/rustwide/target/debug/deps/libonce_cell-7d2ec3fb6b6c5a4d.rlib" "/opt/rustwide/target/debug/deps/librand_regex-02ceab19eb5d5a93.rlib" "/opt/rustwide/target/debug/deps/libregex_syntax-4f5764d8391a61ee.rlib" "/opt/rustwide/target/debug/deps/librand-cdbfe7894fbe6480.rlib" "/opt/rustwide/target/debug/deps/librand_chacha-a83a780ec0834b22.rlib" "/opt/rustwide/target/debug/deps/libppv_lite86-c3ad053967cc551c.rlib" "/opt/rustwide/target/debug/deps/librand_core-e8a82d14a9afd42d.rlib" "/opt/rustwide/target/debug/deps/libgetrandom-9d41a64033a18804.rlib" "/opt/rustwide/target/debug/deps/liblibc-09c46731ae1c781e.rlib" "/opt/rustwide/target/debug/deps/libcfg_if-e5e118dd7d121aaa.rlib" "/opt/rustwide/target/debug/deps/libderive_builder-0a54f4d5f1ec8f88.rlib" "/opt/rustwide/target/debug/deps/libfunction_name-b07710bdc33b9394.rlib" "/opt/rustwide/rustup-home/toolchains/1.69.0-x86_64-unknown-linux-gnu/lib/rustlib/x86_64-unknown-linux-gnu/lib/libstd-89bc084783fdc439.rlib" "/opt/rustwide/rustup-home/toolchains/1.69.0-x86_64-unknown-linux-gnu/lib/rustlib/x86_64-unknown-linux-gnu/lib/libpanic_unwind-8bee4b287d4367c1.rlib" "/opt/rustwide/rustup-home/toolchains/1.69.0-x86_64-unknown-linux-gnu/lib/rustlib/x86_64-unknown-linux-gnu/lib/libobject-d61707aed80694c0.rlib" "/opt/rustwide/rustup-home/toolchains/1.69.0-x86_64-unknown-linux-gnu/lib/rustlib/x86_64-unknown-linux-gnu/lib/libmemchr-d85366256f22345b.rlib" "/opt/rustwide/rustup-home/toolchains/1.69.0-x86_64-unknown-linux-gnu/lib/rustlib/x86_64-unknown-linux-gnu/lib/libaddr2line-96069b86b8a8cae9.rlib" "/opt/rustwide/rustup-home/toolchains/1.69.0-x86_64-unknown-linux-gnu/lib/rustlib/x86_64-unknown-linux-gnu/lib/libgimli-d19d53abf68dfa6c.rlib" "/opt/rustwide/rustup-home/toolchains/1.69.0-x86_64-unknown-linux-gnu/lib/rustlib/x86_64-unknown-linux-gnu/lib/librustc_demangle-787cbccd19d64ac6.rlib" "/opt/rustwide/rustup-home/toolchains/1.69.0-x86_64-unknown-linux-gnu/lib/rustlib/x86_64-unknown-linux-gnu/lib/libstd_detect-b3837a36b830e0d0.rlib" "/opt/rustwide/rustup-home/toolchains/1.69.0-x86_64-unknown-linux-gnu/lib/rustlib/x86_64-unknown-linux-gnu/lib/libhashbrown-e3deb0e7e3f04966.rlib" "/opt/rustwide/rustup-home/toolchains/1.69.0-x86_64-unknown-linux-gnu/lib/rustlib/x86_64-unknown-linux-gnu/lib/libminiz_oxide-dabbb79c9815def4.rlib" "/opt/rustwide/rustup-home/toolchains/1.69.0-x86_64-unknown-linux-gnu/lib/rustlib/x86_64-unknown-linux-gnu/lib/libadler-305b01f34c9409f2.rlib" "/opt/rustwide/rustup-home/toolchains/1.69.0-x86_64-unknown-linux-gnu/lib/rustlib/x86_64-unknown-linux-gnu/lib/librustc_std_workspace_alloc-f833521df6074e73.rlib" "/opt/rustwide/rustup-home/toolchains/1.69.0-x86_64-unknown-linux-gnu/lib/rustlib/x86_64-unknown-linux-gnu/lib/libunwind-9ac333113350d171.rlib" "/opt/rustwide/rustup-home/toolchains/1.69.0-x86_64-unknown-linux-gnu/lib/rustlib/x86_64-unknown-linux-gnu/lib/libcfg_if-1c126114322d0eee.rlib" "/opt/rustwide/rustup-home/toolchains/1.69.0-x86_64-unknown-linux-gnu/lib/rustlib/x86_64-unknown-linux-gnu/lib/liblibc-bad9164fdeeecf92.rlib" "/opt/rustwide/rustup-home/toolchains/1.69.0-x86_64-unknown-linux-gnu/lib/rustlib/x86_64-unknown-linux-gnu/lib/liballoc-f9374b1e480fa681.rlib" "/opt/rustwide/rustup-home/toolchains/1.69.0-x86_64-unknown-linux-gnu/lib/rustlib/x86_64-unknown-linux-gnu/lib/librustc_std_workspace_core-207f06e41d9603af.rlib" "/opt/rustwide/rustup-home/toolchains/1.69.0-x86_64-unknown-linux-gnu/lib/rustlib/x86_64-unknown-linux-gnu/lib/libcore-7e2768e66e984e85.rlib" "/opt/rustwide/rustup-home/toolchains/1.69.0-x86_64-unknown-linux-gnu/lib/rustlib/x86_64-unknown-linux-gnu/lib/libcompiler_builtins-957b4aff41f8cd46.rlib" "-Wl,-Bdynamic" "-lgcc_s" "-lutil" "-lrt" "-lpthread" "-lm" "-ldl" "-lc" "-Wl,--eh-frame-hdr" "-Wl,-z,noexecstack" "-L" "/opt/rustwide/rustup-home/toolchains/1.69.0-x86_64-unknown-linux-gnu/lib/rustlib/x86_64-unknown-linux-gnu/lib" "-o" "/tmp/rustdoctestBQjyw7/rust_out" "-Wl,--gc-sections" "-pie" "-Wl,-z,relro,-z,now" "-nodefaultlibs"
[INFO] [stdout]   = note: collect2: fatal error: ld terminated with signal 9 [Killed]
[INFO] [stdout]           compilation terminated.
[INFO] [stdout]           
[INFO] [stdout] 
[INFO] [stdout] error: aborting due to previous error
[INFO] [stdout] 
[INFO] [stdout] Couldn't compile the test.
[INFO] [stdout] ---- src/analysis/k_tuple.rs - analysis::k_tuple::Terminals::new (line 39) stdout ----
[INFO] [stdout] error: linking with `cc` failed: exit status: 1
[INFO] [stdout]   |
[INFO] [stdout]   = note: LC_ALL="C" PATH="/opt/rustwide/rustup-home/toolchains/1.69.0-x86_64-unknown-linux-gnu/lib/rustlib/x86_64-unknown-linux-gnu/bin:/opt/rustwide/cargo-home/bin:/usr/local/sbin:/usr/local/bin:/usr/sbin:/usr/bin:/sbin:/bin" VSLANG="1033" "cc" "-m64" "/tmp/rustcNmOkuj/symbols.o" "/tmp/rustdoctestDL2nzU/rust_out.rust_out.5bfee551-cgu.0.rcgu.o" "/tmp/rustdoctestDL2nzU/rust_out.j00p4ncf7xg64kg.rcgu.o" "-Wl,--as-needed" "-L" "/opt/rustwide/target/debug/deps" "-L" "/opt/rustwide/target/debug/deps" "-L" "/opt/rustwide/rustup-home/toolchains/1.69.0-x86_64-unknown-linux-gnu/lib/rustlib/x86_64-unknown-linux-gnu/lib" "-Wl,-Bstatic" "/opt/rustwide/target/debug/deps/libparol-83e12ffa8283f139.rlib" "/opt/rustwide/target/debug/deps/libnum_cpus-a113ddc094185f59.rlib" "/opt/rustwide/target/debug/deps/libbitflags-372beabd903b8765.rlib" "/opt/rustwide/target/debug/deps/libregex-bc0557adb69c609c.rlib" "/opt/rustwide/target/debug/deps/libaho_corasick-9bb9d75852409017.rlib" "/opt/rustwide/target/debug/deps/libserde-d4c673f14439486d.rlib" "/opt/rustwide/target/debug/deps/libparol_runtime-ec66f223ca91507d.rlib" "/opt/rustwide/target/debug/deps/libcodespan_reporting-dc4f3445555cebf8.rlib" "/opt/rustwide/target/debug/deps/libunicode_width-f75bb0008a5efcfa.rlib" "/opt/rustwide/target/debug/deps/libtermcolor-b72ffe4cbd1728e7.rlib" "/opt/rustwide/target/debug/deps/libsyntree_layout-3a3661db8f3f8a24.rlib" "/opt/rustwide/target/debug/deps/libxml_writer-ac7d454c7659fe3c.rlib" "/opt/rustwide/target/debug/deps/libthiserror-0585cb50e2f72692.rlib" "/opt/rustwide/target/debug/deps/libsyntree-b713ca6df61dc6a4.rlib" "/opt/rustwide/target/debug/deps/liblog-e4acea3c8ca43b70.rlib" "/opt/rustwide/target/debug/deps/libanyhow-06517169a980eda8.rlib" "/opt/rustwide/target/debug/deps/libregex_automata-3a883838023b0e47.rlib" "/opt/rustwide/target/debug/deps/libmemchr-b18e4aa3c7a38625.rlib" "/opt/rustwide/target/debug/deps/libparol_macros-4d77d37e5fb8e6c6.rlib" "/opt/rustwide/target/debug/deps/libclap-5a7c56e0fe821fa7.rlib" "/opt/rustwide/target/debug/deps/libclap_builder-574b9e60a09af206.rlib" "/opt/rustwide/target/debug/deps/libstrsim-6c4a301b03dc606f.rlib" "/opt/rustwide/target/debug/deps/libanstream-37a453ca43956363.rlib" "/opt/rustwide/target/debug/deps/libanstyle_query-557530b7a0584f9c.rlib" "/opt/rustwide/target/debug/deps/libis_terminal-4ae3e4111b4d87b7.rlib" "/opt/rustwide/target/debug/deps/librustix-849894367a7c21df.rlib" "/opt/rustwide/target/debug/deps/liblinux_raw_sys-10042d475b0cdd7a.rlib" "/opt/rustwide/target/debug/deps/libio_lifetimes-afa3204175273c6d.rlib" "/opt/rustwide/target/debug/deps/libanstyle-65bab265c6b958b3.rlib" "/opt/rustwide/target/debug/deps/libcolorchoice-804ff24ea1444180.rlib" "/opt/rustwide/target/debug/deps/libanstyle_parse-8108e06ab49dbaf2.rlib" "/opt/rustwide/target/debug/deps/libutf8parse-03cddaef72c90e73.rlib" "/opt/rustwide/target/debug/deps/libclap_lex-40e30411ea835822.rlib" "/opt/rustwide/target/debug/deps/libbitflags-82cc2d155c6eb112.rlib" "/opt/rustwide/target/debug/deps/libonce_cell-7d2ec3fb6b6c5a4d.rlib" "/opt/rustwide/target/debug/deps/librand_regex-02ceab19eb5d5a93.rlib" "/opt/rustwide/target/debug/deps/libregex_syntax-4f5764d8391a61ee.rlib" "/opt/rustwide/target/debug/deps/librand-cdbfe7894fbe6480.rlib" "/opt/rustwide/target/debug/deps/librand_chacha-a83a780ec0834b22.rlib" "/opt/rustwide/target/debug/deps/libppv_lite86-c3ad053967cc551c.rlib" "/opt/rustwide/target/debug/deps/librand_core-e8a82d14a9afd42d.rlib" "/opt/rustwide/target/debug/deps/libgetrandom-9d41a64033a18804.rlib" "/opt/rustwide/target/debug/deps/liblibc-09c46731ae1c781e.rlib" "/opt/rustwide/target/debug/deps/libcfg_if-e5e118dd7d121aaa.rlib" "/opt/rustwide/target/debug/deps/libderive_builder-0a54f4d5f1ec8f88.rlib" "/opt/rustwide/target/debug/deps/libfunction_name-b07710bdc33b9394.rlib" "/opt/rustwide/rustup-home/toolchains/1.69.0-x86_64-unknown-linux-gnu/lib/rustlib/x86_64-unknown-linux-gnu/lib/libstd-89bc084783fdc439.rlib" "/opt/rustwide/rustup-home/toolchains/1.69.0-x86_64-unknown-linux-gnu/lib/rustlib/x86_64-unknown-linux-gnu/lib/libpanic_unwind-8bee4b287d4367c1.rlib" "/opt/rustwide/rustup-home/toolchains/1.69.0-x86_64-unknown-linux-gnu/lib/rustlib/x86_64-unknown-linux-gnu/lib/libobject-d61707aed80694c0.rlib" "/opt/rustwide/rustup-home/toolchains/1.69.0-x86_64-unknown-linux-gnu/lib/rustlib/x86_64-unknown-linux-gnu/lib/libmemchr-d85366256f22345b.rlib" "/opt/rustwide/rustup-home/toolchains/1.69.0-x86_64-unknown-linux-gnu/lib/rustlib/x86_64-unknown-linux-gnu/lib/libaddr2line-96069b86b8a8cae9.rlib" "/opt/rustwide/rustup-home/toolchains/1.69.0-x86_64-unknown-linux-gnu/lib/rustlib/x86_64-unknown-linux-gnu/lib/libgimli-d19d53abf68dfa6c.rlib" "/opt/rustwide/rustup-home/toolchains/1.69.0-x86_64-unknown-linux-gnu/lib/rustlib/x86_64-unknown-linux-gnu/lib/librustc_demangle-787cbccd19d64ac6.rlib" "/opt/rustwide/rustup-home/toolchains/1.69.0-x86_64-unknown-linux-gnu/lib/rustlib/x86_64-unknown-linux-gnu/lib/libstd_detect-b3837a36b830e0d0.rlib" "/opt/rustwide/rustup-home/toolchains/1.69.0-x86_64-unknown-linux-gnu/lib/rustlib/x86_64-unknown-linux-gnu/lib/libhashbrown-e3deb0e7e3f04966.rlib" "/opt/rustwide/rustup-home/toolchains/1.69.0-x86_64-unknown-linux-gnu/lib/rustlib/x86_64-unknown-linux-gnu/lib/libminiz_oxide-dabbb79c9815def4.rlib" "/opt/rustwide/rustup-home/toolchains/1.69.0-x86_64-unknown-linux-gnu/lib/rustlib/x86_64-unknown-linux-gnu/lib/libadler-305b01f34c9409f2.rlib" "/opt/rustwide/rustup-home/toolchains/1.69.0-x86_64-unknown-linux-gnu/lib/rustlib/x86_64-unknown-linux-gnu/lib/librustc_std_workspace_alloc-f833521df6074e73.rlib" "/opt/rustwide/rustup-home/toolchains/1.69.0-x86_64-unknown-linux-gnu/lib/rustlib/x86_64-unknown-linux-gnu/lib/libunwind-9ac333113350d171.rlib" "/opt/rustwide/rustup-home/toolchains/1.69.0-x86_64-unknown-linux-gnu/lib/rustlib/x86_64-unknown-linux-gnu/lib/libcfg_if-1c126114322d0eee.rlib" "/opt/rustwide/rustup-home/toolchains/1.69.0-x86_64-unknown-linux-gnu/lib/rustlib/x86_64-unknown-linux-gnu/lib/liblibc-bad9164fdeeecf92.rlib" "/opt/rustwide/rustup-home/toolchains/1.69.0-x86_64-unknown-linux-gnu/lib/rustlib/x86_64-unknown-linux-gnu/lib/liballoc-f9374b1e480fa681.rlib" "/opt/rustwide/rustup-home/toolchains/1.69.0-x86_64-unknown-linux-gnu/lib/rustlib/x86_64-unknown-linux-gnu/lib/librustc_std_workspace_core-207f06e41d9603af.rlib" "/opt/rustwide/rustup-home/toolchains/1.69.0-x86_64-unknown-linux-gnu/lib/rustlib/x86_64-unknown-linux-gnu/lib/libcore-7e2768e66e984e85.rlib" "/opt/rustwide/rustup-home/toolchains/1.69.0-x86_64-unknown-linux-gnu/lib/rustlib/x86_64-unknown-linux-gnu/lib/libcompiler_builtins-957b4aff41f8cd46.rlib" "-Wl,-Bdynamic" "-lgcc_s" "-lutil" "-lrt" "-lpthread" "-lm" "-ldl" "-lc" "-Wl,--eh-frame-hdr" "-Wl,-z,noexecstack" "-L" "/opt/rustwide/rustup-home/toolchains/1.69.0-x86_64-unknown-linux-gnu/lib/rustlib/x86_64-unknown-linux-gnu/lib" "-o" "/tmp/rustdoctestDL2nzU/rust_out" "-Wl,--gc-sections" "-pie" "-Wl,-z,relro,-z,now" "-nodefaultlibs"
[INFO] [stdout]   = note: collect2: fatal error: ld terminated with signal 9 [Killed]
[INFO] [stdout]           compilation terminated.
[INFO] [stdout]           
[INFO] [stdout] 
[INFO] [stdout] error: aborting due to previous error
[INFO] [stdout] 
[INFO] [stdout] Couldn't compile the test.
[INFO] [stdout] ---- src/generators/naming_helper.rs - generators::naming_helper::NamingHelper::add_unused_indicator (line 63) stdout ----
[INFO] [stdout] error: linking with `cc` failed: exit status: 1
[INFO] [stdout]   |
[INFO] [stdout]   = note: LC_ALL="C" PATH="/opt/rustwide/rustup-home/toolchains/1.69.0-x86_64-unknown-linux-gnu/lib/rustlib/x86_64-unknown-linux-gnu/bin:/opt/rustwide/cargo-home/bin:/usr/local/sbin:/usr/local/bin:/usr/sbin:/usr/bin:/sbin:/bin" VSLANG="1033" "cc" "-m64" "/tmp/rustcBvqmC8/symbols.o" "/tmp/rustdoctesteShvpM/rust_out.rust_out.5bfee551-cgu.0.rcgu.o" "/tmp/rustdoctesteShvpM/rust_out.j00p4ncf7xg64kg.rcgu.o" "-Wl,--as-needed" "-L" "/opt/rustwide/target/debug/deps" "-L" "/opt/rustwide/target/debug/deps" "-L" "/opt/rustwide/rustup-home/toolchains/1.69.0-x86_64-unknown-linux-gnu/lib/rustlib/x86_64-unknown-linux-gnu/lib" "-Wl,-Bstatic" "/opt/rustwide/target/debug/deps/libparol-83e12ffa8283f139.rlib" "/opt/rustwide/target/debug/deps/libnum_cpus-a113ddc094185f59.rlib" "/opt/rustwide/target/debug/deps/libbitflags-372beabd903b8765.rlib" "/opt/rustwide/target/debug/deps/libregex-bc0557adb69c609c.rlib" "/opt/rustwide/target/debug/deps/libaho_corasick-9bb9d75852409017.rlib" "/opt/rustwide/target/debug/deps/libserde-d4c673f14439486d.rlib" "/opt/rustwide/target/debug/deps/libparol_runtime-ec66f223ca91507d.rlib" "/opt/rustwide/target/debug/deps/libcodespan_reporting-dc4f3445555cebf8.rlib" "/opt/rustwide/target/debug/deps/libunicode_width-f75bb0008a5efcfa.rlib" "/opt/rustwide/target/debug/deps/libtermcolor-b72ffe4cbd1728e7.rlib" "/opt/rustwide/target/debug/deps/libsyntree_layout-3a3661db8f3f8a24.rlib" "/opt/rustwide/target/debug/deps/libxml_writer-ac7d454c7659fe3c.rlib" "/opt/rustwide/target/debug/deps/libthiserror-0585cb50e2f72692.rlib" "/opt/rustwide/target/debug/deps/libsyntree-b713ca6df61dc6a4.rlib" "/opt/rustwide/target/debug/deps/liblog-e4acea3c8ca43b70.rlib" "/opt/rustwide/target/debug/deps/libanyhow-06517169a980eda8.rlib" "/opt/rustwide/target/debug/deps/libregex_automata-3a883838023b0e47.rlib" "/opt/rustwide/target/debug/deps/libmemchr-b18e4aa3c7a38625.rlib" "/opt/rustwide/target/debug/deps/libparol_macros-4d77d37e5fb8e6c6.rlib" "/opt/rustwide/target/debug/deps/libclap-5a7c56e0fe821fa7.rlib" "/opt/rustwide/target/debug/deps/libclap_builder-574b9e60a09af206.rlib" "/opt/rustwide/target/debug/deps/libstrsim-6c4a301b03dc606f.rlib" "/opt/rustwide/target/debug/deps/libanstream-37a453ca43956363.rlib" "/opt/rustwide/target/debug/deps/libanstyle_query-557530b7a0584f9c.rlib" "/opt/rustwide/target/debug/deps/libis_terminal-4ae3e4111b4d87b7.rlib" "/opt/rustwide/target/debug/deps/librustix-849894367a7c21df.rlib" "/opt/rustwide/target/debug/deps/liblinux_raw_sys-10042d475b0cdd7a.rlib" "/opt/rustwide/target/debug/deps/libio_lifetimes-afa3204175273c6d.rlib" "/opt/rustwide/target/debug/deps/libanstyle-65bab265c6b958b3.rlib" "/opt/rustwide/target/debug/deps/libcolorchoice-804ff24ea1444180.rlib" "/opt/rustwide/target/debug/deps/libanstyle_parse-8108e06ab49dbaf2.rlib" "/opt/rustwide/target/debug/deps/libutf8parse-03cddaef72c90e73.rlib" "/opt/rustwide/target/debug/deps/libclap_lex-40e30411ea835822.rlib" "/opt/rustwide/target/debug/deps/libbitflags-82cc2d155c6eb112.rlib" "/opt/rustwide/target/debug/deps/libonce_cell-7d2ec3fb6b6c5a4d.rlib" "/opt/rustwide/target/debug/deps/librand_regex-02ceab19eb5d5a93.rlib" "/opt/rustwide/target/debug/deps/libregex_syntax-4f5764d8391a61ee.rlib" "/opt/rustwide/target/debug/deps/librand-cdbfe7894fbe6480.rlib" "/opt/rustwide/target/debug/deps/librand_chacha-a83a780ec0834b22.rlib" "/opt/rustwide/target/debug/deps/libppv_lite86-c3ad053967cc551c.rlib" "/opt/rustwide/target/debug/deps/librand_core-e8a82d14a9afd42d.rlib" "/opt/rustwide/target/debug/deps/libgetrandom-9d41a64033a18804.rlib" "/opt/rustwide/target/debug/deps/liblibc-09c46731ae1c781e.rlib" "/opt/rustwide/target/debug/deps/libcfg_if-e5e118dd7d121aaa.rlib" "/opt/rustwide/target/debug/deps/libderive_builder-0a54f4d5f1ec8f88.rlib" "/opt/rustwide/target/debug/deps/libfunction_name-b07710bdc33b9394.rlib" "/opt/rustwide/rustup-home/toolchains/1.69.0-x86_64-unknown-linux-gnu/lib/rustlib/x86_64-unknown-linux-gnu/lib/libstd-89bc084783fdc439.rlib" "/opt/rustwide/rustup-home/toolchains/1.69.0-x86_64-unknown-linux-gnu/lib/rustlib/x86_64-unknown-linux-gnu/lib/libpanic_unwind-8bee4b287d4367c1.rlib" "/opt/rustwide/rustup-home/toolchains/1.69.0-x86_64-unknown-linux-gnu/lib/rustlib/x86_64-unknown-linux-gnu/lib/libobject-d61707aed80694c0.rlib" "/opt/rustwide/rustup-home/toolchains/1.69.0-x86_64-unknown-linux-gnu/lib/rustlib/x86_64-unknown-linux-gnu/lib/libmemchr-d85366256f22345b.rlib" "/opt/rustwide/rustup-home/toolchains/1.69.0-x86_64-unknown-linux-gnu/lib/rustlib/x86_64-unknown-linux-gnu/lib/libaddr2line-96069b86b8a8cae9.rlib" "/opt/rustwide/rustup-home/toolchains/1.69.0-x86_64-unknown-linux-gnu/lib/rustlib/x86_64-unknown-linux-gnu/lib/libgimli-d19d53abf68dfa6c.rlib" "/opt/rustwide/rustup-home/toolchains/1.69.0-x86_64-unknown-linux-gnu/lib/rustlib/x86_64-unknown-linux-gnu/lib/librustc_demangle-787cbccd19d64ac6.rlib" "/opt/rustwide/rustup-home/toolchains/1.69.0-x86_64-unknown-linux-gnu/lib/rustlib/x86_64-unknown-linux-gnu/lib/libstd_detect-b3837a36b830e0d0.rlib" "/opt/rustwide/rustup-home/toolchains/1.69.0-x86_64-unknown-linux-gnu/lib/rustlib/x86_64-unknown-linux-gnu/lib/libhashbrown-e3deb0e7e3f04966.rlib" "/opt/rustwide/rustup-home/toolchains/1.69.0-x86_64-unknown-linux-gnu/lib/rustlib/x86_64-unknown-linux-gnu/lib/libminiz_oxide-dabbb79c9815def4.rlib" "/opt/rustwide/rustup-home/toolchains/1.69.0-x86_64-unknown-linux-gnu/lib/rustlib/x86_64-unknown-linux-gnu/lib/libadler-305b01f34c9409f2.rlib" "/opt/rustwide/rustup-home/toolchains/1.69.0-x86_64-unknown-linux-gnu/lib/rustlib/x86_64-unknown-linux-gnu/lib/librustc_std_workspace_alloc-f833521df6074e73.rlib" "/opt/rustwide/rustup-home/toolchains/1.69.0-x86_64-unknown-linux-gnu/lib/rustlib/x86_64-unknown-linux-gnu/lib/libunwind-9ac333113350d171.rlib" "/opt/rustwide/rustup-home/toolchains/1.69.0-x86_64-unknown-linux-gnu/lib/rustlib/x86_64-unknown-linux-gnu/lib/libcfg_if-1c126114322d0eee.rlib" "/opt/rustwide/rustup-home/toolchains/1.69.0-x86_64-unknown-linux-gnu/lib/rustlib/x86_64-unknown-linux-gnu/lib/liblibc-bad9164fdeeecf92.rlib" "/opt/rustwide/rustup-home/toolchains/1.69.0-x86_64-unknown-linux-gnu/lib/rustlib/x86_64-unknown-linux-gnu/lib/liballoc-f9374b1e480fa681.rlib" "/opt/rustwide/rustup-home/toolchains/1.69.0-x86_64-unknown-linux-gnu/lib/rustlib/x86_64-unknown-linux-gnu/lib/librustc_std_workspace_core-207f06e41d9603af.rlib" "/opt/rustwide/rustup-home/toolchains/1.69.0-x86_64-unknown-linux-gnu/lib/rustlib/x86_64-unknown-linux-gnu/lib/libcore-7e2768e66e984e85.rlib" "/opt/rustwide/rustup-home/toolchains/1.69.0-x86_64-unknown-linux-gnu/lib/rustlib/x86_64-unknown-linux-gnu/lib/libcompiler_builtins-957b4aff41f8cd46.rlib" "-Wl,-Bdynamic" "-lgcc_s" "-lutil" "-lrt" "-lpthread" "-lm" "-ldl" "-lc" "-Wl,--eh-frame-hdr" "-Wl,-z,noexecstack" "-L" "/opt/rustwide/rustup-home/toolchains/1.69.0-x86_64-unknown-linux-gnu/lib/rustlib/x86_64-unknown-linux-gnu/lib" "-o" "/tmp/rustdoctesteShvpM/rust_out" "-Wl,--gc-sections" "-pie" "-Wl,-z,relro,-z,now" "-nodefaultlibs"
[INFO] [stdout]   = note: collect2: fatal error: ld terminated with signal 9 [Killed]
[INFO] [stdout]           compilation terminated.
[INFO] [stdout]           
[INFO] [stdout] 
[INFO] [stdout] error: aborting due to previous error
[INFO] [stdout] 
[INFO] [stdout] Couldn't compile the test.
[INFO] [stdout] ---- src/analysis/k_tuple.rs - analysis::k_tuple::Terminals::is_k_complete (line 161) stdout ----
[INFO] [stdout] error: linking with `cc` failed: exit status: 1
[INFO] [stdout]   |
[INFO] [stdout]   = note: LC_ALL="C" PATH="/opt/rustwide/rustup-home/toolchains/1.69.0-x86_64-unknown-linux-gnu/lib/rustlib/x86_64-unknown-linux-gnu/bin:/opt/rustwide/cargo-home/bin:/usr/local/sbin:/usr/local/bin:/usr/sbin:/usr/bin:/sbin:/bin" VSLANG="1033" "cc" "-m64" "/tmp/rustcY41FKb/symbols.o" "/tmp/rustdoctestOldz7N/rust_out.rust_out.5bfee551-cgu.0.rcgu.o" "/tmp/rustdoctestOldz7N/rust_out.j00p4ncf7xg64kg.rcgu.o" "-Wl,--as-needed" "-L" "/opt/rustwide/target/debug/deps" "-L" "/opt/rustwide/target/debug/deps" "-L" "/opt/rustwide/rustup-home/toolchains/1.69.0-x86_64-unknown-linux-gnu/lib/rustlib/x86_64-unknown-linux-gnu/lib" "-Wl,-Bstatic" "/opt/rustwide/target/debug/deps/libparol-83e12ffa8283f139.rlib" "/opt/rustwide/target/debug/deps/libnum_cpus-a113ddc094185f59.rlib" "/opt/rustwide/target/debug/deps/libbitflags-372beabd903b8765.rlib" "/opt/rustwide/target/debug/deps/libregex-bc0557adb69c609c.rlib" "/opt/rustwide/target/debug/deps/libaho_corasick-9bb9d75852409017.rlib" "/opt/rustwide/target/debug/deps/libserde-d4c673f14439486d.rlib" "/opt/rustwide/target/debug/deps/libparol_runtime-ec66f223ca91507d.rlib" "/opt/rustwide/target/debug/deps/libcodespan_reporting-dc4f3445555cebf8.rlib" "/opt/rustwide/target/debug/deps/libunicode_width-f75bb0008a5efcfa.rlib" "/opt/rustwide/target/debug/deps/libtermcolor-b72ffe4cbd1728e7.rlib" "/opt/rustwide/target/debug/deps/libsyntree_layout-3a3661db8f3f8a24.rlib" "/opt/rustwide/target/debug/deps/libxml_writer-ac7d454c7659fe3c.rlib" "/opt/rustwide/target/debug/deps/libthiserror-0585cb50e2f72692.rlib" "/opt/rustwide/target/debug/deps/libsyntree-b713ca6df61dc6a4.rlib" "/opt/rustwide/target/debug/deps/liblog-e4acea3c8ca43b70.rlib" "/opt/rustwide/target/debug/deps/libanyhow-06517169a980eda8.rlib" "/opt/rustwide/target/debug/deps/libregex_automata-3a883838023b0e47.rlib" "/opt/rustwide/target/debug/deps/libmemchr-b18e4aa3c7a38625.rlib" "/opt/rustwide/target/debug/deps/libparol_macros-4d77d37e5fb8e6c6.rlib" "/opt/rustwide/target/debug/deps/libclap-5a7c56e0fe821fa7.rlib" "/opt/rustwide/target/debug/deps/libclap_builder-574b9e60a09af206.rlib" "/opt/rustwide/target/debug/deps/libstrsim-6c4a301b03dc606f.rlib" "/opt/rustwide/target/debug/deps/libanstream-37a453ca43956363.rlib" "/opt/rustwide/target/debug/deps/libanstyle_query-557530b7a0584f9c.rlib" "/opt/rustwide/target/debug/deps/libis_terminal-4ae3e4111b4d87b7.rlib" "/opt/rustwide/target/debug/deps/librustix-849894367a7c21df.rlib" "/opt/rustwide/target/debug/deps/liblinux_raw_sys-10042d475b0cdd7a.rlib" "/opt/rustwide/target/debug/deps/libio_lifetimes-afa3204175273c6d.rlib" "/opt/rustwide/target/debug/deps/libanstyle-65bab265c6b958b3.rlib" "/opt/rustwide/target/debug/deps/libcolorchoice-804ff24ea1444180.rlib" "/opt/rustwide/target/debug/deps/libanstyle_parse-8108e06ab49dbaf2.rlib" "/opt/rustwide/target/debug/deps/libutf8parse-03cddaef72c90e73.rlib" "/opt/rustwide/target/debug/deps/libclap_lex-40e30411ea835822.rlib" "/opt/rustwide/target/debug/deps/libbitflags-82cc2d155c6eb112.rlib" "/opt/rustwide/target/debug/deps/libonce_cell-7d2ec3fb6b6c5a4d.rlib" "/opt/rustwide/target/debug/deps/librand_regex-02ceab19eb5d5a93.rlib" "/opt/rustwide/target/debug/deps/libregex_syntax-4f5764d8391a61ee.rlib" "/opt/rustwide/target/debug/deps/librand-cdbfe7894fbe6480.rlib" "/opt/rustwide/target/debug/deps/librand_chacha-a83a780ec0834b22.rlib" "/opt/rustwide/target/debug/deps/libppv_lite86-c3ad053967cc551c.rlib" "/opt/rustwide/target/debug/deps/librand_core-e8a82d14a9afd42d.rlib" "/opt/rustwide/target/debug/deps/libgetrandom-9d41a64033a18804.rlib" "/opt/rustwide/target/debug/deps/liblibc-09c46731ae1c781e.rlib" "/opt/rustwide/target/debug/deps/libcfg_if-e5e118dd7d121aaa.rlib" "/opt/rustwide/target/debug/deps/libderive_builder-0a54f4d5f1ec8f88.rlib" "/opt/rustwide/target/debug/deps/libfunction_name-b07710bdc33b9394.rlib" "/opt/rustwide/rustup-home/toolchains/1.69.0-x86_64-unknown-linux-gnu/lib/rustlib/x86_64-unknown-linux-gnu/lib/libstd-89bc084783fdc439.rlib" "/opt/rustwide/rustup-home/toolchains/1.69.0-x86_64-unknown-linux-gnu/lib/rustlib/x86_64-unknown-linux-gnu/lib/libpanic_unwind-8bee4b287d4367c1.rlib" "/opt/rustwide/rustup-home/toolchains/1.69.0-x86_64-unknown-linux-gnu/lib/rustlib/x86_64-unknown-linux-gnu/lib/libobject-d61707aed80694c0.rlib" "/opt/rustwide/rustup-home/toolchains/1.69.0-x86_64-unknown-linux-gnu/lib/rustlib/x86_64-unknown-linux-gnu/lib/libmemchr-d85366256f22345b.rlib" "/opt/rustwide/rustup-home/toolchains/1.69.0-x86_64-unknown-linux-gnu/lib/rustlib/x86_64-unknown-linux-gnu/lib/libaddr2line-96069b86b8a8cae9.rlib" "/opt/rustwide/rustup-home/toolchains/1.69.0-x86_64-unknown-linux-gnu/lib/rustlib/x86_64-unknown-linux-gnu/lib/libgimli-d19d53abf68dfa6c.rlib" "/opt/rustwide/rustup-home/toolchains/1.69.0-x86_64-unknown-linux-gnu/lib/rustlib/x86_64-unknown-linux-gnu/lib/librustc_demangle-787cbccd19d64ac6.rlib" "/opt/rustwide/rustup-home/toolchains/1.69.0-x86_64-unknown-linux-gnu/lib/rustlib/x86_64-unknown-linux-gnu/lib/libstd_detect-b3837a36b830e0d0.rlib" "/opt/rustwide/rustup-home/toolchains/1.69.0-x86_64-unknown-linux-gnu/lib/rustlib/x86_64-unknown-linux-gnu/lib/libhashbrown-e3deb0e7e3f04966.rlib" "/opt/rustwide/rustup-home/toolchains/1.69.0-x86_64-unknown-linux-gnu/lib/rustlib/x86_64-unknown-linux-gnu/lib/libminiz_oxide-dabbb79c9815def4.rlib" "/opt/rustwide/rustup-home/toolchains/1.69.0-x86_64-unknown-linux-gnu/lib/rustlib/x86_64-unknown-linux-gnu/lib/libadler-305b01f34c9409f2.rlib" "/opt/rustwide/rustup-home/toolchains/1.69.0-x86_64-unknown-linux-gnu/lib/rustlib/x86_64-unknown-linux-gnu/lib/librustc_std_workspace_alloc-f833521df6074e73.rlib" "/opt/rustwide/rustup-home/toolchains/1.69.0-x86_64-unknown-linux-gnu/lib/rustlib/x86_64-unknown-linux-gnu/lib/libunwind-9ac333113350d171.rlib" "/opt/rustwide/rustup-home/toolchains/1.69.0-x86_64-unknown-linux-gnu/lib/rustlib/x86_64-unknown-linux-gnu/lib/libcfg_if-1c126114322d0eee.rlib" "/opt/rustwide/rustup-home/toolchains/1.69.0-x86_64-unknown-linux-gnu/lib/rustlib/x86_64-unknown-linux-gnu/lib/liblibc-bad9164fdeeecf92.rlib" "/opt/rustwide/rustup-home/toolchains/1.69.0-x86_64-unknown-linux-gnu/lib/rustlib/x86_64-unknown-linux-gnu/lib/liballoc-f9374b1e480fa681.rlib" "/opt/rustwide/rustup-home/toolchains/1.69.0-x86_64-unknown-linux-gnu/lib/rustlib/x86_64-unknown-linux-gnu/lib/librustc_std_workspace_core-207f06e41d9603af.rlib" "/opt/rustwide/rustup-home/toolchains/1.69.0-x86_64-unknown-linux-gnu/lib/rustlib/x86_64-unknown-linux-gnu/lib/libcore-7e2768e66e984e85.rlib" "/opt/rustwide/rustup-home/toolchains/1.69.0-x86_64-unknown-linux-gnu/lib/rustlib/x86_64-unknown-linux-gnu/lib/libcompiler_builtins-957b4aff41f8cd46.rlib" "-Wl,-Bdynamic" "-lgcc_s" "-lutil" "-lrt" "-lpthread" "-lm" "-ldl" "-lc" "-Wl,--eh-frame-hdr" "-Wl,-z,noexecstack" "-L" "/opt/rustwide/rustup-home/toolchains/1.69.0-x86_64-unknown-linux-gnu/lib/rustlib/x86_64-unknown-linux-gnu/lib" "-o" "/tmp/rustdoctestOldz7N/rust_out" "-Wl,--gc-sections" "-pie" "-Wl,-z,relro,-z,now" "-nodefaultlibs"
[INFO] [stdout]   = note: collect2: fatal error: ld terminated with signal 9 [Killed]
[INFO] [stdout]           compilation terminated.
[INFO] [stdout]           
[INFO] [stdout] 
[INFO] [stdout] error: aborting due to previous error
[INFO] [stdout] 
[INFO] [stdout] Couldn't compile the test.
[INFO] [stdout] ---- src/generators/naming_helper.rs - generators::naming_helper::NamingHelper::is_rust_keyword (line 17) stdout ----
[INFO] [stdout] error: linking with `cc` failed: exit status: 1
[INFO] [stdout]   |
[INFO] [stdout]   = note: LC_ALL="C" PATH="/opt/rustwide/rustup-home/toolchains/1.69.0-x86_64-unknown-linux-gnu/lib/rustlib/x86_64-unknown-linux-gnu/bin:/opt/rustwide/cargo-home/bin:/usr/local/sbin:/usr/local/bin:/usr/sbin:/usr/bin:/sbin:/bin" VSLANG="1033" "cc" "-m64" "/tmp/rustcipSvwh/symbols.o" "/tmp/rustdoctest71Ykgi/rust_out.rust_out.5bfee551-cgu.0.rcgu.o" "/tmp/rustdoctest71Ykgi/rust_out.j00p4ncf7xg64kg.rcgu.o" "-Wl,--as-needed" "-L" "/opt/rustwide/target/debug/deps" "-L" "/opt/rustwide/target/debug/deps" "-L" "/opt/rustwide/rustup-home/toolchains/1.69.0-x86_64-unknown-linux-gnu/lib/rustlib/x86_64-unknown-linux-gnu/lib" "-Wl,-Bstatic" "/opt/rustwide/target/debug/deps/libparol-83e12ffa8283f139.rlib" "/opt/rustwide/target/debug/deps/libnum_cpus-a113ddc094185f59.rlib" "/opt/rustwide/target/debug/deps/libbitflags-372beabd903b8765.rlib" "/opt/rustwide/target/debug/deps/libregex-bc0557adb69c609c.rlib" "/opt/rustwide/target/debug/deps/libaho_corasick-9bb9d75852409017.rlib" "/opt/rustwide/target/debug/deps/libserde-d4c673f14439486d.rlib" "/opt/rustwide/target/debug/deps/libparol_runtime-ec66f223ca91507d.rlib" "/opt/rustwide/target/debug/deps/libcodespan_reporting-dc4f3445555cebf8.rlib" "/opt/rustwide/target/debug/deps/libunicode_width-f75bb0008a5efcfa.rlib" "/opt/rustwide/target/debug/deps/libtermcolor-b72ffe4cbd1728e7.rlib" "/opt/rustwide/target/debug/deps/libsyntree_layout-3a3661db8f3f8a24.rlib" "/opt/rustwide/target/debug/deps/libxml_writer-ac7d454c7659fe3c.rlib" "/opt/rustwide/target/debug/deps/libthiserror-0585cb50e2f72692.rlib" "/opt/rustwide/target/debug/deps/libsyntree-b713ca6df61dc6a4.rlib" "/opt/rustwide/target/debug/deps/liblog-e4acea3c8ca43b70.rlib" "/opt/rustwide/target/debug/deps/libanyhow-06517169a980eda8.rlib" "/opt/rustwide/target/debug/deps/libregex_automata-3a883838023b0e47.rlib" "/opt/rustwide/target/debug/deps/libmemchr-b18e4aa3c7a38625.rlib" "/opt/rustwide/target/debug/deps/libparol_macros-4d77d37e5fb8e6c6.rlib" "/opt/rustwide/target/debug/deps/libclap-5a7c56e0fe821fa7.rlib" "/opt/rustwide/target/debug/deps/libclap_builder-574b9e60a09af206.rlib" "/opt/rustwide/target/debug/deps/libstrsim-6c4a301b03dc606f.rlib" "/opt/rustwide/target/debug/deps/libanstream-37a453ca43956363.rlib" "/opt/rustwide/target/debug/deps/libanstyle_query-557530b7a0584f9c.rlib" "/opt/rustwide/target/debug/deps/libis_terminal-4ae3e4111b4d87b7.rlib" "/opt/rustwide/target/debug/deps/librustix-849894367a7c21df.rlib" "/opt/rustwide/target/debug/deps/liblinux_raw_sys-10042d475b0cdd7a.rlib" "/opt/rustwide/target/debug/deps/libio_lifetimes-afa3204175273c6d.rlib" "/opt/rustwide/target/debug/deps/libanstyle-65bab265c6b958b3.rlib" "/opt/rustwide/target/debug/deps/libcolorchoice-804ff24ea1444180.rlib" "/opt/rustwide/target/debug/deps/libanstyle_parse-8108e06ab49dbaf2.rlib" "/opt/rustwide/target/debug/deps/libutf8parse-03cddaef72c90e73.rlib" "/opt/rustwide/target/debug/deps/libclap_lex-40e30411ea835822.rlib" "/opt/rustwide/target/debug/deps/libbitflags-82cc2d155c6eb112.rlib" "/opt/rustwide/target/debug/deps/libonce_cell-7d2ec3fb6b6c5a4d.rlib" "/opt/rustwide/target/debug/deps/librand_regex-02ceab19eb5d5a93.rlib" "/opt/rustwide/target/debug/deps/libregex_syntax-4f5764d8391a61ee.rlib" "/opt/rustwide/target/debug/deps/librand-cdbfe7894fbe6480.rlib" "/opt/rustwide/target/debug/deps/librand_chacha-a83a780ec0834b22.rlib" "/opt/rustwide/target/debug/deps/libppv_lite86-c3ad053967cc551c.rlib" "/opt/rustwide/target/debug/deps/librand_core-e8a82d14a9afd42d.rlib" "/opt/rustwide/target/debug/deps/libgetrandom-9d41a64033a18804.rlib" "/opt/rustwide/target/debug/deps/liblibc-09c46731ae1c781e.rlib" "/opt/rustwide/target/debug/deps/libcfg_if-e5e118dd7d121aaa.rlib" "/opt/rustwide/target/debug/deps/libderive_builder-0a54f4d5f1ec8f88.rlib" "/opt/rustwide/target/debug/deps/libfunction_name-b07710bdc33b9394.rlib" "/opt/rustwide/rustup-home/toolchains/1.69.0-x86_64-unknown-linux-gnu/lib/rustlib/x86_64-unknown-linux-gnu/lib/libstd-89bc084783fdc439.rlib" "/opt/rustwide/rustup-home/toolchains/1.69.0-x86_64-unknown-linux-gnu/lib/rustlib/x86_64-unknown-linux-gnu/lib/libpanic_unwind-8bee4b287d4367c1.rlib" "/opt/rustwide/rustup-home/toolchains/1.69.0-x86_64-unknown-linux-gnu/lib/rustlib/x86_64-unknown-linux-gnu/lib/libobject-d61707aed80694c0.rlib" "/opt/rustwide/rustup-home/toolchains/1.69.0-x86_64-unknown-linux-gnu/lib/rustlib/x86_64-unknown-linux-gnu/lib/libmemchr-d85366256f22345b.rlib" "/opt/rustwide/rustup-home/toolchains/1.69.0-x86_64-unknown-linux-gnu/lib/rustlib/x86_64-unknown-linux-gnu/lib/libaddr2line-96069b86b8a8cae9.rlib" "/opt/rustwide/rustup-home/toolchains/1.69.0-x86_64-unknown-linux-gnu/lib/rustlib/x86_64-unknown-linux-gnu/lib/libgimli-d19d53abf68dfa6c.rlib" "/opt/rustwide/rustup-home/toolchains/1.69.0-x86_64-unknown-linux-gnu/lib/rustlib/x86_64-unknown-linux-gnu/lib/librustc_demangle-787cbccd19d64ac6.rlib" "/opt/rustwide/rustup-home/toolchains/1.69.0-x86_64-unknown-linux-gnu/lib/rustlib/x86_64-unknown-linux-gnu/lib/libstd_detect-b3837a36b830e0d0.rlib" "/opt/rustwide/rustup-home/toolchains/1.69.0-x86_64-unknown-linux-gnu/lib/rustlib/x86_64-unknown-linux-gnu/lib/libhashbrown-e3deb0e7e3f04966.rlib" "/opt/rustwide/rustup-home/toolchains/1.69.0-x86_64-unknown-linux-gnu/lib/rustlib/x86_64-unknown-linux-gnu/lib/libminiz_oxide-dabbb79c9815def4.rlib" "/opt/rustwide/rustup-home/toolchains/1.69.0-x86_64-unknown-linux-gnu/lib/rustlib/x86_64-unknown-linux-gnu/lib/libadler-305b01f34c9409f2.rlib" "/opt/rustwide/rustup-home/toolchains/1.69.0-x86_64-unknown-linux-gnu/lib/rustlib/x86_64-unknown-linux-gnu/lib/librustc_std_workspace_alloc-f833521df6074e73.rlib" "/opt/rustwide/rustup-home/toolchains/1.69.0-x86_64-unknown-linux-gnu/lib/rustlib/x86_64-unknown-linux-gnu/lib/libunwind-9ac333113350d171.rlib" "/opt/rustwide/rustup-home/toolchains/1.69.0-x86_64-unknown-linux-gnu/lib/rustlib/x86_64-unknown-linux-gnu/lib/libcfg_if-1c126114322d0eee.rlib" "/opt/rustwide/rustup-home/toolchains/1.69.0-x86_64-unknown-linux-gnu/lib/rustlib/x86_64-unknown-linux-gnu/lib/liblibc-bad9164fdeeecf92.rlib" "/opt/rustwide/rustup-home/toolchains/1.69.0-x86_64-unknown-linux-gnu/lib/rustlib/x86_64-unknown-linux-gnu/lib/liballoc-f9374b1e480fa681.rlib" "/opt/rustwide/rustup-home/toolchains/1.69.0-x86_64-unknown-linux-gnu/lib/rustlib/x86_64-unknown-linux-gnu/lib/librustc_std_workspace_core-207f06e41d9603af.rlib" "/opt/rustwide/rustup-home/toolchains/1.69.0-x86_64-unknown-linux-gnu/lib/rustlib/x86_64-unknown-linux-gnu/lib/libcore-7e2768e66e984e85.rlib" "/opt/rustwide/rustup-home/toolchains/1.69.0-x86_64-unknown-linux-gnu/lib/rustlib/x86_64-unknown-linux-gnu/lib/libcompiler_builtins-957b4aff41f8cd46.rlib" "-Wl,-Bdynamic" "-lgcc_s" "-lutil" "-lrt" "-lpthread" "-lm" "-ldl" "-lc" "-Wl,--eh-frame-hdr" "-Wl,-z,noexecstack" "-L" "/opt/rustwide/rustup-home/toolchains/1.69.0-x86_64-unknown-linux-gnu/lib/rustlib/x86_64-unknown-linux-gnu/lib" "-o" "/tmp/rustdoctest71Ykgi/rust_out" "-Wl,--gc-sections" "-pie" "-Wl,-z,relro,-z,now" "-nodefaultlibs"
[INFO] [stdout]   = note: collect2: fatal error: ld terminated with signal 9 [Killed]
[INFO] [stdout]           compilation terminated.
[INFO] [stdout]           
[INFO] [stdout] 
[INFO] [stdout] error: aborting due to previous error
[INFO] [stdout] 
[INFO] [stdout] Couldn't compile the test.
[INFO] [stdout] ---- src/analysis/reachability.rs - analysis::reachability::reachable_from_non_terminal (line 241) stdout ----
[INFO] [stdout] error: linking with `cc` failed: exit status: 1
[INFO] [stdout]   |
[INFO] [stdout]   = note: LC_ALL="C" PATH="/opt/rustwide/rustup-home/toolchains/1.69.0-x86_64-unknown-linux-gnu/lib/rustlib/x86_64-unknown-linux-gnu/bin:/opt/rustwide/cargo-home/bin:/usr/local/sbin:/usr/local/bin:/usr/sbin:/usr/bin:/sbin:/bin" VSLANG="1033" "cc" "-m64" "/tmp/rustcz2fzDu/symbols.o" "/tmp/rustdoctestz2ZwdN/rust_out.rust_out.5bfee551-cgu.0.rcgu.o" "/tmp/rustdoctestz2ZwdN/rust_out.j00p4ncf7xg64kg.rcgu.o" "-Wl,--as-needed" "-L" "/opt/rustwide/target/debug/deps" "-L" "/opt/rustwide/target/debug/deps" "-L" "/opt/rustwide/rustup-home/toolchains/1.69.0-x86_64-unknown-linux-gnu/lib/rustlib/x86_64-unknown-linux-gnu/lib" "-Wl,-Bstatic" "/opt/rustwide/target/debug/deps/libparol-83e12ffa8283f139.rlib" "/opt/rustwide/target/debug/deps/libnum_cpus-a113ddc094185f59.rlib" "/opt/rustwide/target/debug/deps/libbitflags-372beabd903b8765.rlib" "/opt/rustwide/target/debug/deps/libregex-bc0557adb69c609c.rlib" "/opt/rustwide/target/debug/deps/libaho_corasick-9bb9d75852409017.rlib" "/opt/rustwide/target/debug/deps/libserde-d4c673f14439486d.rlib" "/opt/rustwide/target/debug/deps/libparol_runtime-ec66f223ca91507d.rlib" "/opt/rustwide/target/debug/deps/libcodespan_reporting-dc4f3445555cebf8.rlib" "/opt/rustwide/target/debug/deps/libunicode_width-f75bb0008a5efcfa.rlib" "/opt/rustwide/target/debug/deps/libtermcolor-b72ffe4cbd1728e7.rlib" "/opt/rustwide/target/debug/deps/libsyntree_layout-3a3661db8f3f8a24.rlib" "/opt/rustwide/target/debug/deps/libxml_writer-ac7d454c7659fe3c.rlib" "/opt/rustwide/target/debug/deps/libthiserror-0585cb50e2f72692.rlib" "/opt/rustwide/target/debug/deps/libsyntree-b713ca6df61dc6a4.rlib" "/opt/rustwide/target/debug/deps/liblog-e4acea3c8ca43b70.rlib" "/opt/rustwide/target/debug/deps/libanyhow-06517169a980eda8.rlib" "/opt/rustwide/target/debug/deps/libregex_automata-3a883838023b0e47.rlib" "/opt/rustwide/target/debug/deps/libmemchr-b18e4aa3c7a38625.rlib" "/opt/rustwide/target/debug/deps/libparol_macros-4d77d37e5fb8e6c6.rlib" "/opt/rustwide/target/debug/deps/libclap-5a7c56e0fe821fa7.rlib" "/opt/rustwide/target/debug/deps/libclap_builder-574b9e60a09af206.rlib" "/opt/rustwide/target/debug/deps/libstrsim-6c4a301b03dc606f.rlib" "/opt/rustwide/target/debug/deps/libanstream-37a453ca43956363.rlib" "/opt/rustwide/target/debug/deps/libanstyle_query-557530b7a0584f9c.rlib" "/opt/rustwide/target/debug/deps/libis_terminal-4ae3e4111b4d87b7.rlib" "/opt/rustwide/target/debug/deps/librustix-849894367a7c21df.rlib" "/opt/rustwide/target/debug/deps/liblinux_raw_sys-10042d475b0cdd7a.rlib" "/opt/rustwide/target/debug/deps/libio_lifetimes-afa3204175273c6d.rlib" "/opt/rustwide/target/debug/deps/libanstyle-65bab265c6b958b3.rlib" "/opt/rustwide/target/debug/deps/libcolorchoice-804ff24ea1444180.rlib" "/opt/rustwide/target/debug/deps/libanstyle_parse-8108e06ab49dbaf2.rlib" "/opt/rustwide/target/debug/deps/libutf8parse-03cddaef72c90e73.rlib" "/opt/rustwide/target/debug/deps/libclap_lex-40e30411ea835822.rlib" "/opt/rustwide/target/debug/deps/libbitflags-82cc2d155c6eb112.rlib" "/opt/rustwide/target/debug/deps/libonce_cell-7d2ec3fb6b6c5a4d.rlib" "/opt/rustwide/target/debug/deps/librand_regex-02ceab19eb5d5a93.rlib" "/opt/rustwide/target/debug/deps/libregex_syntax-4f5764d8391a61ee.rlib" "/opt/rustwide/target/debug/deps/librand-cdbfe7894fbe6480.rlib" "/opt/rustwide/target/debug/deps/librand_chacha-a83a780ec0834b22.rlib" "/opt/rustwide/target/debug/deps/libppv_lite86-c3ad053967cc551c.rlib" "/opt/rustwide/target/debug/deps/librand_core-e8a82d14a9afd42d.rlib" "/opt/rustwide/target/debug/deps/libgetrandom-9d41a64033a18804.rlib" "/opt/rustwide/target/debug/deps/liblibc-09c46731ae1c781e.rlib" "/opt/rustwide/target/debug/deps/libcfg_if-e5e118dd7d121aaa.rlib" "/opt/rustwide/target/debug/deps/libderive_builder-0a54f4d5f1ec8f88.rlib" "/opt/rustwide/target/debug/deps/libfunction_name-b07710bdc33b9394.rlib" "/opt/rustwide/rustup-home/toolchains/1.69.0-x86_64-unknown-linux-gnu/lib/rustlib/x86_64-unknown-linux-gnu/lib/libstd-89bc084783fdc439.rlib" "/opt/rustwide/rustup-home/toolchains/1.69.0-x86_64-unknown-linux-gnu/lib/rustlib/x86_64-unknown-linux-gnu/lib/libpanic_unwind-8bee4b287d4367c1.rlib" "/opt/rustwide/rustup-home/toolchains/1.69.0-x86_64-unknown-linux-gnu/lib/rustlib/x86_64-unknown-linux-gnu/lib/libobject-d61707aed80694c0.rlib" "/opt/rustwide/rustup-home/toolchains/1.69.0-x86_64-unknown-linux-gnu/lib/rustlib/x86_64-unknown-linux-gnu/lib/libmemchr-d85366256f22345b.rlib" "/opt/rustwide/rustup-home/toolchains/1.69.0-x86_64-unknown-linux-gnu/lib/rustlib/x86_64-unknown-linux-gnu/lib/libaddr2line-96069b86b8a8cae9.rlib" "/opt/rustwide/rustup-home/toolchains/1.69.0-x86_64-unknown-linux-gnu/lib/rustlib/x86_64-unknown-linux-gnu/lib/libgimli-d19d53abf68dfa6c.rlib" "/opt/rustwide/rustup-home/toolchains/1.69.0-x86_64-unknown-linux-gnu/lib/rustlib/x86_64-unknown-linux-gnu/lib/librustc_demangle-787cbccd19d64ac6.rlib" "/opt/rustwide/rustup-home/toolchains/1.69.0-x86_64-unknown-linux-gnu/lib/rustlib/x86_64-unknown-linux-gnu/lib/libstd_detect-b3837a36b830e0d0.rlib" "/opt/rustwide/rustup-home/toolchains/1.69.0-x86_64-unknown-linux-gnu/lib/rustlib/x86_64-unknown-linux-gnu/lib/libhashbrown-e3deb0e7e3f04966.rlib" "/opt/rustwide/rustup-home/toolchains/1.69.0-x86_64-unknown-linux-gnu/lib/rustlib/x86_64-unknown-linux-gnu/lib/libminiz_oxide-dabbb79c9815def4.rlib" "/opt/rustwide/rustup-home/toolchains/1.69.0-x86_64-unknown-linux-gnu/lib/rustlib/x86_64-unknown-linux-gnu/lib/libadler-305b01f34c9409f2.rlib" "/opt/rustwide/rustup-home/toolchains/1.69.0-x86_64-unknown-linux-gnu/lib/rustlib/x86_64-unknown-linux-gnu/lib/librustc_std_workspace_alloc-f833521df6074e73.rlib" "/opt/rustwide/rustup-home/toolchains/1.69.0-x86_64-unknown-linux-gnu/lib/rustlib/x86_64-unknown-linux-gnu/lib/libunwind-9ac333113350d171.rlib" "/opt/rustwide/rustup-home/toolchains/1.69.0-x86_64-unknown-linux-gnu/lib/rustlib/x86_64-unknown-linux-gnu/lib/libcfg_if-1c126114322d0eee.rlib" "/opt/rustwide/rustup-home/toolchains/1.69.0-x86_64-unknown-linux-gnu/lib/rustlib/x86_64-unknown-linux-gnu/lib/liblibc-bad9164fdeeecf92.rlib" "/opt/rustwide/rustup-home/toolchains/1.69.0-x86_64-unknown-linux-gnu/lib/rustlib/x86_64-unknown-linux-gnu/lib/liballoc-f9374b1e480fa681.rlib" "/opt/rustwide/rustup-home/toolchains/1.69.0-x86_64-unknown-linux-gnu/lib/rustlib/x86_64-unknown-linux-gnu/lib/librustc_std_workspace_core-207f06e41d9603af.rlib" "/opt/rustwide/rustup-home/toolchains/1.69.0-x86_64-unknown-linux-gnu/lib/rustlib/x86_64-unknown-linux-gnu/lib/libcore-7e2768e66e984e85.rlib" "/opt/rustwide/rustup-home/toolchains/1.69.0-x86_64-unknown-linux-gnu/lib/rustlib/x86_64-unknown-linux-gnu/lib/libcompiler_builtins-957b4aff41f8cd46.rlib" "-Wl,-Bdynamic" "-lgcc_s" "-lutil" "-lrt" "-lpthread" "-lm" "-ldl" "-lc" "-Wl,--eh-frame-hdr" "-Wl,-z,noexecstack" "-L" "/opt/rustwide/rustup-home/toolchains/1.69.0-x86_64-unknown-linux-gnu/lib/rustlib/x86_64-unknown-linux-gnu/lib" "-o" "/tmp/rustdoctestz2ZwdN/rust_out" "-Wl,--gc-sections" "-pie" "-Wl,-z,relro,-z,now" "-nodefaultlibs"
[INFO] [stdout]   = note: collect2: fatal error: ld terminated with signal 9 [Killed]
[INFO] [stdout]           compilation terminated.
[INFO] [stdout]           
[INFO] [stdout] 
[INFO] [stdout] error: aborting due to previous error
[INFO] [stdout] 
[INFO] [stdout] Couldn't compile the test.
[INFO] [stdout] ---- src/analysis/reachability.rs - analysis::reachability::nt_producing_productions (line 339) stdout ----
[INFO] [stdout] error: linking with `cc` failed: exit status: 1
[INFO] [stdout]   |
[INFO] [stdout]   = note: LC_ALL="C" PATH="/opt/rustwide/rustup-home/toolchains/1.69.0-x86_64-unknown-linux-gnu/lib/rustlib/x86_64-unknown-linux-gnu/bin:/opt/rustwide/cargo-home/bin:/usr/local/sbin:/usr/local/bin:/usr/sbin:/usr/bin:/sbin:/bin" VSLANG="1033" "cc" "-m64" "/tmp/rustcOwCMXs/symbols.o" "/tmp/rustdoctestzaZrx9/rust_out.rust_out.5bfee551-cgu.0.rcgu.o" "/tmp/rustdoctestzaZrx9/rust_out.j00p4ncf7xg64kg.rcgu.o" "-Wl,--as-needed" "-L" "/opt/rustwide/target/debug/deps" "-L" "/opt/rustwide/target/debug/deps" "-L" "/opt/rustwide/rustup-home/toolchains/1.69.0-x86_64-unknown-linux-gnu/lib/rustlib/x86_64-unknown-linux-gnu/lib" "-Wl,-Bstatic" "/opt/rustwide/target/debug/deps/libparol-83e12ffa8283f139.rlib" "/opt/rustwide/target/debug/deps/libnum_cpus-a113ddc094185f59.rlib" "/opt/rustwide/target/debug/deps/libbitflags-372beabd903b8765.rlib" "/opt/rustwide/target/debug/deps/libregex-bc0557adb69c609c.rlib" "/opt/rustwide/target/debug/deps/libaho_corasick-9bb9d75852409017.rlib" "/opt/rustwide/target/debug/deps/libserde-d4c673f14439486d.rlib" "/opt/rustwide/target/debug/deps/libparol_runtime-ec66f223ca91507d.rlib" "/opt/rustwide/target/debug/deps/libcodespan_reporting-dc4f3445555cebf8.rlib" "/opt/rustwide/target/debug/deps/libunicode_width-f75bb0008a5efcfa.rlib" "/opt/rustwide/target/debug/deps/libtermcolor-b72ffe4cbd1728e7.rlib" "/opt/rustwide/target/debug/deps/libsyntree_layout-3a3661db8f3f8a24.rlib" "/opt/rustwide/target/debug/deps/libxml_writer-ac7d454c7659fe3c.rlib" "/opt/rustwide/target/debug/deps/libthiserror-0585cb50e2f72692.rlib" "/opt/rustwide/target/debug/deps/libsyntree-b713ca6df61dc6a4.rlib" "/opt/rustwide/target/debug/deps/liblog-e4acea3c8ca43b70.rlib" "/opt/rustwide/target/debug/deps/libanyhow-06517169a980eda8.rlib" "/opt/rustwide/target/debug/deps/libregex_automata-3a883838023b0e47.rlib" "/opt/rustwide/target/debug/deps/libmemchr-b18e4aa3c7a38625.rlib" "/opt/rustwide/target/debug/deps/libparol_macros-4d77d37e5fb8e6c6.rlib" "/opt/rustwide/target/debug/deps/libclap-5a7c56e0fe821fa7.rlib" "/opt/rustwide/target/debug/deps/libclap_builder-574b9e60a09af206.rlib" "/opt/rustwide/target/debug/deps/libstrsim-6c4a301b03dc606f.rlib" "/opt/rustwide/target/debug/deps/libanstream-37a453ca43956363.rlib" "/opt/rustwide/target/debug/deps/libanstyle_query-557530b7a0584f9c.rlib" "/opt/rustwide/target/debug/deps/libis_terminal-4ae3e4111b4d87b7.rlib" "/opt/rustwide/target/debug/deps/librustix-849894367a7c21df.rlib" "/opt/rustwide/target/debug/deps/liblinux_raw_sys-10042d475b0cdd7a.rlib" "/opt/rustwide/target/debug/deps/libio_lifetimes-afa3204175273c6d.rlib" "/opt/rustwide/target/debug/deps/libanstyle-65bab265c6b958b3.rlib" "/opt/rustwide/target/debug/deps/libcolorchoice-804ff24ea1444180.rlib" "/opt/rustwide/target/debug/deps/libanstyle_parse-8108e06ab49dbaf2.rlib" "/opt/rustwide/target/debug/deps/libutf8parse-03cddaef72c90e73.rlib" "/opt/rustwide/target/debug/deps/libclap_lex-40e30411ea835822.rlib" "/opt/rustwide/target/debug/deps/libbitflags-82cc2d155c6eb112.rlib" "/opt/rustwide/target/debug/deps/libonce_cell-7d2ec3fb6b6c5a4d.rlib" "/opt/rustwide/target/debug/deps/librand_regex-02ceab19eb5d5a93.rlib" "/opt/rustwide/target/debug/deps/libregex_syntax-4f5764d8391a61ee.rlib" "/opt/rustwide/target/debug/deps/librand-cdbfe7894fbe6480.rlib" "/opt/rustwide/target/debug/deps/librand_chacha-a83a780ec0834b22.rlib" "/opt/rustwide/target/debug/deps/libppv_lite86-c3ad053967cc551c.rlib" "/opt/rustwide/target/debug/deps/librand_core-e8a82d14a9afd42d.rlib" "/opt/rustwide/target/debug/deps/libgetrandom-9d41a64033a18804.rlib" "/opt/rustwide/target/debug/deps/liblibc-09c46731ae1c781e.rlib" "/opt/rustwide/target/debug/deps/libcfg_if-e5e118dd7d121aaa.rlib" "/opt/rustwide/target/debug/deps/libderive_builder-0a54f4d5f1ec8f88.rlib" "/opt/rustwide/target/debug/deps/libfunction_name-b07710bdc33b9394.rlib" "/opt/rustwide/rustup-home/toolchains/1.69.0-x86_64-unknown-linux-gnu/lib/rustlib/x86_64-unknown-linux-gnu/lib/libstd-89bc084783fdc439.rlib" "/opt/rustwide/rustup-home/toolchains/1.69.0-x86_64-unknown-linux-gnu/lib/rustlib/x86_64-unknown-linux-gnu/lib/libpanic_unwind-8bee4b287d4367c1.rlib" "/opt/rustwide/rustup-home/toolchains/1.69.0-x86_64-unknown-linux-gnu/lib/rustlib/x86_64-unknown-linux-gnu/lib/libobject-d61707aed80694c0.rlib" "/opt/rustwide/rustup-home/toolchains/1.69.0-x86_64-unknown-linux-gnu/lib/rustlib/x86_64-unknown-linux-gnu/lib/libmemchr-d85366256f22345b.rlib" "/opt/rustwide/rustup-home/toolchains/1.69.0-x86_64-unknown-linux-gnu/lib/rustlib/x86_64-unknown-linux-gnu/lib/libaddr2line-96069b86b8a8cae9.rlib" "/opt/rustwide/rustup-home/toolchains/1.69.0-x86_64-unknown-linux-gnu/lib/rustlib/x86_64-unknown-linux-gnu/lib/libgimli-d19d53abf68dfa6c.rlib" "/opt/rustwide/rustup-home/toolchains/1.69.0-x86_64-unknown-linux-gnu/lib/rustlib/x86_64-unknown-linux-gnu/lib/librustc_demangle-787cbccd19d64ac6.rlib" "/opt/rustwide/rustup-home/toolchains/1.69.0-x86_64-unknown-linux-gnu/lib/rustlib/x86_64-unknown-linux-gnu/lib/libstd_detect-b3837a36b830e0d0.rlib" "/opt/rustwide/rustup-home/toolchains/1.69.0-x86_64-unknown-linux-gnu/lib/rustlib/x86_64-unknown-linux-gnu/lib/libhashbrown-e3deb0e7e3f04966.rlib" "/opt/rustwide/rustup-home/toolchains/1.69.0-x86_64-unknown-linux-gnu/lib/rustlib/x86_64-unknown-linux-gnu/lib/libminiz_oxide-dabbb79c9815def4.rlib" "/opt/rustwide/rustup-home/toolchains/1.69.0-x86_64-unknown-linux-gnu/lib/rustlib/x86_64-unknown-linux-gnu/lib/libadler-305b01f34c9409f2.rlib" "/opt/rustwide/rustup-home/toolchains/1.69.0-x86_64-unknown-linux-gnu/lib/rustlib/x86_64-unknown-linux-gnu/lib/librustc_std_workspace_alloc-f833521df6074e73.rlib" "/opt/rustwide/rustup-home/toolchains/1.69.0-x86_64-unknown-linux-gnu/lib/rustlib/x86_64-unknown-linux-gnu/lib/libunwind-9ac333113350d171.rlib" "/opt/rustwide/rustup-home/toolchains/1.69.0-x86_64-unknown-linux-gnu/lib/rustlib/x86_64-unknown-linux-gnu/lib/libcfg_if-1c126114322d0eee.rlib" "/opt/rustwide/rustup-home/toolchains/1.69.0-x86_64-unknown-linux-gnu/lib/rustlib/x86_64-unknown-linux-gnu/lib/liblibc-bad9164fdeeecf92.rlib" "/opt/rustwide/rustup-home/toolchains/1.69.0-x86_64-unknown-linux-gnu/lib/rustlib/x86_64-unknown-linux-gnu/lib/liballoc-f9374b1e480fa681.rlib" "/opt/rustwide/rustup-home/toolchains/1.69.0-x86_64-unknown-linux-gnu/lib/rustlib/x86_64-unknown-linux-gnu/lib/librustc_std_workspace_core-207f06e41d9603af.rlib" "/opt/rustwide/rustup-home/toolchains/1.69.0-x86_64-unknown-linux-gnu/lib/rustlib/x86_64-unknown-linux-gnu/lib/libcore-7e2768e66e984e85.rlib" "/opt/rustwide/rustup-home/toolchains/1.69.0-x86_64-unknown-linux-gnu/lib/rustlib/x86_64-unknown-linux-gnu/lib/libcompiler_builtins-957b4aff41f8cd46.rlib" "-Wl,-Bdynamic" "-lgcc_s" "-lutil" "-lrt" "-lpthread" "-lm" "-ldl" "-lc" "-Wl,--eh-frame-hdr" "-Wl,-z,noexecstack" "-L" "/opt/rustwide/rustup-home/toolchains/1.69.0-x86_64-unknown-linux-gnu/lib/rustlib/x86_64-unknown-linux-gnu/lib" "-o" "/tmp/rustdoctestzaZrx9/rust_out" "-Wl,--gc-sections" "-pie" "-Wl,-z,relro,-z,now" "-nodefaultlibs"
[INFO] [stdout]   = note: collect2: fatal error: ld terminated with signal 9 [Killed]
[INFO] [stdout]           compilation terminated.
[INFO] [stdout]           
[INFO] [stdout] 
[INFO] [stdout] error: aborting due to previous error
[INFO] [stdout] 
[INFO] [stdout] Couldn't compile the test.
[INFO] [stdout] ---- src/analysis/reachability.rs - analysis::reachability::reachable_non_terminals (line 7) stdout ----
[INFO] [stdout] error: linking with `cc` failed: exit status: 1
[INFO] [stdout]   |
[INFO] [stdout]   = note: LC_ALL="C" PATH="/opt/rustwide/rustup-home/toolchains/1.69.0-x86_64-unknown-linux-gnu/lib/rustlib/x86_64-unknown-linux-gnu/bin:/opt/rustwide/cargo-home/bin:/usr/local/sbin:/usr/local/bin:/usr/sbin:/usr/bin:/sbin:/bin" VSLANG="1033" "cc" "-m64" "/tmp/rustcTeiYO9/symbols.o" "/tmp/rustdoctestAewloh/rust_out.rust_out.5bfee551-cgu.0.rcgu.o" "/tmp/rustdoctestAewloh/rust_out.j00p4ncf7xg64kg.rcgu.o" "-Wl,--as-needed" "-L" "/opt/rustwide/target/debug/deps" "-L" "/opt/rustwide/target/debug/deps" "-L" "/opt/rustwide/rustup-home/toolchains/1.69.0-x86_64-unknown-linux-gnu/lib/rustlib/x86_64-unknown-linux-gnu/lib" "-Wl,-Bstatic" "/opt/rustwide/target/debug/deps/libparol-83e12ffa8283f139.rlib" "/opt/rustwide/target/debug/deps/libnum_cpus-a113ddc094185f59.rlib" "/opt/rustwide/target/debug/deps/libbitflags-372beabd903b8765.rlib" "/opt/rustwide/target/debug/deps/libregex-bc0557adb69c609c.rlib" "/opt/rustwide/target/debug/deps/libaho_corasick-9bb9d75852409017.rlib" "/opt/rustwide/target/debug/deps/libserde-d4c673f14439486d.rlib" "/opt/rustwide/target/debug/deps/libparol_runtime-ec66f223ca91507d.rlib" "/opt/rustwide/target/debug/deps/libcodespan_reporting-dc4f3445555cebf8.rlib" "/opt/rustwide/target/debug/deps/libunicode_width-f75bb0008a5efcfa.rlib" "/opt/rustwide/target/debug/deps/libtermcolor-b72ffe4cbd1728e7.rlib" "/opt/rustwide/target/debug/deps/libsyntree_layout-3a3661db8f3f8a24.rlib" "/opt/rustwide/target/debug/deps/libxml_writer-ac7d454c7659fe3c.rlib" "/opt/rustwide/target/debug/deps/libthiserror-0585cb50e2f72692.rlib" "/opt/rustwide/target/debug/deps/libsyntree-b713ca6df61dc6a4.rlib" "/opt/rustwide/target/debug/deps/liblog-e4acea3c8ca43b70.rlib" "/opt/rustwide/target/debug/deps/libanyhow-06517169a980eda8.rlib" "/opt/rustwide/target/debug/deps/libregex_automata-3a883838023b0e47.rlib" "/opt/rustwide/target/debug/deps/libmemchr-b18e4aa3c7a38625.rlib" "/opt/rustwide/target/debug/deps/libparol_macros-4d77d37e5fb8e6c6.rlib" "/opt/rustwide/target/debug/deps/libclap-5a7c56e0fe821fa7.rlib" "/opt/rustwide/target/debug/deps/libclap_builder-574b9e60a09af206.rlib" "/opt/rustwide/target/debug/deps/libstrsim-6c4a301b03dc606f.rlib" "/opt/rustwide/target/debug/deps/libanstream-37a453ca43956363.rlib" "/opt/rustwide/target/debug/deps/libanstyle_query-557530b7a0584f9c.rlib" "/opt/rustwide/target/debug/deps/libis_terminal-4ae3e4111b4d87b7.rlib" "/opt/rustwide/target/debug/deps/librustix-849894367a7c21df.rlib" "/opt/rustwide/target/debug/deps/liblinux_raw_sys-10042d475b0cdd7a.rlib" "/opt/rustwide/target/debug/deps/libio_lifetimes-afa3204175273c6d.rlib" "/opt/rustwide/target/debug/deps/libanstyle-65bab265c6b958b3.rlib" "/opt/rustwide/target/debug/deps/libcolorchoice-804ff24ea1444180.rlib" "/opt/rustwide/target/debug/deps/libanstyle_parse-8108e06ab49dbaf2.rlib" "/opt/rustwide/target/debug/deps/libutf8parse-03cddaef72c90e73.rlib" "/opt/rustwide/target/debug/deps/libclap_lex-40e30411ea835822.rlib" "/opt/rustwide/target/debug/deps/libbitflags-82cc2d155c6eb112.rlib" "/opt/rustwide/target/debug/deps/libonce_cell-7d2ec3fb6b6c5a4d.rlib" "/opt/rustwide/target/debug/deps/librand_regex-02ceab19eb5d5a93.rlib" "/opt/rustwide/target/debug/deps/libregex_syntax-4f5764d8391a61ee.rlib" "/opt/rustwide/target/debug/deps/librand-cdbfe7894fbe6480.rlib" "/opt/rustwide/target/debug/deps/librand_chacha-a83a780ec0834b22.rlib" "/opt/rustwide/target/debug/deps/libppv_lite86-c3ad053967cc551c.rlib" "/opt/rustwide/target/debug/deps/librand_core-e8a82d14a9afd42d.rlib" "/opt/rustwide/target/debug/deps/libgetrandom-9d41a64033a18804.rlib" "/opt/rustwide/target/debug/deps/liblibc-09c46731ae1c781e.rlib" "/opt/rustwide/target/debug/deps/libcfg_if-e5e118dd7d121aaa.rlib" "/opt/rustwide/target/debug/deps/libderive_builder-0a54f4d5f1ec8f88.rlib" "/opt/rustwide/target/debug/deps/libfunction_name-b07710bdc33b9394.rlib" "/opt/rustwide/rustup-home/toolchains/1.69.0-x86_64-unknown-linux-gnu/lib/rustlib/x86_64-unknown-linux-gnu/lib/libstd-89bc084783fdc439.rlib" "/opt/rustwide/rustup-home/toolchains/1.69.0-x86_64-unknown-linux-gnu/lib/rustlib/x86_64-unknown-linux-gnu/lib/libpanic_unwind-8bee4b287d4367c1.rlib" "/opt/rustwide/rustup-home/toolchains/1.69.0-x86_64-unknown-linux-gnu/lib/rustlib/x86_64-unknown-linux-gnu/lib/libobject-d61707aed80694c0.rlib" "/opt/rustwide/rustup-home/toolchains/1.69.0-x86_64-unknown-linux-gnu/lib/rustlib/x86_64-unknown-linux-gnu/lib/libmemchr-d85366256f22345b.rlib" "/opt/rustwide/rustup-home/toolchains/1.69.0-x86_64-unknown-linux-gnu/lib/rustlib/x86_64-unknown-linux-gnu/lib/libaddr2line-96069b86b8a8cae9.rlib" "/opt/rustwide/rustup-home/toolchains/1.69.0-x86_64-unknown-linux-gnu/lib/rustlib/x86_64-unknown-linux-gnu/lib/libgimli-d19d53abf68dfa6c.rlib" "/opt/rustwide/rustup-home/toolchains/1.69.0-x86_64-unknown-linux-gnu/lib/rustlib/x86_64-unknown-linux-gnu/lib/librustc_demangle-787cbccd19d64ac6.rlib" "/opt/rustwide/rustup-home/toolchains/1.69.0-x86_64-unknown-linux-gnu/lib/rustlib/x86_64-unknown-linux-gnu/lib/libstd_detect-b3837a36b830e0d0.rlib" "/opt/rustwide/rustup-home/toolchains/1.69.0-x86_64-unknown-linux-gnu/lib/rustlib/x86_64-unknown-linux-gnu/lib/libhashbrown-e3deb0e7e3f04966.rlib" "/opt/rustwide/rustup-home/toolchains/1.69.0-x86_64-unknown-linux-gnu/lib/rustlib/x86_64-unknown-linux-gnu/lib/libminiz_oxide-dabbb79c9815def4.rlib" "/opt/rustwide/rustup-home/toolchains/1.69.0-x86_64-unknown-linux-gnu/lib/rustlib/x86_64-unknown-linux-gnu/lib/libadler-305b01f34c9409f2.rlib" "/opt/rustwide/rustup-home/toolchains/1.69.0-x86_64-unknown-linux-gnu/lib/rustlib/x86_64-unknown-linux-gnu/lib/librustc_std_workspace_alloc-f833521df6074e73.rlib" "/opt/rustwide/rustup-home/toolchains/1.69.0-x86_64-unknown-linux-gnu/lib/rustlib/x86_64-unknown-linux-gnu/lib/libunwind-9ac333113350d171.rlib" "/opt/rustwide/rustup-home/toolchains/1.69.0-x86_64-unknown-linux-gnu/lib/rustlib/x86_64-unknown-linux-gnu/lib/libcfg_if-1c126114322d0eee.rlib" "/opt/rustwide/rustup-home/toolchains/1.69.0-x86_64-unknown-linux-gnu/lib/rustlib/x86_64-unknown-linux-gnu/lib/liblibc-bad9164fdeeecf92.rlib" "/opt/rustwide/rustup-home/toolchains/1.69.0-x86_64-unknown-linux-gnu/lib/rustlib/x86_64-unknown-linux-gnu/lib/liballoc-f9374b1e480fa681.rlib" "/opt/rustwide/rustup-home/toolchains/1.69.0-x86_64-unknown-linux-gnu/lib/rustlib/x86_64-unknown-linux-gnu/lib/librustc_std_workspace_core-207f06e41d9603af.rlib" "/opt/rustwide/rustup-home/toolchains/1.69.0-x86_64-unknown-linux-gnu/lib/rustlib/x86_64-unknown-linux-gnu/lib/libcore-7e2768e66e984e85.rlib" "/opt/rustwide/rustup-home/toolchains/1.69.0-x86_64-unknown-linux-gnu/lib/rustlib/x86_64-unknown-linux-gnu/lib/libcompiler_builtins-957b4aff41f8cd46.rlib" "-Wl,-Bdynamic" "-lgcc_s" "-lutil" "-lrt" "-lpthread" "-lm" "-ldl" "-lc" "-Wl,--eh-frame-hdr" "-Wl,-z,noexecstack" "-L" "/opt/rustwide/rustup-home/toolchains/1.69.0-x86_64-unknown-linux-gnu/lib/rustlib/x86_64-unknown-linux-gnu/lib" "-o" "/tmp/rustdoctestAewloh/rust_out" "-Wl,--gc-sections" "-pie" "-Wl,-z,relro,-z,now" "-nodefaultlibs"
[INFO] [stdout]   = note: collect2: fatal error: ld terminated with signal 9 [Killed]
[INFO] [stdout]           compilation terminated.
[INFO] [stdout]           
[INFO] [stdout] 
[INFO] [stdout] error: aborting due to previous error
[INFO] [stdout] 
[INFO] [stdout] Couldn't compile the test.
[INFO] [stdout] ---- src/analysis/reachability.rs - analysis::reachability::reachable_from_production (line 117) stdout ----
[INFO] [stdout] error: linking with `cc` failed: exit status: 1
[INFO] [stdout]   |
[INFO] [stdout]   = note: LC_ALL="C" PATH="/opt/rustwide/rustup-home/toolchains/1.69.0-x86_64-unknown-linux-gnu/lib/rustlib/x86_64-unknown-linux-gnu/bin:/opt/rustwide/cargo-home/bin:/usr/local/sbin:/usr/local/bin:/usr/sbin:/usr/bin:/sbin:/bin" VSLANG="1033" "cc" "-m64" "/tmp/rustcgiqhLf/symbols.o" "/tmp/rustdoctestEjCeud/rust_out.rust_out.5bfee551-cgu.0.rcgu.o" "/tmp/rustdoctestEjCeud/rust_out.j00p4ncf7xg64kg.rcgu.o" "-Wl,--as-needed" "-L" "/opt/rustwide/target/debug/deps" "-L" "/opt/rustwide/target/debug/deps" "-L" "/opt/rustwide/rustup-home/toolchains/1.69.0-x86_64-unknown-linux-gnu/lib/rustlib/x86_64-unknown-linux-gnu/lib" "-Wl,-Bstatic" "/opt/rustwide/target/debug/deps/libparol-83e12ffa8283f139.rlib" "/opt/rustwide/target/debug/deps/libnum_cpus-a113ddc094185f59.rlib" "/opt/rustwide/target/debug/deps/libbitflags-372beabd903b8765.rlib" "/opt/rustwide/target/debug/deps/libregex-bc0557adb69c609c.rlib" "/opt/rustwide/target/debug/deps/libaho_corasick-9bb9d75852409017.rlib" "/opt/rustwide/target/debug/deps/libserde-d4c673f14439486d.rlib" "/opt/rustwide/target/debug/deps/libparol_runtime-ec66f223ca91507d.rlib" "/opt/rustwide/target/debug/deps/libcodespan_reporting-dc4f3445555cebf8.rlib" "/opt/rustwide/target/debug/deps/libunicode_width-f75bb0008a5efcfa.rlib" "/opt/rustwide/target/debug/deps/libtermcolor-b72ffe4cbd1728e7.rlib" "/opt/rustwide/target/debug/deps/libsyntree_layout-3a3661db8f3f8a24.rlib" "/opt/rustwide/target/debug/deps/libxml_writer-ac7d454c7659fe3c.rlib" "/opt/rustwide/target/debug/deps/libthiserror-0585cb50e2f72692.rlib" "/opt/rustwide/target/debug/deps/libsyntree-b713ca6df61dc6a4.rlib" "/opt/rustwide/target/debug/deps/liblog-e4acea3c8ca43b70.rlib" "/opt/rustwide/target/debug/deps/libanyhow-06517169a980eda8.rlib" "/opt/rustwide/target/debug/deps/libregex_automata-3a883838023b0e47.rlib" "/opt/rustwide/target/debug/deps/libmemchr-b18e4aa3c7a38625.rlib" "/opt/rustwide/target/debug/deps/libparol_macros-4d77d37e5fb8e6c6.rlib" "/opt/rustwide/target/debug/deps/libclap-5a7c56e0fe821fa7.rlib" "/opt/rustwide/target/debug/deps/libclap_builder-574b9e60a09af206.rlib" "/opt/rustwide/target/debug/deps/libstrsim-6c4a301b03dc606f.rlib" "/opt/rustwide/target/debug/deps/libanstream-37a453ca43956363.rlib" "/opt/rustwide/target/debug/deps/libanstyle_query-557530b7a0584f9c.rlib" "/opt/rustwide/target/debug/deps/libis_terminal-4ae3e4111b4d87b7.rlib" "/opt/rustwide/target/debug/deps/librustix-849894367a7c21df.rlib" "/opt/rustwide/target/debug/deps/liblinux_raw_sys-10042d475b0cdd7a.rlib" "/opt/rustwide/target/debug/deps/libio_lifetimes-afa3204175273c6d.rlib" "/opt/rustwide/target/debug/deps/libanstyle-65bab265c6b958b3.rlib" "/opt/rustwide/target/debug/deps/libcolorchoice-804ff24ea1444180.rlib" "/opt/rustwide/target/debug/deps/libanstyle_parse-8108e06ab49dbaf2.rlib" "/opt/rustwide/target/debug/deps/libutf8parse-03cddaef72c90e73.rlib" "/opt/rustwide/target/debug/deps/libclap_lex-40e30411ea835822.rlib" "/opt/rustwide/target/debug/deps/libbitflags-82cc2d155c6eb112.rlib" "/opt/rustwide/target/debug/deps/libonce_cell-7d2ec3fb6b6c5a4d.rlib" "/opt/rustwide/target/debug/deps/librand_regex-02ceab19eb5d5a93.rlib" "/opt/rustwide/target/debug/deps/libregex_syntax-4f5764d8391a61ee.rlib" "/opt/rustwide/target/debug/deps/librand-cdbfe7894fbe6480.rlib" "/opt/rustwide/target/debug/deps/librand_chacha-a83a780ec0834b22.rlib" "/opt/rustwide/target/debug/deps/libppv_lite86-c3ad053967cc551c.rlib" "/opt/rustwide/target/debug/deps/librand_core-e8a82d14a9afd42d.rlib" "/opt/rustwide/target/debug/deps/libgetrandom-9d41a64033a18804.rlib" "/opt/rustwide/target/debug/deps/liblibc-09c46731ae1c781e.rlib" "/opt/rustwide/target/debug/deps/libcfg_if-e5e118dd7d121aaa.rlib" "/opt/rustwide/target/debug/deps/libderive_builder-0a54f4d5f1ec8f88.rlib" "/opt/rustwide/target/debug/deps/libfunction_name-b07710bdc33b9394.rlib" "/opt/rustwide/rustup-home/toolchains/1.69.0-x86_64-unknown-linux-gnu/lib/rustlib/x86_64-unknown-linux-gnu/lib/libstd-89bc084783fdc439.rlib" "/opt/rustwide/rustup-home/toolchains/1.69.0-x86_64-unknown-linux-gnu/lib/rustlib/x86_64-unknown-linux-gnu/lib/libpanic_unwind-8bee4b287d4367c1.rlib" "/opt/rustwide/rustup-home/toolchains/1.69.0-x86_64-unknown-linux-gnu/lib/rustlib/x86_64-unknown-linux-gnu/lib/libobject-d61707aed80694c0.rlib" "/opt/rustwide/rustup-home/toolchains/1.69.0-x86_64-unknown-linux-gnu/lib/rustlib/x86_64-unknown-linux-gnu/lib/libmemchr-d85366256f22345b.rlib" "/opt/rustwide/rustup-home/toolchains/1.69.0-x86_64-unknown-linux-gnu/lib/rustlib/x86_64-unknown-linux-gnu/lib/libaddr2line-96069b86b8a8cae9.rlib" "/opt/rustwide/rustup-home/toolchains/1.69.0-x86_64-unknown-linux-gnu/lib/rustlib/x86_64-unknown-linux-gnu/lib/libgimli-d19d53abf68dfa6c.rlib" "/opt/rustwide/rustup-home/toolchains/1.69.0-x86_64-unknown-linux-gnu/lib/rustlib/x86_64-unknown-linux-gnu/lib/librustc_demangle-787cbccd19d64ac6.rlib" "/opt/rustwide/rustup-home/toolchains/1.69.0-x86_64-unknown-linux-gnu/lib/rustlib/x86_64-unknown-linux-gnu/lib/libstd_detect-b3837a36b830e0d0.rlib" "/opt/rustwide/rustup-home/toolchains/1.69.0-x86_64-unknown-linux-gnu/lib/rustlib/x86_64-unknown-linux-gnu/lib/libhashbrown-e3deb0e7e3f04966.rlib" "/opt/rustwide/rustup-home/toolchains/1.69.0-x86_64-unknown-linux-gnu/lib/rustlib/x86_64-unknown-linux-gnu/lib/libminiz_oxide-dabbb79c9815def4.rlib" "/opt/rustwide/rustup-home/toolchains/1.69.0-x86_64-unknown-linux-gnu/lib/rustlib/x86_64-unknown-linux-gnu/lib/libadler-305b01f34c9409f2.rlib" "/opt/rustwide/rustup-home/toolchains/1.69.0-x86_64-unknown-linux-gnu/lib/rustlib/x86_64-unknown-linux-gnu/lib/librustc_std_workspace_alloc-f833521df6074e73.rlib" "/opt/rustwide/rustup-home/toolchains/1.69.0-x86_64-unknown-linux-gnu/lib/rustlib/x86_64-unknown-linux-gnu/lib/libunwind-9ac333113350d171.rlib" "/opt/rustwide/rustup-home/toolchains/1.69.0-x86_64-unknown-linux-gnu/lib/rustlib/x86_64-unknown-linux-gnu/lib/libcfg_if-1c126114322d0eee.rlib" "/opt/rustwide/rustup-home/toolchains/1.69.0-x86_64-unknown-linux-gnu/lib/rustlib/x86_64-unknown-linux-gnu/lib/liblibc-bad9164fdeeecf92.rlib" "/opt/rustwide/rustup-home/toolchains/1.69.0-x86_64-unknown-linux-gnu/lib/rustlib/x86_64-unknown-linux-gnu/lib/liballoc-f9374b1e480fa681.rlib" "/opt/rustwide/rustup-home/toolchains/1.69.0-x86_64-unknown-linux-gnu/lib/rustlib/x86_64-unknown-linux-gnu/lib/librustc_std_workspace_core-207f06e41d9603af.rlib" "/opt/rustwide/rustup-home/toolchains/1.69.0-x86_64-unknown-linux-gnu/lib/rustlib/x86_64-unknown-linux-gnu/lib/libcore-7e2768e66e984e85.rlib" "/opt/rustwide/rustup-home/toolchains/1.69.0-x86_64-unknown-linux-gnu/lib/rustlib/x86_64-unknown-linux-gnu/lib/libcompiler_builtins-957b4aff41f8cd46.rlib" "-Wl,-Bdynamic" "-lgcc_s" "-lutil" "-lrt" "-lpthread" "-lm" "-ldl" "-lc" "-Wl,--eh-frame-hdr" "-Wl,-z,noexecstack" "-L" "/opt/rustwide/rustup-home/toolchains/1.69.0-x86_64-unknown-linux-gnu/lib/rustlib/x86_64-unknown-linux-gnu/lib" "-o" "/tmp/rustdoctestEjCeud/rust_out" "-Wl,--gc-sections" "-pie" "-Wl,-z,relro,-z,now" "-nodefaultlibs"
[INFO] [stdout]   = note: collect2: fatal error: ld terminated with signal 9 [Killed]
[INFO] [stdout]           compilation terminated.
[INFO] [stdout]           
[INFO] [stdout] 
[INFO] [stdout] error: aborting due to previous error
[INFO] [stdout] 
[INFO] [stdout] Couldn't compile the test.
[INFO] [stdout] ---- src/generators/naming_helper.rs - generators::naming_helper::NamingHelper::to_lower_snake_case (line 85) stdout ----
[INFO] [stdout] error: linking with `cc` failed: exit status: 1
[INFO] [stdout]   |
[INFO] [stdout]   = note: LC_ALL="C" PATH="/opt/rustwide/rustup-home/toolchains/1.69.0-x86_64-unknown-linux-gnu/lib/rustlib/x86_64-unknown-linux-gnu/bin:/opt/rustwide/cargo-home/bin:/usr/local/sbin:/usr/local/bin:/usr/sbin:/usr/bin:/sbin:/bin" VSLANG="1033" "cc" "-m64" "/tmp/rustcCq9WCy/symbols.o" "/tmp/rustdoctest8zbc0j/rust_out.rust_out.5bfee551-cgu.0.rcgu.o" "/tmp/rustdoctest8zbc0j/rust_out.j00p4ncf7xg64kg.rcgu.o" "-Wl,--as-needed" "-L" "/opt/rustwide/target/debug/deps" "-L" "/opt/rustwide/target/debug/deps" "-L" "/opt/rustwide/rustup-home/toolchains/1.69.0-x86_64-unknown-linux-gnu/lib/rustlib/x86_64-unknown-linux-gnu/lib" "-Wl,-Bstatic" "/opt/rustwide/target/debug/deps/libparol-83e12ffa8283f139.rlib" "/opt/rustwide/target/debug/deps/libnum_cpus-a113ddc094185f59.rlib" "/opt/rustwide/target/debug/deps/libbitflags-372beabd903b8765.rlib" "/opt/rustwide/target/debug/deps/libregex-bc0557adb69c609c.rlib" "/opt/rustwide/target/debug/deps/libaho_corasick-9bb9d75852409017.rlib" "/opt/rustwide/target/debug/deps/libserde-d4c673f14439486d.rlib" "/opt/rustwide/target/debug/deps/libparol_runtime-ec66f223ca91507d.rlib" "/opt/rustwide/target/debug/deps/libcodespan_reporting-dc4f3445555cebf8.rlib" "/opt/rustwide/target/debug/deps/libunicode_width-f75bb0008a5efcfa.rlib" "/opt/rustwide/target/debug/deps/libtermcolor-b72ffe4cbd1728e7.rlib" "/opt/rustwide/target/debug/deps/libsyntree_layout-3a3661db8f3f8a24.rlib" "/opt/rustwide/target/debug/deps/libxml_writer-ac7d454c7659fe3c.rlib" "/opt/rustwide/target/debug/deps/libthiserror-0585cb50e2f72692.rlib" "/opt/rustwide/target/debug/deps/libsyntree-b713ca6df61dc6a4.rlib" "/opt/rustwide/target/debug/deps/liblog-e4acea3c8ca43b70.rlib" "/opt/rustwide/target/debug/deps/libanyhow-06517169a980eda8.rlib" "/opt/rustwide/target/debug/deps/libregex_automata-3a883838023b0e47.rlib" "/opt/rustwide/target/debug/deps/libmemchr-b18e4aa3c7a38625.rlib" "/opt/rustwide/target/debug/deps/libparol_macros-4d77d37e5fb8e6c6.rlib" "/opt/rustwide/target/debug/deps/libclap-5a7c56e0fe821fa7.rlib" "/opt/rustwide/target/debug/deps/libclap_builder-574b9e60a09af206.rlib" "/opt/rustwide/target/debug/deps/libstrsim-6c4a301b03dc606f.rlib" "/opt/rustwide/target/debug/deps/libanstream-37a453ca43956363.rlib" "/opt/rustwide/target/debug/deps/libanstyle_query-557530b7a0584f9c.rlib" "/opt/rustwide/target/debug/deps/libis_terminal-4ae3e4111b4d87b7.rlib" "/opt/rustwide/target/debug/deps/librustix-849894367a7c21df.rlib" "/opt/rustwide/target/debug/deps/liblinux_raw_sys-10042d475b0cdd7a.rlib" "/opt/rustwide/target/debug/deps/libio_lifetimes-afa3204175273c6d.rlib" "/opt/rustwide/target/debug/deps/libanstyle-65bab265c6b958b3.rlib" "/opt/rustwide/target/debug/deps/libcolorchoice-804ff24ea1444180.rlib" "/opt/rustwide/target/debug/deps/libanstyle_parse-8108e06ab49dbaf2.rlib" "/opt/rustwide/target/debug/deps/libutf8parse-03cddaef72c90e73.rlib" "/opt/rustwide/target/debug/deps/libclap_lex-40e30411ea835822.rlib" "/opt/rustwide/target/debug/deps/libbitflags-82cc2d155c6eb112.rlib" "/opt/rustwide/target/debug/deps/libonce_cell-7d2ec3fb6b6c5a4d.rlib" "/opt/rustwide/target/debug/deps/librand_regex-02ceab19eb5d5a93.rlib" "/opt/rustwide/target/debug/deps/libregex_syntax-4f5764d8391a61ee.rlib" "/opt/rustwide/target/debug/deps/librand-cdbfe7894fbe6480.rlib" "/opt/rustwide/target/debug/deps/librand_chacha-a83a780ec0834b22.rlib" "/opt/rustwide/target/debug/deps/libppv_lite86-c3ad053967cc551c.rlib" "/opt/rustwide/target/debug/deps/librand_core-e8a82d14a9afd42d.rlib" "/opt/rustwide/target/debug/deps/libgetrandom-9d41a64033a18804.rlib" "/opt/rustwide/target/debug/deps/liblibc-09c46731ae1c781e.rlib" "/opt/rustwide/target/debug/deps/libcfg_if-e5e118dd7d121aaa.rlib" "/opt/rustwide/target/debug/deps/libderive_builder-0a54f4d5f1ec8f88.rlib" "/opt/rustwide/target/debug/deps/libfunction_name-b07710bdc33b9394.rlib" "/opt/rustwide/rustup-home/toolchains/1.69.0-x86_64-unknown-linux-gnu/lib/rustlib/x86_64-unknown-linux-gnu/lib/libstd-89bc084783fdc439.rlib" "/opt/rustwide/rustup-home/toolchains/1.69.0-x86_64-unknown-linux-gnu/lib/rustlib/x86_64-unknown-linux-gnu/lib/libpanic_unwind-8bee4b287d4367c1.rlib" "/opt/rustwide/rustup-home/toolchains/1.69.0-x86_64-unknown-linux-gnu/lib/rustlib/x86_64-unknown-linux-gnu/lib/libobject-d61707aed80694c0.rlib" "/opt/rustwide/rustup-home/toolchains/1.69.0-x86_64-unknown-linux-gnu/lib/rustlib/x86_64-unknown-linux-gnu/lib/libmemchr-d85366256f22345b.rlib" "/opt/rustwide/rustup-home/toolchains/1.69.0-x86_64-unknown-linux-gnu/lib/rustlib/x86_64-unknown-linux-gnu/lib/libaddr2line-96069b86b8a8cae9.rlib" "/opt/rustwide/rustup-home/toolchains/1.69.0-x86_64-unknown-linux-gnu/lib/rustlib/x86_64-unknown-linux-gnu/lib/libgimli-d19d53abf68dfa6c.rlib" "/opt/rustwide/rustup-home/toolchains/1.69.0-x86_64-unknown-linux-gnu/lib/rustlib/x86_64-unknown-linux-gnu/lib/librustc_demangle-787cbccd19d64ac6.rlib" "/opt/rustwide/rustup-home/toolchains/1.69.0-x86_64-unknown-linux-gnu/lib/rustlib/x86_64-unknown-linux-gnu/lib/libstd_detect-b3837a36b830e0d0.rlib" "/opt/rustwide/rustup-home/toolchains/1.69.0-x86_64-unknown-linux-gnu/lib/rustlib/x86_64-unknown-linux-gnu/lib/libhashbrown-e3deb0e7e3f04966.rlib" "/opt/rustwide/rustup-home/toolchains/1.69.0-x86_64-unknown-linux-gnu/lib/rustlib/x86_64-unknown-linux-gnu/lib/libminiz_oxide-dabbb79c9815def4.rlib" "/opt/rustwide/rustup-home/toolchains/1.69.0-x86_64-unknown-linux-gnu/lib/rustlib/x86_64-unknown-linux-gnu/lib/libadler-305b01f34c9409f2.rlib" "/opt/rustwide/rustup-home/toolchains/1.69.0-x86_64-unknown-linux-gnu/lib/rustlib/x86_64-unknown-linux-gnu/lib/librustc_std_workspace_alloc-f833521df6074e73.rlib" "/opt/rustwide/rustup-home/toolchains/1.69.0-x86_64-unknown-linux-gnu/lib/rustlib/x86_64-unknown-linux-gnu/lib/libunwind-9ac333113350d171.rlib" "/opt/rustwide/rustup-home/toolchains/1.69.0-x86_64-unknown-linux-gnu/lib/rustlib/x86_64-unknown-linux-gnu/lib/libcfg_if-1c126114322d0eee.rlib" "/opt/rustwide/rustup-home/toolchains/1.69.0-x86_64-unknown-linux-gnu/lib/rustlib/x86_64-unknown-linux-gnu/lib/liblibc-bad9164fdeeecf92.rlib" "/opt/rustwide/rustup-home/toolchains/1.69.0-x86_64-unknown-linux-gnu/lib/rustlib/x86_64-unknown-linux-gnu/lib/liballoc-f9374b1e480fa681.rlib" "/opt/rustwide/rustup-home/toolchains/1.69.0-x86_64-unknown-linux-gnu/lib/rustlib/x86_64-unknown-linux-gnu/lib/librustc_std_workspace_core-207f06e41d9603af.rlib" "/opt/rustwide/rustup-home/toolchains/1.69.0-x86_64-unknown-linux-gnu/lib/rustlib/x86_64-unknown-linux-gnu/lib/libcore-7e2768e66e984e85.rlib" "/opt/rustwide/rustup-home/toolchains/1.69.0-x86_64-unknown-linux-gnu/lib/rustlib/x86_64-unknown-linux-gnu/lib/libcompiler_builtins-957b4aff41f8cd46.rlib" "-Wl,-Bdynamic" "-lgcc_s" "-lutil" "-lrt" "-lpthread" "-lm" "-ldl" "-lc" "-Wl,--eh-frame-hdr" "-Wl,-z,noexecstack" "-L" "/opt/rustwide/rustup-home/toolchains/1.69.0-x86_64-unknown-linux-gnu/lib/rustlib/x86_64-unknown-linux-gnu/lib" "-o" "/tmp/rustdoctest8zbc0j/rust_out" "-Wl,--gc-sections" "-pie" "-Wl,-z,relro,-z,now" "-nodefaultlibs"
[INFO] [stdout]   = note: collect2: fatal error: ld terminated with signal 9 [Killed]
[INFO] [stdout]           compilation terminated.
[INFO] [stdout]           
[INFO] [stdout] 
[INFO] [stdout] error: aborting due to previous error
[INFO] [stdout] 
[INFO] [stdout] Couldn't compile the test.
[INFO] [stdout] ---- src/generators/naming_helper.rs - generators::naming_helper::NamingHelper::to_upper_camel_case (line 124) stdout ----
[INFO] [stdout] error: linking with `cc` failed: exit status: 1
[INFO] [stdout]   |
[INFO] [stdout]   = note: LC_ALL="C" PATH="/opt/rustwide/rustup-home/toolchains/1.69.0-x86_64-unknown-linux-gnu/lib/rustlib/x86_64-unknown-linux-gnu/bin:/opt/rustwide/cargo-home/bin:/usr/local/sbin:/usr/local/bin:/usr/sbin:/usr/bin:/sbin:/bin" VSLANG="1033" "cc" "-m64" "/tmp/rustcb4EhRl/symbols.o" "/tmp/rustdoctestVESeRE/rust_out.rust_out.5bfee551-cgu.0.rcgu.o" "/tmp/rustdoctestVESeRE/rust_out.j00p4ncf7xg64kg.rcgu.o" "-Wl,--as-needed" "-L" "/opt/rustwide/target/debug/deps" "-L" "/opt/rustwide/target/debug/deps" "-L" "/opt/rustwide/rustup-home/toolchains/1.69.0-x86_64-unknown-linux-gnu/lib/rustlib/x86_64-unknown-linux-gnu/lib" "-Wl,-Bstatic" "/opt/rustwide/target/debug/deps/libparol-83e12ffa8283f139.rlib" "/opt/rustwide/target/debug/deps/libnum_cpus-a113ddc094185f59.rlib" "/opt/rustwide/target/debug/deps/libbitflags-372beabd903b8765.rlib" "/opt/rustwide/target/debug/deps/libregex-bc0557adb69c609c.rlib" "/opt/rustwide/target/debug/deps/libaho_corasick-9bb9d75852409017.rlib" "/opt/rustwide/target/debug/deps/libserde-d4c673f14439486d.rlib" "/opt/rustwide/target/debug/deps/libparol_runtime-ec66f223ca91507d.rlib" "/opt/rustwide/target/debug/deps/libcodespan_reporting-dc4f3445555cebf8.rlib" "/opt/rustwide/target/debug/deps/libunicode_width-f75bb0008a5efcfa.rlib" "/opt/rustwide/target/debug/deps/libtermcolor-b72ffe4cbd1728e7.rlib" "/opt/rustwide/target/debug/deps/libsyntree_layout-3a3661db8f3f8a24.rlib" "/opt/rustwide/target/debug/deps/libxml_writer-ac7d454c7659fe3c.rlib" "/opt/rustwide/target/debug/deps/libthiserror-0585cb50e2f72692.rlib" "/opt/rustwide/target/debug/deps/libsyntree-b713ca6df61dc6a4.rlib" "/opt/rustwide/target/debug/deps/liblog-e4acea3c8ca43b70.rlib" "/opt/rustwide/target/debug/deps/libanyhow-06517169a980eda8.rlib" "/opt/rustwide/target/debug/deps/libregex_automata-3a883838023b0e47.rlib" "/opt/rustwide/target/debug/deps/libmemchr-b18e4aa3c7a38625.rlib" "/opt/rustwide/target/debug/deps/libparol_macros-4d77d37e5fb8e6c6.rlib" "/opt/rustwide/target/debug/deps/libclap-5a7c56e0fe821fa7.rlib" "/opt/rustwide/target/debug/deps/libclap_builder-574b9e60a09af206.rlib" "/opt/rustwide/target/debug/deps/libstrsim-6c4a301b03dc606f.rlib" "/opt/rustwide/target/debug/deps/libanstream-37a453ca43956363.rlib" "/opt/rustwide/target/debug/deps/libanstyle_query-557530b7a0584f9c.rlib" "/opt/rustwide/target/debug/deps/libis_terminal-4ae3e4111b4d87b7.rlib" "/opt/rustwide/target/debug/deps/librustix-849894367a7c21df.rlib" "/opt/rustwide/target/debug/deps/liblinux_raw_sys-10042d475b0cdd7a.rlib" "/opt/rustwide/target/debug/deps/libio_lifetimes-afa3204175273c6d.rlib" "/opt/rustwide/target/debug/deps/libanstyle-65bab265c6b958b3.rlib" "/opt/rustwide/target/debug/deps/libcolorchoice-804ff24ea1444180.rlib" "/opt/rustwide/target/debug/deps/libanstyle_parse-8108e06ab49dbaf2.rlib" "/opt/rustwide/target/debug/deps/libutf8parse-03cddaef72c90e73.rlib" "/opt/rustwide/target/debug/deps/libclap_lex-40e30411ea835822.rlib" "/opt/rustwide/target/debug/deps/libbitflags-82cc2d155c6eb112.rlib" "/opt/rustwide/target/debug/deps/libonce_cell-7d2ec3fb6b6c5a4d.rlib" "/opt/rustwide/target/debug/deps/librand_regex-02ceab19eb5d5a93.rlib" "/opt/rustwide/target/debug/deps/libregex_syntax-4f5764d8391a61ee.rlib" "/opt/rustwide/target/debug/deps/librand-cdbfe7894fbe6480.rlib" "/opt/rustwide/target/debug/deps/librand_chacha-a83a780ec0834b22.rlib" "/opt/rustwide/target/debug/deps/libppv_lite86-c3ad053967cc551c.rlib" "/opt/rustwide/target/debug/deps/librand_core-e8a82d14a9afd42d.rlib" "/opt/rustwide/target/debug/deps/libgetrandom-9d41a64033a18804.rlib" "/opt/rustwide/target/debug/deps/liblibc-09c46731ae1c781e.rlib" "/opt/rustwide/target/debug/deps/libcfg_if-e5e118dd7d121aaa.rlib" "/opt/rustwide/target/debug/deps/libderive_builder-0a54f4d5f1ec8f88.rlib" "/opt/rustwide/target/debug/deps/libfunction_name-b07710bdc33b9394.rlib" "/opt/rustwide/rustup-home/toolchains/1.69.0-x86_64-unknown-linux-gnu/lib/rustlib/x86_64-unknown-linux-gnu/lib/libstd-89bc084783fdc439.rlib" "/opt/rustwide/rustup-home/toolchains/1.69.0-x86_64-unknown-linux-gnu/lib/rustlib/x86_64-unknown-linux-gnu/lib/libpanic_unwind-8bee4b287d4367c1.rlib" "/opt/rustwide/rustup-home/toolchains/1.69.0-x86_64-unknown-linux-gnu/lib/rustlib/x86_64-unknown-linux-gnu/lib/libobject-d61707aed80694c0.rlib" "/opt/rustwide/rustup-home/toolchains/1.69.0-x86_64-unknown-linux-gnu/lib/rustlib/x86_64-unknown-linux-gnu/lib/libmemchr-d85366256f22345b.rlib" "/opt/rustwide/rustup-home/toolchains/1.69.0-x86_64-unknown-linux-gnu/lib/rustlib/x86_64-unknown-linux-gnu/lib/libaddr2line-96069b86b8a8cae9.rlib" "/opt/rustwide/rustup-home/toolchains/1.69.0-x86_64-unknown-linux-gnu/lib/rustlib/x86_64-unknown-linux-gnu/lib/libgimli-d19d53abf68dfa6c.rlib" "/opt/rustwide/rustup-home/toolchains/1.69.0-x86_64-unknown-linux-gnu/lib/rustlib/x86_64-unknown-linux-gnu/lib/librustc_demangle-787cbccd19d64ac6.rlib" "/opt/rustwide/rustup-home/toolchains/1.69.0-x86_64-unknown-linux-gnu/lib/rustlib/x86_64-unknown-linux-gnu/lib/libstd_detect-b3837a36b830e0d0.rlib" "/opt/rustwide/rustup-home/toolchains/1.69.0-x86_64-unknown-linux-gnu/lib/rustlib/x86_64-unknown-linux-gnu/lib/libhashbrown-e3deb0e7e3f04966.rlib" "/opt/rustwide/rustup-home/toolchains/1.69.0-x86_64-unknown-linux-gnu/lib/rustlib/x86_64-unknown-linux-gnu/lib/libminiz_oxide-dabbb79c9815def4.rlib" "/opt/rustwide/rustup-home/toolchains/1.69.0-x86_64-unknown-linux-gnu/lib/rustlib/x86_64-unknown-linux-gnu/lib/libadler-305b01f34c9409f2.rlib" "/opt/rustwide/rustup-home/toolchains/1.69.0-x86_64-unknown-linux-gnu/lib/rustlib/x86_64-unknown-linux-gnu/lib/librustc_std_workspace_alloc-f833521df6074e73.rlib" "/opt/rustwide/rustup-home/toolchains/1.69.0-x86_64-unknown-linux-gnu/lib/rustlib/x86_64-unknown-linux-gnu/lib/libunwind-9ac333113350d171.rlib" "/opt/rustwide/rustup-home/toolchains/1.69.0-x86_64-unknown-linux-gnu/lib/rustlib/x86_64-unknown-linux-gnu/lib/libcfg_if-1c126114322d0eee.rlib" "/opt/rustwide/rustup-home/toolchains/1.69.0-x86_64-unknown-linux-gnu/lib/rustlib/x86_64-unknown-linux-gnu/lib/liblibc-bad9164fdeeecf92.rlib" "/opt/rustwide/rustup-home/toolchains/1.69.0-x86_64-unknown-linux-gnu/lib/rustlib/x86_64-unknown-linux-gnu/lib/liballoc-f9374b1e480fa681.rlib" "/opt/rustwide/rustup-home/toolchains/1.69.0-x86_64-unknown-linux-gnu/lib/rustlib/x86_64-unknown-linux-gnu/lib/librustc_std_workspace_core-207f06e41d9603af.rlib" "/opt/rustwide/rustup-home/toolchains/1.69.0-x86_64-unknown-linux-gnu/lib/rustlib/x86_64-unknown-linux-gnu/lib/libcore-7e2768e66e984e85.rlib" "/opt/rustwide/rustup-home/toolchains/1.69.0-x86_64-unknown-linux-gnu/lib/rustlib/x86_64-unknown-linux-gnu/lib/libcompiler_builtins-957b4aff41f8cd46.rlib" "-Wl,-Bdynamic" "-lgcc_s" "-lutil" "-lrt" "-lpthread" "-lm" "-ldl" "-lc" "-Wl,--eh-frame-hdr" "-Wl,-z,noexecstack" "-L" "/opt/rustwide/rustup-home/toolchains/1.69.0-x86_64-unknown-linux-gnu/lib/rustlib/x86_64-unknown-linux-gnu/lib" "-o" "/tmp/rustdoctestVESeRE/rust_out" "-Wl,--gc-sections" "-pie" "-Wl,-z,relro,-z,now" "-nodefaultlibs"
[INFO] [stdout]   = note: collect2: fatal error: ld terminated with signal 9 [Killed]
[INFO] [stdout]           compilation terminated.
[INFO] [stdout]           
[INFO] [stdout] 
[INFO] [stdout] error: aborting due to previous error
[INFO] [stdout] 
[INFO] [stdout] Couldn't compile the test.
[INFO] [stdout] ---- src/generators/naming_helper.rs - generators::naming_helper::NamingHelper::purge_name (line 184) stdout ----
[INFO] [stdout] error: linking with `cc` failed: exit status: 1
[INFO] [stdout]   |
[INFO] [stdout]   = note: LC_ALL="C" PATH="/opt/rustwide/rustup-home/toolchains/1.69.0-x86_64-unknown-linux-gnu/lib/rustlib/x86_64-unknown-linux-gnu/bin:/opt/rustwide/cargo-home/bin:/usr/local/sbin:/usr/local/bin:/usr/sbin:/usr/bin:/sbin:/bin" VSLANG="1033" "cc" "-m64" "/tmp/rustcEkIXmI/symbols.o" "/tmp/rustdoctestdqUmHE/rust_out.rust_out.5bfee551-cgu.0.rcgu.o" "/tmp/rustdoctestdqUmHE/rust_out.j00p4ncf7xg64kg.rcgu.o" "-Wl,--as-needed" "-L" "/opt/rustwide/target/debug/deps" "-L" "/opt/rustwide/target/debug/deps" "-L" "/opt/rustwide/rustup-home/toolchains/1.69.0-x86_64-unknown-linux-gnu/lib/rustlib/x86_64-unknown-linux-gnu/lib" "-Wl,-Bstatic" "/opt/rustwide/target/debug/deps/libparol-83e12ffa8283f139.rlib" "/opt/rustwide/target/debug/deps/libnum_cpus-a113ddc094185f59.rlib" "/opt/rustwide/target/debug/deps/libbitflags-372beabd903b8765.rlib" "/opt/rustwide/target/debug/deps/libregex-bc0557adb69c609c.rlib" "/opt/rustwide/target/debug/deps/libaho_corasick-9bb9d75852409017.rlib" "/opt/rustwide/target/debug/deps/libserde-d4c673f14439486d.rlib" "/opt/rustwide/target/debug/deps/libparol_runtime-ec66f223ca91507d.rlib" "/opt/rustwide/target/debug/deps/libcodespan_reporting-dc4f3445555cebf8.rlib" "/opt/rustwide/target/debug/deps/libunicode_width-f75bb0008a5efcfa.rlib" "/opt/rustwide/target/debug/deps/libtermcolor-b72ffe4cbd1728e7.rlib" "/opt/rustwide/target/debug/deps/libsyntree_layout-3a3661db8f3f8a24.rlib" "/opt/rustwide/target/debug/deps/libxml_writer-ac7d454c7659fe3c.rlib" "/opt/rustwide/target/debug/deps/libthiserror-0585cb50e2f72692.rlib" "/opt/rustwide/target/debug/deps/libsyntree-b713ca6df61dc6a4.rlib" "/opt/rustwide/target/debug/deps/liblog-e4acea3c8ca43b70.rlib" "/opt/rustwide/target/debug/deps/libanyhow-06517169a980eda8.rlib" "/opt/rustwide/target/debug/deps/libregex_automata-3a883838023b0e47.rlib" "/opt/rustwide/target/debug/deps/libmemchr-b18e4aa3c7a38625.rlib" "/opt/rustwide/target/debug/deps/libparol_macros-4d77d37e5fb8e6c6.rlib" "/opt/rustwide/target/debug/deps/libclap-5a7c56e0fe821fa7.rlib" "/opt/rustwide/target/debug/deps/libclap_builder-574b9e60a09af206.rlib" "/opt/rustwide/target/debug/deps/libstrsim-6c4a301b03dc606f.rlib" "/opt/rustwide/target/debug/deps/libanstream-37a453ca43956363.rlib" "/opt/rustwide/target/debug/deps/libanstyle_query-557530b7a0584f9c.rlib" "/opt/rustwide/target/debug/deps/libis_terminal-4ae3e4111b4d87b7.rlib" "/opt/rustwide/target/debug/deps/librustix-849894367a7c21df.rlib" "/opt/rustwide/target/debug/deps/liblinux_raw_sys-10042d475b0cdd7a.rlib" "/opt/rustwide/target/debug/deps/libio_lifetimes-afa3204175273c6d.rlib" "/opt/rustwide/target/debug/deps/libanstyle-65bab265c6b958b3.rlib" "/opt/rustwide/target/debug/deps/libcolorchoice-804ff24ea1444180.rlib" "/opt/rustwide/target/debug/deps/libanstyle_parse-8108e06ab49dbaf2.rlib" "/opt/rustwide/target/debug/deps/libutf8parse-03cddaef72c90e73.rlib" "/opt/rustwide/target/debug/deps/libclap_lex-40e30411ea835822.rlib" "/opt/rustwide/target/debug/deps/libbitflags-82cc2d155c6eb112.rlib" "/opt/rustwide/target/debug/deps/libonce_cell-7d2ec3fb6b6c5a4d.rlib" "/opt/rustwide/target/debug/deps/librand_regex-02ceab19eb5d5a93.rlib" "/opt/rustwide/target/debug/deps/libregex_syntax-4f5764d8391a61ee.rlib" "/opt/rustwide/target/debug/deps/librand-cdbfe7894fbe6480.rlib" "/opt/rustwide/target/debug/deps/librand_chacha-a83a780ec0834b22.rlib" "/opt/rustwide/target/debug/deps/libppv_lite86-c3ad053967cc551c.rlib" "/opt/rustwide/target/debug/deps/librand_core-e8a82d14a9afd42d.rlib" "/opt/rustwide/target/debug/deps/libgetrandom-9d41a64033a18804.rlib" "/opt/rustwide/target/debug/deps/liblibc-09c46731ae1c781e.rlib" "/opt/rustwide/target/debug/deps/libcfg_if-e5e118dd7d121aaa.rlib" "/opt/rustwide/target/debug/deps/libderive_builder-0a54f4d5f1ec8f88.rlib" "/opt/rustwide/target/debug/deps/libfunction_name-b07710bdc33b9394.rlib" "/opt/rustwide/rustup-home/toolchains/1.69.0-x86_64-unknown-linux-gnu/lib/rustlib/x86_64-unknown-linux-gnu/lib/libstd-89bc084783fdc439.rlib" "/opt/rustwide/rustup-home/toolchains/1.69.0-x86_64-unknown-linux-gnu/lib/rustlib/x86_64-unknown-linux-gnu/lib/libpanic_unwind-8bee4b287d4367c1.rlib" "/opt/rustwide/rustup-home/toolchains/1.69.0-x86_64-unknown-linux-gnu/lib/rustlib/x86_64-unknown-linux-gnu/lib/libobject-d61707aed80694c0.rlib" "/opt/rustwide/rustup-home/toolchains/1.69.0-x86_64-unknown-linux-gnu/lib/rustlib/x86_64-unknown-linux-gnu/lib/libmemchr-d85366256f22345b.rlib" "/opt/rustwide/rustup-home/toolchains/1.69.0-x86_64-unknown-linux-gnu/lib/rustlib/x86_64-unknown-linux-gnu/lib/libaddr2line-96069b86b8a8cae9.rlib" "/opt/rustwide/rustup-home/toolchains/1.69.0-x86_64-unknown-linux-gnu/lib/rustlib/x86_64-unknown-linux-gnu/lib/libgimli-d19d53abf68dfa6c.rlib" "/opt/rustwide/rustup-home/toolchains/1.69.0-x86_64-unknown-linux-gnu/lib/rustlib/x86_64-unknown-linux-gnu/lib/librustc_demangle-787cbccd19d64ac6.rlib" "/opt/rustwide/rustup-home/toolchains/1.69.0-x86_64-unknown-linux-gnu/lib/rustlib/x86_64-unknown-linux-gnu/lib/libstd_detect-b3837a36b830e0d0.rlib" "/opt/rustwide/rustup-home/toolchains/1.69.0-x86_64-unknown-linux-gnu/lib/rustlib/x86_64-unknown-linux-gnu/lib/libhashbrown-e3deb0e7e3f04966.rlib" "/opt/rustwide/rustup-home/toolchains/1.69.0-x86_64-unknown-linux-gnu/lib/rustlib/x86_64-unknown-linux-gnu/lib/libminiz_oxide-dabbb79c9815def4.rlib" "/opt/rustwide/rustup-home/toolchains/1.69.0-x86_64-unknown-linux-gnu/lib/rustlib/x86_64-unknown-linux-gnu/lib/libadler-305b01f34c9409f2.rlib" "/opt/rustwide/rustup-home/toolchains/1.69.0-x86_64-unknown-linux-gnu/lib/rustlib/x86_64-unknown-linux-gnu/lib/librustc_std_workspace_alloc-f833521df6074e73.rlib" "/opt/rustwide/rustup-home/toolchains/1.69.0-x86_64-unknown-linux-gnu/lib/rustlib/x86_64-unknown-linux-gnu/lib/libunwind-9ac333113350d171.rlib" "/opt/rustwide/rustup-home/toolchains/1.69.0-x86_64-unknown-linux-gnu/lib/rustlib/x86_64-unknown-linux-gnu/lib/libcfg_if-1c126114322d0eee.rlib" "/opt/rustwide/rustup-home/toolchains/1.69.0-x86_64-unknown-linux-gnu/lib/rustlib/x86_64-unknown-linux-gnu/lib/liblibc-bad9164fdeeecf92.rlib" "/opt/rustwide/rustup-home/toolchains/1.69.0-x86_64-unknown-linux-gnu/lib/rustlib/x86_64-unknown-linux-gnu/lib/liballoc-f9374b1e480fa681.rlib" "/opt/rustwide/rustup-home/toolchains/1.69.0-x86_64-unknown-linux-gnu/lib/rustlib/x86_64-unknown-linux-gnu/lib/librustc_std_workspace_core-207f06e41d9603af.rlib" "/opt/rustwide/rustup-home/toolchains/1.69.0-x86_64-unknown-linux-gnu/lib/rustlib/x86_64-unknown-linux-gnu/lib/libcore-7e2768e66e984e85.rlib" "/opt/rustwide/rustup-home/toolchains/1.69.0-x86_64-unknown-linux-gnu/lib/rustlib/x86_64-unknown-linux-gnu/lib/libcompiler_builtins-957b4aff41f8cd46.rlib" "-Wl,-Bdynamic" "-lgcc_s" "-lutil" "-lrt" "-lpthread" "-lm" "-ldl" "-lc" "-Wl,--eh-frame-hdr" "-Wl,-z,noexecstack" "-L" "/opt/rustwide/rustup-home/toolchains/1.69.0-x86_64-unknown-linux-gnu/lib/rustlib/x86_64-unknown-linux-gnu/lib" "-o" "/tmp/rustdoctestdqUmHE/rust_out" "-Wl,--gc-sections" "-pie" "-Wl,-z,relro,-z,now" "-nodefaultlibs"
[INFO] [stdout]   = note: collect2: fatal error: ld terminated with signal 9 [Killed]
[INFO] [stdout]           compilation terminated.
[INFO] [stdout]           
[INFO] [stdout] 
[INFO] [stdout] error: aborting due to previous error
[INFO] [stdout] 
[INFO] [stdout] Couldn't compile the test.
[INFO] [stdout] ---- src/analysis/k_tuples.rs - analysis::k_tuples::KTuples::k_concat (line 96) stdout ----
[INFO] [stdout] error: linking with `cc` failed: exit status: 1
[INFO] [stdout]   |
[INFO] [stdout]   = note: LC_ALL="C" PATH="/opt/rustwide/rustup-home/toolchains/1.69.0-x86_64-unknown-linux-gnu/lib/rustlib/x86_64-unknown-linux-gnu/bin:/opt/rustwide/cargo-home/bin:/usr/local/sbin:/usr/local/bin:/usr/sbin:/usr/bin:/sbin:/bin" VSLANG="1033" "cc" "-m64" "/tmp/rustc0Qd8IJ/symbols.o" "/tmp/rustdoctestU8XU0h/rust_out.rust_out.5bfee551-cgu.0.rcgu.o" "/tmp/rustdoctestU8XU0h/rust_out.j00p4ncf7xg64kg.rcgu.o" "-Wl,--as-needed" "-L" "/opt/rustwide/target/debug/deps" "-L" "/opt/rustwide/target/debug/deps" "-L" "/opt/rustwide/rustup-home/toolchains/1.69.0-x86_64-unknown-linux-gnu/lib/rustlib/x86_64-unknown-linux-gnu/lib" "-Wl,-Bstatic" "/opt/rustwide/target/debug/deps/libparol-83e12ffa8283f139.rlib" "/opt/rustwide/target/debug/deps/libnum_cpus-a113ddc094185f59.rlib" "/opt/rustwide/target/debug/deps/libbitflags-372beabd903b8765.rlib" "/opt/rustwide/target/debug/deps/libregex-bc0557adb69c609c.rlib" "/opt/rustwide/target/debug/deps/libaho_corasick-9bb9d75852409017.rlib" "/opt/rustwide/target/debug/deps/libserde-d4c673f14439486d.rlib" "/opt/rustwide/target/debug/deps/libparol_runtime-ec66f223ca91507d.rlib" "/opt/rustwide/target/debug/deps/libcodespan_reporting-dc4f3445555cebf8.rlib" "/opt/rustwide/target/debug/deps/libunicode_width-f75bb0008a5efcfa.rlib" "/opt/rustwide/target/debug/deps/libtermcolor-b72ffe4cbd1728e7.rlib" "/opt/rustwide/target/debug/deps/libsyntree_layout-3a3661db8f3f8a24.rlib" "/opt/rustwide/target/debug/deps/libxml_writer-ac7d454c7659fe3c.rlib" "/opt/rustwide/target/debug/deps/libthiserror-0585cb50e2f72692.rlib" "/opt/rustwide/target/debug/deps/libsyntree-b713ca6df61dc6a4.rlib" "/opt/rustwide/target/debug/deps/liblog-e4acea3c8ca43b70.rlib" "/opt/rustwide/target/debug/deps/libanyhow-06517169a980eda8.rlib" "/opt/rustwide/target/debug/deps/libregex_automata-3a883838023b0e47.rlib" "/opt/rustwide/target/debug/deps/libmemchr-b18e4aa3c7a38625.rlib" "/opt/rustwide/target/debug/deps/libparol_macros-4d77d37e5fb8e6c6.rlib" "/opt/rustwide/target/debug/deps/libclap-5a7c56e0fe821fa7.rlib" "/opt/rustwide/target/debug/deps/libclap_builder-574b9e60a09af206.rlib" "/opt/rustwide/target/debug/deps/libstrsim-6c4a301b03dc606f.rlib" "/opt/rustwide/target/debug/deps/libanstream-37a453ca43956363.rlib" "/opt/rustwide/target/debug/deps/libanstyle_query-557530b7a0584f9c.rlib" "/opt/rustwide/target/debug/deps/libis_terminal-4ae3e4111b4d87b7.rlib" "/opt/rustwide/target/debug/deps/librustix-849894367a7c21df.rlib" "/opt/rustwide/target/debug/deps/liblinux_raw_sys-10042d475b0cdd7a.rlib" "/opt/rustwide/target/debug/deps/libio_lifetimes-afa3204175273c6d.rlib" "/opt/rustwide/target/debug/deps/libanstyle-65bab265c6b958b3.rlib" "/opt/rustwide/target/debug/deps/libcolorchoice-804ff24ea1444180.rlib" "/opt/rustwide/target/debug/deps/libanstyle_parse-8108e06ab49dbaf2.rlib" "/opt/rustwide/target/debug/deps/libutf8parse-03cddaef72c90e73.rlib" "/opt/rustwide/target/debug/deps/libclap_lex-40e30411ea835822.rlib" "/opt/rustwide/target/debug/deps/libbitflags-82cc2d155c6eb112.rlib" "/opt/rustwide/target/debug/deps/libonce_cell-7d2ec3fb6b6c5a4d.rlib" "/opt/rustwide/target/debug/deps/librand_regex-02ceab19eb5d5a93.rlib" "/opt/rustwide/target/debug/deps/libregex_syntax-4f5764d8391a61ee.rlib" "/opt/rustwide/target/debug/deps/librand-cdbfe7894fbe6480.rlib" "/opt/rustwide/target/debug/deps/librand_chacha-a83a780ec0834b22.rlib" "/opt/rustwide/target/debug/deps/libppv_lite86-c3ad053967cc551c.rlib" "/opt/rustwide/target/debug/deps/librand_core-e8a82d14a9afd42d.rlib" "/opt/rustwide/target/debug/deps/libgetrandom-9d41a64033a18804.rlib" "/opt/rustwide/target/debug/deps/liblibc-09c46731ae1c781e.rlib" "/opt/rustwide/target/debug/deps/libcfg_if-e5e118dd7d121aaa.rlib" "/opt/rustwide/target/debug/deps/libderive_builder-0a54f4d5f1ec8f88.rlib" "/opt/rustwide/target/debug/deps/libfunction_name-b07710bdc33b9394.rlib" "/opt/rustwide/rustup-home/toolchains/1.69.0-x86_64-unknown-linux-gnu/lib/rustlib/x86_64-unknown-linux-gnu/lib/libstd-89bc084783fdc439.rlib" "/opt/rustwide/rustup-home/toolchains/1.69.0-x86_64-unknown-linux-gnu/lib/rustlib/x86_64-unknown-linux-gnu/lib/libpanic_unwind-8bee4b287d4367c1.rlib" "/opt/rustwide/rustup-home/toolchains/1.69.0-x86_64-unknown-linux-gnu/lib/rustlib/x86_64-unknown-linux-gnu/lib/libobject-d61707aed80694c0.rlib" "/opt/rustwide/rustup-home/toolchains/1.69.0-x86_64-unknown-linux-gnu/lib/rustlib/x86_64-unknown-linux-gnu/lib/libmemchr-d85366256f22345b.rlib" "/opt/rustwide/rustup-home/toolchains/1.69.0-x86_64-unknown-linux-gnu/lib/rustlib/x86_64-unknown-linux-gnu/lib/libaddr2line-96069b86b8a8cae9.rlib" "/opt/rustwide/rustup-home/toolchains/1.69.0-x86_64-unknown-linux-gnu/lib/rustlib/x86_64-unknown-linux-gnu/lib/libgimli-d19d53abf68dfa6c.rlib" "/opt/rustwide/rustup-home/toolchains/1.69.0-x86_64-unknown-linux-gnu/lib/rustlib/x86_64-unknown-linux-gnu/lib/librustc_demangle-787cbccd19d64ac6.rlib" "/opt/rustwide/rustup-home/toolchains/1.69.0-x86_64-unknown-linux-gnu/lib/rustlib/x86_64-unknown-linux-gnu/lib/libstd_detect-b3837a36b830e0d0.rlib" "/opt/rustwide/rustup-home/toolchains/1.69.0-x86_64-unknown-linux-gnu/lib/rustlib/x86_64-unknown-linux-gnu/lib/libhashbrown-e3deb0e7e3f04966.rlib" "/opt/rustwide/rustup-home/toolchains/1.69.0-x86_64-unknown-linux-gnu/lib/rustlib/x86_64-unknown-linux-gnu/lib/libminiz_oxide-dabbb79c9815def4.rlib" "/opt/rustwide/rustup-home/toolchains/1.69.0-x86_64-unknown-linux-gnu/lib/rustlib/x86_64-unknown-linux-gnu/lib/libadler-305b01f34c9409f2.rlib" "/opt/rustwide/rustup-home/toolchains/1.69.0-x86_64-unknown-linux-gnu/lib/rustlib/x86_64-unknown-linux-gnu/lib/librustc_std_workspace_alloc-f833521df6074e73.rlib" "/opt/rustwide/rustup-home/toolchains/1.69.0-x86_64-unknown-linux-gnu/lib/rustlib/x86_64-unknown-linux-gnu/lib/libunwind-9ac333113350d171.rlib" "/opt/rustwide/rustup-home/toolchains/1.69.0-x86_64-unknown-linux-gnu/lib/rustlib/x86_64-unknown-linux-gnu/lib/libcfg_if-1c126114322d0eee.rlib" "/opt/rustwide/rustup-home/toolchains/1.69.0-x86_64-unknown-linux-gnu/lib/rustlib/x86_64-unknown-linux-gnu/lib/liblibc-bad9164fdeeecf92.rlib" "/opt/rustwide/rustup-home/toolchains/1.69.0-x86_64-unknown-linux-gnu/lib/rustlib/x86_64-unknown-linux-gnu/lib/liballoc-f9374b1e480fa681.rlib" "/opt/rustwide/rustup-home/toolchains/1.69.0-x86_64-unknown-linux-gnu/lib/rustlib/x86_64-unknown-linux-gnu/lib/librustc_std_workspace_core-207f06e41d9603af.rlib" "/opt/rustwide/rustup-home/toolchains/1.69.0-x86_64-unknown-linux-gnu/lib/rustlib/x86_64-unknown-linux-gnu/lib/libcore-7e2768e66e984e85.rlib" "/opt/rustwide/rustup-home/toolchains/1.69.0-x86_64-unknown-linux-gnu/lib/rustlib/x86_64-unknown-linux-gnu/lib/libcompiler_builtins-957b4aff41f8cd46.rlib" "-Wl,-Bdynamic" "-lgcc_s" "-lutil" "-lrt" "-lpthread" "-lm" "-ldl" "-lc" "-Wl,--eh-frame-hdr" "-Wl,-z,noexecstack" "-L" "/opt/rustwide/rustup-home/toolchains/1.69.0-x86_64-unknown-linux-gnu/lib/rustlib/x86_64-unknown-linux-gnu/lib" "-o" "/tmp/rustdoctestU8XU0h/rust_out" "-Wl,--gc-sections" "-pie" "-Wl,-z,relro,-z,now" "-nodefaultlibs"
[INFO] [stdout]   = note: collect2: fatal error: ld terminated with signal 9 [Killed]
[INFO] [stdout]           compilation terminated.
[INFO] [stdout]           
[INFO] [stdout] 
[INFO] [stdout] error: aborting due to previous error
[INFO] [stdout] 
[INFO] [stdout] Couldn't compile the test.
[INFO] [stdout] ---- src/grammar/cfg.rs - grammar::cfg::Cfg::calculate_nullable_non_terminals (line 283) stdout ----
[INFO] [stdout] error: linking with `cc` failed: exit status: 1
[INFO] [stdout]   |
[INFO] [stdout]   = note: LC_ALL="C" PATH="/opt/rustwide/rustup-home/toolchains/1.69.0-x86_64-unknown-linux-gnu/lib/rustlib/x86_64-unknown-linux-gnu/bin:/opt/rustwide/cargo-home/bin:/usr/local/sbin:/usr/local/bin:/usr/sbin:/usr/bin:/sbin:/bin" VSLANG="1033" "cc" "-m64" "/tmp/rustcGbpWe8/symbols.o" "/tmp/rustdoctestvnniDv/rust_out.rust_out.5bfee551-cgu.0.rcgu.o" "/tmp/rustdoctestvnniDv/rust_out.j00p4ncf7xg64kg.rcgu.o" "-Wl,--as-needed" "-L" "/opt/rustwide/target/debug/deps" "-L" "/opt/rustwide/target/debug/deps" "-L" "/opt/rustwide/rustup-home/toolchains/1.69.0-x86_64-unknown-linux-gnu/lib/rustlib/x86_64-unknown-linux-gnu/lib" "-Wl,-Bstatic" "/opt/rustwide/target/debug/deps/libparol-83e12ffa8283f139.rlib" "/opt/rustwide/target/debug/deps/libnum_cpus-a113ddc094185f59.rlib" "/opt/rustwide/target/debug/deps/libbitflags-372beabd903b8765.rlib" "/opt/rustwide/target/debug/deps/libregex-bc0557adb69c609c.rlib" "/opt/rustwide/target/debug/deps/libaho_corasick-9bb9d75852409017.rlib" "/opt/rustwide/target/debug/deps/libserde-d4c673f14439486d.rlib" "/opt/rustwide/target/debug/deps/libparol_runtime-ec66f223ca91507d.rlib" "/opt/rustwide/target/debug/deps/libcodespan_reporting-dc4f3445555cebf8.rlib" "/opt/rustwide/target/debug/deps/libunicode_width-f75bb0008a5efcfa.rlib" "/opt/rustwide/target/debug/deps/libtermcolor-b72ffe4cbd1728e7.rlib" "/opt/rustwide/target/debug/deps/libsyntree_layout-3a3661db8f3f8a24.rlib" "/opt/rustwide/target/debug/deps/libxml_writer-ac7d454c7659fe3c.rlib" "/opt/rustwide/target/debug/deps/libthiserror-0585cb50e2f72692.rlib" "/opt/rustwide/target/debug/deps/libsyntree-b713ca6df61dc6a4.rlib" "/opt/rustwide/target/debug/deps/liblog-e4acea3c8ca43b70.rlib" "/opt/rustwide/target/debug/deps/libanyhow-06517169a980eda8.rlib" "/opt/rustwide/target/debug/deps/libregex_automata-3a883838023b0e47.rlib" "/opt/rustwide/target/debug/deps/libmemchr-b18e4aa3c7a38625.rlib" "/opt/rustwide/target/debug/deps/libparol_macros-4d77d37e5fb8e6c6.rlib" "/opt/rustwide/target/debug/deps/libclap-5a7c56e0fe821fa7.rlib" "/opt/rustwide/target/debug/deps/libclap_builder-574b9e60a09af206.rlib" "/opt/rustwide/target/debug/deps/libstrsim-6c4a301b03dc606f.rlib" "/opt/rustwide/target/debug/deps/libanstream-37a453ca43956363.rlib" "/opt/rustwide/target/debug/deps/libanstyle_query-557530b7a0584f9c.rlib" "/opt/rustwide/target/debug/deps/libis_terminal-4ae3e4111b4d87b7.rlib" "/opt/rustwide/target/debug/deps/librustix-849894367a7c21df.rlib" "/opt/rustwide/target/debug/deps/liblinux_raw_sys-10042d475b0cdd7a.rlib" "/opt/rustwide/target/debug/deps/libio_lifetimes-afa3204175273c6d.rlib" "/opt/rustwide/target/debug/deps/libanstyle-65bab265c6b958b3.rlib" "/opt/rustwide/target/debug/deps/libcolorchoice-804ff24ea1444180.rlib" "/opt/rustwide/target/debug/deps/libanstyle_parse-8108e06ab49dbaf2.rlib" "/opt/rustwide/target/debug/deps/libutf8parse-03cddaef72c90e73.rlib" "/opt/rustwide/target/debug/deps/libclap_lex-40e30411ea835822.rlib" "/opt/rustwide/target/debug/deps/libbitflags-82cc2d155c6eb112.rlib" "/opt/rustwide/target/debug/deps/libonce_cell-7d2ec3fb6b6c5a4d.rlib" "/opt/rustwide/target/debug/deps/librand_regex-02ceab19eb5d5a93.rlib" "/opt/rustwide/target/debug/deps/libregex_syntax-4f5764d8391a61ee.rlib" "/opt/rustwide/target/debug/deps/librand-cdbfe7894fbe6480.rlib" "/opt/rustwide/target/debug/deps/librand_chacha-a83a780ec0834b22.rlib" "/opt/rustwide/target/debug/deps/libppv_lite86-c3ad053967cc551c.rlib" "/opt/rustwide/target/debug/deps/librand_core-e8a82d14a9afd42d.rlib" "/opt/rustwide/target/debug/deps/libgetrandom-9d41a64033a18804.rlib" "/opt/rustwide/target/debug/deps/liblibc-09c46731ae1c781e.rlib" "/opt/rustwide/target/debug/deps/libcfg_if-e5e118dd7d121aaa.rlib" "/opt/rustwide/target/debug/deps/libderive_builder-0a54f4d5f1ec8f88.rlib" "/opt/rustwide/target/debug/deps/libfunction_name-b07710bdc33b9394.rlib" "/opt/rustwide/rustup-home/toolchains/1.69.0-x86_64-unknown-linux-gnu/lib/rustlib/x86_64-unknown-linux-gnu/lib/libstd-89bc084783fdc439.rlib" "/opt/rustwide/rustup-home/toolchains/1.69.0-x86_64-unknown-linux-gnu/lib/rustlib/x86_64-unknown-linux-gnu/lib/libpanic_unwind-8bee4b287d4367c1.rlib" "/opt/rustwide/rustup-home/toolchains/1.69.0-x86_64-unknown-linux-gnu/lib/rustlib/x86_64-unknown-linux-gnu/lib/libobject-d61707aed80694c0.rlib" "/opt/rustwide/rustup-home/toolchains/1.69.0-x86_64-unknown-linux-gnu/lib/rustlib/x86_64-unknown-linux-gnu/lib/libmemchr-d85366256f22345b.rlib" "/opt/rustwide/rustup-home/toolchains/1.69.0-x86_64-unknown-linux-gnu/lib/rustlib/x86_64-unknown-linux-gnu/lib/libaddr2line-96069b86b8a8cae9.rlib" "/opt/rustwide/rustup-home/toolchains/1.69.0-x86_64-unknown-linux-gnu/lib/rustlib/x86_64-unknown-linux-gnu/lib/libgimli-d19d53abf68dfa6c.rlib" "/opt/rustwide/rustup-home/toolchains/1.69.0-x86_64-unknown-linux-gnu/lib/rustlib/x86_64-unknown-linux-gnu/lib/librustc_demangle-787cbccd19d64ac6.rlib" "/opt/rustwide/rustup-home/toolchains/1.69.0-x86_64-unknown-linux-gnu/lib/rustlib/x86_64-unknown-linux-gnu/lib/libstd_detect-b3837a36b830e0d0.rlib" "/opt/rustwide/rustup-home/toolchains/1.69.0-x86_64-unknown-linux-gnu/lib/rustlib/x86_64-unknown-linux-gnu/lib/libhashbrown-e3deb0e7e3f04966.rlib" "/opt/rustwide/rustup-home/toolchains/1.69.0-x86_64-unknown-linux-gnu/lib/rustlib/x86_64-unknown-linux-gnu/lib/libminiz_oxide-dabbb79c9815def4.rlib" "/opt/rustwide/rustup-home/toolchains/1.69.0-x86_64-unknown-linux-gnu/lib/rustlib/x86_64-unknown-linux-gnu/lib/libadler-305b01f34c9409f2.rlib" "/opt/rustwide/rustup-home/toolchains/1.69.0-x86_64-unknown-linux-gnu/lib/rustlib/x86_64-unknown-linux-gnu/lib/librustc_std_workspace_alloc-f833521df6074e73.rlib" "/opt/rustwide/rustup-home/toolchains/1.69.0-x86_64-unknown-linux-gnu/lib/rustlib/x86_64-unknown-linux-gnu/lib/libunwind-9ac333113350d171.rlib" "/opt/rustwide/rustup-home/toolchains/1.69.0-x86_64-unknown-linux-gnu/lib/rustlib/x86_64-unknown-linux-gnu/lib/libcfg_if-1c126114322d0eee.rlib" "/opt/rustwide/rustup-home/toolchains/1.69.0-x86_64-unknown-linux-gnu/lib/rustlib/x86_64-unknown-linux-gnu/lib/liblibc-bad9164fdeeecf92.rlib" "/opt/rustwide/rustup-home/toolchains/1.69.0-x86_64-unknown-linux-gnu/lib/rustlib/x86_64-unknown-linux-gnu/lib/liballoc-f9374b1e480fa681.rlib" "/opt/rustwide/rustup-home/toolchains/1.69.0-x86_64-unknown-linux-gnu/lib/rustlib/x86_64-unknown-linux-gnu/lib/librustc_std_workspace_core-207f06e41d9603af.rlib" "/opt/rustwide/rustup-home/toolchains/1.69.0-x86_64-unknown-linux-gnu/lib/rustlib/x86_64-unknown-linux-gnu/lib/libcore-7e2768e66e984e85.rlib" "/opt/rustwide/rustup-home/toolchains/1.69.0-x86_64-unknown-linux-gnu/lib/rustlib/x86_64-unknown-linux-gnu/lib/libcompiler_builtins-957b4aff41f8cd46.rlib" "-Wl,-Bdynamic" "-lgcc_s" "-lutil" "-lrt" "-lpthread" "-lm" "-ldl" "-lc" "-Wl,--eh-frame-hdr" "-Wl,-z,noexecstack" "-L" "/opt/rustwide/rustup-home/toolchains/1.69.0-x86_64-unknown-linux-gnu/lib/rustlib/x86_64-unknown-linux-gnu/lib" "-o" "/tmp/rustdoctestvnniDv/rust_out" "-Wl,--gc-sections" "-pie" "-Wl,-z,relro,-z,now" "-nodefaultlibs"
[INFO] [stdout]   = note: collect2: fatal error: ld terminated with signal 9 [Killed]
[INFO] [stdout]           compilation terminated.
[INFO] [stdout]           
[INFO] [stdout] 
[INFO] [stdout] error: aborting due to previous error
[INFO] [stdout] 
[INFO] [stdout] Couldn't compile the test.
[INFO] [stdout] 
[INFO] [stdout] failures:
[INFO] [stdout]     src/analysis/k_tuple.rs - analysis::k_tuple::Terminals::end (line 73)
[INFO] [stdout]     src/analysis/k_tuple.rs - analysis::k_tuple::Terminals::eps (line 54)
[INFO] [stdout]     src/analysis/k_tuple.rs - analysis::k_tuple::Terminals::is_k_complete (line 161)
[INFO] [stdout]     src/analysis/k_tuple.rs - analysis::k_tuple::Terminals::new (line 39)
[INFO] [stdout]     src/analysis/k_tuples.rs - analysis::k_tuples::KTuples::k_concat (line 96)
[INFO] [stdout]     src/analysis/reachability.rs - analysis::reachability::nt_producing_productions (line 339)
[INFO] [stdout]     src/analysis/reachability.rs - analysis::reachability::reachable_from_non_terminal (line 241)
[INFO] [stdout]     src/analysis/reachability.rs - analysis::reachability::reachable_from_production (line 117)
[INFO] [stdout]     src/analysis/reachability.rs - analysis::reachability::reachable_non_terminals (line 7)
[INFO] [stdout]     src/analysis/reachability.rs - analysis::reachability::unreachable_non_terminals (line 67)
[INFO] [stdout]     src/generators/naming_helper.rs - generators::naming_helper::NamingHelper::add_unused_indicator (line 63)
[INFO] [stdout]     src/generators/naming_helper.rs - generators::naming_helper::NamingHelper::escape_rust_keyword (line 39)
[INFO] [stdout]     src/generators/naming_helper.rs - generators::naming_helper::NamingHelper::is_raw_identifier (line 28)
[INFO] [stdout]     src/generators/naming_helper.rs - generators::naming_helper::NamingHelper::is_rust_keyword (line 17)
[INFO] [stdout]     src/generators/naming_helper.rs - generators::naming_helper::NamingHelper::is_valid_name_character (line 163)
[INFO] [stdout]     src/generators/naming_helper.rs - generators::naming_helper::NamingHelper::purge_name (line 184)
[INFO] [stdout]     src/generators/naming_helper.rs - generators::naming_helper::NamingHelper::to_lower_snake_case (line 85)
[INFO] [stdout]     src/generators/naming_helper.rs - generators::naming_helper::NamingHelper::to_upper_camel_case (line 124)
[INFO] [stdout]     src/grammar/cfg.rs - grammar::cfg::Cfg::calculate_nullable_non_terminals (line 283)
[INFO] [stdout] 
[INFO] [stdout] test result: FAILED. 6 passed; 19 failed; 1 ignored; 0 measured; 0 filtered out; finished in 7.87s
[INFO] [stdout] 
[INFO] [stderr] error: doctest failed, to rerun pass `--doc`
[INFO] running `Command { std: "docker" "inspect" "10b26f2d1965758022b201f42714341680f6700a82aedd2ebb80876a09cafea5", kill_on_drop: false }`
[INFO] running `Command { std: "docker" "rm" "-f" "10b26f2d1965758022b201f42714341680f6700a82aedd2ebb80876a09cafea5", kill_on_drop: false }`
[INFO] [stdout] 10b26f2d1965758022b201f42714341680f6700a82aedd2ebb80876a09cafea5
