[INFO] fetching crate parity-scale-codec-derive 3.1.4...
[INFO] testing parity-scale-codec-derive-3.1.4 against 1.69.0 for beta-1.70-1
[INFO] extracting crate parity-scale-codec-derive 3.1.4 into /workspace/builds/worker-7-tc1/source
[INFO] validating manifest of crates.io crate parity-scale-codec-derive 3.1.4 on toolchain 1.69.0
[INFO] running `Command { std: CARGO_HOME="/workspace/cargo-home" RUSTUP_HOME="/workspace/rustup-home" "/workspace/cargo-home/bin/cargo" "+1.69.0" "metadata" "--manifest-path" "Cargo.toml" "--no-deps", kill_on_drop: false }`
[INFO] started tweaking crates.io crate parity-scale-codec-derive 3.1.4
[INFO] finished tweaking crates.io crate parity-scale-codec-derive 3.1.4
[INFO] tweaked toml for crates.io crate parity-scale-codec-derive 3.1.4 written to /workspace/builds/worker-7-tc1/source/Cargo.toml
[INFO] running `Command { std: CARGO_HOME="/workspace/cargo-home" RUSTUP_HOME="/workspace/rustup-home" __CARGO_TEST_CHANNEL_OVERRIDE_DO_NOT_USE_THIS="nightly" "/workspace/cargo-home/bin/cargo" "+1.69.0" "generate-lockfile" "--manifest-path" "Cargo.toml" "-Zno-index-update", kill_on_drop: false }`
[INFO] running `Command { std: CARGO_HOME="/workspace/cargo-home" RUSTUP_HOME="/workspace/rustup-home" "/workspace/cargo-home/bin/cargo" "+1.69.0" "fetch" "--manifest-path" "Cargo.toml", kill_on_drop: false }`
[INFO] running `Command { std: "docker" "create" "-v" "/var/lib/crater-agent-workspace/builds/worker-7-tc1/target:/opt/rustwide/target:rw,Z" "-v" "/var/lib/crater-agent-workspace/builds/worker-7-tc1/source:/opt/rustwide/workdir:ro,Z" "-v" "/var/lib/crater-agent-workspace/cargo-home:/opt/rustwide/cargo-home:ro,Z" "-v" "/var/lib/crater-agent-workspace/rustup-home:/opt/rustwide/rustup-home:ro,Z" "-e" "SOURCE_DIR=/opt/rustwide/workdir" "-e" "CARGO_TARGET_DIR=/opt/rustwide/target" "-e" "CARGO_HOME=/opt/rustwide/cargo-home" "-e" "RUSTUP_HOME=/opt/rustwide/rustup-home" "-w" "/opt/rustwide/workdir" "-m" "1610612736" "--user" "0:0" "--network" "none" "ghcr.io/rust-lang/crates-build-env/linux@sha256:5ff2268d62e97bff2cde7d5815dd6ed5b47097566f13b8d0ca110b04b60e07ed" "/opt/rustwide/cargo-home/bin/cargo" "+1.69.0" "metadata" "--no-deps" "--format-version=1", kill_on_drop: false }`
[INFO] [stdout] 27679f0bbe80d69dd8ba70eb339223f1d336217ac8cd9db4aa3d024bfac446f7
[INFO] running `Command { std: "docker" "start" "-a" "27679f0bbe80d69dd8ba70eb339223f1d336217ac8cd9db4aa3d024bfac446f7", kill_on_drop: false }`
[INFO] running `Command { std: "docker" "inspect" "27679f0bbe80d69dd8ba70eb339223f1d336217ac8cd9db4aa3d024bfac446f7", kill_on_drop: false }`
[INFO] running `Command { std: "docker" "rm" "-f" "27679f0bbe80d69dd8ba70eb339223f1d336217ac8cd9db4aa3d024bfac446f7", kill_on_drop: false }`
[INFO] [stdout] 27679f0bbe80d69dd8ba70eb339223f1d336217ac8cd9db4aa3d024bfac446f7
[INFO] running `Command { std: "docker" "create" "-v" "/var/lib/crater-agent-workspace/builds/worker-7-tc1/target:/opt/rustwide/target:rw,Z" "-v" "/var/lib/crater-agent-workspace/builds/worker-7-tc1/source:/opt/rustwide/workdir:ro,Z" "-v" "/var/lib/crater-agent-workspace/cargo-home:/opt/rustwide/cargo-home:ro,Z" "-v" "/var/lib/crater-agent-workspace/rustup-home:/opt/rustwide/rustup-home:ro,Z" "-e" "SOURCE_DIR=/opt/rustwide/workdir" "-e" "CARGO_TARGET_DIR=/opt/rustwide/target" "-e" "CARGO_INCREMENTAL=0" "-e" "RUST_BACKTRACE=full" "-e" "RUSTFLAGS=--cap-lints=warn" "-e" "RUSTDOCFLAGS=--cap-lints=warn" "-e" "CARGO_HOME=/opt/rustwide/cargo-home" "-e" "RUSTUP_HOME=/opt/rustwide/rustup-home" "-w" "/opt/rustwide/workdir" "-m" "1610612736" "--user" "0:0" "--network" "none" "ghcr.io/rust-lang/crates-build-env/linux@sha256:5ff2268d62e97bff2cde7d5815dd6ed5b47097566f13b8d0ca110b04b60e07ed" "/opt/rustwide/cargo-home/bin/cargo" "+1.69.0" "build" "--frozen" "--message-format=json", kill_on_drop: false }`
[INFO] [stdout] f6837676f570d9c6a5279ff28415483a147f4ca051f0236aea31a7f00d93df29
[INFO] running `Command { std: "docker" "start" "-a" "f6837676f570d9c6a5279ff28415483a147f4ca051f0236aea31a7f00d93df29", kill_on_drop: false }`
[INFO] [stderr]    Compiling toml_datetime v0.6.1
[INFO] [stderr]    Compiling winnow v0.4.4
[INFO] [stderr]    Compiling syn v1.0.109
[INFO] [stderr]    Compiling indexmap v1.9.3
[INFO] [stderr]    Compiling once_cell v1.17.1
[INFO] [stderr]    Compiling toml_edit v0.19.8
[INFO] [stderr]    Compiling proc-macro-crate v1.3.1
[INFO] [stderr]    Compiling parity-scale-codec-derive v3.1.4 (/opt/rustwide/workdir)
[INFO] [stderr]     Finished dev [unoptimized + debuginfo] target(s) in 14.52s
[INFO] running `Command { std: "docker" "inspect" "f6837676f570d9c6a5279ff28415483a147f4ca051f0236aea31a7f00d93df29", kill_on_drop: false }`
[INFO] running `Command { std: "docker" "rm" "-f" "f6837676f570d9c6a5279ff28415483a147f4ca051f0236aea31a7f00d93df29", kill_on_drop: false }`
[INFO] [stdout] f6837676f570d9c6a5279ff28415483a147f4ca051f0236aea31a7f00d93df29
[INFO] running `Command { std: "docker" "create" "-v" "/var/lib/crater-agent-workspace/builds/worker-7-tc1/target:/opt/rustwide/target:rw,Z" "-v" "/var/lib/crater-agent-workspace/builds/worker-7-tc1/source:/opt/rustwide/workdir:ro,Z" "-v" "/var/lib/crater-agent-workspace/cargo-home:/opt/rustwide/cargo-home:ro,Z" "-v" "/var/lib/crater-agent-workspace/rustup-home:/opt/rustwide/rustup-home:ro,Z" "-e" "SOURCE_DIR=/opt/rustwide/workdir" "-e" "CARGO_TARGET_DIR=/opt/rustwide/target" "-e" "CARGO_INCREMENTAL=0" "-e" "RUST_BACKTRACE=full" "-e" "RUSTFLAGS=--cap-lints=warn" "-e" "RUSTDOCFLAGS=--cap-lints=warn" "-e" "CARGO_HOME=/opt/rustwide/cargo-home" "-e" "RUSTUP_HOME=/opt/rustwide/rustup-home" "-w" "/opt/rustwide/workdir" "-m" "1610612736" "--user" "0:0" "--network" "none" "ghcr.io/rust-lang/crates-build-env/linux@sha256:5ff2268d62e97bff2cde7d5815dd6ed5b47097566f13b8d0ca110b04b60e07ed" "/opt/rustwide/cargo-home/bin/cargo" "+1.69.0" "test" "--frozen" "--no-run" "--message-format=json", kill_on_drop: false }`
[INFO] [stdout] b37e4c5ded559e93de7b4cb8d39a609a1c9113244fb66b98f28716af338dc7ca
[INFO] running `Command { std: "docker" "start" "-a" "b37e4c5ded559e93de7b4cb8d39a609a1c9113244fb66b98f28716af338dc7ca", kill_on_drop: false }`
[INFO] [stderr]    Compiling parity-scale-codec-derive v3.1.4 (/opt/rustwide/workdir)
[INFO] [stderr]     Finished test [unoptimized + debuginfo] target(s) in 2.70s
[INFO] running `Command { std: "docker" "inspect" "b37e4c5ded559e93de7b4cb8d39a609a1c9113244fb66b98f28716af338dc7ca", kill_on_drop: false }`
[INFO] running `Command { std: "docker" "rm" "-f" "b37e4c5ded559e93de7b4cb8d39a609a1c9113244fb66b98f28716af338dc7ca", kill_on_drop: false }`
[INFO] [stdout] b37e4c5ded559e93de7b4cb8d39a609a1c9113244fb66b98f28716af338dc7ca
[INFO] running `Command { std: "docker" "create" "-v" "/var/lib/crater-agent-workspace/builds/worker-7-tc1/target:/opt/rustwide/target:rw,Z" "-v" "/var/lib/crater-agent-workspace/builds/worker-7-tc1/source:/opt/rustwide/workdir:ro,Z" "-v" "/var/lib/crater-agent-workspace/cargo-home:/opt/rustwide/cargo-home:ro,Z" "-v" "/var/lib/crater-agent-workspace/rustup-home:/opt/rustwide/rustup-home:ro,Z" "-e" "SOURCE_DIR=/opt/rustwide/workdir" "-e" "CARGO_TARGET_DIR=/opt/rustwide/target" "-e" "CARGO_INCREMENTAL=0" "-e" "RUST_BACKTRACE=full" "-e" "RUSTFLAGS=--cap-lints=warn" "-e" "RUSTDOCFLAGS=--cap-lints=warn" "-e" "CARGO_HOME=/opt/rustwide/cargo-home" "-e" "RUSTUP_HOME=/opt/rustwide/rustup-home" "-w" "/opt/rustwide/workdir" "-m" "1610612736" "--user" "0:0" "--network" "none" "ghcr.io/rust-lang/crates-build-env/linux@sha256:5ff2268d62e97bff2cde7d5815dd6ed5b47097566f13b8d0ca110b04b60e07ed" "/opt/rustwide/cargo-home/bin/cargo" "+1.69.0" "test" "--frozen", kill_on_drop: false }`
[INFO] [stdout] 15b5be38281bf136b082021d899d5a72cb3ba9c2c797df72c6d25706afad7a94
[INFO] running `Command { std: "docker" "start" "-a" "15b5be38281bf136b082021d899d5a72cb3ba9c2c797df72c6d25706afad7a94", kill_on_drop: false }`
[INFO] [stderr]     Finished test [unoptimized + debuginfo] target(s) in 0.02s
[INFO] [stderr]      Running unittests src/lib.rs (/opt/rustwide/target/debug/deps/parity_scale_codec_derive-4976b82874ac46e2)
[INFO] [stdout] 
[INFO] [stdout] running 0 tests
[INFO] [stdout] 
[INFO] [stdout] test result: ok. 0 passed; 0 failed; 0 ignored; 0 measured; 0 filtered out; finished in 0.00s
[INFO] [stdout] 
[INFO] [stderr]    Doc-tests parity-scale-codec-derive
[INFO] [stdout] 
[INFO] [stdout] running 3 tests
[INFO] [stdout] test src/lib.rs - encode_derive (line 76) ... FAILED
[INFO] [stdout] test src/lib.rs - compact_as_derive (line 232) ... FAILED
[INFO] [stdout] test src/lib.rs - encode_derive (line 106) ... FAILED
[INFO] [stdout] 
[INFO] [stdout] failures:
[INFO] [stdout] 
[INFO] [stdout] ---- src/lib.rs - encode_derive (line 76) stdout ----
[INFO] [stdout] error: Could not find `parity-scale-codec` in `dependencies` or `dev-dependencies` in `/opt/rustwide/workdir/Cargo.toml`!
[INFO] [stdout]  --> src/lib.rs:79:10
[INFO] [stdout]   |
[INFO] [stdout] 6 | #[derive(Encode)]
[INFO] [stdout]   |          ^^^^^^
[INFO] [stdout]   |
[INFO] [stdout]   = note: this error originates in the derive macro `Encode` (in Nightly builds, run with -Z macro-backtrace for more info)
[INFO] [stdout] 
[INFO] [stdout] error[E0432]: unresolved import `parity_scale_codec`
[INFO] [stdout]  --> src/lib.rs:78:5
[INFO] [stdout]   |
[INFO] [stdout] 5 | use parity_scale_codec::{Encode as _, HasCompact};
[INFO] [stdout]   |     ^^^^^^^^^^^^^^^^^^ use of undeclared crate or module `parity_scale_codec`
[INFO] [stdout] 
[INFO] [stdout] error: aborting due to 2 previous errors
[INFO] [stdout] 
[INFO] [stdout] For more information about this error, try `rustc --explain E0432`.
[INFO] [stdout] Couldn't compile the test.
[INFO] [stdout] ---- src/lib.rs - compact_as_derive (line 232) stdout ----
[INFO] [stdout] error: Could not find `parity-scale-codec` in `dependencies` or `dev-dependencies` in `/opt/rustwide/workdir/Cargo.toml`!
[INFO] [stdout]  --> src/lib.rs:236:10
[INFO] [stdout]   |
[INFO] [stdout] 7 | #[derive(CompactAs)]
[INFO] [stdout]   |          ^^^^^^^^^
[INFO] [stdout]   |
[INFO] [stdout]   = note: this error originates in the derive macro `CompactAs` (in Nightly builds, run with -Z macro-backtrace for more info)
[INFO] [stdout] 
[INFO] [stdout] error[E0432]: unresolved import `parity_scale_codec`
[INFO] [stdout]  --> src/lib.rs:234:5
[INFO] [stdout]   |
[INFO] [stdout] 5 | use parity_scale_codec::{Encode, HasCompact};
[INFO] [stdout]   |     ^^^^^^^^^^^^^^^^^^ use of undeclared crate or module `parity_scale_codec`
[INFO] [stdout] 
[INFO] [stdout] error: aborting due to 2 previous errors
[INFO] [stdout] 
[INFO] [stdout] For more information about this error, try `rustc --explain E0432`.
[INFO] [stdout] Couldn't compile the test.
[INFO] [stdout] ---- src/lib.rs - encode_derive (line 106) stdout ----
[INFO] [stdout] error: Could not find `parity-scale-codec` in `dependencies` or `dev-dependencies` in `/opt/rustwide/workdir/Cargo.toml`!
[INFO] [stdout]  --> src/lib.rs:109:10
[INFO] [stdout]   |
[INFO] [stdout] 6 | #[derive(Encode)]
[INFO] [stdout]   |          ^^^^^^
[INFO] [stdout]   |
[INFO] [stdout]   = note: this error originates in the derive macro `Encode` (in Nightly builds, run with -Z macro-backtrace for more info)
[INFO] [stdout] 
[INFO] [stdout] error[E0432]: unresolved import `parity_scale_codec`
[INFO] [stdout]  --> src/lib.rs:108:5
[INFO] [stdout]   |
[INFO] [stdout] 5 | use parity_scale_codec::Encode as _;
[INFO] [stdout]   |     ^^^^^^^^^^^^^^^^^^ use of undeclared crate or module `parity_scale_codec`
[INFO] [stdout] 
[INFO] [stdout] error[E0599]: no method named `encode` found for enum `EnumType` in the current scope
[INFO] [stdout]   --> src/lib.rs:119:24
[INFO] [stdout]    |
[INFO] [stdout] 7  | enum EnumType {
[INFO] [stdout]    | ------------- method `encode` not found for this enum
[INFO] [stdout] ...
[INFO] [stdout] 16 | assert_eq!(EnumType::A.encode(), vec![15]);
[INFO] [stdout]    |                        ^^^^^^ method not found in `EnumType`
[INFO] [stdout] 
[INFO] [stdout] error[E0599]: no method named `encode` found for enum `EnumType` in the current scope
[INFO] [stdout]   --> src/lib.rs:120:24
[INFO] [stdout]    |
[INFO] [stdout] 7  | enum EnumType {
[INFO] [stdout]    | ------------- method `encode` not found for this enum
[INFO] [stdout] ...
[INFO] [stdout] 17 | assert_eq!(EnumType::B.encode(), vec![]);
[INFO] [stdout]    |                        ^^^^^^ method not found in `EnumType`
[INFO] [stdout] 
[INFO] [stdout] error[E0599]: no method named `encode` found for enum `EnumType` in the current scope
[INFO] [stdout]   --> src/lib.rs:121:24
[INFO] [stdout]    |
[INFO] [stdout] 7  | enum EnumType {
[INFO] [stdout]    | ------------- method `encode` not found for this enum
[INFO] [stdout] ...
[INFO] [stdout] 18 | assert_eq!(EnumType::C.encode(), vec![3]);
[INFO] [stdout]    |                        ^^^^^^ method not found in `EnumType`
[INFO] [stdout] 
[INFO] [stdout] error[E0599]: no method named `encode` found for enum `EnumType` in the current scope
[INFO] [stdout]   --> src/lib.rs:122:24
[INFO] [stdout]    |
[INFO] [stdout] 7  | enum EnumType {
[INFO] [stdout]    | ------------- method `encode` not found for this enum
[INFO] [stdout] ...
[INFO] [stdout] 19 | assert_eq!(EnumType::D.encode(), vec![2]);
[INFO] [stdout]    |                        ^^^^^^ method not found in `EnumType`
[INFO] [stdout] 
[INFO] [stdout] error: aborting due to 6 previous errors
[INFO] [stdout] 
[INFO] [stdout] Some errors have detailed explanations: E0432, E0599.
[INFO] [stdout] For more information about an error, try `rustc --explain E0432`.
[INFO] [stdout] Couldn't compile the test.
[INFO] [stdout] 
[INFO] [stdout] failures:
[INFO] [stdout]     src/lib.rs - compact_as_derive (line 232)
[INFO] [stdout]     src/lib.rs - encode_derive (line 106)
[INFO] [stdout]     src/lib.rs - encode_derive (line 76)
[INFO] [stdout] 
[INFO] [stdout] test result: FAILED. 0 passed; 3 failed; 0 ignored; 0 measured; 0 filtered out; finished in 0.22s
[INFO] [stdout] 
[INFO] [stderr] error: doctest failed, to rerun pass `--doc`
[INFO] running `Command { std: "docker" "inspect" "15b5be38281bf136b082021d899d5a72cb3ba9c2c797df72c6d25706afad7a94", kill_on_drop: false }`
[INFO] running `Command { std: "docker" "rm" "-f" "15b5be38281bf136b082021d899d5a72cb3ba9c2c797df72c6d25706afad7a94", kill_on_drop: false }`
[INFO] [stdout] 15b5be38281bf136b082021d899d5a72cb3ba9c2c797df72c6d25706afad7a94
