[INFO] fetching crate pad-path 0.2.6...
[INFO] testing pad-path-0.2.6 against beta-2023-04-20 for beta-1.70-1
[INFO] extracting crate pad-path 0.2.6 into /workspace/builds/worker-3-tc2/source
[INFO] validating manifest of crates.io crate pad-path 0.2.6 on toolchain beta-2023-04-20
[INFO] running `Command { std: CARGO_HOME="/workspace/cargo-home" RUSTUP_HOME="/workspace/rustup-home" "/workspace/cargo-home/bin/cargo" "+beta-2023-04-20" "metadata" "--manifest-path" "Cargo.toml" "--no-deps", kill_on_drop: false }`
[INFO] started tweaking crates.io crate pad-path 0.2.6
[INFO] finished tweaking crates.io crate pad-path 0.2.6
[INFO] tweaked toml for crates.io crate pad-path 0.2.6 written to /workspace/builds/worker-3-tc2/source/Cargo.toml
[INFO] crate crates.io crate pad-path 0.2.6 already has a lockfile, it will not be regenerated
[INFO] running `Command { std: CARGO_HOME="/workspace/cargo-home" RUSTUP_HOME="/workspace/rustup-home" "/workspace/cargo-home/bin/cargo" "+beta-2023-04-20" "fetch" "--manifest-path" "Cargo.toml", kill_on_drop: false }`
[INFO] [stderr]     Updating crates.io index
[INFO] [stderr]  Downloading crates ...
[INFO] [stderr]   Downloaded nextest-workspace-hack v0.1.0
[INFO] [stderr]   Downloaded os_pipe v1.1.3
[INFO] [stderr]   Downloaded async-scoped v0.7.1
[INFO] [stderr]   Downloaded enable-ansi-support v0.2.1
[INFO] [stderr]   Downloaded debug-ignore v1.0.5
[INFO] [stderr]   Downloaded lenient_semver_parser v0.4.2
[INFO] [stderr]   Downloaded java-properties v1.4.1
[INFO] [stderr]   Downloaded duckscript v0.7.5
[INFO] [stderr]   Downloaded nested v0.1.1
[INFO] [stderr]   Downloaded uname v0.1.1
[INFO] [stderr]   Downloaded attohttpc v0.24.1
[INFO] [stderr]   Downloaded quick-junit v0.3.2
[INFO] [stderr]   Downloaded config v0.13.3
[INFO] [stderr]   Downloaded nom v1.2.4
[INFO] [stderr]   Downloaded miette v5.7.0
[INFO] [stderr]   Downloaded guppy v0.15.2
[INFO] [stderr]   Downloaded nextest-runner v0.37.0
[INFO] [stderr]   Downloaded self_update v0.36.0
[INFO] [stderr]   Downloaded meval v0.2.0
[INFO] [stderr]   Downloaded suppaftp v4.7.0
[INFO] [stderr]   Downloaded atomicwrites v0.4.0
[INFO] [stderr]   Downloaded recursion v0.3.3
[INFO] [stderr]   Downloaded win32job v1.0.2
[INFO] [stderr]   Downloaded duckscriptsdk v0.8.17
[INFO] [stderr]   Downloaded fern v0.6.2
[INFO] [stderr]   Downloaded lenient_semver v0.4.2
[INFO] [stderr]   Downloaded future-queue v0.3.0
[INFO] [stderr]   Downloaded bytecount v0.3.2
[INFO] [stderr]   Downloaded nom_locate v4.1.0
[INFO] [stderr]   Downloaded cfg-expr v0.13.0
[INFO] [stderr]   Downloaded target-spec v1.3.1
[INFO] [stderr]   Downloaded zstd-safe v6.0.4+zstd.1.5.4
[INFO] [stderr]   Downloaded zstd v0.12.3+zstd.1.5.2
[INFO] [stderr]   Downloaded camino v1.1.4
[INFO] [stderr]   Downloaded cargo-nextest v0.9.51
[INFO] [stderr]   Downloaded nom_locate v1.0.0
[INFO] [stderr]   Downloaded nom-tracable v0.8.0
[INFO] [stderr]   Downloaded nextest-filtering v0.3.0
[INFO] [stderr]   Downloaded backtrace-ext v0.2.1
[INFO] [stderr]   Downloaded miette-derive v5.7.0
[INFO] [stderr]   Downloaded supports-hyperlinks v2.0.0
[INFO] [stderr]   Downloaded guppy-workspace-hack v0.1.0
[INFO] [stderr]   Downloaded target-spec-miette v0.1.0
[INFO] [stderr]   Downloaded supports-color v1.3.1
[INFO] [stderr]   Downloaded rev_lines v0.2.1
[INFO] [stderr]   Downloaded lazy-regex-proc_macros v2.4.1
[INFO] [stderr]   Downloaded lazy-regex v2.5.0
[INFO] [stderr]   Downloaded indent_write v2.2.0
[INFO] [stderr]   Downloaded mukti-metadata v0.1.0
[INFO] [stderr]   Downloaded nom-tracable-macros v0.8.0
[INFO] [stderr]   Downloaded nextest-metadata v0.8.0
[INFO] [stderr]   Downloaded git_info v0.1.2
[INFO] [stderr]   Downloaded lenient_semver_version_builder v0.4.2
[INFO] [stderr]   Downloaded fsio v0.4.0
[INFO] [stderr]   Downloaded run_script v0.10.1
[INFO] [stderr]   Downloaded ci_info v0.14.10
[INFO] [stderr]   Downloaded shell2batch v0.4.5
[INFO] [stderr]   Downloaded cliparser v0.1.2
[INFO] [stderr]   Downloaded envmnt v0.10.4
[INFO] [stderr]   Downloaded cargo-make v0.36.6
[INFO] [stderr]   Downloaded rust_info v0.3.2
[INFO] [stderr]   Downloaded windows v0.44.0
[INFO] running `Command { std: "docker" "create" "-v" "/var/lib/crater-agent-workspace/builds/worker-3-tc2/target:/opt/rustwide/target:rw,Z" "-v" "/var/lib/crater-agent-workspace/builds/worker-3-tc2/source:/opt/rustwide/workdir:ro,Z" "-v" "/var/lib/crater-agent-workspace/cargo-home:/opt/rustwide/cargo-home:ro,Z" "-v" "/var/lib/crater-agent-workspace/rustup-home:/opt/rustwide/rustup-home:ro,Z" "-e" "SOURCE_DIR=/opt/rustwide/workdir" "-e" "CARGO_TARGET_DIR=/opt/rustwide/target" "-e" "CARGO_HOME=/opt/rustwide/cargo-home" "-e" "RUSTUP_HOME=/opt/rustwide/rustup-home" "-w" "/opt/rustwide/workdir" "-m" "1610612736" "--user" "0:0" "--network" "none" "ghcr.io/rust-lang/crates-build-env/linux@sha256:5ff2268d62e97bff2cde7d5815dd6ed5b47097566f13b8d0ca110b04b60e07ed" "/opt/rustwide/cargo-home/bin/cargo" "+beta-2023-04-20" "metadata" "--no-deps" "--format-version=1", kill_on_drop: false }`
[INFO] [stdout] b378380c46b810215cae38d6c0ca465c4881ebf5e86b6faf125244ca7fb6b033
[INFO] running `Command { std: "docker" "start" "-a" "b378380c46b810215cae38d6c0ca465c4881ebf5e86b6faf125244ca7fb6b033", kill_on_drop: false }`
[INFO] running `Command { std: "docker" "inspect" "b378380c46b810215cae38d6c0ca465c4881ebf5e86b6faf125244ca7fb6b033", kill_on_drop: false }`
[INFO] running `Command { std: "docker" "rm" "-f" "b378380c46b810215cae38d6c0ca465c4881ebf5e86b6faf125244ca7fb6b033", kill_on_drop: false }`
[INFO] [stdout] b378380c46b810215cae38d6c0ca465c4881ebf5e86b6faf125244ca7fb6b033
[INFO] running `Command { std: "docker" "create" "-v" "/var/lib/crater-agent-workspace/builds/worker-3-tc2/target:/opt/rustwide/target:rw,Z" "-v" "/var/lib/crater-agent-workspace/builds/worker-3-tc2/source:/opt/rustwide/workdir:ro,Z" "-v" "/var/lib/crater-agent-workspace/cargo-home:/opt/rustwide/cargo-home:ro,Z" "-v" "/var/lib/crater-agent-workspace/rustup-home:/opt/rustwide/rustup-home:ro,Z" "-e" "SOURCE_DIR=/opt/rustwide/workdir" "-e" "CARGO_TARGET_DIR=/opt/rustwide/target" "-e" "CARGO_INCREMENTAL=0" "-e" "RUST_BACKTRACE=full" "-e" "RUSTFLAGS=--cap-lints=warn" "-e" "RUSTDOCFLAGS=--cap-lints=warn" "-e" "CARGO_HOME=/opt/rustwide/cargo-home" "-e" "RUSTUP_HOME=/opt/rustwide/rustup-home" "-w" "/opt/rustwide/workdir" "-m" "1610612736" "--user" "0:0" "--network" "none" "ghcr.io/rust-lang/crates-build-env/linux@sha256:5ff2268d62e97bff2cde7d5815dd6ed5b47097566f13b8d0ca110b04b60e07ed" "/opt/rustwide/cargo-home/bin/cargo" "+beta-2023-04-20" "build" "--frozen" "--message-format=json", kill_on_drop: false }`
[INFO] [stdout] 6c313ea2a5be72accb0be33ac9a1338e07ee16fbd8de4b4a1db1dbd6f94c3cb8
[INFO] running `Command { std: "docker" "start" "-a" "6c313ea2a5be72accb0be33ac9a1338e07ee16fbd8de4b4a1db1dbd6f94c3cb8", kill_on_drop: false }`
[INFO] [stderr]    Compiling io-lifetimes v1.0.9
[INFO] [stderr]    Compiling rustix v0.37.6
[INFO] [stderr]    Compiling proc-macro2 v1.0.55
[INFO] [stderr]    Compiling utf8parse v0.2.1
[INFO] [stderr]    Compiling anstyle v0.3.5
[INFO] [stderr]    Compiling concolor-query v0.3.3
[INFO] [stderr]    Compiling concolor-override v1.0.0
[INFO] [stderr]    Compiling clap_lex v0.4.1
[INFO] [stderr]    Compiling strsim v0.10.0
[INFO] [stderr]    Compiling once_cell v1.17.1
[INFO] [stderr]    Compiling heck v0.4.1
[INFO] [stderr]    Compiling either v1.8.1
[INFO] [stderr]    Compiling rev_lines v0.2.1
[INFO] [stderr]    Compiling dirs-sys-next v0.1.2
[INFO] [stderr]    Compiling anstyle-parse v0.1.1
[INFO] [stderr]    Compiling itertools v0.9.0
[INFO] [stderr]    Compiling dirs-next v2.0.0
[INFO] [stderr]    Compiling quote v1.0.26
[INFO] [stderr]    Compiling syn v2.0.12
[INFO] [stderr]    Compiling is-terminal v0.4.6
[INFO] [stderr]    Compiling anstream v0.2.6
[INFO] [stderr]    Compiling clap_builder v4.2.1
[INFO] [stderr]    Compiling clap_derive v4.2.0
[INFO] [stderr]    Compiling clap v4.2.1
[INFO] [stderr]    Compiling pad-path v0.2.6 (/opt/rustwide/workdir)
[INFO] [stderr]     Finished dev [unoptimized + debuginfo] target(s) in 8.12s
[INFO] running `Command { std: "docker" "inspect" "6c313ea2a5be72accb0be33ac9a1338e07ee16fbd8de4b4a1db1dbd6f94c3cb8", kill_on_drop: false }`
[INFO] running `Command { std: "docker" "rm" "-f" "6c313ea2a5be72accb0be33ac9a1338e07ee16fbd8de4b4a1db1dbd6f94c3cb8", kill_on_drop: false }`
[INFO] [stdout] 6c313ea2a5be72accb0be33ac9a1338e07ee16fbd8de4b4a1db1dbd6f94c3cb8
[INFO] running `Command { std: "docker" "create" "-v" "/var/lib/crater-agent-workspace/builds/worker-3-tc2/target:/opt/rustwide/target:rw,Z" "-v" "/var/lib/crater-agent-workspace/builds/worker-3-tc2/source:/opt/rustwide/workdir:ro,Z" "-v" "/var/lib/crater-agent-workspace/cargo-home:/opt/rustwide/cargo-home:ro,Z" "-v" "/var/lib/crater-agent-workspace/rustup-home:/opt/rustwide/rustup-home:ro,Z" "-e" "SOURCE_DIR=/opt/rustwide/workdir" "-e" "CARGO_TARGET_DIR=/opt/rustwide/target" "-e" "CARGO_INCREMENTAL=0" "-e" "RUST_BACKTRACE=full" "-e" "RUSTFLAGS=--cap-lints=warn" "-e" "RUSTDOCFLAGS=--cap-lints=warn" "-e" "CARGO_HOME=/opt/rustwide/cargo-home" "-e" "RUSTUP_HOME=/opt/rustwide/rustup-home" "-w" "/opt/rustwide/workdir" "-m" "1610612736" "--user" "0:0" "--network" "none" "ghcr.io/rust-lang/crates-build-env/linux@sha256:5ff2268d62e97bff2cde7d5815dd6ed5b47097566f13b8d0ca110b04b60e07ed" "/opt/rustwide/cargo-home/bin/cargo" "+beta-2023-04-20" "test" "--frozen" "--no-run" "--message-format=json", kill_on_drop: false }`
[INFO] [stdout] e4b5057a0b19edd55682467091405ea8cc472a7eb379ed3af2288adbef7ea310
[INFO] running `Command { std: "docker" "start" "-a" "e4b5057a0b19edd55682467091405ea8cc472a7eb379ed3af2288adbef7ea310", kill_on_drop: false }`
[INFO] [stderr]    Compiling unicode-ident v1.0.8
[INFO] [stderr]    Compiling memchr v2.5.0
[INFO] [stderr]    Compiling serde v1.0.159
[INFO] [stderr]    Compiling rustix v0.37.6
[INFO] [stderr]    Compiling futures-channel v0.3.28
[INFO] [stderr]    Compiling jobserver v0.1.26
[INFO] [stderr]    Compiling itoa v1.0.6
[INFO] [stderr]    Compiling ryu v1.0.13
[INFO] [stderr]    Compiling futures-io v0.3.28
[INFO] [stderr]    Compiling bytes v1.4.0
[INFO] [stderr]    Compiling ahash v0.7.6
[INFO] [stderr]    Compiling tokio v1.27.0
[INFO] [stderr]    Compiling mio v0.8.6
[INFO] [stderr]    Compiling signal-hook-registry v1.4.1
[INFO] [stderr]    Compiling num_cpus v1.15.0
[INFO] [stderr]    Compiling proc-macro2 v1.0.55
[INFO] [stderr]    Compiling cc v1.0.79
[INFO] [stderr]    Compiling untrusted v0.7.1
[INFO] [stderr]    Compiling spin v0.5.2
[INFO] [stderr]    Compiling miniz_oxide v0.6.2
[INFO] [stderr]    Compiling camino v1.1.4
[INFO] [stderr]    Compiling syn v1.0.109
[INFO] [stderr]    Compiling serde_json v1.0.95
[INFO] [stderr]    Compiling quote v1.0.26
[INFO] [stderr]    Compiling aho-corasick v0.7.20
[INFO] [stderr]    Compiling unicode-width v0.1.10
[INFO] [stderr]    Compiling fnv v1.0.7
[INFO] [stderr]    Compiling target-lexicon v0.12.6
[INFO] [stderr]    Compiling hashbrown v0.12.3
[INFO] [stderr]    Compiling syn v2.0.12
[INFO] [stderr]    Compiling tracing-core v0.1.30
[INFO] [stderr]    Compiling is_ci v1.1.1
[INFO] [stderr]    Compiling guppy-workspace-hack v0.1.0
[INFO] [stderr]    Compiling semver v1.0.17
[INFO] [stderr]    Compiling gimli v0.27.2
[INFO] [stderr]    Compiling arrayvec v0.5.2
[INFO] [stderr]    Compiling object v0.30.3
[INFO] [stderr]    Compiling http v0.2.9
[INFO] [stderr]    Compiling atty v0.2.14
[INFO] [stderr]    Compiling httparse v1.8.0
[INFO] [stderr]    Compiling regex v1.7.3
[INFO] [stderr]    Compiling tracing v0.1.37
[INFO] [stderr]    Compiling lexical-core v0.7.6
[INFO] [stderr]    Compiling target-spec v1.3.1
[INFO] [stderr]    Compiling ring v0.16.20
[INFO] [stderr]    Compiling backtrace v0.3.67
[INFO] [stderr]    Compiling tinyvec_macros v0.1.1
[INFO] [stderr]    Compiling rustc-demangle v0.1.22
[INFO] [stderr]    Compiling rustls v0.20.8
[INFO] [stderr]    Compiling cfg-expr v0.13.0
[INFO] [stderr]    Compiling tinyvec v1.6.0
[INFO] [stderr]    Compiling zstd-sys v2.0.7+zstd.1.5.4
[INFO] [stderr]    Compiling supports-color v1.3.1
[INFO] [stderr]    Compiling nom v5.1.2
[INFO] [stderr]    Compiling num-traits v0.2.15
[INFO] [stderr]    Compiling try-lock v0.2.4
[INFO] [stderr]    Compiling either v1.8.1
[INFO] [stderr]    Compiling percent-encoding v2.2.0
[INFO] [stderr]    Compiling nextest-workspace-hack v0.1.0
[INFO] [stderr]    Compiling want v0.3.0
[INFO] [stderr]    Compiling form_urlencoded v1.1.0
[INFO] [stderr]    Compiling nom v7.1.3
[INFO] [stderr]    Compiling owo-colors v3.5.0
[INFO] [stderr]    Compiling unicode-normalization v0.1.22
[INFO] [stderr]    Compiling http-body v0.4.5
[INFO] [stderr]    Compiling is-terminal v0.4.6
[INFO] [stderr]    Compiling num-integer v0.1.45
[INFO] [stderr]    Compiling httpdate v1.0.2
[INFO] [stderr]    Compiling addr2line v0.19.0
[INFO] [stderr]    Compiling tower-service v0.3.2
[INFO] [stderr]    Compiling portable-atomic v0.3.19
[INFO] [stderr]    Compiling unicode-bidi v0.3.13
[INFO] [stderr]    Compiling smawk v0.3.1
[INFO] [stderr]    Compiling tempfile v3.5.0
[INFO] [stderr]    Compiling supports-color v2.0.0
[INFO] [stderr]    Compiling supports-unicode v2.0.0
[INFO] [stderr]    Compiling idna v0.3.0
[INFO] [stderr]    Compiling supports-hyperlinks v2.0.0
[INFO] [stderr]    Compiling console v0.15.5
[INFO] [stderr]    Compiling terminal_size v0.1.17
[INFO] [stderr]    Compiling zstd-safe v6.0.4+zstd.1.5.4
[INFO] [stderr]    Compiling base64 v0.21.0
[INFO] [stderr]    Compiling bytecount v0.6.3
[INFO] [stderr]    Compiling rustix v0.36.11
[INFO] [stderr]    Compiling bytecount v0.3.2
[INFO] [stderr]    Compiling unicode-linebreak v0.1.4
[INFO] [stderr]    Compiling backtrace-ext v0.2.1
[INFO] [stderr]    Compiling fixedbitset v0.4.2
[INFO] [stderr]    Compiling rustls-pemfile v1.0.2
[INFO] [stderr]    Compiling nom_locate v4.1.0
[INFO] [stderr]    Compiling petgraph v0.6.3
[INFO] [stderr]    Compiling url v2.3.1
[INFO] [stderr]    Compiling itertools v0.10.5
[INFO] [stderr]    Compiling vte_generate_state_changes v0.1.1
[INFO] [stderr]    Compiling time v0.1.45
[INFO] [stderr]    Compiling xattr v0.2.3
[INFO] [stderr]    Compiling filetime v0.2.20
[INFO] [stderr]    Compiling encoding_rs v0.8.32
[INFO] [stderr]    Compiling webpki v0.22.0
[INFO] [stderr]    Compiling sct v0.7.0
[INFO] [stderr]    Compiling nested v0.1.1
[INFO] [stderr]    Compiling debug-ignore v1.0.5
[INFO] [stderr]    Compiling number_prefix v0.4.0
[INFO] [stderr]    Compiling winnow v0.4.1
[INFO] [stderr]    Compiling linux-raw-sys v0.1.4
[INFO] [stderr]    Compiling iana-time-zone v0.1.54
[INFO] [stderr]    Compiling self_update v0.36.0
[INFO] [stderr]    Compiling serde_derive v1.0.159
[INFO] [stderr]    Compiling futures-macro v0.3.28
[INFO] [stderr]    Compiling tokio-macros v2.0.0
[INFO] [stderr]    Compiling thiserror-impl v1.0.40
[INFO] [stderr]    Compiling miette-derive v5.7.0
[INFO] [stderr]    Compiling nom_locate v1.0.0
[INFO] [stderr]    Compiling webpki-roots v0.22.6
[INFO] [stderr]    Compiling mime v0.3.17
[INFO] [stderr]    Compiling ipnet v2.7.2
[INFO] [stderr]    Compiling eyre v0.6.8
[INFO] [stderr]    Compiling anstream v0.2.6
[INFO] [stderr]    Compiling chrono v0.4.24
[INFO] [stderr]    Compiling async-trait v0.1.68
[INFO] [stderr]    Compiling textwrap v0.15.2
[INFO] [stderr]    Compiling indicatif v0.17.3
[INFO] [stderr]    Compiling vte v0.10.1
[INFO] [stderr]    Compiling futures-util v0.3.28
[INFO] [stderr]    Compiling tar v0.4.38
[INFO] [stderr]    Compiling nom-tracable-macros v0.8.0
[INFO] [stderr]    Compiling thiserror v1.0.40
[INFO] [stderr]    Compiling pin-project-internal v1.0.12
[INFO] [stderr]    Compiling miette v5.7.0
[INFO] [stderr]    Compiling flate2 v1.0.25
[INFO] [stderr]    Compiling quick-xml v0.26.0
[INFO] [stderr]    Compiling nom-tracable v0.8.0
[INFO] [stderr]    Compiling quick-xml v0.23.1
[INFO] [stderr]    Compiling uuid v1.3.0
[INFO] [stderr]    Compiling shell-words v1.1.0
[INFO] [stderr]    Compiling nextest-runner v0.37.0
[INFO] [stderr]    Compiling humantime v2.1.0
[INFO] [stderr]    Compiling indenter v0.3.3
[INFO] [stderr]    Compiling urlencoding v2.1.2
[INFO] [stderr]    Compiling clap_derive v4.2.0
[INFO] [stderr]    Compiling quick-junit v0.3.2
[INFO] [stderr]    Compiling clap_builder v4.2.1
[INFO] [stderr]    Compiling strip-ansi-escapes v0.1.1
[INFO] [stderr]    Compiling atomicwrites v0.4.0
[INFO] [stderr]    Compiling nix v0.26.2
[INFO] [stderr]    Compiling twox-hash v1.6.3
[INFO] [stderr]    Compiling os_pipe v1.1.3
[INFO] [stderr]    Compiling shared_child v1.0.0
[INFO] [stderr]    Compiling home v0.5.4
[INFO] [stderr]    Compiling indent_write v2.2.0
[INFO] [stderr]    Compiling zeroize v1.6.0
[INFO] [stderr]    Compiling duct v0.13.6
[INFO] [stderr]    Compiling color-eyre v0.6.2
[INFO] [stderr]    Compiling env_logger v0.10.0
[INFO] [stderr]    Compiling enable-ansi-support v0.2.1
[INFO] [stderr]    Compiling dialoguer v0.10.3
[INFO] [stderr]    Compiling itertools v0.9.0
[INFO] [stderr]    Compiling pin-project v1.0.12
[INFO] [stderr]    Compiling futures-executor v0.3.28
[INFO] [stderr]    Compiling future-queue v0.3.0
[INFO] [stderr]    Compiling tokio-util v0.7.7
[INFO] [stderr]    Compiling tokio-rustls v0.23.4
[INFO] [stderr]    Compiling futures v0.3.28
[INFO] [stderr]    Compiling recursion v0.3.3
[INFO] [stderr]    Compiling async-scoped v0.7.1
[INFO] [stderr]    Compiling clap v4.2.1
[INFO] [stderr]    Compiling h2 v0.3.16
[INFO] [stderr]    Compiling cargo-platform v0.1.2
[INFO] [stderr]    Compiling serde_urlencoded v0.7.1
[INFO] [stderr]    Compiling toml_datetime v0.6.1
[INFO] [stderr]    Compiling serde_spanned v0.6.1
[INFO] [stderr]    Compiling smol_str v0.1.24
[INFO] [stderr]    Compiling toml v0.5.11
[INFO] [stderr]    Compiling serde_path_to_error v0.1.11
[INFO] [stderr]    Compiling humantime-serde v1.1.1
[INFO] [stderr]    Compiling serde_ignored v0.1.7
[INFO] [stderr]    Compiling toml_edit v0.19.8
[INFO] [stderr]    Compiling target-spec-miette v0.1.0
[INFO] [stderr]    Compiling pathdiff v0.2.1
[INFO] [stderr]    Compiling mukti-metadata v0.1.0
[INFO] [stderr]    Compiling hyper v0.14.25
[INFO] [stderr]    Compiling zstd v0.12.3+zstd.1.5.2
[INFO] [stderr]    Compiling cargo_metadata v0.15.3
[INFO] [stderr]    Compiling nextest-metadata v0.8.0
[INFO] [stderr]    Compiling config v0.13.3
[INFO] [stderr]    Compiling toml v0.7.3
[INFO] [stderr]    Compiling guppy v0.15.2
[INFO] [stderr]    Compiling hyper-rustls v0.23.2
[INFO] [stderr]    Compiling reqwest v0.11.16
[INFO] [stderr]    Compiling nextest-filtering v0.3.0
[INFO] [stderr]    Compiling cargo-nextest v0.9.51
[INFO] [stderr]    Compiling pad-path v0.2.6 (/opt/rustwide/workdir)
[INFO] [stderr]     Finished test [unoptimized + debuginfo] target(s) in 56.40s
[INFO] [stderr] warning: the following packages contain code that will be rejected by a future version of Rust: nom v5.1.2
[INFO] [stderr] note: to see what the problems were, use the option `--future-incompat-report`, or run `cargo report future-incompatibilities --id 1`
[INFO] running `Command { std: "docker" "inspect" "e4b5057a0b19edd55682467091405ea8cc472a7eb379ed3af2288adbef7ea310", kill_on_drop: false }`
[INFO] running `Command { std: "docker" "rm" "-f" "e4b5057a0b19edd55682467091405ea8cc472a7eb379ed3af2288adbef7ea310", kill_on_drop: false }`
[INFO] [stdout] e4b5057a0b19edd55682467091405ea8cc472a7eb379ed3af2288adbef7ea310
[INFO] running `Command { std: "docker" "create" "-v" "/var/lib/crater-agent-workspace/builds/worker-3-tc2/target:/opt/rustwide/target:rw,Z" "-v" "/var/lib/crater-agent-workspace/builds/worker-3-tc2/source:/opt/rustwide/workdir:ro,Z" "-v" "/var/lib/crater-agent-workspace/cargo-home:/opt/rustwide/cargo-home:ro,Z" "-v" "/var/lib/crater-agent-workspace/rustup-home:/opt/rustwide/rustup-home:ro,Z" "-e" "SOURCE_DIR=/opt/rustwide/workdir" "-e" "CARGO_TARGET_DIR=/opt/rustwide/target" "-e" "CARGO_INCREMENTAL=0" "-e" "RUST_BACKTRACE=full" "-e" "RUSTFLAGS=--cap-lints=warn" "-e" "RUSTDOCFLAGS=--cap-lints=warn" "-e" "CARGO_HOME=/opt/rustwide/cargo-home" "-e" "RUSTUP_HOME=/opt/rustwide/rustup-home" "-w" "/opt/rustwide/workdir" "-m" "1610612736" "--user" "0:0" "--network" "none" "ghcr.io/rust-lang/crates-build-env/linux@sha256:5ff2268d62e97bff2cde7d5815dd6ed5b47097566f13b8d0ca110b04b60e07ed" "/opt/rustwide/cargo-home/bin/cargo" "+beta-2023-04-20" "test" "--frozen", kill_on_drop: false }`
[INFO] [stdout] c01e3fa8a2cc1af5b3246390a25a97067cc54c07aba75f1826fa6d796557fadf
[INFO] running `Command { std: "docker" "start" "-a" "c01e3fa8a2cc1af5b3246390a25a97067cc54c07aba75f1826fa6d796557fadf", kill_on_drop: false }`
[INFO] [stderr]     Finished test [unoptimized + debuginfo] target(s) in 0.50s
[INFO] [stderr] warning: the following packages contain code that will be rejected by a future version of Rust: nom v5.1.2
[INFO] [stderr] note: to see what the problems were, use the option `--future-incompat-report`, or run `cargo report future-incompatibilities --id 1`
[INFO] [stderr]      Running unittests src/main.rs (/opt/rustwide/target/debug/deps/pad-72e85b79d6a37506)
[INFO] [stdout] 
[INFO] [stdout] running 3 tests
[INFO] [stdout] test path::clean::tests::it_works ... ok
[INFO] [stdout] test path::clean::tests::remove_middle_relative ... ok
[INFO] [stdout] test path::clean::tests::relative_path_made_absolute ... FAILED
[INFO] [stdout] 
[INFO] [stdout] failures:
[INFO] [stdout] 
[INFO] [stdout] ---- path::clean::tests::relative_path_made_absolute stdout ----
[INFO] [stdout] thread 'path::clean::tests::relative_path_made_absolute' panicked at 'assertion failed: `(left == right)`
[INFO] [stdout]   left: `"/"`,
[INFO] [stdout]  right: `"/usr"`', src/path/clean.rs:136:9
[INFO] [stdout] stack backtrace:
[INFO] [stdout]    0:     0x55560fb65a2a - std::backtrace_rs::backtrace::libunwind::trace::h2f05d0192276a8f6
[INFO] [stdout]                                at /rustc/1b7dd2252b99671ce5d1cb9664c5f8636329436d/library/std/src/../../backtrace/src/backtrace/libunwind.rs:93:5
[INFO] [stdout]    1:     0x55560fb65a2a - std::backtrace_rs::backtrace::trace_unsynchronized::hedc23dff7a1af150
[INFO] [stdout]                                at /rustc/1b7dd2252b99671ce5d1cb9664c5f8636329436d/library/std/src/../../backtrace/src/backtrace/mod.rs:66:5
[INFO] [stdout]    2:     0x55560fb65a2a - std::sys_common::backtrace::_print_fmt::h17541ef7592f3ce2
[INFO] [stdout]                                at /rustc/1b7dd2252b99671ce5d1cb9664c5f8636329436d/library/std/src/sys_common/backtrace.rs:65:5
[INFO] [stdout]    3:     0x55560fb65a2a - <std::sys_common::backtrace::_print::DisplayBacktrace as core::fmt::Display>::fmt::h20f75df5ab0c0792
[INFO] [stdout]                                at /rustc/1b7dd2252b99671ce5d1cb9664c5f8636329436d/library/std/src/sys_common/backtrace.rs:44:22
[INFO] [stdout]    4:     0x55560fb8967f - core::fmt::write::h78109e6f466b3af6
[INFO] [stdout]                                at /rustc/1b7dd2252b99671ce5d1cb9664c5f8636329436d/library/core/src/fmt/mod.rs:1254:17
[INFO] [stdout]    5:     0x55560fb62c05 - std::io::Write::write_fmt::hd24bfb68a1b35a25
[INFO] [stdout]                                at /rustc/1b7dd2252b99671ce5d1cb9664c5f8636329436d/library/std/src/io/mod.rs:1698:15
[INFO] [stdout]    6:     0x55560fb657f5 - std::sys_common::backtrace::_print::h8dac57a9f8fbf9a5
[INFO] [stdout]                                at /rustc/1b7dd2252b99671ce5d1cb9664c5f8636329436d/library/std/src/sys_common/backtrace.rs:47:5
[INFO] [stdout]    7:     0x55560fb657f5 - std::sys_common::backtrace::print::hf9ecbf41d1aa712f
[INFO] [stdout]                                at /rustc/1b7dd2252b99671ce5d1cb9664c5f8636329436d/library/std/src/sys_common/backtrace.rs:34:9
[INFO] [stdout]    8:     0x55560fb674ae - std::panicking::default_hook::{{closure}}::h04c07acfc84ca028
[INFO] [stdout]                                at /rustc/1b7dd2252b99671ce5d1cb9664c5f8636329436d/library/std/src/panicking.rs:269:22
[INFO] [stdout]    9:     0x55560fb671e1 - std::panicking::default_hook::h01f6bb23e1eceb2c
[INFO] [stdout]                                at /rustc/1b7dd2252b99671ce5d1cb9664c5f8636329436d/library/std/src/panicking.rs:285:9
[INFO] [stdout]   10:     0x55560fb38b4b - <alloc::boxed::Box<F,A> as core::ops::function::Fn<Args>>::call::h87fe9f7b2fd49e4c
[INFO] [stdout]                                at /rustc/1b7dd2252b99671ce5d1cb9664c5f8636329436d/library/alloc/src/boxed.rs:1987:9
[INFO] [stdout]   11:     0x55560fb38b4b - test::test_main::{{closure}}::he94d679243a7531b
[INFO] [stdout]                                at /rustc/1b7dd2252b99671ce5d1cb9664c5f8636329436d/library/test/src/lib.rs:134:21
[INFO] [stdout]   12:     0x55560fb67b94 - <alloc::boxed::Box<F,A> as core::ops::function::Fn<Args>>::call::h3f2d6d8b14c4769f
[INFO] [stdout]                                at /rustc/1b7dd2252b99671ce5d1cb9664c5f8636329436d/library/alloc/src/boxed.rs:1987:9
[INFO] [stdout]   13:     0x55560fb67b94 - std::panicking::rust_panic_with_hook::h2bb3722bbaf2f6df
[INFO] [stdout]                                at /rustc/1b7dd2252b99671ce5d1cb9664c5f8636329436d/library/std/src/panicking.rs:695:13
[INFO] [stdout]   14:     0x55560fb67909 - std::panicking::begin_panic_handler::{{closure}}::h91bc7f36a4be011b
[INFO] [stdout]                                at /rustc/1b7dd2252b99671ce5d1cb9664c5f8636329436d/library/std/src/panicking.rs:582:13
[INFO] [stdout]   15:     0x55560fb65e96 - std::sys_common::backtrace::__rust_end_short_backtrace::h8b3d3717114f9e59
[INFO] [stdout]                                at /rustc/1b7dd2252b99671ce5d1cb9664c5f8636329436d/library/std/src/sys_common/backtrace.rs:150:18
[INFO] [stdout]   16:     0x55560fb67662 - rust_begin_unwind
[INFO] [stdout]                                at /rustc/1b7dd2252b99671ce5d1cb9664c5f8636329436d/library/std/src/panicking.rs:578:5
[INFO] [stdout]   17:     0x55560fb02b93 - core::panicking::panic_fmt::hfd368e3fbdabea26
[INFO] [stdout]                                at /rustc/1b7dd2252b99671ce5d1cb9664c5f8636329436d/library/core/src/panicking.rs:67:14
[INFO] [stdout]   18:     0x55560fb02e6f - core::panicking::assert_failed_inner::haef49168e1798a91
[INFO] [stdout]   19:     0x55560fb0464a - core::panicking::assert_failed::ha5f5ccb31b2eacff
[INFO] [stdout]                                at /rustc/1b7dd2252b99671ce5d1cb9664c5f8636329436d/library/core/src/panicking.rs:228:5
[INFO] [stdout]   20:     0x55560fb047cb - pad::path::clean::tests::check_make_abs_path::hf925a11426cd9a1e
[INFO] [stdout]                                at /opt/rustwide/workdir/src/path/clean.rs:136:9
[INFO] [stdout]   21:     0x55560fb04b8a - pad::path::clean::tests::relative_path_made_absolute::h16e44b02ef5b1d53
[INFO] [stdout]                                at /opt/rustwide/workdir/src/path/clean.rs:162:9
[INFO] [stdout]   22:     0x55560fb04977 - pad::path::clean::tests::relative_path_made_absolute::{{closure}}::h6c321f941022801d
[INFO] [stdout]                                at /opt/rustwide/workdir/src/path/clean.rs:156:38
[INFO] [stdout]   23:     0x55560fb04435 - core::ops::function::FnOnce::call_once::h23bc3039cf90cfb5
[INFO] [stdout]                                at /rustc/1b7dd2252b99671ce5d1cb9664c5f8636329436d/library/core/src/ops/function.rs:250:5
[INFO] [stdout]   24:     0x55560fb3da1f - core::ops::function::FnOnce::call_once::ha6a70e79f7481a7e
[INFO] [stdout]                                at /rustc/1b7dd2252b99671ce5d1cb9664c5f8636329436d/library/core/src/ops/function.rs:250:5
[INFO] [stdout]   25:     0x55560fb3da1f - test::__rust_begin_short_backtrace::hce33033019b61e69
[INFO] [stdout]                                at /rustc/1b7dd2252b99671ce5d1cb9664c5f8636329436d/library/test/src/lib.rs:655:18
[INFO] [stdout]   26:     0x55560fb0b20c - test::run_test::{{closure}}::h858d3528838ae3e5
[INFO] [stdout]                                at /rustc/1b7dd2252b99671ce5d1cb9664c5f8636329436d/library/test/src/lib.rs:646:30
[INFO] [stdout]   27:     0x55560fb0b20c - core::ops::function::FnOnce::call_once{{vtable.shim}}::he8ac2b00f01ae79e
[INFO] [stdout]                                at /rustc/1b7dd2252b99671ce5d1cb9664c5f8636329436d/library/core/src/ops/function.rs:250:5
[INFO] [stdout]   28:     0x55560fb3caf6 - <alloc::boxed::Box<F,A> as core::ops::function::FnOnce<Args>>::call_once::h8093d25b522725ef
[INFO] [stdout]                                at /rustc/1b7dd2252b99671ce5d1cb9664c5f8636329436d/library/alloc/src/boxed.rs:1973:9
[INFO] [stdout]   29:     0x55560fb3caf6 - <core::panic::unwind_safe::AssertUnwindSafe<F> as core::ops::function::FnOnce<()>>::call_once::h5c334c204e4a3913
[INFO] [stdout]                                at /rustc/1b7dd2252b99671ce5d1cb9664c5f8636329436d/library/core/src/panic/unwind_safe.rs:271:9
[INFO] [stdout]   30:     0x55560fb3caf6 - std::panicking::try::do_call::ha8b740c7b9478074
[INFO] [stdout]                                at /rustc/1b7dd2252b99671ce5d1cb9664c5f8636329436d/library/std/src/panicking.rs:485:40
[INFO] [stdout]   31:     0x55560fb3caf6 - std::panicking::try::h5d34f63d0e41b64e
[INFO] [stdout]                                at /rustc/1b7dd2252b99671ce5d1cb9664c5f8636329436d/library/std/src/panicking.rs:449:19
[INFO] [stdout]   32:     0x55560fb3caf6 - std::panic::catch_unwind::hcfbb511e1aa7fc67
[INFO] [stdout]                                at /rustc/1b7dd2252b99671ce5d1cb9664c5f8636329436d/library/std/src/panic.rs:140:14
[INFO] [stdout]   33:     0x55560fb3caf6 - test::run_test_in_process::h9abda90f802eaf21
[INFO] [stdout]                                at /rustc/1b7dd2252b99671ce5d1cb9664c5f8636329436d/library/test/src/lib.rs:678:27
[INFO] [stdout]   34:     0x55560fb3caf6 - test::run_test::run_test_inner::{{closure}}::h0f058de91f6c6edf
[INFO] [stdout]                                at /rustc/1b7dd2252b99671ce5d1cb9664c5f8636329436d/library/test/src/lib.rs:572:39
[INFO] [stdout]   35:     0x55560fb05a15 - test::run_test::run_test_inner::{{closure}}::h5ca48a4c59c6c1fb
[INFO] [stdout]                                at /rustc/1b7dd2252b99671ce5d1cb9664c5f8636329436d/library/test/src/lib.rs:599:37
[INFO] [stdout]   36:     0x55560fb05a15 - std::sys_common::backtrace::__rust_begin_short_backtrace::h32bd51e1495d4a33
[INFO] [stdout]                                at /rustc/1b7dd2252b99671ce5d1cb9664c5f8636329436d/library/std/src/sys_common/backtrace.rs:134:18
[INFO] [stdout]   37:     0x55560fb0af51 - std::thread::Builder::spawn_unchecked_::{{closure}}::{{closure}}::hc086fae9b128b2db
[INFO] [stdout]                                at /rustc/1b7dd2252b99671ce5d1cb9664c5f8636329436d/library/std/src/thread/mod.rs:526:17
[INFO] [stdout]   38:     0x55560fb0af51 - <core::panic::unwind_safe::AssertUnwindSafe<F> as core::ops::function::FnOnce<()>>::call_once::hb66571888d270d43
[INFO] [stdout]                                at /rustc/1b7dd2252b99671ce5d1cb9664c5f8636329436d/library/core/src/panic/unwind_safe.rs:271:9
[INFO] [stdout]   39:     0x55560fb0af51 - std::panicking::try::do_call::h4fa2ef4f6e51fecf
[INFO] [stdout]                                at /rustc/1b7dd2252b99671ce5d1cb9664c5f8636329436d/library/std/src/panicking.rs:485:40
[INFO] [stdout]   40:     0x55560fb0af51 - std::panicking::try::h1e9e22b8584489b5
[INFO] [stdout]                                at /rustc/1b7dd2252b99671ce5d1cb9664c5f8636329436d/library/std/src/panicking.rs:449:19
[INFO] [stdout]   41:     0x55560fb0af51 - std::panic::catch_unwind::h44698a3de0e0769e
[INFO] [stdout]                                at /rustc/1b7dd2252b99671ce5d1cb9664c5f8636329436d/library/std/src/panic.rs:140:14
[INFO] [stdout]   42:     0x55560fb0af51 - std::thread::Builder::spawn_unchecked_::{{closure}}::h50153abde3fe239e
[INFO] [stdout]                                at /rustc/1b7dd2252b99671ce5d1cb9664c5f8636329436d/library/std/src/thread/mod.rs:525:30
[INFO] [stdout]   43:     0x55560fb0af51 - core::ops::function::FnOnce::call_once{{vtable.shim}}::hbe5bbf6f38394364
[INFO] [stdout]                                at /rustc/1b7dd2252b99671ce5d1cb9664c5f8636329436d/library/core/src/ops/function.rs:250:5
[INFO] [stdout]   44:     0x55560fb6c065 - <alloc::boxed::Box<F,A> as core::ops::function::FnOnce<Args>>::call_once::h0d83cb2920a49046
[INFO] [stdout]                                at /rustc/1b7dd2252b99671ce5d1cb9664c5f8636329436d/library/alloc/src/boxed.rs:1973:9
[INFO] [stdout]   45:     0x55560fb6c065 - <alloc::boxed::Box<F,A> as core::ops::function::FnOnce<Args>>::call_once::hbe0a008aa7d9ef59
[INFO] [stdout]                                at /rustc/1b7dd2252b99671ce5d1cb9664c5f8636329436d/library/alloc/src/boxed.rs:1973:9
[INFO] [stdout]   46:     0x55560fb6c065 - std::sys::unix::thread::Thread::new::thread_start::h3a466996bdf6b1f9
[INFO] [stdout]                                at /rustc/1b7dd2252b99671ce5d1cb9664c5f8636329436d/library/std/src/sys/unix/thread.rs:108:17
[INFO] [stdout]   47:     0x7fa3009ecb43 - <unknown>
[INFO] [stdout]   48:     0x7fa300a7dbb4 - __clone
[INFO] [stdout]   49:                0x0 - <unknown>
[INFO] [stdout] 
[INFO] [stdout] 
[INFO] [stdout] failures:
[INFO] [stdout]     path::clean::tests::relative_path_made_absolute
[INFO] [stdout] 
[INFO] [stdout] test result: FAILED. 2 passed; 1 failed; 0 ignored; 0 measured; 0 filtered out; finished in 0.01s
[INFO] [stdout] 
[INFO] [stderr] error: test failed, to rerun pass `--bin pad`
[INFO] running `Command { std: "docker" "inspect" "c01e3fa8a2cc1af5b3246390a25a97067cc54c07aba75f1826fa6d796557fadf", kill_on_drop: false }`
[INFO] running `Command { std: "docker" "rm" "-f" "c01e3fa8a2cc1af5b3246390a25a97067cc54c07aba75f1826fa6d796557fadf", kill_on_drop: false }`
[INFO] [stdout] c01e3fa8a2cc1af5b3246390a25a97067cc54c07aba75f1826fa6d796557fadf
