[INFO] fetching crate pacaptr 0.18.0...
[INFO] testing pacaptr-0.18.0 against 1.69.0 for beta-1.70-1
[INFO] extracting crate pacaptr 0.18.0 into /workspace/builds/worker-6-tc1/source
[INFO] validating manifest of crates.io crate pacaptr 0.18.0 on toolchain 1.69.0
[INFO] running `Command { std: CARGO_HOME="/workspace/cargo-home" RUSTUP_HOME="/workspace/rustup-home" "/workspace/cargo-home/bin/cargo" "+1.69.0" "metadata" "--manifest-path" "Cargo.toml" "--no-deps", kill_on_drop: false }`
[INFO] started tweaking crates.io crate pacaptr 0.18.0
[INFO] finished tweaking crates.io crate pacaptr 0.18.0
[INFO] tweaked toml for crates.io crate pacaptr 0.18.0 written to /workspace/builds/worker-6-tc1/source/Cargo.toml
[INFO] crate crates.io crate pacaptr 0.18.0 already has a lockfile, it will not be regenerated
[INFO] running `Command { std: CARGO_HOME="/workspace/cargo-home" RUSTUP_HOME="/workspace/rustup-home" "/workspace/cargo-home/bin/cargo" "+1.69.0" "fetch" "--manifest-path" "Cargo.toml", kill_on_drop: false }`
[INFO] [stderr]  Downloading crates ...
[INFO] [stderr]   Downloaded pear_codegen v0.2.3
[INFO] [stderr]   Downloaded async-trait v0.1.67
[INFO] [stderr]   Downloaded built v0.6.0
[INFO] [stderr]   Downloaded serde v1.0.157
[INFO] [stderr]   Downloaded clap v4.1.10
[INFO] [stderr]   Downloaded macro_rules_attribute v0.1.3
[INFO] [stderr]   Downloaded macro_rules_attribute-proc_macro v0.1.3
[INFO] [stderr]   Downloaded users v0.10.0
[INFO] [stderr]   Downloaded pear v0.2.3
[INFO] [stderr]   Downloaded futures v0.3.27
[INFO] [stderr]   Downloaded syn v2.0.0
[INFO] [stderr]   Downloaded serde_derive v1.0.157
[INFO] [stderr]   Downloaded is-root v0.1.2
[INFO] [stderr]   Downloaded litrs v0.4.0
[INFO] [stderr]   Downloaded pacaptr-macros v0.18.0
[INFO] running `Command { std: "docker" "create" "-v" "/var/lib/crater-agent-workspace/builds/worker-6-tc1/target:/opt/rustwide/target:rw,Z" "-v" "/var/lib/crater-agent-workspace/builds/worker-6-tc1/source:/opt/rustwide/workdir:ro,Z" "-v" "/var/lib/crater-agent-workspace/cargo-home:/opt/rustwide/cargo-home:ro,Z" "-v" "/var/lib/crater-agent-workspace/rustup-home:/opt/rustwide/rustup-home:ro,Z" "-e" "SOURCE_DIR=/opt/rustwide/workdir" "-e" "CARGO_TARGET_DIR=/opt/rustwide/target" "-e" "CARGO_HOME=/opt/rustwide/cargo-home" "-e" "RUSTUP_HOME=/opt/rustwide/rustup-home" "-w" "/opt/rustwide/workdir" "-m" "1610612736" "--user" "0:0" "--network" "none" "ghcr.io/rust-lang/crates-build-env/linux@sha256:5ff2268d62e97bff2cde7d5815dd6ed5b47097566f13b8d0ca110b04b60e07ed" "/opt/rustwide/cargo-home/bin/cargo" "+1.69.0" "metadata" "--no-deps" "--format-version=1", kill_on_drop: false }`
[INFO] [stdout] 66669aec5d05ccf8c1244c64f1a22cef001a97c7a1ae772248f33f1713e13262
[INFO] running `Command { std: "docker" "start" "-a" "66669aec5d05ccf8c1244c64f1a22cef001a97c7a1ae772248f33f1713e13262", kill_on_drop: false }`
[INFO] running `Command { std: "docker" "inspect" "66669aec5d05ccf8c1244c64f1a22cef001a97c7a1ae772248f33f1713e13262", kill_on_drop: false }`
[INFO] running `Command { std: "docker" "rm" "-f" "66669aec5d05ccf8c1244c64f1a22cef001a97c7a1ae772248f33f1713e13262", kill_on_drop: false }`
[INFO] [stdout] 66669aec5d05ccf8c1244c64f1a22cef001a97c7a1ae772248f33f1713e13262
[INFO] running `Command { std: "docker" "create" "-v" "/var/lib/crater-agent-workspace/builds/worker-6-tc1/target:/opt/rustwide/target:rw,Z" "-v" "/var/lib/crater-agent-workspace/builds/worker-6-tc1/source:/opt/rustwide/workdir:ro,Z" "-v" "/var/lib/crater-agent-workspace/cargo-home:/opt/rustwide/cargo-home:ro,Z" "-v" "/var/lib/crater-agent-workspace/rustup-home:/opt/rustwide/rustup-home:ro,Z" "-e" "SOURCE_DIR=/opt/rustwide/workdir" "-e" "CARGO_TARGET_DIR=/opt/rustwide/target" "-e" "CARGO_INCREMENTAL=0" "-e" "RUST_BACKTRACE=full" "-e" "RUSTFLAGS=--cap-lints=warn" "-e" "RUSTDOCFLAGS=--cap-lints=warn" "-e" "CARGO_HOME=/opt/rustwide/cargo-home" "-e" "RUSTUP_HOME=/opt/rustwide/rustup-home" "-w" "/opt/rustwide/workdir" "-m" "1610612736" "--user" "0:0" "--network" "none" "ghcr.io/rust-lang/crates-build-env/linux@sha256:5ff2268d62e97bff2cde7d5815dd6ed5b47097566f13b8d0ca110b04b60e07ed" "/opt/rustwide/cargo-home/bin/cargo" "+1.69.0" "build" "--frozen" "--message-format=json", kill_on_drop: false }`
[INFO] [stdout] df99edb5833a29126a9e415fbfa75c48acf0e38a964a8a89b97934506c09a597
[INFO] running `Command { std: "docker" "start" "-a" "df99edb5833a29126a9e415fbfa75c48acf0e38a964a8a89b97934506c09a597", kill_on_drop: false }`
[INFO] [stderr]    Compiling proc-macro2 v1.0.52
[INFO] [stderr]    Compiling syn v1.0.109
[INFO] [stderr]    Compiling libc v0.2.140
[INFO] [stderr]    Compiling serde_derive v1.0.157
[INFO] [stderr]    Compiling tinyvec_macros v0.1.1
[INFO] [stderr]    Compiling serde v1.0.157
[INFO] [stderr]    Compiling unicode-bidi v0.3.12
[INFO] [stderr]    Compiling futures-core v0.3.27
[INFO] [stderr]    Compiling percent-encoding v2.2.0
[INFO] [stderr]    Compiling pin-project-lite v0.2.9
[INFO] [stderr]    Compiling rustix v0.36.9
[INFO] [stderr]    Compiling semver v1.0.17
[INFO] [stderr]    Compiling proc-macro2-diagnostics v0.9.1
[INFO] [stderr]    Compiling unicode-width v0.1.10
[INFO] [stderr]    Compiling tokio v1.26.0
[INFO] [stderr]    Compiling futures-sink v0.3.27
[INFO] [stderr]    Compiling tinyvec v1.6.0
[INFO] [stderr]    Compiling futures-channel v0.3.27
[INFO] [stderr]    Compiling form_urlencoded v1.1.0
[INFO] [stderr]    Compiling futures-task v0.3.27
[INFO] [stderr]    Compiling yansi v0.5.1
[INFO] [stderr]    Compiling mio v0.8.6
[INFO] [stderr]    Compiling num_cpus v1.15.0
[INFO] [stderr]    Compiling signal-hook-registry v1.4.1
[INFO] [stderr]    Compiling uncased v0.9.7
[INFO] [stderr]    Compiling bytecount v0.6.3
[INFO] [stderr]    Compiling paste v1.0.12
[INFO] [stderr]    Compiling futures-util v0.3.27
[INFO] [stderr]    Compiling futures-io v0.3.27
[INFO] [stderr]    Compiling bytes v1.4.0
[INFO] [stderr]    Compiling anyhow v1.0.70
[INFO] [stderr]    Compiling papergrid v0.7.1
[INFO] [stderr]    Compiling tracing-core v0.1.30
[INFO] [stderr]    Compiling thread_local v1.1.7
[INFO] [stderr]    Compiling figment v0.10.8
[INFO] [stderr]    Compiling inlinable_string v0.1.15
[INFO] [stderr]    Compiling unicode-normalization v0.1.22
[INFO] [stderr]    Compiling regex-syntax v0.6.28
[INFO] [stderr]    Compiling pin-utils v0.1.0
[INFO] [stderr]    Compiling async-trait v0.1.67
[INFO] [stderr]    Compiling console v0.15.5
[INFO] [stderr]    Compiling fuzzy-matcher v0.3.7
[INFO] [stderr]    Compiling quote v1.0.26
[INFO] [stderr]    Compiling litrs v0.4.0
[INFO] [stderr]    Compiling jobserver v0.1.26
[INFO] [stderr]    Compiling tracing v0.1.37
[INFO] [stderr]    Compiling syn v2.0.0
[INFO] [stderr]    Compiling cc v1.0.79
[INFO] [stderr]    Compiling idna v0.3.0
[INFO] [stderr]    Compiling itertools v0.10.5
[INFO] [stderr]    Compiling proc-macro-error-attr v1.0.4
[INFO] [stderr]    Compiling dirs-sys-next v0.1.2
[INFO] [stderr]    Compiling users v0.10.0
[INFO] [stderr]    Compiling url v2.3.1
[INFO] [stderr]    Compiling shell-words v1.1.0
[INFO] [stderr]    Compiling zeroize v1.5.7
[INFO] [stderr]    Compiling macro_rules_attribute-proc_macro v0.1.3
[INFO] [stderr]    Compiling is-root v0.1.2
[INFO] [stderr]    Compiling dirs-next v2.0.0
[INFO] [stderr]    Compiling which v4.4.0
[INFO] [stderr]    Compiling tt-call v1.0.9
[INFO] [stderr]    Compiling tap v1.0.1
[INFO] [stderr]    Compiling indoc v2.0.1
[INFO] [stderr]    Compiling is-terminal v0.4.4
[INFO] [stderr]    Compiling tempfile v3.4.0
[INFO] [stderr]    Compiling libz-sys v1.1.8
[INFO] [stderr]    Compiling libgit2-sys v0.14.2+1.5.1
[INFO] [stderr]    Compiling regex v1.7.1
[INFO] [stderr]    Compiling macro_rules_attribute v0.1.3
[INFO] [stderr]    Compiling dialoguer v0.10.3
[INFO] [stderr]    Compiling futures v0.3.27
[INFO] [stderr]    Compiling thiserror-impl v1.0.40
[INFO] [stderr]    Compiling proc-macro-error v1.0.4
[INFO] [stderr]    Compiling tokio-macros v1.8.2
[INFO] [stderr]    Compiling tabled_derive v0.5.0
[INFO] [stderr]    Compiling pear_codegen v0.2.3
[INFO] [stderr]    Compiling clap_derive v4.1.9
[INFO] [stderr]    Compiling thiserror v1.0.40
[INFO] [stderr]    Compiling pear v0.2.3
[INFO] [stderr]    Compiling tabled v0.10.0
[INFO] [stderr]    Compiling git2 v0.16.1
[INFO] [stderr]    Compiling pacaptr-macros v0.18.0
[INFO] [stderr]    Compiling clap v4.1.10
[INFO] [stderr]    Compiling tokio-util v0.7.7
[INFO] [stderr]    Compiling tokio-stream v0.1.12
[INFO] [stderr]    Compiling toml v0.5.11
[INFO] [stderr]    Compiling cargo-lock v8.0.3
[INFO] [stderr]    Compiling built v0.6.0
[INFO] [stderr]    Compiling pacaptr v0.18.0 (/opt/rustwide/workdir)
[INFO] [stderr]     Finished dev [unoptimized + debuginfo] target(s) in 40.18s
[INFO] running `Command { std: "docker" "inspect" "df99edb5833a29126a9e415fbfa75c48acf0e38a964a8a89b97934506c09a597", kill_on_drop: false }`
[INFO] running `Command { std: "docker" "rm" "-f" "df99edb5833a29126a9e415fbfa75c48acf0e38a964a8a89b97934506c09a597", kill_on_drop: false }`
[INFO] [stdout] df99edb5833a29126a9e415fbfa75c48acf0e38a964a8a89b97934506c09a597
[INFO] running `Command { std: "docker" "create" "-v" "/var/lib/crater-agent-workspace/builds/worker-6-tc1/target:/opt/rustwide/target:rw,Z" "-v" "/var/lib/crater-agent-workspace/builds/worker-6-tc1/source:/opt/rustwide/workdir:ro,Z" "-v" "/var/lib/crater-agent-workspace/cargo-home:/opt/rustwide/cargo-home:ro,Z" "-v" "/var/lib/crater-agent-workspace/rustup-home:/opt/rustwide/rustup-home:ro,Z" "-e" "SOURCE_DIR=/opt/rustwide/workdir" "-e" "CARGO_TARGET_DIR=/opt/rustwide/target" "-e" "CARGO_INCREMENTAL=0" "-e" "RUST_BACKTRACE=full" "-e" "RUSTFLAGS=--cap-lints=warn" "-e" "RUSTDOCFLAGS=--cap-lints=warn" "-e" "CARGO_HOME=/opt/rustwide/cargo-home" "-e" "RUSTUP_HOME=/opt/rustwide/rustup-home" "-w" "/opt/rustwide/workdir" "-m" "1610612736" "--user" "0:0" "--network" "none" "ghcr.io/rust-lang/crates-build-env/linux@sha256:5ff2268d62e97bff2cde7d5815dd6ed5b47097566f13b8d0ca110b04b60e07ed" "/opt/rustwide/cargo-home/bin/cargo" "+1.69.0" "test" "--frozen" "--no-run" "--message-format=json", kill_on_drop: false }`
[INFO] [stdout] 6ee4cde84e08699a60dcb1ea92609d0c74ce1f1114817b0517409f9e284654cf
[INFO] running `Command { std: "docker" "start" "-a" "6ee4cde84e08699a60dcb1ea92609d0c74ce1f1114817b0517409f9e284654cf", kill_on_drop: false }`
[INFO] [stderr]    Compiling xshell-macros v0.2.3
[INFO] [stderr]    Compiling xshell v0.2.3
[INFO] [stderr]    Compiling pacaptr v0.18.0 (/opt/rustwide/workdir)
[INFO] [stderr]     Finished test [unoptimized + debuginfo] target(s) in 8.68s
[INFO] running `Command { std: "docker" "inspect" "6ee4cde84e08699a60dcb1ea92609d0c74ce1f1114817b0517409f9e284654cf", kill_on_drop: false }`
[INFO] running `Command { std: "docker" "rm" "-f" "6ee4cde84e08699a60dcb1ea92609d0c74ce1f1114817b0517409f9e284654cf", kill_on_drop: false }`
[INFO] [stdout] 6ee4cde84e08699a60dcb1ea92609d0c74ce1f1114817b0517409f9e284654cf
[INFO] running `Command { std: "docker" "create" "-v" "/var/lib/crater-agent-workspace/builds/worker-6-tc1/target:/opt/rustwide/target:rw,Z" "-v" "/var/lib/crater-agent-workspace/builds/worker-6-tc1/source:/opt/rustwide/workdir:ro,Z" "-v" "/var/lib/crater-agent-workspace/cargo-home:/opt/rustwide/cargo-home:ro,Z" "-v" "/var/lib/crater-agent-workspace/rustup-home:/opt/rustwide/rustup-home:ro,Z" "-e" "SOURCE_DIR=/opt/rustwide/workdir" "-e" "CARGO_TARGET_DIR=/opt/rustwide/target" "-e" "CARGO_INCREMENTAL=0" "-e" "RUST_BACKTRACE=full" "-e" "RUSTFLAGS=--cap-lints=warn" "-e" "RUSTDOCFLAGS=--cap-lints=warn" "-e" "CARGO_HOME=/opt/rustwide/cargo-home" "-e" "RUSTUP_HOME=/opt/rustwide/rustup-home" "-w" "/opt/rustwide/workdir" "-m" "1610612736" "--user" "0:0" "--network" "none" "ghcr.io/rust-lang/crates-build-env/linux@sha256:5ff2268d62e97bff2cde7d5815dd6ed5b47097566f13b8d0ca110b04b60e07ed" "/opt/rustwide/cargo-home/bin/cargo" "+1.69.0" "test" "--frozen", kill_on_drop: false }`
[INFO] [stdout] 44fd17b97690c7ab768bb7a5877c6ae66c8e10be6f686298a958f012c8df6bd2
[INFO] running `Command { std: "docker" "start" "-a" "44fd17b97690c7ab768bb7a5877c6ae66c8e10be6f686298a958f012c8df6bd2", kill_on_drop: false }`
[INFO] [stderr]     Finished test [unoptimized + debuginfo] target(s) in 0.08s
[INFO] [stderr]      Running unittests src/lib.rs (/opt/rustwide/target/debug/deps/pacaptr-b7eae8ce4dc51e8e)
[INFO] [stdout] 
[INFO] [stdout] running 6 tests
[INFO] [stdout] test dispatch::cmd::tests::other_flags - should panic ... ok
[INFO] [stdout] test dispatch::cmd::tests::simple_syu - should panic ... ok
[INFO] [stdout] test dispatch::cmd::tests::long_syu - should panic ... ok
[INFO] [stdout] test dispatch::cmd::tests::simple_sw - should panic ... ok
[INFO] [stdout] test dispatch::cmd::tests::using - should panic ... ok
[INFO] [stdout] test dispatch::cmd::tests::extra_flags - should panic ... ok
[INFO] [stdout] 
[INFO] [stdout] test result: ok. 6 passed; 0 failed; 0 ignored; 0 measured; 0 filtered out; finished in 0.03s
[INFO] [stdout] 
[INFO] [stderr]      Running unittests src/main.rs (/opt/rustwide/target/debug/deps/pacaptr-eb410324c07c155f)
[INFO] [stdout] 
[INFO] [stdout] running 0 tests
[INFO] [stdout] 
[INFO] [stdout] test result: ok. 0 passed; 0 failed; 0 ignored; 0 measured; 0 filtered out; finished in 0.00s
[INFO] [stdout] 
[INFO] [stderr]    Doc-tests pacaptr
[INFO] [stdout] 
[INFO] [stdout] running 1 test
[INFO] [stdout] test src/dispatch/cmd.rs - dispatch::cmd::Pacaptr::dispatch_from::dispatch_match (line 273) ... FAILED
[INFO] [stdout] 
[INFO] [stdout] failures:
[INFO] [stdout] 
[INFO] [stdout] ---- src/dispatch/cmd.rs - dispatch::cmd::Pacaptr::dispatch_from::dispatch_match (line 273) stdout ----
[INFO] [stdout] error: expected one of `=>`, `if`, or `|`, found `}`
[INFO] [stdout]  --> src/dispatch/cmd.rs:277:1
[INFO] [stdout]   |
[INFO] [stdout] 5 |     ..
[INFO] [stdout]   |       - expected one of `=>`, `if`, or `|`
[INFO] [stdout] 6 | }
[INFO] [stdout]   | ^ unexpected token
[INFO] [stdout] 
[INFO] [stdout] error[E0425]: cannot find value `options` in this scope
[INFO] [stdout]  --> src/dispatch/cmd.rs:274:7
[INFO] [stdout]   |
[INFO] [stdout] 3 | match options.to_lowercase().as_ref() {
[INFO] [stdout]   |       ^^^^^^^ not found in this scope
[INFO] [stdout] 
[INFO] [stdout] error[E0425]: cannot find value `pm` in this scope
[INFO] [stdout]  --> src/dispatch/cmd.rs:275:12
[INFO] [stdout]   |
[INFO] [stdout] 4 |     "q" => pm.q(&kws, &flags).await,
[INFO] [stdout]   |            ^^ not found in this scope
[INFO] [stdout] 
[INFO] [stdout] error[E0425]: cannot find value `kws` in this scope
[INFO] [stdout]  --> src/dispatch/cmd.rs:275:18
[INFO] [stdout]   |
[INFO] [stdout] 4 |     "q" => pm.q(&kws, &flags).await,
[INFO] [stdout]   |                  ^^^ not found in this scope
[INFO] [stdout] 
[INFO] [stdout] error[E0425]: cannot find value `flags` in this scope
[INFO] [stdout]  --> src/dispatch/cmd.rs:275:24
[INFO] [stdout]   |
[INFO] [stdout] 4 |     "q" => pm.q(&kws, &flags).await,
[INFO] [stdout]   |                        ^^^^^ not found in this scope
[INFO] [stdout] 
[INFO] [stdout] error[E0728]: `await` is only allowed inside `async` functions and blocks
[INFO] [stdout]  --> src/dispatch/cmd.rs:275:30
[INFO] [stdout]   |
[INFO] [stdout] 2 | fn main() { #[allow(non_snake_case)] fn _doctest_main_src_dispatch_cmd_rs_273_0() {
[INFO] [stdout]   |                                         --------------------------------------- this is not `async`
[INFO] [stdout] 3 | match options.to_lowercase().as_ref() {
[INFO] [stdout] 4 |     "q" => pm.q(&kws, &flags).await,
[INFO] [stdout]   |                              ^^^^^^ only allowed inside `async` functions and blocks
[INFO] [stdout] 
[INFO] [stdout] error: aborting due to 6 previous errors
[INFO] [stdout] 
[INFO] [stdout] Some errors have detailed explanations: E0425, E0728.
[INFO] [stdout] For more information about an error, try `rustc --explain E0425`.
[INFO] [stdout] Couldn't compile the test.
[INFO] [stdout] 
[INFO] [stdout] failures:
[INFO] [stdout]     src/dispatch/cmd.rs - dispatch::cmd::Pacaptr::dispatch_from::dispatch_match (line 273)
[INFO] [stdout] 
[INFO] [stdout] test result: FAILED. 0 passed; 1 failed; 0 ignored; 0 measured; 0 filtered out; finished in 0.11s
[INFO] [stdout] 
[INFO] [stderr] error: doctest failed, to rerun pass `--doc`
[INFO] running `Command { std: "docker" "inspect" "44fd17b97690c7ab768bb7a5877c6ae66c8e10be6f686298a958f012c8df6bd2", kill_on_drop: false }`
[INFO] running `Command { std: "docker" "rm" "-f" "44fd17b97690c7ab768bb7a5877c6ae66c8e10be6f686298a958f012c8df6bd2", kill_on_drop: false }`
[INFO] [stdout] 44fd17b97690c7ab768bb7a5877c6ae66c8e10be6f686298a958f012c8df6bd2
