[INFO] fetching crate ovr-ruc 1.0.8...
[INFO] testing ovr-ruc-1.0.8 against beta-2023-04-20 for beta-1.70-1
[INFO] extracting crate ovr-ruc 1.0.8 into /workspace/builds/worker-3-tc2/source
[INFO] validating manifest of crates.io crate ovr-ruc 1.0.8 on toolchain beta-2023-04-20
[INFO] running `Command { std: CARGO_HOME="/workspace/cargo-home" RUSTUP_HOME="/workspace/rustup-home" "/workspace/cargo-home/bin/cargo" "+beta-2023-04-20" "metadata" "--manifest-path" "Cargo.toml" "--no-deps", kill_on_drop: false }`
[INFO] started tweaking crates.io crate ovr-ruc 1.0.8
[INFO] finished tweaking crates.io crate ovr-ruc 1.0.8
[INFO] tweaked toml for crates.io crate ovr-ruc 1.0.8 written to /workspace/builds/worker-3-tc2/source/Cargo.toml
[INFO] running `Command { std: CARGO_HOME="/workspace/cargo-home" RUSTUP_HOME="/workspace/rustup-home" __CARGO_TEST_CHANNEL_OVERRIDE_DO_NOT_USE_THIS="nightly" "/workspace/cargo-home/bin/cargo" "+beta-2023-04-20" "generate-lockfile" "--manifest-path" "Cargo.toml" "-Zno-index-update", kill_on_drop: false }`
[INFO] running `Command { std: CARGO_HOME="/workspace/cargo-home" RUSTUP_HOME="/workspace/rustup-home" "/workspace/cargo-home/bin/cargo" "+beta-2023-04-20" "fetch" "--manifest-path" "Cargo.toml", kill_on_drop: false }`
[INFO] running `Command { std: "docker" "create" "-v" "/var/lib/crater-agent-workspace/builds/worker-3-tc2/target:/opt/rustwide/target:rw,Z" "-v" "/var/lib/crater-agent-workspace/builds/worker-3-tc2/source:/opt/rustwide/workdir:ro,Z" "-v" "/var/lib/crater-agent-workspace/cargo-home:/opt/rustwide/cargo-home:ro,Z" "-v" "/var/lib/crater-agent-workspace/rustup-home:/opt/rustwide/rustup-home:ro,Z" "-e" "SOURCE_DIR=/opt/rustwide/workdir" "-e" "CARGO_TARGET_DIR=/opt/rustwide/target" "-e" "CARGO_HOME=/opt/rustwide/cargo-home" "-e" "RUSTUP_HOME=/opt/rustwide/rustup-home" "-w" "/opt/rustwide/workdir" "-m" "1610612736" "--user" "0:0" "--network" "none" "ghcr.io/rust-lang/crates-build-env/linux@sha256:5ff2268d62e97bff2cde7d5815dd6ed5b47097566f13b8d0ca110b04b60e07ed" "/opt/rustwide/cargo-home/bin/cargo" "+beta-2023-04-20" "metadata" "--no-deps" "--format-version=1", kill_on_drop: false }`
[INFO] [stdout] 5c2303e4c7497cb73dceb5f676aa151748029e93635ecca081f13bd20cbe3294
[INFO] running `Command { std: "docker" "start" "-a" "5c2303e4c7497cb73dceb5f676aa151748029e93635ecca081f13bd20cbe3294", kill_on_drop: false }`
[INFO] running `Command { std: "docker" "inspect" "5c2303e4c7497cb73dceb5f676aa151748029e93635ecca081f13bd20cbe3294", kill_on_drop: false }`
[INFO] running `Command { std: "docker" "rm" "-f" "5c2303e4c7497cb73dceb5f676aa151748029e93635ecca081f13bd20cbe3294", kill_on_drop: false }`
[INFO] [stdout] 5c2303e4c7497cb73dceb5f676aa151748029e93635ecca081f13bd20cbe3294
[INFO] running `Command { std: "docker" "create" "-v" "/var/lib/crater-agent-workspace/builds/worker-3-tc2/target:/opt/rustwide/target:rw,Z" "-v" "/var/lib/crater-agent-workspace/builds/worker-3-tc2/source:/opt/rustwide/workdir:ro,Z" "-v" "/var/lib/crater-agent-workspace/cargo-home:/opt/rustwide/cargo-home:ro,Z" "-v" "/var/lib/crater-agent-workspace/rustup-home:/opt/rustwide/rustup-home:ro,Z" "-e" "SOURCE_DIR=/opt/rustwide/workdir" "-e" "CARGO_TARGET_DIR=/opt/rustwide/target" "-e" "CARGO_INCREMENTAL=0" "-e" "RUST_BACKTRACE=full" "-e" "RUSTFLAGS=--cap-lints=warn" "-e" "RUSTDOCFLAGS=--cap-lints=warn" "-e" "CARGO_HOME=/opt/rustwide/cargo-home" "-e" "RUSTUP_HOME=/opt/rustwide/rustup-home" "-w" "/opt/rustwide/workdir" "-m" "1610612736" "--user" "0:0" "--network" "none" "ghcr.io/rust-lang/crates-build-env/linux@sha256:5ff2268d62e97bff2cde7d5815dd6ed5b47097566f13b8d0ca110b04b60e07ed" "/opt/rustwide/cargo-home/bin/cargo" "+beta-2023-04-20" "build" "--frozen" "--message-format=json", kill_on_drop: false }`
[INFO] [stdout] a68b637edb925255d54137153d21c79e3598b94fc0965687483f92a2cfbe05e7
[INFO] running `Command { std: "docker" "start" "-a" "a68b637edb925255d54137153d21c79e3598b94fc0965687483f92a2cfbe05e7", kill_on_drop: false }`
[INFO] [stderr]    Compiling time-core v0.1.0
[INFO] [stderr]    Compiling time v0.3.20
[INFO] [stderr]    Compiling ovr-ruc v1.0.8 (/opt/rustwide/workdir)
[INFO] [stderr]     Finished dev [unoptimized + debuginfo] target(s) in 1.26s
[INFO] running `Command { std: "docker" "inspect" "a68b637edb925255d54137153d21c79e3598b94fc0965687483f92a2cfbe05e7", kill_on_drop: false }`
[INFO] running `Command { std: "docker" "rm" "-f" "a68b637edb925255d54137153d21c79e3598b94fc0965687483f92a2cfbe05e7", kill_on_drop: false }`
[INFO] [stdout] a68b637edb925255d54137153d21c79e3598b94fc0965687483f92a2cfbe05e7
[INFO] running `Command { std: "docker" "create" "-v" "/var/lib/crater-agent-workspace/builds/worker-3-tc2/target:/opt/rustwide/target:rw,Z" "-v" "/var/lib/crater-agent-workspace/builds/worker-3-tc2/source:/opt/rustwide/workdir:ro,Z" "-v" "/var/lib/crater-agent-workspace/cargo-home:/opt/rustwide/cargo-home:ro,Z" "-v" "/var/lib/crater-agent-workspace/rustup-home:/opt/rustwide/rustup-home:ro,Z" "-e" "SOURCE_DIR=/opt/rustwide/workdir" "-e" "CARGO_TARGET_DIR=/opt/rustwide/target" "-e" "CARGO_INCREMENTAL=0" "-e" "RUST_BACKTRACE=full" "-e" "RUSTFLAGS=--cap-lints=warn" "-e" "RUSTDOCFLAGS=--cap-lints=warn" "-e" "CARGO_HOME=/opt/rustwide/cargo-home" "-e" "RUSTUP_HOME=/opt/rustwide/rustup-home" "-w" "/opt/rustwide/workdir" "-m" "1610612736" "--user" "0:0" "--network" "none" "ghcr.io/rust-lang/crates-build-env/linux@sha256:5ff2268d62e97bff2cde7d5815dd6ed5b47097566f13b8d0ca110b04b60e07ed" "/opt/rustwide/cargo-home/bin/cargo" "+beta-2023-04-20" "test" "--frozen" "--no-run" "--message-format=json", kill_on_drop: false }`
[INFO] [stdout] 787beef49fa2a2ec697108bc0630433d413250af6abd5b7853ea1526ec5f97cb
[INFO] running `Command { std: "docker" "start" "-a" "787beef49fa2a2ec697108bc0630433d413250af6abd5b7853ea1526ec5f97cb", kill_on_drop: false }`
[INFO] [stderr]    Compiling ovr-ruc v1.0.8 (/opt/rustwide/workdir)
[INFO] [stderr]     Finished test [unoptimized + debuginfo] target(s) in 0.76s
[INFO] running `Command { std: "docker" "inspect" "787beef49fa2a2ec697108bc0630433d413250af6abd5b7853ea1526ec5f97cb", kill_on_drop: false }`
[INFO] running `Command { std: "docker" "rm" "-f" "787beef49fa2a2ec697108bc0630433d413250af6abd5b7853ea1526ec5f97cb", kill_on_drop: false }`
[INFO] [stdout] 787beef49fa2a2ec697108bc0630433d413250af6abd5b7853ea1526ec5f97cb
[INFO] running `Command { std: "docker" "create" "-v" "/var/lib/crater-agent-workspace/builds/worker-3-tc2/target:/opt/rustwide/target:rw,Z" "-v" "/var/lib/crater-agent-workspace/builds/worker-3-tc2/source:/opt/rustwide/workdir:ro,Z" "-v" "/var/lib/crater-agent-workspace/cargo-home:/opt/rustwide/cargo-home:ro,Z" "-v" "/var/lib/crater-agent-workspace/rustup-home:/opt/rustwide/rustup-home:ro,Z" "-e" "SOURCE_DIR=/opt/rustwide/workdir" "-e" "CARGO_TARGET_DIR=/opt/rustwide/target" "-e" "CARGO_INCREMENTAL=0" "-e" "RUST_BACKTRACE=full" "-e" "RUSTFLAGS=--cap-lints=warn" "-e" "RUSTDOCFLAGS=--cap-lints=warn" "-e" "CARGO_HOME=/opt/rustwide/cargo-home" "-e" "RUSTUP_HOME=/opt/rustwide/rustup-home" "-w" "/opt/rustwide/workdir" "-m" "1610612736" "--user" "0:0" "--network" "none" "ghcr.io/rust-lang/crates-build-env/linux@sha256:5ff2268d62e97bff2cde7d5815dd6ed5b47097566f13b8d0ca110b04b60e07ed" "/opt/rustwide/cargo-home/bin/cargo" "+beta-2023-04-20" "test" "--frozen", kill_on_drop: false }`
[INFO] [stdout] 817bb346332fa43c0525a834e14fb13d4f3db25ea332448a6019e16ddcb8f0e1
[INFO] running `Command { std: "docker" "start" "-a" "817bb346332fa43c0525a834e14fb13d4f3db25ea332448a6019e16ddcb8f0e1", kill_on_drop: false }`
[INFO] [stderr]     Finished test [unoptimized + debuginfo] target(s) in 0.01s
[INFO] [stderr]      Running unittests src/lib.rs (/opt/rustwide/target/debug/deps/ovr_ruc-bc6ef19bdaac4dc0)
[INFO] [stdout] 
[INFO] [stdout] running 5 tests
[INFO] [stdout] test err::test::t_error_chain ... ok
[INFO] [stdout] test err::test::t_get_pidns ... ok
[INFO] [stdout] test tests::t_max_min ... ok
[INFO] [stdout] test tests::t_macro ... ok
[INFO] [stdout] test tests::t_display_style - should panic ... ok
[INFO] [stdout] 
[INFO] [stdout] test result: ok. 5 passed; 0 failed; 0 ignored; 0 measured; 0 filtered out; finished in 0.01s
[INFO] [stdout] 
[INFO] [stderr]    Doc-tests ovr-ruc
[INFO] [stdout] 
[INFO] [stdout] running 1 test
[INFO] [stdout] test src/lib.rs - (line 19) ... FAILED
[INFO] [stdout] 
[INFO] [stdout] failures:
[INFO] [stdout] 
[INFO] [stdout] ---- src/lib.rs - (line 19) stdout ----
[INFO] [stdout] error[E0433]: failed to resolve: use of undeclared crate or module `ruc`
[INFO] [stdout]  --> src/lib.rs:20:5
[INFO] [stdout]   |
[INFO] [stdout] 3 | use ruc::{err::*, *};
[INFO] [stdout]   |     ^^^ use of undeclared crate or module `ruc`
[INFO] [stdout] 
[INFO] [stdout] error[E0432]: unresolved imports `ruc::err::*`, `ruc`
[INFO] [stdout]  --> src/lib.rs:20:5
[INFO] [stdout]   |
[INFO] [stdout] 3 | use ruc::{err::*, *};
[INFO] [stdout]   |     ^^^   ^^^^^^
[INFO] [stdout]   |     |
[INFO] [stdout]   |     use of undeclared crate or module `ruc`
[INFO] [stdout] 
[INFO] [stdout] error: cannot find macro `eg` in this scope
[INFO] [stdout]  --> src/lib.rs:26:37
[INFO] [stdout]   |
[INFO] [stdout] 9 |     let l1 = || -> Result<()> { Err(eg!("The final error message!")) };
[INFO] [stdout]   |                                     ^^
[INFO] [stdout]   |
[INFO] [stdout]   = help: consider importing this macro:
[INFO] [stdout]           ovr_ruc::eg
[INFO] [stdout] 
[INFO] [stdout] error: cannot find macro `d` in this scope
[INFO] [stdout]   --> src/lib.rs:27:40
[INFO] [stdout]    |
[INFO] [stdout] 10 |     let l2 = || -> Result<()> { l1().c(d!()) };
[INFO] [stdout]    |                                        ^
[INFO] [stdout]    |
[INFO] [stdout]    = help: consider importing this macro:
[INFO] [stdout]            ovr_ruc::d
[INFO] [stdout] 
[INFO] [stdout] error: cannot find macro `d` in this scope
[INFO] [stdout]   --> src/lib.rs:28:40
[INFO] [stdout]    |
[INFO] [stdout] 11 |     let l3 = || -> Result<()> { l2().c(d!("A custom message!")) };
[INFO] [stdout]    |                                        ^
[INFO] [stdout]    |
[INFO] [stdout]    = help: consider importing this macro:
[INFO] [stdout]            ovr_ruc::d
[INFO] [stdout] 
[INFO] [stdout] error: cannot find macro `d` in this scope
[INFO] [stdout]   --> src/lib.rs:29:40
[INFO] [stdout]    |
[INFO] [stdout] 12 |     let l4 = || -> Result<()> { l3().c(d!("ERR_UNKNOWN")) };
[INFO] [stdout]    |                                        ^
[INFO] [stdout]    |
[INFO] [stdout]    = help: consider importing this macro:
[INFO] [stdout]            ovr_ruc::d
[INFO] [stdout] 
[INFO] [stdout] error: cannot find macro `d` in this scope
[INFO] [stdout]   --> src/lib.rs:30:40
[INFO] [stdout]    |
[INFO] [stdout] 13 |     let l5 = || -> Result<()> { l4().c(d!(@CustomErr(-1))) };
[INFO] [stdout]    |                                        ^
[INFO] [stdout]    |
[INFO] [stdout]    = help: consider importing this macro:
[INFO] [stdout]            ovr_ruc::d
[INFO] [stdout] 
[INFO] [stdout] error: cannot find macro `pnk` in this scope
[INFO] [stdout]   --> src/lib.rs:32:5
[INFO] [stdout]    |
[INFO] [stdout] 15 |     pnk!(l5());
[INFO] [stdout]    |     ^^^
[INFO] [stdout]    |
[INFO] [stdout]    = help: consider importing this macro:
[INFO] [stdout]            ovr_ruc::pnk
[INFO] [stdout] 
[INFO] [stdout] error[E0107]: enum takes 2 generic arguments but 1 generic argument was supplied
[INFO] [stdout]  --> src/lib.rs:26:20
[INFO] [stdout]   |
[INFO] [stdout] 9 |     let l1 = || -> Result<()> { Err(eg!("The final error message!")) };
[INFO] [stdout]   |                    ^^^^^^ -- supplied 1 generic argument
[INFO] [stdout]   |                    |
[INFO] [stdout]   |                    expected 2 generic arguments
[INFO] [stdout]   |
[INFO] [stdout] help: add missing generic argument
[INFO] [stdout]   |
[INFO] [stdout] 9 |     let l1 = || -> Result<(), E> { Err(eg!("The final error message!")) };
[INFO] [stdout]   |                             +++
[INFO] [stdout] 
[INFO] [stdout] error[E0107]: enum takes 2 generic arguments but 1 generic argument was supplied
[INFO] [stdout]   --> src/lib.rs:27:20
[INFO] [stdout]    |
[INFO] [stdout] 10 |     let l2 = || -> Result<()> { l1().c(d!()) };
[INFO] [stdout]    |                    ^^^^^^ -- supplied 1 generic argument
[INFO] [stdout]    |                    |
[INFO] [stdout]    |                    expected 2 generic arguments
[INFO] [stdout]    |
[INFO] [stdout] help: add missing generic argument
[INFO] [stdout]    |
[INFO] [stdout] 10 |     let l2 = || -> Result<(), E> { l1().c(d!()) };
[INFO] [stdout]    |                             +++
[INFO] [stdout] 
[INFO] [stdout] error[E0107]: enum takes 2 generic arguments but 1 generic argument was supplied
[INFO] [stdout]   --> src/lib.rs:28:20
[INFO] [stdout]    |
[INFO] [stdout] 11 |     let l3 = || -> Result<()> { l2().c(d!("A custom message!")) };
[INFO] [stdout]    |                    ^^^^^^ -- supplied 1 generic argument
[INFO] [stdout]    |                    |
[INFO] [stdout]    |                    expected 2 generic arguments
[INFO] [stdout]    |
[INFO] [stdout] help: add missing generic argument
[INFO] [stdout]    |
[INFO] [stdout] 11 |     let l3 = || -> Result<(), E> { l2().c(d!("A custom message!")) };
[INFO] [stdout]    |                             +++
[INFO] [stdout] 
[INFO] [stdout] error[E0107]: enum takes 2 generic arguments but 1 generic argument was supplied
[INFO] [stdout]   --> src/lib.rs:29:20
[INFO] [stdout]    |
[INFO] [stdout] 12 |     let l4 = || -> Result<()> { l3().c(d!("ERR_UNKNOWN")) };
[INFO] [stdout]    |                    ^^^^^^ -- supplied 1 generic argument
[INFO] [stdout]    |                    |
[INFO] [stdout]    |                    expected 2 generic arguments
[INFO] [stdout]    |
[INFO] [stdout] help: add missing generic argument
[INFO] [stdout]    |
[INFO] [stdout] 12 |     let l4 = || -> Result<(), E> { l3().c(d!("ERR_UNKNOWN")) };
[INFO] [stdout]    |                             +++
[INFO] [stdout] 
[INFO] [stdout] error[E0107]: enum takes 2 generic arguments but 1 generic argument was supplied
[INFO] [stdout]   --> src/lib.rs:30:20
[INFO] [stdout]    |
[INFO] [stdout] 13 |     let l5 = || -> Result<()> { l4().c(d!(@CustomErr(-1))) };
[INFO] [stdout]    |                    ^^^^^^ -- supplied 1 generic argument
[INFO] [stdout]    |                    |
[INFO] [stdout]    |                    expected 2 generic arguments
[INFO] [stdout]    |
[INFO] [stdout] help: add missing generic argument
[INFO] [stdout]    |
[INFO] [stdout] 13 |     let l5 = || -> Result<(), E> { l4().c(d!(@CustomErr(-1))) };
[INFO] [stdout]    |                             +++
[INFO] [stdout] 
[INFO] [stdout] error: aborting due to 13 previous errors
[INFO] [stdout] 
[INFO] [stdout] Some errors have detailed explanations: E0107, E0432, E0433.
[INFO] [stdout] For more information about an error, try `rustc --explain E0107`.
[INFO] [stdout] Couldn't compile the test.
[INFO] [stdout] 
[INFO] [stdout] failures:
[INFO] [stdout]     src/lib.rs - (line 19)
[INFO] [stdout] 
[INFO] [stdout] test result: FAILED. 0 passed; 1 failed; 0 ignored; 0 measured; 0 filtered out; finished in 0.05s
[INFO] [stdout] 
[INFO] [stderr] error: doctest failed, to rerun pass `--doc`
[INFO] running `Command { std: "docker" "inspect" "817bb346332fa43c0525a834e14fb13d4f3db25ea332448a6019e16ddcb8f0e1", kill_on_drop: false }`
[INFO] running `Command { std: "docker" "rm" "-f" "817bb346332fa43c0525a834e14fb13d4f3db25ea332448a6019e16ddcb8f0e1", kill_on_drop: false }`
[INFO] [stdout] 817bb346332fa43c0525a834e14fb13d4f3db25ea332448a6019e16ddcb8f0e1
