[INFO] fetching crate overrider 0.7.0...
[INFO] testing overrider-0.7.0 against 1.69.0 for beta-1.70-1
[INFO] extracting crate overrider 0.7.0 into /workspace/builds/worker-3-tc1/source
[INFO] validating manifest of crates.io crate overrider 0.7.0 on toolchain 1.69.0
[INFO] running `Command { std: CARGO_HOME="/workspace/cargo-home" RUSTUP_HOME="/workspace/rustup-home" "/workspace/cargo-home/bin/cargo" "+1.69.0" "metadata" "--manifest-path" "Cargo.toml" "--no-deps", kill_on_drop: false }`
[INFO] started tweaking crates.io crate overrider 0.7.0
[INFO] finished tweaking crates.io crate overrider 0.7.0
[INFO] tweaked toml for crates.io crate overrider 0.7.0 written to /workspace/builds/worker-3-tc1/source/Cargo.toml
[INFO] running `Command { std: CARGO_HOME="/workspace/cargo-home" RUSTUP_HOME="/workspace/rustup-home" __CARGO_TEST_CHANNEL_OVERRIDE_DO_NOT_USE_THIS="nightly" "/workspace/cargo-home/bin/cargo" "+1.69.0" "generate-lockfile" "--manifest-path" "Cargo.toml" "-Zno-index-update", kill_on_drop: false }`
[INFO] running `Command { std: CARGO_HOME="/workspace/cargo-home" RUSTUP_HOME="/workspace/rustup-home" "/workspace/cargo-home/bin/cargo" "+1.69.0" "fetch" "--manifest-path" "Cargo.toml", kill_on_drop: false }`
[INFO] running `Command { std: "docker" "create" "-v" "/var/lib/crater-agent-workspace/builds/worker-3-tc1/target:/opt/rustwide/target:rw,Z" "-v" "/var/lib/crater-agent-workspace/builds/worker-3-tc1/source:/opt/rustwide/workdir:ro,Z" "-v" "/var/lib/crater-agent-workspace/cargo-home:/opt/rustwide/cargo-home:ro,Z" "-v" "/var/lib/crater-agent-workspace/rustup-home:/opt/rustwide/rustup-home:ro,Z" "-e" "SOURCE_DIR=/opt/rustwide/workdir" "-e" "CARGO_TARGET_DIR=/opt/rustwide/target" "-e" "CARGO_HOME=/opt/rustwide/cargo-home" "-e" "RUSTUP_HOME=/opt/rustwide/rustup-home" "-w" "/opt/rustwide/workdir" "-m" "1610612736" "--user" "0:0" "--network" "none" "ghcr.io/rust-lang/crates-build-env/linux@sha256:5ff2268d62e97bff2cde7d5815dd6ed5b47097566f13b8d0ca110b04b60e07ed" "/opt/rustwide/cargo-home/bin/cargo" "+1.69.0" "metadata" "--no-deps" "--format-version=1", kill_on_drop: false }`
[INFO] [stdout] 002755d790acbb3d76e5e7d7a9c7c06d65e708afa7011248374f60a710f77a3e
[INFO] running `Command { std: "docker" "start" "-a" "002755d790acbb3d76e5e7d7a9c7c06d65e708afa7011248374f60a710f77a3e", kill_on_drop: false }`
[INFO] running `Command { std: "docker" "inspect" "002755d790acbb3d76e5e7d7a9c7c06d65e708afa7011248374f60a710f77a3e", kill_on_drop: false }`
[INFO] running `Command { std: "docker" "rm" "-f" "002755d790acbb3d76e5e7d7a9c7c06d65e708afa7011248374f60a710f77a3e", kill_on_drop: false }`
[INFO] [stdout] 002755d790acbb3d76e5e7d7a9c7c06d65e708afa7011248374f60a710f77a3e
[INFO] running `Command { std: "docker" "create" "-v" "/var/lib/crater-agent-workspace/builds/worker-3-tc1/target:/opt/rustwide/target:rw,Z" "-v" "/var/lib/crater-agent-workspace/builds/worker-3-tc1/source:/opt/rustwide/workdir:ro,Z" "-v" "/var/lib/crater-agent-workspace/cargo-home:/opt/rustwide/cargo-home:ro,Z" "-v" "/var/lib/crater-agent-workspace/rustup-home:/opt/rustwide/rustup-home:ro,Z" "-e" "SOURCE_DIR=/opt/rustwide/workdir" "-e" "CARGO_TARGET_DIR=/opt/rustwide/target" "-e" "CARGO_INCREMENTAL=0" "-e" "RUST_BACKTRACE=full" "-e" "RUSTFLAGS=--cap-lints=warn" "-e" "RUSTDOCFLAGS=--cap-lints=warn" "-e" "CARGO_HOME=/opt/rustwide/cargo-home" "-e" "RUSTUP_HOME=/opt/rustwide/rustup-home" "-w" "/opt/rustwide/workdir" "-m" "1610612736" "--user" "0:0" "--network" "none" "ghcr.io/rust-lang/crates-build-env/linux@sha256:5ff2268d62e97bff2cde7d5815dd6ed5b47097566f13b8d0ca110b04b60e07ed" "/opt/rustwide/cargo-home/bin/cargo" "+1.69.0" "build" "--frozen" "--message-format=json", kill_on_drop: false }`
[INFO] [stdout] f422e026421d74f20b205254f234ed65f157ac89e039399fb5d7b74e644879ac
[INFO] running `Command { std: "docker" "start" "-a" "f422e026421d74f20b205254f234ed65f157ac89e039399fb5d7b74e644879ac", kill_on_drop: false }`
[INFO] [stderr]    Compiling proc-macro2 v1.0.56
[INFO] [stderr]    Compiling unicode-ident v1.0.8
[INFO] [stderr]    Compiling quote v1.0.26
[INFO] [stderr]    Compiling syn v1.0.109
[INFO] [stderr]    Compiling overrider v0.7.0 (/opt/rustwide/workdir)
[INFO] [stderr]     Finished dev [unoptimized + debuginfo] target(s) in 10.63s
[INFO] running `Command { std: "docker" "inspect" "f422e026421d74f20b205254f234ed65f157ac89e039399fb5d7b74e644879ac", kill_on_drop: false }`
[INFO] running `Command { std: "docker" "rm" "-f" "f422e026421d74f20b205254f234ed65f157ac89e039399fb5d7b74e644879ac", kill_on_drop: false }`
[INFO] [stdout] f422e026421d74f20b205254f234ed65f157ac89e039399fb5d7b74e644879ac
[INFO] running `Command { std: "docker" "create" "-v" "/var/lib/crater-agent-workspace/builds/worker-3-tc1/target:/opt/rustwide/target:rw,Z" "-v" "/var/lib/crater-agent-workspace/builds/worker-3-tc1/source:/opt/rustwide/workdir:ro,Z" "-v" "/var/lib/crater-agent-workspace/cargo-home:/opt/rustwide/cargo-home:ro,Z" "-v" "/var/lib/crater-agent-workspace/rustup-home:/opt/rustwide/rustup-home:ro,Z" "-e" "SOURCE_DIR=/opt/rustwide/workdir" "-e" "CARGO_TARGET_DIR=/opt/rustwide/target" "-e" "CARGO_INCREMENTAL=0" "-e" "RUST_BACKTRACE=full" "-e" "RUSTFLAGS=--cap-lints=warn" "-e" "RUSTDOCFLAGS=--cap-lints=warn" "-e" "CARGO_HOME=/opt/rustwide/cargo-home" "-e" "RUSTUP_HOME=/opt/rustwide/rustup-home" "-w" "/opt/rustwide/workdir" "-m" "1610612736" "--user" "0:0" "--network" "none" "ghcr.io/rust-lang/crates-build-env/linux@sha256:5ff2268d62e97bff2cde7d5815dd6ed5b47097566f13b8d0ca110b04b60e07ed" "/opt/rustwide/cargo-home/bin/cargo" "+1.69.0" "test" "--frozen" "--no-run" "--message-format=json", kill_on_drop: false }`
[INFO] [stdout] ef6f4cfeb7ad335483aed9adb8bf55b809877ea87ad7d38571d74de0bfd04c70
[INFO] running `Command { std: "docker" "start" "-a" "ef6f4cfeb7ad335483aed9adb8bf55b809877ea87ad7d38571d74de0bfd04c70", kill_on_drop: false }`
[INFO] [stderr]    Compiling overrider v0.7.0 (/opt/rustwide/workdir)
[INFO] [stderr]     Finished test [unoptimized + debuginfo] target(s) in 1.31s
[INFO] running `Command { std: "docker" "inspect" "ef6f4cfeb7ad335483aed9adb8bf55b809877ea87ad7d38571d74de0bfd04c70", kill_on_drop: false }`
[INFO] running `Command { std: "docker" "rm" "-f" "ef6f4cfeb7ad335483aed9adb8bf55b809877ea87ad7d38571d74de0bfd04c70", kill_on_drop: false }`
[INFO] [stdout] ef6f4cfeb7ad335483aed9adb8bf55b809877ea87ad7d38571d74de0bfd04c70
[INFO] running `Command { std: "docker" "create" "-v" "/var/lib/crater-agent-workspace/builds/worker-3-tc1/target:/opt/rustwide/target:rw,Z" "-v" "/var/lib/crater-agent-workspace/builds/worker-3-tc1/source:/opt/rustwide/workdir:ro,Z" "-v" "/var/lib/crater-agent-workspace/cargo-home:/opt/rustwide/cargo-home:ro,Z" "-v" "/var/lib/crater-agent-workspace/rustup-home:/opt/rustwide/rustup-home:ro,Z" "-e" "SOURCE_DIR=/opt/rustwide/workdir" "-e" "CARGO_TARGET_DIR=/opt/rustwide/target" "-e" "CARGO_INCREMENTAL=0" "-e" "RUST_BACKTRACE=full" "-e" "RUSTFLAGS=--cap-lints=warn" "-e" "RUSTDOCFLAGS=--cap-lints=warn" "-e" "CARGO_HOME=/opt/rustwide/cargo-home" "-e" "RUSTUP_HOME=/opt/rustwide/rustup-home" "-w" "/opt/rustwide/workdir" "-m" "1610612736" "--user" "0:0" "--network" "none" "ghcr.io/rust-lang/crates-build-env/linux@sha256:5ff2268d62e97bff2cde7d5815dd6ed5b47097566f13b8d0ca110b04b60e07ed" "/opt/rustwide/cargo-home/bin/cargo" "+1.69.0" "test" "--frozen", kill_on_drop: false }`
[INFO] [stdout] 404f0c4c49cd14a98098189ceb067df69b59b89ac7dfd4a86de1e938c845d8f5
[INFO] running `Command { std: "docker" "start" "-a" "404f0c4c49cd14a98098189ceb067df69b59b89ac7dfd4a86de1e938c845d8f5", kill_on_drop: false }`
[INFO] [stdout] 
[INFO] [stderr]     Finished test [unoptimized + debuginfo] target(s) in 0.01s
[INFO] [stdout] running 0 tests
[INFO] [stderr]      Running unittests src/lib.rs (/opt/rustwide/target/debug/deps/overrider-1c15727b14693d9d)
[INFO] [stdout] 
[INFO] [stderr]    Doc-tests overrider
[INFO] [stdout] test result: ok. 0 passed; 0 failed; 0 ignored; 0 measured; 0 filtered out; finished in 0.00s
[INFO] [stdout] 
[INFO] [stdout] 
[INFO] [stdout] running 8 tests
[INFO] [stdout] test src/lib.rs - (line 16) ... FAILED
[INFO] [stdout] test src/lib.rs - (line 32) ... FAILED
[INFO] [stdout] test src/lib.rs - (line 122) ... FAILED
[INFO] [stdout] test src/lib.rs - (line 106) ... FAILED
[INFO] [stdout] test src/lib.rs - (line 99) ... FAILED
[INFO] [stdout] test src/lib.rs - override_flag (line 598) ... FAILED
[INFO] [stdout] test src/lib.rs - default (line 263) ... FAILED
[INFO] [stdout] test src/lib.rs - override_default (line 290) ... FAILED
[INFO] [stderr] error: doctest failed, to rerun pass `--doc`
[INFO] [stdout] 
[INFO] [stdout] failures:
[INFO] [stdout] 
[INFO] [stdout] ---- src/lib.rs - (line 16) stdout ----
[INFO] [stdout] error[E0428]: the name `main` is defined multiple times
[INFO] [stdout]   --> src/lib.rs:25:1
[INFO] [stdout]    |
[INFO] [stdout] 6  | fn main() {
[INFO] [stdout]    | --------- previous definition of the value `main` here
[INFO] [stdout] ...
[INFO] [stdout] 11 | fn main() {
[INFO] [stdout]    | ^^^^^^^^^ `main` redefined here
[INFO] [stdout]    |
[INFO] [stdout]    = note: `main` must be defined only once in the value namespace of this module
[INFO] [stdout] 
[INFO] [stdout] error: aborting due to previous error
[INFO] [stdout] 
[INFO] [stdout] For more information about this error, try `rustc --explain E0428`.
[INFO] [stdout] Couldn't compile the test.
[INFO] [stdout] ---- src/lib.rs - (line 32) stdout ----
[INFO] [stdout] error[E0432]: unresolved import `clap`
[INFO] [stdout]  --> src/lib.rs:34:5
[INFO] [stdout]   |
[INFO] [stdout] 4 | use clap::{Arg, ArgMatches, App};
[INFO] [stdout]   |     ^^^^ use of undeclared crate or module `clap`
[INFO] [stdout] 
[INFO] [stdout] error[E0432]: unresolved import `lazy_static`
[INFO] [stdout]  --> src/lib.rs:35:5
[INFO] [stdout]   |
[INFO] [stdout] 5 | use lazy_static::lazy_static;
[INFO] [stdout]   |     ^^^^^^^^^^^ use of undeclared crate or module `lazy_static`
[INFO] [stdout] 
[INFO] [stdout] error: cannot determine resolution for the macro `lazy_static`
[INFO] [stdout]  --> src/lib.rs:37:1
[INFO] [stdout]   |
[INFO] [stdout] 7 | lazy_static! {
[INFO] [stdout]   | ^^^^^^^^^^^
[INFO] [stdout]   |
[INFO] [stdout]   = note: import resolution is stuck, try simplifying macro imports
[INFO] [stdout] 
[INFO] [stdout] error: aborting due to 3 previous errors
[INFO] [stdout] 
[INFO] [stdout] For more information about this error, try `rustc --explain E0432`.
[INFO] [stdout] Couldn't compile the test.
[INFO] [stdout] ---- src/lib.rs - (line 122) stdout ----
[INFO] [stdout] error: unknown start of token: `
[INFO] [stdout]  --> src/lib.rs:123:31
[INFO] [stdout]   |
[INFO] [stdout] 4 | For more information, see the `overrider_build` documentation.
[INFO] [stdout]   |                               ^
[INFO] [stdout]   |
[INFO] [stdout] help: Unicode character '`' (Grave Accent) looks like ''' (Single Quote), but it is not
[INFO] [stdout]   |
[INFO] [stdout] 4 | For more information, see the 'overrider_build` documentation.
[INFO] [stdout]   |                               ~
[INFO] [stdout] 
[INFO] [stdout] error: unknown start of token: `
[INFO] [stdout]  --> src/lib.rs:123:47
[INFO] [stdout]   |
[INFO] [stdout] 4 | For more information, see the `overrider_build` documentation.
[INFO] [stdout]   |                                               ^
[INFO] [stdout]   |
[INFO] [stdout] help: Unicode character '`' (Grave Accent) looks like ''' (Single Quote), but it is not
[INFO] [stdout]   |
[INFO] [stdout] 4 | For more information, see the `overrider_build' documentation.
[INFO] [stdout]   |                                               ~
[INFO] [stdout] 
[INFO] [stdout] error: unknown start of token: `
[INFO] [stdout]   --> src/lib.rs:129:54
[INFO] [stdout]    |
[INFO] [stdout] 10 | Try cloning the repository and running examples with `cargo run -p EXAMPLE_NAME`
[INFO] [stdout]    |                                                      ^
[INFO] [stdout]    |
[INFO] [stdout] help: Unicode character '`' (Grave Accent) looks like ''' (Single Quote), but it is not
[INFO] [stdout]    |
[INFO] [stdout] 10 | Try cloning the repository and running examples with 'cargo run -p EXAMPLE_NAME`
[INFO] [stdout]    |                                                      ~
[INFO] [stdout] 
[INFO] [stdout] error: unknown start of token: `
[INFO] [stdout]   --> src/lib.rs:129:80
[INFO] [stdout]    |
[INFO] [stdout] 10 | Try cloning the repository and running examples with `cargo run -p EXAMPLE_NAME`
[INFO] [stdout]    |                                                                                ^
[INFO] [stdout]    |
[INFO] [stdout] help: Unicode character '`' (Grave Accent) looks like ''' (Single Quote), but it is not
[INFO] [stdout]    |
[INFO] [stdout] 10 | Try cloning the repository and running examples with `cargo run -p EXAMPLE_NAME'
[INFO] [stdout]    |                                                                                ~
[INFO] [stdout] 
[INFO] [stdout] error: mismatched closing delimiter: `}`
[INFO] [stdout]   --> src/lib.rs:128:9
[INFO] [stdout]    |
[INFO] [stdout] 3  | fn main() { #[allow(non_snake_case)] fn _doctest_main_src_lib_rs_122_0() {
[INFO] [stdout]    |                                                                          - closing delimiter possibly meant for this
[INFO] [stdout] ...
[INFO] [stdout] 9  | [online](https://github.com/Shizcow/overrider-rs/tree/master/examples).  
[INFO] [stdout]    |         ^ unclosed delimiter
[INFO] [stdout] 10 | Try cloning the repository and running examples with `cargo run -p EXAMPLE_NAME`
[INFO] [stdout] 11 | } _doctest_main_src_lib_rs_122_0() }
[INFO] [stdout]    | ^ mismatched closing delimiter
[INFO] [stdout] 
[INFO] [stdout] error: aborting due to 5 previous errors
[INFO] [stdout] 
[INFO] [stdout] Couldn't compile the test.
[INFO] [stdout] ---- src/lib.rs - (line 106) stdout ----
[INFO] [stdout] error: unknown start of token: `
[INFO] [stdout]  --> src/lib.rs:107:12
[INFO] [stdout]   |
[INFO] [stdout] 4 | Currently, `overrider` allows for the following items inside an `impl` block to
[INFO] [stdout]   |            ^
[INFO] [stdout]   |
[INFO] [stdout] help: Unicode character '`' (Grave Accent) looks like ''' (Single Quote), but it is not
[INFO] [stdout]   |
[INFO] [stdout] 4 | Currently, 'overrider` allows for the following items inside an `impl` block to
[INFO] [stdout]   |            ~
[INFO] [stdout] 
[INFO] [stdout] error: unknown start of token: `
[INFO] [stdout]  --> src/lib.rs:107:22
[INFO] [stdout]   |
[INFO] [stdout] 4 | Currently, `overrider` allows for the following items inside an `impl` block to
[INFO] [stdout]   |                      ^
[INFO] [stdout]   |
[INFO] [stdout] help: Unicode character '`' (Grave Accent) looks like ''' (Single Quote), but it is not
[INFO] [stdout]   |
[INFO] [stdout] 4 | Currently, `overrider' allows for the following items inside an `impl` block to
[INFO] [stdout]   |                      ~
[INFO] [stdout] 
[INFO] [stdout] error: unknown start of token: `
[INFO] [stdout]  --> src/lib.rs:107:65
[INFO] [stdout]   |
[INFO] [stdout] 4 | Currently, `overrider` allows for the following items inside an `impl` block to
[INFO] [stdout]   |                                                                 ^
[INFO] [stdout]   |
[INFO] [stdout] help: Unicode character '`' (Grave Accent) looks like ''' (Single Quote), but it is not
[INFO] [stdout]   |
[INFO] [stdout] 4 | Currently, `overrider` allows for the following items inside an 'impl` block to
[INFO] [stdout]   |                                                                 ~
[INFO] [stdout] 
[INFO] [stdout] error: unknown start of token: `
[INFO] [stdout]  --> src/lib.rs:107:70
[INFO] [stdout]   |
[INFO] [stdout] 4 | Currently, `overrider` allows for the following items inside an `impl` block to
[INFO] [stdout]   |                                                                      ^
[INFO] [stdout]   |
[INFO] [stdout] help: Unicode character '`' (Grave Accent) looks like ''' (Single Quote), but it is not
[INFO] [stdout]   |
[INFO] [stdout] 4 | Currently, `overrider` allows for the following items inside an `impl' block to
[INFO] [stdout]   |                                                                      ~
[INFO] [stdout] 
[INFO] [stdout] error: unknown start of token: `
[INFO] [stdout]  --> src/lib.rs:109:3
[INFO] [stdout]   |
[INFO] [stdout] 6 | - `fn` (methods)
[INFO] [stdout]   |   ^
[INFO] [stdout]   |
[INFO] [stdout] help: Unicode character '`' (Grave Accent) looks like ''' (Single Quote), but it is not
[INFO] [stdout]   |
[INFO] [stdout] 6 | - 'fn` (methods)
[INFO] [stdout]   |   ~
[INFO] [stdout] 
[INFO] [stdout] error: unknown start of token: `
[INFO] [stdout]  --> src/lib.rs:109:6
[INFO] [stdout]   |
[INFO] [stdout] 6 | - `fn` (methods)
[INFO] [stdout]   |      ^
[INFO] [stdout]   |
[INFO] [stdout] help: Unicode character '`' (Grave Accent) looks like ''' (Single Quote), but it is not
[INFO] [stdout]   |
[INFO] [stdout] 6 | - `fn' (methods)
[INFO] [stdout]   |      ~
[INFO] [stdout] 
[INFO] [stdout] error: unknown start of token: `
[INFO] [stdout]  --> src/lib.rs:110:3
[INFO] [stdout]   |
[INFO] [stdout] 7 | - `const`ants
[INFO] [stdout]   |   ^
[INFO] [stdout]   |
[INFO] [stdout] help: Unicode character '`' (Grave Accent) looks like ''' (Single Quote), but it is not
[INFO] [stdout]   |
[INFO] [stdout] 7 | - 'const`ants
[INFO] [stdout]   |   ~
[INFO] [stdout] 
[INFO] [stdout] error: unknown start of token: `
[INFO] [stdout]  --> src/lib.rs:110:9
[INFO] [stdout]   |
[INFO] [stdout] 7 | - `const`ants
[INFO] [stdout]   |         ^
[INFO] [stdout]   |
[INFO] [stdout] help: Unicode character '`' (Grave Accent) looks like ''' (Single Quote), but it is not
[INFO] [stdout]   |
[INFO] [stdout] 7 | - `const'ants
[INFO] [stdout]   |         ~
[INFO] [stdout] 
[INFO] [stdout] error: unknown start of token: `
[INFO] [stdout]   --> src/lib.rs:114:27
[INFO] [stdout]    |
[INFO] [stdout] 11 | Because of limitations in `proc_macro`, `overrider` **will not work** without
[INFO] [stdout]    |                           ^
[INFO] [stdout]    |
[INFO] [stdout] help: Unicode character '`' (Grave Accent) looks like ''' (Single Quote), but it is not
[INFO] [stdout]    |
[INFO] [stdout] 11 | Because of limitations in 'proc_macro`, `overrider` **will not work** without
[INFO] [stdout]    |                           ~
[INFO] [stdout] 
[INFO] [stdout] error: unknown start of token: `
[INFO] [stdout]   --> src/lib.rs:114:38
[INFO] [stdout]    |
[INFO] [stdout] 11 | Because of limitations in `proc_macro`, `overrider` **will not work** without
[INFO] [stdout]    |                                      ^
[INFO] [stdout]    |
[INFO] [stdout] help: Unicode character '`' (Grave Accent) looks like ''' (Single Quote), but it is not
[INFO] [stdout]    |
[INFO] [stdout] 11 | Because of limitations in `proc_macro', `overrider` **will not work** without
[INFO] [stdout]    |                                      ~
[INFO] [stdout] 
[INFO] [stdout] error: unknown start of token: `
[INFO] [stdout]   --> src/lib.rs:114:41
[INFO] [stdout]    |
[INFO] [stdout] 11 | Because of limitations in `proc_macro`, `overrider` **will not work** without
[INFO] [stdout]    |                                         ^
[INFO] [stdout]    |
[INFO] [stdout] help: Unicode character '`' (Grave Accent) looks like ''' (Single Quote), but it is not
[INFO] [stdout]    |
[INFO] [stdout] 11 | Because of limitations in `proc_macro`, 'overrider` **will not work** without
[INFO] [stdout]    |                                         ~
[INFO] [stdout] 
[INFO] [stdout] error: unknown start of token: `
[INFO] [stdout]   --> src/lib.rs:114:51
[INFO] [stdout]    |
[INFO] [stdout] 11 | Because of limitations in `proc_macro`, `overrider` **will not work** without
[INFO] [stdout]    |                                                   ^
[INFO] [stdout]    |
[INFO] [stdout] help: Unicode character '`' (Grave Accent) looks like ''' (Single Quote), but it is not
[INFO] [stdout]    |
[INFO] [stdout] 11 | Because of limitations in `proc_macro`, `overrider' **will not work** without
[INFO] [stdout]    |                                                   ~
[INFO] [stdout] 
[INFO] [stdout] error: unknown start of token: `
[INFO] [stdout]   --> src/lib.rs:115:19
[INFO] [stdout]    |
[INFO] [stdout] 12 | it's sister crate `overrider_build`. This is because `overrider_build` parses
[INFO] [stdout]    |                   ^
[INFO] [stdout]    |
[INFO] [stdout] help: Unicode character '`' (Grave Accent) looks like ''' (Single Quote), but it is not
[INFO] [stdout]    |
[INFO] [stdout] 12 | it's sister crate 'overrider_build`. This is because `overrider_build` parses
[INFO] [stdout]    |                   ~
[INFO] [stdout] 
[INFO] [stdout] error: unknown start of token: `
[INFO] [stdout]   --> src/lib.rs:115:35
[INFO] [stdout]    |
[INFO] [stdout] 12 | it's sister crate `overrider_build`. This is because `overrider_build` parses
[INFO] [stdout]    |                                   ^
[INFO] [stdout]    |
[INFO] [stdout] help: Unicode character '`' (Grave Accent) looks like ''' (Single Quote), but it is not
[INFO] [stdout]    |
[INFO] [stdout] 12 | it's sister crate `overrider_build'. This is because `overrider_build` parses
[INFO] [stdout]    |                                   ~
[INFO] [stdout] 
[INFO] [stdout] error: unknown start of token: `
[INFO] [stdout]   --> src/lib.rs:115:54
[INFO] [stdout]    |
[INFO] [stdout] 12 | it's sister crate `overrider_build`. This is because `overrider_build` parses
[INFO] [stdout]    |                                                      ^
[INFO] [stdout]    |
[INFO] [stdout] help: Unicode character '`' (Grave Accent) looks like ''' (Single Quote), but it is not
[INFO] [stdout]    |
[INFO] [stdout] 12 | it's sister crate `overrider_build`. This is because 'overrider_build` parses
[INFO] [stdout]    |                                                      ~
[INFO] [stdout] 
[INFO] [stdout] error: unknown start of token: `
[INFO] [stdout]   --> src/lib.rs:115:70
[INFO] [stdout]    |
[INFO] [stdout] 12 | it's sister crate `overrider_build`. This is because `overrider_build` parses
[INFO] [stdout]    |                                                                      ^
[INFO] [stdout]    |
[INFO] [stdout] help: Unicode character '`' (Grave Accent) looks like ''' (Single Quote), but it is not
[INFO] [stdout]    |
[INFO] [stdout] 12 | it's sister crate `overrider_build`. This is because `overrider_build' parses
[INFO] [stdout]    |                                                                      ~
[INFO] [stdout] 
[INFO] [stdout] error: unknown start of token: `
[INFO] [stdout]   --> src/lib.rs:116:27
[INFO] [stdout]    |
[INFO] [stdout] 13 | Rust files, supplying the `rustc` configuration flags nessicary for conditional
[INFO] [stdout]    |                           ^
[INFO] [stdout]    |
[INFO] [stdout] help: Unicode character '`' (Grave Accent) looks like ''' (Single Quote), but it is not
[INFO] [stdout]    |
[INFO] [stdout] 13 | Rust files, supplying the 'rustc` configuration flags nessicary for conditional
[INFO] [stdout]    |                           ~
[INFO] [stdout] 
[INFO] [stdout] error: unknown start of token: `
[INFO] [stdout]   --> src/lib.rs:116:33
[INFO] [stdout]    |
[INFO] [stdout] 13 | Rust files, supplying the `rustc` configuration flags nessicary for conditional
[INFO] [stdout]    |                                 ^
[INFO] [stdout]    |
[INFO] [stdout] help: Unicode character '`' (Grave Accent) looks like ''' (Single Quote), but it is not
[INFO] [stdout]    |
[INFO] [stdout] 13 | Rust files, supplying the `rustc' configuration flags nessicary for conditional
[INFO] [stdout]    |                                 ~
[INFO] [stdout] 
[INFO] [stdout] error: unknown start of token: `
[INFO] [stdout]   --> src/lib.rs:117:56
[INFO] [stdout]    |
[INFO] [stdout] 14 | compilation. For the above files, placing this code in `build.rs` will do the trick:
[INFO] [stdout]    |                                                        ^
[INFO] [stdout]    |
[INFO] [stdout] help: Unicode character '`' (Grave Accent) looks like ''' (Single Quote), but it is not
[INFO] [stdout]    |
[INFO] [stdout] 14 | compilation. For the above files, placing this code in 'build.rs` will do the trick:
[INFO] [stdout]    |                                                        ~
[INFO] [stdout] 
[INFO] [stdout] error: unknown start of token: `
[INFO] [stdout]   --> src/lib.rs:117:65
[INFO] [stdout]    |
[INFO] [stdout] 14 | compilation. For the above files, placing this code in `build.rs` will do the trick:
[INFO] [stdout]    |                                                                 ^
[INFO] [stdout]    |
[INFO] [stdout] help: Unicode character '`' (Grave Accent) looks like ''' (Single Quote), but it is not
[INFO] [stdout]    |
[INFO] [stdout] 14 | compilation. For the above files, placing this code in `build.rs' will do the trick:
[INFO] [stdout]    |                                                                 ~
[INFO] [stdout] 
[INFO] [stdout] error: expected one of `!`, `.`, `::`, `;`, `?`, `{`, `}`, or an operator, found `,`
[INFO] [stdout]  --> src/lib.rs:107:10
[INFO] [stdout]   |
[INFO] [stdout] 4 | Currently, `overrider` allows for the following items inside an `impl` block to
[INFO] [stdout]   |          ^ expected one of 8 possible tokens
[INFO] [stdout] 
[INFO] [stdout] error: aborting due to 21 previous errors
[INFO] [stdout] 
[INFO] [stdout] Couldn't compile the test.
[INFO] [stdout] ---- src/lib.rs - (line 99) stdout ----
[INFO] [stdout] error: expected one of `!`, `.`, `::`, `;`, `?`, `{`, `}`, or an operator, found `following`
[INFO] [stdout]  --> src/lib.rs:100:5
[INFO] [stdout]   |
[INFO] [stdout] 3 | The following is __not__ correct;
[INFO] [stdout]   |     ^^^^^^^^^ expected one of 8 possible tokens
[INFO] [stdout] 
[INFO] [stdout] error: aborting due to previous error
[INFO] [stdout] 
[INFO] [stdout] Couldn't compile the test.
[INFO] [stdout] ---- src/lib.rs - override_flag (line 598) stdout ----
[INFO] [stdout] error: cannot find macro `lazy_static` in this scope
[INFO] [stdout]  --> src/lib.rs:599:1
[INFO] [stdout]   |
[INFO] [stdout] 3 | lazy_static! {
[INFO] [stdout]   | ^^^^^^^^^^^
[INFO] [stdout] 
[INFO] [stdout] error: aborting due to previous error
[INFO] [stdout] 
[INFO] [stdout] Couldn't compile the test.
[INFO] [stdout] ---- src/lib.rs - default (line 263) stdout ----
[INFO] [stdout] error: cannot find attribute `default` in this scope
[INFO] [stdout]  --> src/lib.rs:264:3
[INFO] [stdout]   |
[INFO] [stdout] 2 | #[default]
[INFO] [stdout]   |   ^^^^^^^
[INFO] [stdout]   |
[INFO] [stdout]   = help: consider importing this attribute macro:
[INFO] [stdout]           overrider::default
[INFO] [stdout] 
[INFO] [stdout] error: aborting due to previous error
[INFO] [stdout] 
[INFO] [stdout] Couldn't compile the test.
[INFO] [stdout] ---- src/lib.rs - override_default (line 290) stdout ----
[INFO] [stdout] error[E0428]: the name `main` is defined multiple times
[INFO] [stdout]  --> src/lib.rs:297:1
[INFO] [stdout]   |
[INFO] [stdout] 3 | fn main() {
[INFO] [stdout]   | --------- previous definition of the value `main` here
[INFO] [stdout] ...
[INFO] [stdout] 8 | fn main() {
[INFO] [stdout]   | ^^^^^^^^^ `main` redefined here
[INFO] [stdout]   |
[INFO] [stdout]   = note: `main` must be defined only once in the value namespace of this module
[INFO] [stdout] 
[INFO] [stdout] error: cannot find attribute `override_default` in this scope
[INFO] [stdout]  --> src/lib.rs:296:3
[INFO] [stdout]   |
[INFO] [stdout] 7 | #[override_default(priority = 2)]
[INFO] [stdout]   |   ^^^^^^^^^^^^^^^^
[INFO] [stdout]   |
[INFO] [stdout]   = help: consider importing this attribute macro:
[INFO] [stdout]           overrider::override_default
[INFO] [stdout] 
[INFO] [stdout] error: cannot find attribute `override_default` in this scope
[INFO] [stdout]  --> src/lib.rs:291:3
[INFO] [stdout]   |
[INFO] [stdout] 2 | #[override_default]
[INFO] [stdout]   |   ^^^^^^^^^^^^^^^^
[INFO] [stdout]   |
[INFO] [stdout]   = help: consider importing this attribute macro:
[INFO] [stdout]           overrider::override_default
[INFO] [stdout] 
[INFO] [stdout] error: aborting due to 3 previous errors
[INFO] [stdout] 
[INFO] [stdout] For more information about this error, try `rustc --explain E0428`.
[INFO] [stdout] Couldn't compile the test.
[INFO] [stdout] 
[INFO] [stdout] failures:
[INFO] [stdout]     src/lib.rs - (line 106)
[INFO] [stdout]     src/lib.rs - (line 122)
[INFO] [stdout]     src/lib.rs - (line 16)
[INFO] [stdout]     src/lib.rs - (line 32)
[INFO] [stdout]     src/lib.rs - (line 99)
[INFO] [stdout]     src/lib.rs - default (line 263)
[INFO] [stdout]     src/lib.rs - override_default (line 290)
[INFO] [stdout]     src/lib.rs - override_flag (line 598)
[INFO] [stdout] 
[INFO] [stdout] test result: FAILED. 0 passed; 8 failed; 0 ignored; 0 measured; 0 filtered out; finished in 0.27s
[INFO] [stdout] 
[INFO] running `Command { std: "docker" "inspect" "404f0c4c49cd14a98098189ceb067df69b59b89ac7dfd4a86de1e938c845d8f5", kill_on_drop: false }`
[INFO] running `Command { std: "docker" "rm" "-f" "404f0c4c49cd14a98098189ceb067df69b59b89ac7dfd4a86de1e938c845d8f5", kill_on_drop: false }`
[INFO] [stdout] 404f0c4c49cd14a98098189ceb067df69b59b89ac7dfd4a86de1e938c845d8f5
